
-- delete from cms__layout;
-- delete from cms__file_page;
-- delete from cms__file_page_has_panels;
-- delete from cms__panel_variant;
-- delete from cms__panel;
-- delete from cms__column;
-- delete from cms__file;
-- delete from cms__folder;
-- delete from cms__site;
-- delete from cms__domain;
-- delete from cms__language;
-- delete from cms__site_has_domains;
-- delete from cms__group;
-- delete from cms__group_has_files;
-- delete from cms__group_has_folders;
-- delete from cms__group_has_groups;
-- delete from cms__group_has_roles;
-- delete from cms__role;
-- delete from cms__role_has_resources;
-- delete from smd__default_role;
-- delete from smd__default_role_has_resources;
-- delete from smd__partner;
-- delete from cms__user;
-- delete from smd__organization;
-- delete from smd__organization_role;
-- delete from smd__user_has_organization_role;
-- delete from smd__organization_role_has_resources;
-- delete from cms__resource;
-- delete from cms__module;


INSERT INTO cms__layout (layoutID, name, fileName, icon) VALUES(1, 'Admin - Main', 'admin', 'admin.png');
INSERT INTO cms__layout (layoutID, name, fileName, icon) VALUES(2, 'Admin - Login', 'adminLogin', 'adminLogin.png');
INSERT INTO cms__layout (layoutID, name, fileName, icon) VALUES(3, 'Admin - Error', 'adminError', 'adminError.png');
INSERT INTO cms__layout (layoutID, name, fileName, icon) VALUES(4, 'Main', 'main', 'main.png');
INSERT INTO cms__layout (layoutID, name, fileName, icon) VALUES(5, 'Error', 'error', 'error.png');
INSERT INTO cms__file_page (fileID, layoutID, title, keywords, description, editMode, editData) VALUES(1, 1, 'Adminisztráció', NULL, NULL, 'published', NULL);
INSERT INTO cms__file_page (fileID, layoutID, title, keywords, description, editMode, editData) VALUES(2, 2, 'Adminisztráció - Bejelentkezés', NULL, NULL, 'published', NULL);
INSERT INTO cms__file_page (fileID, layoutID, title, keywords, description, editMode, editData) VALUES(3, 3, 'Adminisztráció - Hiba', NULL, NULL, 'published', NULL);
INSERT INTO cms__file_page (fileID, layoutID, title, keywords, description, editMode, editData) VALUES(4, 1, 'Adminisztráció - Vfs', NULL, NULL, 'published', NULL);
INSERT INTO cms__file_page (fileID, layoutID, title, keywords, description, editMode, editData) VALUES(5, 1, 'Adminisztráció - Felhasználók', NULL, NULL, 'published', NULL);
INSERT INTO cms__file_page (fileID, layoutID, title, keywords, description, editMode, editData) VALUES(6, 1, 'Adminisztráció - Csoportok', NULL, NULL, 'published', NULL);
INSERT INTO cms__file_page (fileID, layoutID, title, keywords, description, editMode, editData) VALUES(7, 1, 'Adminisztráció - Panel builder', NULL, NULL, 'published', NULL);
INSERT INTO cms__file_page (fileID, layoutID, title, keywords, description, editMode, editData) VALUES(8, 1, 'Adminisztráció - Cimkék', NULL, NULL, 'published', NULL);
INSERT INTO cms__file_page (fileID, layoutID, title, keywords, description, editMode, editData) VALUES(12, 4, 'Kezdőlap', NULL, NULL, 'published', NULL);
INSERT INTO cms__file_page (fileID, layoutID, title, keywords, description, editMode, editData) VALUES(13, 5, 'Hiba', NULL, NULL, 'published', NULL);
INSERT INTO cms__column (columnID, layoutID, name) VALUES(1, 1, 'Admin - Header');
INSERT INTO cms__column (columnID, layoutID, name) VALUES(2, 1, 'Admin - Left');
INSERT INTO cms__column (columnID, layoutID, name) VALUES(3, 1, 'Admin - Right');
INSERT INTO cms__column (columnID, layoutID, name) VALUES(4, 1, 'Admin - Footer');
INSERT INTO cms__column (columnID, layoutID, name) VALUES(5, 2, 'Admin Login - Middle');
INSERT INTO cms__column (columnID, layoutID, name) VALUES(6, 3, 'Admin Error - Middle');
INSERT INTO cms__column (columnID, layoutID, name) VALUES(7, 4, 'Main - Middle');
INSERT INTO cms__column (columnID, layoutID, name) VALUES(8, 5, 'Error - Middle');
INSERT INTO cms__panel (panelID, moduleID, name, exclusive, status, parameters) VALUES(1, 1, 'panel.core.admin.tag', 'true', 'active', NULL);
INSERT INTO cms__panel (panelID, moduleID, name, exclusive, status, parameters) VALUES(2, 2, 'panel.vfs.admin', 'true', 'active', NULL);
INSERT INTO cms__panel (panelID, moduleID, name, exclusive, status, parameters) VALUES(3, 3, 'panel.auth.login', 'false', 'active', '{"mode": "email", "redirect": true, "redirectUrl": null}');
INSERT INTO cms__panel (panelID, moduleID, name, exclusive, status, parameters) VALUES(4, 3, 'panel.auth.register', 'false', 'active', NULL);
INSERT INTO cms__panel (panelID, moduleID, name, exclusive, status, parameters) VALUES(5, 3, 'panel.auth.forgot', 'false', 'active', NULL);
INSERT INTO cms__panel (panelID, moduleID, name, exclusive, status, parameters) VALUES(6, 3, 'panel.auth.admin.user', 'true', 'active', NULL);
INSERT INTO cms__panel (panelID, moduleID, name, exclusive, status, parameters) VALUES(7, 3, 'panel.auth.admin.group', 'true', 'active', NULL);
INSERT INTO cms__panel (panelID, moduleID, name, exclusive, status, parameters) VALUES(8, 4, 'panel.panelBuilder.builder', 'true', 'active', NULL);
INSERT INTO cms__panel (panelID, moduleID, name, exclusive, status, parameters) VALUES(9, 5, 'panel.text.html', 'false', 'active', '{"content": "HTML tartalom"}');
INSERT INTO cms__panel (panelID, moduleID, name, exclusive, status, parameters) VALUES(10, 5, 'panel.text.plain', 'false', 'active', '{"content": "Formázatlan szöveg"}');
INSERT INTO cms__panel (panelID, moduleID, name, exclusive, status, parameters) VALUES(11, 5, 'panel.text.error', 'false', 'active', '{"content": "Hiba"}');
INSERT INTO cms__panel (panelID, moduleID, name, exclusive, status, parameters) VALUES(12, 6, 'panel.navigation.autoMenu', 'false', 'active', NULL);
INSERT INTO cms__panel (panelID, moduleID, name, exclusive, status, parameters) VALUES(13, 6, 'panel.navigation.customMenu', 'false', 'active', NULL);
INSERT INTO cms__panel (panelID, moduleID, name, exclusive, status, parameters) VALUES(14, 6, 'panel.navigation.breadcrumb', 'false', 'active', NULL);
INSERT INTO cms__panel (panelID, moduleID, name, exclusive, status, parameters) VALUES(15, 6, 'panel.navigation.siteSelection', 'false', 'active', NULL);
INSERT INTO cms__panel_variant (panelVariantID, panelID, name, parameters, `type`, status) VALUES(1, 11, 'Admin - Error', '{"content": "Hiba történt"}', 'global', 'active');
INSERT INTO cms__panel_variant (panelVariantID, panelID, name, parameters, `type`, status) VALUES(2, 3, 'Admin - Login', '{"mode": "email", "useView": "admin", "redirect": true, "redirectUrl": null}', 'global', 'active');
INSERT INTO cms__panel_variant (panelVariantID, panelID, name, parameters, `type`, status) VALUES(3, 9, 'Admin - Footer', '{"content": "W5 CMS &copy;<img class=\\"bottom-logo\\" src=\\"/themes/static/img/w5labs-logo.svg\\"/>"}', 'global', 'active');
INSERT INTO cms__panel_variant (panelVariantID, panelID, name, parameters, `type`, status) VALUES(4, 9, NULL, '{"content": "<h1>Adminisztráció</h1>\\n<h3>Leírás</h3>\\n<p>Leírás Leírás Leírás Leírás Leírás Leírás Leírás Leírás Leírás Leírás Leírás Leírás Leírás Leírás Leírás Leírás Leírás Leírás Leírás Leírás Leírás Leírás Leírás Leírás Leírás Leírás Leírás Leírás Leírás Leírás Leírás Leírás Leírás Leírás Leírás Leírás Leírás Leírás Leírás Leírás Leírás Leírás Leírás Leírás Leírás Leírás Leírás Leírás Leírás Leírás Leírás Leírás Leírás Leírás Leírás Leírás Leírás Leírás Leírás Leírás Leírás Leírás Leírás Leírás Leírás Leírás Leírás Leírás Leírás Leírás Leírás Leírás Leírás Leírás Leírás Leírás Leírás Leírás Leírás Leírás Leírás Leírás Leírás Leírás Leírás Leírás Leírás Leírás Leírás Leírás Leírás Leírás Leírás Leírás Leírás Leírás Leírás Leírás Leírás Leírás Leírás Leírás Leírás Leírás Leírás Leírás Leírás Leírás Leírás Leírás Leírás Leírás Leírás Leírás Leírás Leírás Leírás Leírás Leírás Leírás Leírás Leírás Leírás Leírás Leírás Leírás Leírás Leírás Leírás Leírás Leírás Leírás Leírás Leírás Leírás Leírás Leírás Leírás Leírás Leírás Leírás Leírás Leírás Leírás Leírás Leírás Leírás Leírás Leírás Leírás Leírás Leírás Leírás Leírás Leírás Leírás Leírás Leírás Leírás Leírás Leírás Leírás Leírás Leírás Leírás Leírás Leírás Leírás Leírás Leírás Leírás Leírás Leírás Leírás Leírás Leírás Leírás Leírás Leírás Leírás Leírás Leírás Leírás Leírás Leírás Leírás Leírás Leírás Leírás Leírás Leírás Leírás Leírás Leírás Leírás Leírás Leírás Leírás Leírás Leírás Leírás Leírás Leírás Leírás Leírás Leírás Leírás Leírás Leírás Leírás Leírás Leírás Leírás Leírás Leírás Leírás Leírás Leírás Leírás Leírás Leírás Leírás Leírás Leírás Leírás Leírás Leírás Leírás Leírás Leírás Leírás Leírás Leírás Leírás Leírás Leírás Leírás Leírás Leírás Leírás Leírás Leírás Leírás Leírás Leírás Leírás Leírás Leírás Leírás Leírás Leírás Leírás Leírás Leírás Leírás Leírás Leírás Leírás Leírás Leírás Leírás Leírás Leírás Leírás Leírás Leírás Leírás Leírás Leírás Leírás Leírás Leírás Leírás Leírás Leírás Leírás Leírás Leírás Leírás Leírás Leírás Leírás Leírás Leírás Leírás Leírás Leírás Leírás Leírás Leírás Leírás Leírás Leírás Leírás Leírás Leírás Leírás Leírás Leírás Leírás Leírás Leírás Leírás Leírás Leírás Leírás Leírás Leírás Leírás Leírás Leírás Leírás Leírás Leírás Leírás Leírás Leírás Leírás Leírás Leírás Leírás Leírás Leírás Leírás Leírás Leírás Leírás Leírás Leírás Leírás Leírás Leírás Leírás Leírás Leírás Leírás Leírás Leírás</p>\\n<h3>Segítség</h3>\\n<p>Segítség Segítség Segítség Segítség Segítség Segítség Segítség Segítség Segítség Segítség Segítség Segítség Segítség Segítség Segítség Segítség Segítség Segítség Segítség Segítség Segítség Segítség Segítség Segítség Segítség Segítség Segítség Segítség Segítség Segítség Segítség Segítség Segítség Segítség Segítség Segítség Segítség Segítség Segítség Segítség Segítség Segítség Segítség Segítség Segítség Segítség Segítség Segítség Segítség Segítség Segítség Segítség Segítség Segítség Segítség Segítség Segítség Segítség Segítség Segítség Segítség Segítség Segítség Segítség Segítség Segítség Segítség Segítség Segítség Segítség Segítség Segítség Segítség Segítség Segítség Segítség Segítség Segítség Segítség Segítség Segítség Segítség Segítség Segítség Segítség Segítség Segítség Segítség Segítség Segítség Segítség Segítség Segítség Segítség Segítség Segítség Segítség Segítség Segítség Segítség Segítség Segítség Segítség Segítség Segítség Segítség Segítség Segítség Segítség Segítség Segítség Segítség Segítség Segítség Segítség Segítség Segítség Segítség Segítség Segítség Segítség Segítség Segítség Segítség Segítség Segítség Segítség Segítség Segítség Segítség Segítség Segítség Segítség Segítség Segítség Segítség Segítség Segítség Segítség Segítség Segítség Segítség Segítség Segítség Segítség Segítség Segítség Segítség Segítség Segítség Segítség Segítség Segítség Segítség Segítség Segítség Segítség Segítség Segítség Segítség Segítség Segítség Segítség Segítség Segítség Segítség Segítség Segítség Segítség Segítség Segítség Segítség Segítség Segítség Segítség Segítség Segítség Segítség Segítség Segítség Segítség Segítség Segítség Segítség Segítség Segítség Segítség Segítség Segítség Segítség Segítség Segítség Segítség Segítség Segítség Segítség Segítség Segítség Segítség Segítség Segítség Segítség Segítség Segítség Segítség Segítség Segítség Segítség Segítség Segítség Segítség Segítség Segítség Segítség Segítség Segítség Segítség Segítség Segítség Segítség </p>"}', 'local', 'active');
INSERT INTO cms__panel_variant (panelVariantID, panelID, name, parameters, `type`, status) VALUES(5, 2, NULL, NULL, 'local', 'active');
INSERT INTO cms__panel_variant (panelVariantID, panelID, name, parameters, `type`, status) VALUES(6, 6, NULL, NULL, 'local', 'active');
INSERT INTO cms__panel_variant (panelVariantID, panelID, name, parameters, `type`, status) VALUES(7, 7, NULL, NULL, 'local', 'active');
INSERT INTO cms__panel_variant (panelVariantID, panelID, name, parameters, `type`, status) VALUES(8, 8, NULL, NULL, 'local', 'active');
INSERT INTO cms__panel_variant (panelVariantID, panelID, name, parameters, `type`, status) VALUES(9, 1, NULL, NULL, 'local', 'active');
INSERT INTO cms__panel_variant (panelVariantID, panelID, name, parameters, `type`, status) VALUES(10, 11, NULL, NULL, 'local', 'active');
INSERT INTO cms__file_page_has_panels (phpID, fileID, columnID, panelVariantID, `position`) VALUES(1, 3, 6, 1, 1);
INSERT INTO cms__file_page_has_panels (phpID, fileID, columnID, panelVariantID, `position`) VALUES(2, 2, 5, 2, 1);
INSERT INTO cms__file_page_has_panels (phpID, fileID, columnID, panelVariantID, `position`) VALUES(3, 1, 1, 2, 1);
INSERT INTO cms__file_page_has_panels (phpID, fileID, columnID, panelVariantID, `position`) VALUES(4, 4, 1, 2, 1);
INSERT INTO cms__file_page_has_panels (phpID, fileID, columnID, panelVariantID, `position`) VALUES(5, 5, 1, 2, 1);
INSERT INTO cms__file_page_has_panels (phpID, fileID, columnID, panelVariantID, `position`) VALUES(6, 6, 1, 2, 1);
INSERT INTO cms__file_page_has_panels (phpID, fileID, columnID, panelVariantID, `position`) VALUES(7, 7, 1, 2, 1);
INSERT INTO cms__file_page_has_panels (phpID, fileID, columnID, panelVariantID, `position`) VALUES(8, 1, 4, 3, 1);
INSERT INTO cms__file_page_has_panels (phpID, fileID, columnID, panelVariantID, `position`) VALUES(9, 4, 4, 3, 1);
INSERT INTO cms__file_page_has_panels (phpID, fileID, columnID, panelVariantID, `position`) VALUES(10, 5, 4, 3, 1);
INSERT INTO cms__file_page_has_panels (phpID, fileID, columnID, panelVariantID, `position`) VALUES(11, 6, 4, 3, 1);
INSERT INTO cms__file_page_has_panels (phpID, fileID, columnID, panelVariantID, `position`) VALUES(12, 7, 4, 3, 1);
INSERT INTO cms__file_page_has_panels (phpID, fileID, columnID, panelVariantID, `position`) VALUES(13, 1, 3, 4, 1);
INSERT INTO cms__file_page_has_panels (phpID, fileID, columnID, panelVariantID, `position`) VALUES(14, 4, 3, 5, 1);
INSERT INTO cms__file_page_has_panels (phpID, fileID, columnID, panelVariantID, `position`) VALUES(15, 5, 3, 6, 1);
INSERT INTO cms__file_page_has_panels (phpID, fileID, columnID, panelVariantID, `position`) VALUES(16, 6, 3, 7, 1);
INSERT INTO cms__file_page_has_panels (phpID, fileID, columnID, panelVariantID, `position`) VALUES(17, 7, 3, 8, 1);
INSERT INTO cms__file_page_has_panels (phpID, fileID, columnID, panelVariantID, `position`) VALUES(18, 8, 3, 9, 1);
INSERT INTO cms__file_page_has_panels (phpID, fileID, columnID, panelVariantID, `position`) VALUES(19, 8, 1, 2, 1);
INSERT INTO cms__file_page_has_panels (phpID, fileID, columnID, panelVariantID, `position`) VALUES(20, 8, 4, 3, 1);
INSERT INTO cms__file_page_has_panels (phpID, fileID, columnID, panelVariantID, `position`) VALUES(21, 13, 8, 10, 1);


INSERT INTO cms__file (fileID, folderID, name, alias, url, className, status, activeFrom, activeTo, `type`, createDate, modifyDate, `position`, userID) VALUES(1, 1, 'Admin - Index', NULL, '/admin/index.html', NULL, 'active', NULL, NULL, 'page', '2018-08-03 10:45:28.0', '2018-08-03 10:45:28.0', 2, NULL);
INSERT INTO cms__file (fileID, folderID, name, alias, url, className, status, activeFrom, activeTo, `type`, createDate, modifyDate, `position`, userID) VALUES(2, 1, 'Admin - Bejelentkezés', NULL, '/admin/login.html', NULL, 'active', NULL, NULL, 'page', '2018-08-03 10:45:28.0', '2018-08-03 10:45:28.0', 3, NULL);
INSERT INTO cms__file (fileID, folderID, name, alias, url, className, status, activeFrom, activeTo, `type`, createDate, modifyDate, `position`, userID) VALUES(3, 1, 'Admin - Hiba', NULL, '/admin/error.html', NULL, 'active', NULL, NULL, 'page', '2018-08-03 10:45:28.0', '2018-08-03 10:45:28.0', 4, NULL);
INSERT INTO cms__file (fileID, folderID, name, alias, url, className, status, activeFrom, activeTo, `type`, createDate, modifyDate, `position`, userID) VALUES(4, 1, 'Admin - Vfs', 'admin.vfs', '/admin/vfs.html', NULL, 'active', NULL, NULL, 'page', '2018-08-03 10:45:28.0', '2018-08-03 10:45:28.0', 5, NULL);
INSERT INTO cms__file (fileID, folderID, name, alias, url, className, status, activeFrom, activeTo, `type`, createDate, modifyDate, `position`, userID) VALUES(5, 1, 'Admin - Felhasználók', 'admin.auth.user', '/admin/users.html', NULL, 'active', NULL, NULL, 'page', '2018-08-03 10:45:28.0', '2018-08-03 10:45:28.0', 6, NULL);
INSERT INTO cms__file (fileID, folderID, name, alias, url, className, status, activeFrom, activeTo, `type`, createDate, modifyDate, `position`, userID) VALUES(6, 1, 'Admin - Csoportok', 'admin.auth.group', '/admin/groups.html', NULL, 'active', NULL, NULL, 'page', '2018-08-03 10:45:28.0', '2018-08-03 10:45:28.0', 7, NULL);
INSERT INTO cms__file (fileID, folderID, name, alias, url, className, status, activeFrom, activeTo, `type`, createDate, modifyDate, `position`, userID) VALUES(7, 1, 'Admin - Panel builder', 'admin.panelBuilder', '/admin/panelbuilder.html', NULL, 'active', NULL, NULL, 'page', '2018-08-03 10:45:28.0', '2018-08-03 10:45:28.0', 8, NULL);
INSERT INTO cms__file (fileID, folderID, name, alias, url, className, status, activeFrom, activeTo, `type`, createDate, modifyDate, `position`, userID) VALUES(8, 1, 'Admin - Cimkék', 'admin.tag', '/admin/tags.html', NULL, 'active', NULL, NULL, 'page', '2018-08-03 10:45:28.0', '2018-08-03 10:45:28.0', 9, NULL);
INSERT INTO cms__file (fileID, folderID, name, alias, url, className, status, activeFrom, activeTo, `type`, createDate, modifyDate, `position`, userID) VALUES(9, 1, 'Admin - Vfs JSON', 'admin.vfs.json', '/admin/vfs.json', 'Module\\Vfs\\File\\Admin', 'active', NULL, NULL, 'json', '2018-08-03 10:45:28.0', '2018-08-03 10:45:28.0', 10, NULL);
INSERT INTO cms__file (fileID, folderID, name, alias, url, className, status, activeFrom, activeTo, `type`, createDate, modifyDate, `position`, userID) VALUES(10, 1, 'Admin - Panel builder JSON', 'admin.panelBuilder.json', '/admin/panelizer.json', 'Module\\PanelBuilder\\File\\Admin', 'active', NULL, NULL, 'json', '2018-08-03 10:45:28.0', '2018-08-03 10:45:28.0', 11, NULL);
INSERT INTO cms__file (fileID, folderID, name, alias, url, className, status, activeFrom, activeTo, `type`, createDate, modifyDate, `position`, userID) VALUES(11, 1, 'Admin - Check developer JSON', 'checkdeveloper', '/admin/checkdeveloper.json', 'Module\\Vfs\\File\\CheckDeveloper', 'active', NULL, NULL, 'json', '2018-08-03 10:45:28.0', '2018-08-03 10:45:28.0', 12, NULL);
INSERT INTO cms__file (fileID, folderID, name, alias, url, className, status, activeFrom, activeTo, `type`, createDate, modifyDate, `position`, userID) VALUES(12, 2, 'Kezdőlap', 'angularFront', '/kezdolap.html', NULL, 'active', NULL, NULL, 'page', '2018-08-03 10:45:28.0', '2018-08-23 09:44:19.0', 1, NULL);
INSERT INTO cms__file (fileID, folderID, name, alias, url, className, status, activeFrom, activeTo, `type`, createDate, modifyDate, `position`, userID) VALUES(13, 2, 'Hiba', NULL, '/hiba.html', NULL, 'active', NULL, NULL, 'page', '2018-08-03 10:45:28.0', '2018-08-03 10:45:28.0', 2, NULL);

INSERT INTO cms__folder (folderID, parentID, name, url, alias, defaultFileID, `position`, createDate, modifyDate) VALUES(1, NULL, 'Admin site', '/admin', NULL, 1, 1, '2018-08-03 10:45:28.0', '2018-08-03 10:45:28.0');
INSERT INTO cms__folder (folderID, parentID, name, url, alias, defaultFileID, `position`, createDate, modifyDate) VALUES(2, NULL, 'Magyar site', '/', NULL, 12, 2, '2018-08-03 10:45:28.0', '2018-08-03 12:16:28.0');
INSERT INTO cms__folder (folderID, parentID, name, url, alias, defaultFileID, `position`, createDate, modifyDate) VALUES(3, 1, 'Feltöltések', '/feltoltesek', NULL, NULL, 3, '2018-08-03 10:45:28.0', '2018-08-03 12:16:15.0');
INSERT INTO cms__folder (folderID, parentID, name, url, alias, defaultFileID, `position`, createDate, modifyDate) VALUES(4, 1, 'Files', '/files', 'files', NULL, 4, '2018-10-18 13:59:15.0', '2018-11-03 16:11:19.0');

INSERT INTO cms__site (siteID, name, languageID, rootFolderID, loginFileID, registerFileID, errorFileID, registerGroupID) VALUES(1, 'Admin', 1, 1, 2, NULL, 3, NULL);
INSERT INTO cms__site (siteID, name, languageID, rootFolderID, loginFileID, registerFileID, errorFileID, registerGroupID) VALUES(2, 'Front', 1, 2, NULL, NULL, 13, NULL);
INSERT INTO cms__domain (domainID, name, defaultSiteID, gaTrackingID, gaSiteVerificationID) VALUES(1, 'localhost', 2, NULL, NULL);
INSERT INTO cms__site_has_domains (siteID, domainID) VALUES(1, 1);
INSERT INTO cms__site_has_domains (siteID, domainID) VALUES(2, 1);

INSERT INTO cms__language (languageID, name, dir, locale, status, `type`) VALUES(1, 'Magyar', 'hu', 'hu,hu_HU,hu_HU.UTF8', 'active', 'both');
INSERT INTO cms__language (languageID, name, dir, locale, status, `type`) VALUES(2, 'Angol', 'en', 'en,en_GB,eb_GB.UTF8', 'active', 'both');

INSERT INTO cms__group (groupID, name, description, status, guest) VALUES(1, 'Vendég', 'Ez a csoport automatikusan generált a vendég user számára, új felhasználót nem hozunk létre benne.', 'active', 'true');
INSERT INTO cms__group (groupID, name, description, status, guest) VALUES(2, 'W5 Adminisztrátor', 'W5 adminisztrátor csoport. Minden jogot megkap.', 'active', 'false');
INSERT INTO cms__group (groupID, name, description, status, guest) VALUES(3, 'W5 Fejlesztő', 'W5 fejlesztői csoport. Minden jogot megkap.', 'active', 'false');
INSERT INTO cms__group_has_files VALUES 
    (1,2,'dispatch,view'),
    (1,3,'dispatch,view'),
    (1,12,'dispatch,view'),
    (1,13,'dispatch,view'),
    (2,1,'dispatch,view,edit,publish'),
    (2,2,'dispatch,view,edit,publish'),
    (2,3,'dispatch,view,edit,publish'),
    (2,4,'dispatch,view,edit,publish'),
    (2,5,'dispatch,view,edit,publish'),
    (2,6,'dispatch,view,edit,publish'),
    (2,7,'dispatch,view,edit,publish'),
    (2,8,'dispatch,view,edit,publish'),
    (2,9,'dispatch,view,edit,publish'),
    (2,10,'dispatch,view,edit,publish'),
    (2,11,'dispatch,view,edit,publish'),
    (2,12,'dispatch,view,edit,publish'),
    (2,13,'dispatch,view,edit,publish'),
    (3,1,'dispatch,view,edit,publish,move,remove'),
    (3,2,'dispatch,view,edit,publish,move,remove'),
    (3,3,'dispatch,view,edit,publish,move,remove'),
    (3,4,'dispatch,view,edit,publish,move,remove'),
    (3,5,'dispatch,view,edit,publish,move,remove'),
    (3,6,'dispatch,view,edit,publish,move,remove'),
    (3,7,'dispatch,view,edit,publish,move,remove'),
    (3,8,'dispatch,view,edit,publish,move,remove'),
    (3,9,'dispatch,view,edit,publish,move,remove'),
    (3,10,'dispatch,view,edit,publish,move,remove'),
    (3,11,'dispatch,view,edit,publish,move,remove'),
    (3,12,'dispatch,view,edit,publish,move,remove'),
    (3,13,'dispatch,view,edit,publish,move,remove');
INSERT INTO cms__group_has_folders VALUES 
    (1,3,'view'),
    (2,1,'view,edit,createFile,createFolder'),
    (2,2,'view,edit,createFile,createFolder'),
    (2,3,'view,edit,createFile,createFolder'),
    (2,4,'view,edit,createFile,createFolder'),
    (3,1,'view,edit,createFile,createFolder,move,remove'),
    (3,2,'view,edit,createFile,createFolder,move,remove'),
    (3,3,'view,edit,createFile,createFolder,move,remove'),
    (3,4,'view,edit,createFile,createFolder,move,remove');
INSERT INTO cms__group_has_groups VALUES (1,1),(2,1),(2,2),(3,1),(3,2),(3,3);
INSERT INTO cms__group_has_roles VALUES (1,'auth.guest'), (1,'core.guest'), (1,'navigation.guest'), (1,'panelBuilder.guest'), (1,'text.guest'), (1,'vfs.guest'), (2,'auth.admin'), (2,'core.admin'), (2,'navigation.admin'), (2,'panelBuilder.admin'), (2,'text.admin'), (2,'vfs.admin'), (3,'auth.admin'), (3,'auth.developer'), (3,'core.admin'), (3,'core.developer'), (3,'navigation.admin'), (3,'navigation.developer'), (3,'panelBuilder.admin'), (3,'panelBuilder.developer'), (3,'smd.admin'), (3,'text.admin'), (3,'text.developer'), (3,'vfs.admin'), (3,'vfs.developer');
INSERT INTO cms__role (roleID, moduleID, name, description) VALUES('auth.admin', 3, NULL, NULL);
INSERT INTO cms__role (roleID, moduleID, name, description) VALUES('auth.developer', 3, NULL, NULL);
INSERT INTO cms__role (roleID, moduleID, name, description) VALUES('auth.guest', 3, NULL, NULL);
INSERT INTO cms__role (roleID, moduleID, name, description) VALUES('core.admin', 1, NULL, NULL);
INSERT INTO cms__role (roleID, moduleID, name, description) VALUES('core.developer', 1, NULL, NULL);
INSERT INTO cms__role (roleID, moduleID, name, description) VALUES('core.guest', 1, NULL, NULL);
INSERT INTO cms__role (roleID, moduleID, name, description) VALUES('navigation.admin', 6, NULL, NULL);
INSERT INTO cms__role (roleID, moduleID, name, description) VALUES('navigation.developer', 6, NULL, NULL);
INSERT INTO cms__role (roleID, moduleID, name, description) VALUES('navigation.guest', 6, NULL, NULL);
INSERT INTO cms__role (roleID, moduleID, name, description) VALUES('panelBuilder.admin', 4, NULL, NULL);
INSERT INTO cms__role (roleID, moduleID, name, description) VALUES('panelBuilder.developer', 4, NULL, NULL);
INSERT INTO cms__role (roleID, moduleID, name, description) VALUES('panelBuilder.guest', 4, NULL, NULL);
INSERT INTO cms__role (roleID, moduleID, name, description) VALUES('smd.admin', 7, NULL, NULL);
INSERT INTO cms__role (roleID, moduleID, name, description) VALUES('text.admin', 5, NULL, NULL);
INSERT INTO cms__role (roleID, moduleID, name, description) VALUES('text.developer', 5, NULL, NULL);
INSERT INTO cms__role (roleID, moduleID, name, description) VALUES('text.guest', 5, NULL, NULL);
INSERT INTO cms__role (roleID, moduleID, name, description) VALUES('vfs.admin', 2, NULL, NULL);
INSERT INTO cms__role (roleID, moduleID, name, description) VALUES('vfs.developer', 2, NULL, NULL);
INSERT INTO cms__role (roleID, moduleID, name, description) VALUES('vfs.guest', 2, NULL, NULL);

INSERT INTO cms__role_has_resources (roleID, resourceID) VALUES('auth.admin', 'auth.admin.group.activateAction');
INSERT INTO cms__role_has_resources (roleID, resourceID) VALUES('auth.admin', 'auth.admin.group.copyAction');
INSERT INTO cms__role_has_resources (roleID, resourceID) VALUES('auth.admin', 'auth.admin.group.create');
INSERT INTO cms__role_has_resources (roleID, resourceID) VALUES('auth.admin', 'auth.admin.group.createAction');
INSERT INTO cms__role_has_resources (roleID, resourceID) VALUES('auth.admin', 'auth.admin.group.deactivateAction');
INSERT INTO cms__role_has_resources (roleID, resourceID) VALUES('auth.admin', 'auth.admin.group.deleteAction');
INSERT INTO cms__role_has_resources (roleID, resourceID) VALUES('auth.admin', 'auth.admin.group.edit');
INSERT INTO cms__role_has_resources (roleID, resourceID) VALUES('auth.admin', 'auth.admin.group.indexAction');
INSERT INTO cms__role_has_resources (roleID, resourceID) VALUES('auth.admin', 'auth.admin.group.listAction');
INSERT INTO cms__role_has_resources (roleID, resourceID) VALUES('auth.admin', 'auth.admin.group.modifyAction');
INSERT INTO cms__role_has_resources (roleID, resourceID) VALUES('auth.admin', 'auth.admin.group.move');
INSERT INTO cms__role_has_resources (roleID, resourceID) VALUES('auth.admin', 'auth.admin.group.remove');
INSERT INTO cms__role_has_resources (roleID, resourceID) VALUES('auth.admin', 'auth.admin.group.searchAction');
INSERT INTO cms__role_has_resources (roleID, resourceID) VALUES('auth.admin', 'auth.admin.user.activateAction');
INSERT INTO cms__role_has_resources (roleID, resourceID) VALUES('auth.admin', 'auth.admin.user.copyAction');
INSERT INTO cms__role_has_resources (roleID, resourceID) VALUES('auth.admin', 'auth.admin.user.create');
INSERT INTO cms__role_has_resources (roleID, resourceID) VALUES('auth.admin', 'auth.admin.user.createAction');
INSERT INTO cms__role_has_resources (roleID, resourceID) VALUES('auth.admin', 'auth.admin.user.deactivateAction');
INSERT INTO cms__role_has_resources (roleID, resourceID) VALUES('auth.admin', 'auth.admin.user.deleteAction');
INSERT INTO cms__role_has_resources (roleID, resourceID) VALUES('auth.admin', 'auth.admin.user.edit');
INSERT INTO cms__role_has_resources (roleID, resourceID) VALUES('auth.admin', 'auth.admin.user.indexAction');
INSERT INTO cms__role_has_resources (roleID, resourceID) VALUES('auth.admin', 'auth.admin.user.listAction');
INSERT INTO cms__role_has_resources (roleID, resourceID) VALUES('auth.admin', 'auth.admin.user.modifyAction');
INSERT INTO cms__role_has_resources (roleID, resourceID) VALUES('auth.admin', 'auth.admin.user.move');
INSERT INTO cms__role_has_resources (roleID, resourceID) VALUES('auth.admin', 'auth.admin.user.remove');
INSERT INTO cms__role_has_resources (roleID, resourceID) VALUES('auth.admin', 'auth.admin.user.searchAction');
INSERT INTO cms__role_has_resources (roleID, resourceID) VALUES('auth.admin', 'auth.forgot.create');
INSERT INTO cms__role_has_resources (roleID, resourceID) VALUES('auth.admin', 'auth.forgot.edit');
INSERT INTO cms__role_has_resources (roleID, resourceID) VALUES('auth.admin', 'auth.forgot.forgotAction');
INSERT INTO cms__role_has_resources (roleID, resourceID) VALUES('auth.admin', 'auth.forgot.indexAction');
INSERT INTO cms__role_has_resources (roleID, resourceID) VALUES('auth.admin', 'auth.forgot.move');
INSERT INTO cms__role_has_resources (roleID, resourceID) VALUES('auth.admin', 'auth.forgot.remove');
INSERT INTO cms__role_has_resources (roleID, resourceID) VALUES('auth.admin', 'auth.login.create');
INSERT INTO cms__role_has_resources (roleID, resourceID) VALUES('auth.admin', 'auth.login.edit');
INSERT INTO cms__role_has_resources (roleID, resourceID) VALUES('auth.admin', 'auth.login.indexAction');
INSERT INTO cms__role_has_resources (roleID, resourceID) VALUES('auth.admin', 'auth.login.loginAction');
INSERT INTO cms__role_has_resources (roleID, resourceID) VALUES('auth.admin', 'auth.login.logoutAction');
INSERT INTO cms__role_has_resources (roleID, resourceID) VALUES('auth.admin', 'auth.login.move');
INSERT INTO cms__role_has_resources (roleID, resourceID) VALUES('auth.admin', 'auth.login.remove');
INSERT INTO cms__role_has_resources (roleID, resourceID) VALUES('auth.admin', 'auth.register.create');
INSERT INTO cms__role_has_resources (roleID, resourceID) VALUES('auth.admin', 'auth.register.edit');
INSERT INTO cms__role_has_resources (roleID, resourceID) VALUES('auth.admin', 'auth.register.indexAction');
INSERT INTO cms__role_has_resources (roleID, resourceID) VALUES('auth.admin', 'auth.register.move');
INSERT INTO cms__role_has_resources (roleID, resourceID) VALUES('auth.admin', 'auth.register.registerAction');
INSERT INTO cms__role_has_resources (roleID, resourceID) VALUES('auth.admin', 'auth.register.remove');
INSERT INTO cms__role_has_resources (roleID, resourceID) VALUES('auth.developer', 'auth.admin.group.activateAction');
INSERT INTO cms__role_has_resources (roleID, resourceID) VALUES('auth.developer', 'auth.admin.group.copyAction');
INSERT INTO cms__role_has_resources (roleID, resourceID) VALUES('auth.developer', 'auth.admin.group.create');
INSERT INTO cms__role_has_resources (roleID, resourceID) VALUES('auth.developer', 'auth.admin.group.createAction');
INSERT INTO cms__role_has_resources (roleID, resourceID) VALUES('auth.developer', 'auth.admin.group.deactivateAction');
INSERT INTO cms__role_has_resources (roleID, resourceID) VALUES('auth.developer', 'auth.admin.group.deleteAction');
INSERT INTO cms__role_has_resources (roleID, resourceID) VALUES('auth.developer', 'auth.admin.group.edit');
INSERT INTO cms__role_has_resources (roleID, resourceID) VALUES('auth.developer', 'auth.admin.group.indexAction');
INSERT INTO cms__role_has_resources (roleID, resourceID) VALUES('auth.developer', 'auth.admin.group.listAction');
INSERT INTO cms__role_has_resources (roleID, resourceID) VALUES('auth.developer', 'auth.admin.group.modifyAction');
INSERT INTO cms__role_has_resources (roleID, resourceID) VALUES('auth.developer', 'auth.admin.group.move');
INSERT INTO cms__role_has_resources (roleID, resourceID) VALUES('auth.developer', 'auth.admin.group.remove');
INSERT INTO cms__role_has_resources (roleID, resourceID) VALUES('auth.developer', 'auth.admin.group.searchAction');
INSERT INTO cms__role_has_resources (roleID, resourceID) VALUES('auth.developer', 'auth.admin.user.activateAction');
INSERT INTO cms__role_has_resources (roleID, resourceID) VALUES('auth.developer', 'auth.admin.user.copyAction');
INSERT INTO cms__role_has_resources (roleID, resourceID) VALUES('auth.developer', 'auth.admin.user.create');
INSERT INTO cms__role_has_resources (roleID, resourceID) VALUES('auth.developer', 'auth.admin.user.createAction');
INSERT INTO cms__role_has_resources (roleID, resourceID) VALUES('auth.developer', 'auth.admin.user.deactivateAction');
INSERT INTO cms__role_has_resources (roleID, resourceID) VALUES('auth.developer', 'auth.admin.user.deleteAction');
INSERT INTO cms__role_has_resources (roleID, resourceID) VALUES('auth.developer', 'auth.admin.user.edit');
INSERT INTO cms__role_has_resources (roleID, resourceID) VALUES('auth.developer', 'auth.admin.user.indexAction');
INSERT INTO cms__role_has_resources (roleID, resourceID) VALUES('auth.developer', 'auth.admin.user.listAction');
INSERT INTO cms__role_has_resources (roleID, resourceID) VALUES('auth.developer', 'auth.admin.user.modifyAction');
INSERT INTO cms__role_has_resources (roleID, resourceID) VALUES('auth.developer', 'auth.admin.user.move');
INSERT INTO cms__role_has_resources (roleID, resourceID) VALUES('auth.developer', 'auth.admin.user.remove');
INSERT INTO cms__role_has_resources (roleID, resourceID) VALUES('auth.developer', 'auth.admin.user.searchAction');
INSERT INTO cms__role_has_resources (roleID, resourceID) VALUES('auth.developer', 'auth.forgot.create');
INSERT INTO cms__role_has_resources (roleID, resourceID) VALUES('auth.developer', 'auth.forgot.edit');
INSERT INTO cms__role_has_resources (roleID, resourceID) VALUES('auth.developer', 'auth.forgot.forgotAction');
INSERT INTO cms__role_has_resources (roleID, resourceID) VALUES('auth.developer', 'auth.forgot.indexAction');
INSERT INTO cms__role_has_resources (roleID, resourceID) VALUES('auth.developer', 'auth.forgot.move');
INSERT INTO cms__role_has_resources (roleID, resourceID) VALUES('auth.developer', 'auth.forgot.remove');
INSERT INTO cms__role_has_resources (roleID, resourceID) VALUES('auth.developer', 'auth.login.create');
INSERT INTO cms__role_has_resources (roleID, resourceID) VALUES('auth.developer', 'auth.login.edit');
INSERT INTO cms__role_has_resources (roleID, resourceID) VALUES('auth.developer', 'auth.login.indexAction');
INSERT INTO cms__role_has_resources (roleID, resourceID) VALUES('auth.developer', 'auth.login.loginAction');
INSERT INTO cms__role_has_resources (roleID, resourceID) VALUES('auth.developer', 'auth.login.logoutAction');
INSERT INTO cms__role_has_resources (roleID, resourceID) VALUES('auth.developer', 'auth.login.move');
INSERT INTO cms__role_has_resources (roleID, resourceID) VALUES('auth.developer', 'auth.login.remove');
INSERT INTO cms__role_has_resources (roleID, resourceID) VALUES('auth.developer', 'auth.register.create');
INSERT INTO cms__role_has_resources (roleID, resourceID) VALUES('auth.developer', 'auth.register.edit');
INSERT INTO cms__role_has_resources (roleID, resourceID) VALUES('auth.developer', 'auth.register.indexAction');
INSERT INTO cms__role_has_resources (roleID, resourceID) VALUES('auth.developer', 'auth.register.move');
INSERT INTO cms__role_has_resources (roleID, resourceID) VALUES('auth.developer', 'auth.register.registerAction');
INSERT INTO cms__role_has_resources (roleID, resourceID) VALUES('auth.developer', 'auth.register.remove');
INSERT INTO cms__role_has_resources (roleID, resourceID) VALUES('auth.guest', 'auth.forgot.forgotAction');
INSERT INTO cms__role_has_resources (roleID, resourceID) VALUES('auth.guest', 'auth.forgot.indexAction');
INSERT INTO cms__role_has_resources (roleID, resourceID) VALUES('auth.guest', 'auth.login.indexAction');
INSERT INTO cms__role_has_resources (roleID, resourceID) VALUES('auth.guest', 'auth.login.loginAction');
INSERT INTO cms__role_has_resources (roleID, resourceID) VALUES('auth.guest', 'auth.login.logoutAction');
INSERT INTO cms__role_has_resources (roleID, resourceID) VALUES('auth.guest', 'auth.register.indexAction');
INSERT INTO cms__role_has_resources (roleID, resourceID) VALUES('auth.guest', 'auth.register.registerAction');
INSERT INTO cms__role_has_resources (roleID, resourceID) VALUES('core.admin', 'core.admin.tag.copyAction');
INSERT INTO cms__role_has_resources (roleID, resourceID) VALUES('core.admin', 'core.admin.tag.create');
INSERT INTO cms__role_has_resources (roleID, resourceID) VALUES('core.admin', 'core.admin.tag.createAction');
INSERT INTO cms__role_has_resources (roleID, resourceID) VALUES('core.admin', 'core.admin.tag.deleteAction');
INSERT INTO cms__role_has_resources (roleID, resourceID) VALUES('core.admin', 'core.admin.tag.edit');
INSERT INTO cms__role_has_resources (roleID, resourceID) VALUES('core.admin', 'core.admin.tag.indexAction');
INSERT INTO cms__role_has_resources (roleID, resourceID) VALUES('core.admin', 'core.admin.tag.listAction');
INSERT INTO cms__role_has_resources (roleID, resourceID) VALUES('core.admin', 'core.admin.tag.modifyAction');
INSERT INTO cms__role_has_resources (roleID, resourceID) VALUES('core.admin', 'core.admin.tag.move');
INSERT INTO cms__role_has_resources (roleID, resourceID) VALUES('core.admin', 'core.admin.tag.remove');
INSERT INTO cms__role_has_resources (roleID, resourceID) VALUES('core.admin', 'core.admin.tag.searchAction');
INSERT INTO cms__role_has_resources (roleID, resourceID) VALUES('core.developer', 'core.admin.tag.copyAction');
INSERT INTO cms__role_has_resources (roleID, resourceID) VALUES('core.developer', 'core.admin.tag.create');
INSERT INTO cms__role_has_resources (roleID, resourceID) VALUES('core.developer', 'core.admin.tag.createAction');
INSERT INTO cms__role_has_resources (roleID, resourceID) VALUES('core.developer', 'core.admin.tag.deleteAction');
INSERT INTO cms__role_has_resources (roleID, resourceID) VALUES('core.developer', 'core.admin.tag.edit');
INSERT INTO cms__role_has_resources (roleID, resourceID) VALUES('core.developer', 'core.admin.tag.indexAction');
INSERT INTO cms__role_has_resources (roleID, resourceID) VALUES('core.developer', 'core.admin.tag.listAction');
INSERT INTO cms__role_has_resources (roleID, resourceID) VALUES('core.developer', 'core.admin.tag.modifyAction');
INSERT INTO cms__role_has_resources (roleID, resourceID) VALUES('core.developer', 'core.admin.tag.move');
INSERT INTO cms__role_has_resources (roleID, resourceID) VALUES('core.developer', 'core.admin.tag.remove');
INSERT INTO cms__role_has_resources (roleID, resourceID) VALUES('core.developer', 'core.admin.tag.searchAction');
INSERT INTO cms__role_has_resources (roleID, resourceID) VALUES('navigation.admin', 'navigation.autoMenu.create');
INSERT INTO cms__role_has_resources (roleID, resourceID) VALUES('navigation.admin', 'navigation.autoMenu.edit');
INSERT INTO cms__role_has_resources (roleID, resourceID) VALUES('navigation.admin', 'navigation.autoMenu.indexAction');
INSERT INTO cms__role_has_resources (roleID, resourceID) VALUES('navigation.admin', 'navigation.autoMenu.move');
INSERT INTO cms__role_has_resources (roleID, resourceID) VALUES('navigation.admin', 'navigation.autoMenu.remove');
INSERT INTO cms__role_has_resources (roleID, resourceID) VALUES('navigation.admin', 'navigation.breadcrumb.create');
INSERT INTO cms__role_has_resources (roleID, resourceID) VALUES('navigation.admin', 'navigation.breadcrumb.edit');
INSERT INTO cms__role_has_resources (roleID, resourceID) VALUES('navigation.admin', 'navigation.breadcrumb.indexAction');
INSERT INTO cms__role_has_resources (roleID, resourceID) VALUES('navigation.admin', 'navigation.breadcrumb.move');
INSERT INTO cms__role_has_resources (roleID, resourceID) VALUES('navigation.admin', 'navigation.breadcrumb.remove');
INSERT INTO cms__role_has_resources (roleID, resourceID) VALUES('navigation.admin', 'navigation.customMenu.create');
INSERT INTO cms__role_has_resources (roleID, resourceID) VALUES('navigation.admin', 'navigation.customMenu.edit');
INSERT INTO cms__role_has_resources (roleID, resourceID) VALUES('navigation.admin', 'navigation.customMenu.indexAction');
INSERT INTO cms__role_has_resources (roleID, resourceID) VALUES('navigation.admin', 'navigation.customMenu.move');
INSERT INTO cms__role_has_resources (roleID, resourceID) VALUES('navigation.admin', 'navigation.customMenu.remove');
INSERT INTO cms__role_has_resources (roleID, resourceID) VALUES('navigation.admin', 'navigation.siteSelection.create');
INSERT INTO cms__role_has_resources (roleID, resourceID) VALUES('navigation.admin', 'navigation.siteSelection.edit');
INSERT INTO cms__role_has_resources (roleID, resourceID) VALUES('navigation.admin', 'navigation.siteSelection.indexAction');
INSERT INTO cms__role_has_resources (roleID, resourceID) VALUES('navigation.admin', 'navigation.siteSelection.move');
INSERT INTO cms__role_has_resources (roleID, resourceID) VALUES('navigation.admin', 'navigation.siteSelection.remove');
INSERT INTO cms__role_has_resources (roleID, resourceID) VALUES('navigation.developer', 'navigation.autoMenu.create');
INSERT INTO cms__role_has_resources (roleID, resourceID) VALUES('navigation.developer', 'navigation.autoMenu.edit');
INSERT INTO cms__role_has_resources (roleID, resourceID) VALUES('navigation.developer', 'navigation.autoMenu.indexAction');
INSERT INTO cms__role_has_resources (roleID, resourceID) VALUES('navigation.developer', 'navigation.autoMenu.move');
INSERT INTO cms__role_has_resources (roleID, resourceID) VALUES('navigation.developer', 'navigation.autoMenu.remove');
INSERT INTO cms__role_has_resources (roleID, resourceID) VALUES('navigation.developer', 'navigation.breadcrumb.create');
INSERT INTO cms__role_has_resources (roleID, resourceID) VALUES('navigation.developer', 'navigation.breadcrumb.edit');
INSERT INTO cms__role_has_resources (roleID, resourceID) VALUES('navigation.developer', 'navigation.breadcrumb.indexAction');
INSERT INTO cms__role_has_resources (roleID, resourceID) VALUES('navigation.developer', 'navigation.breadcrumb.move');
INSERT INTO cms__role_has_resources (roleID, resourceID) VALUES('navigation.developer', 'navigation.breadcrumb.remove');
INSERT INTO cms__role_has_resources (roleID, resourceID) VALUES('navigation.developer', 'navigation.customMenu.create');
INSERT INTO cms__role_has_resources (roleID, resourceID) VALUES('navigation.developer', 'navigation.customMenu.edit');
INSERT INTO cms__role_has_resources (roleID, resourceID) VALUES('navigation.developer', 'navigation.customMenu.indexAction');
INSERT INTO cms__role_has_resources (roleID, resourceID) VALUES('navigation.developer', 'navigation.customMenu.move');
INSERT INTO cms__role_has_resources (roleID, resourceID) VALUES('navigation.developer', 'navigation.customMenu.remove');
INSERT INTO cms__role_has_resources (roleID, resourceID) VALUES('navigation.developer', 'navigation.siteSelection.create');
INSERT INTO cms__role_has_resources (roleID, resourceID) VALUES('navigation.developer', 'navigation.siteSelection.edit');
INSERT INTO cms__role_has_resources (roleID, resourceID) VALUES('navigation.developer', 'navigation.siteSelection.indexAction');
INSERT INTO cms__role_has_resources (roleID, resourceID) VALUES('navigation.developer', 'navigation.siteSelection.move');
INSERT INTO cms__role_has_resources (roleID, resourceID) VALUES('navigation.developer', 'navigation.siteSelection.remove');
INSERT INTO cms__role_has_resources (roleID, resourceID) VALUES('navigation.guest', 'navigation.autoMenu.indexAction');
INSERT INTO cms__role_has_resources (roleID, resourceID) VALUES('navigation.guest', 'navigation.breadcrumb.indexAction');
INSERT INTO cms__role_has_resources (roleID, resourceID) VALUES('navigation.guest', 'navigation.customMenu.indexAction');
INSERT INTO cms__role_has_resources (roleID, resourceID) VALUES('navigation.guest', 'navigation.siteSelection.indexAction');
INSERT INTO cms__role_has_resources (roleID, resourceID) VALUES('panelBuilder.admin', 'panelBuilder.builder.create');
INSERT INTO cms__role_has_resources (roleID, resourceID) VALUES('panelBuilder.admin', 'panelBuilder.builder.edit');
INSERT INTO cms__role_has_resources (roleID, resourceID) VALUES('panelBuilder.admin', 'panelBuilder.builder.indexAction');
INSERT INTO cms__role_has_resources (roleID, resourceID) VALUES('panelBuilder.admin', 'panelBuilder.builder.move');
INSERT INTO cms__role_has_resources (roleID, resourceID) VALUES('panelBuilder.admin', 'panelBuilder.builder.remove');
INSERT INTO cms__role_has_resources (roleID, resourceID) VALUES('panelBuilder.developer', 'panelBuilder.builder.create');
INSERT INTO cms__role_has_resources (roleID, resourceID) VALUES('panelBuilder.developer', 'panelBuilder.builder.edit');
INSERT INTO cms__role_has_resources (roleID, resourceID) VALUES('panelBuilder.developer', 'panelBuilder.builder.indexAction');
INSERT INTO cms__role_has_resources (roleID, resourceID) VALUES('panelBuilder.developer', 'panelBuilder.builder.move');
INSERT INTO cms__role_has_resources (roleID, resourceID) VALUES('panelBuilder.developer', 'panelBuilder.builder.remove');
INSERT INTO cms__role_has_resources (roleID, resourceID) VALUES('text.admin', 'text.error.create');
INSERT INTO cms__role_has_resources (roleID, resourceID) VALUES('text.admin', 'text.error.edit');
INSERT INTO cms__role_has_resources (roleID, resourceID) VALUES('text.admin', 'text.error.indexAction');
INSERT INTO cms__role_has_resources (roleID, resourceID) VALUES('text.admin', 'text.error.move');
INSERT INTO cms__role_has_resources (roleID, resourceID) VALUES('text.admin', 'text.error.remove');
INSERT INTO cms__role_has_resources (roleID, resourceID) VALUES('text.admin', 'text.html.create');
INSERT INTO cms__role_has_resources (roleID, resourceID) VALUES('text.admin', 'text.html.edit');
INSERT INTO cms__role_has_resources (roleID, resourceID) VALUES('text.admin', 'text.html.indexAction');
INSERT INTO cms__role_has_resources (roleID, resourceID) VALUES('text.admin', 'text.html.move');
INSERT INTO cms__role_has_resources (roleID, resourceID) VALUES('text.admin', 'text.html.remove');
INSERT INTO cms__role_has_resources (roleID, resourceID) VALUES('text.admin', 'text.plain.create');
INSERT INTO cms__role_has_resources (roleID, resourceID) VALUES('text.admin', 'text.plain.edit');
INSERT INTO cms__role_has_resources (roleID, resourceID) VALUES('text.admin', 'text.plain.indexAction');
INSERT INTO cms__role_has_resources (roleID, resourceID) VALUES('text.admin', 'text.plain.move');
INSERT INTO cms__role_has_resources (roleID, resourceID) VALUES('text.admin', 'text.plain.remove');
INSERT INTO cms__role_has_resources (roleID, resourceID) VALUES('text.developer', 'text.error.create');
INSERT INTO cms__role_has_resources (roleID, resourceID) VALUES('text.developer', 'text.error.edit');
INSERT INTO cms__role_has_resources (roleID, resourceID) VALUES('text.developer', 'text.error.indexAction');
INSERT INTO cms__role_has_resources (roleID, resourceID) VALUES('text.developer', 'text.error.move');
INSERT INTO cms__role_has_resources (roleID, resourceID) VALUES('text.developer', 'text.error.remove');
INSERT INTO cms__role_has_resources (roleID, resourceID) VALUES('text.developer', 'text.html.create');
INSERT INTO cms__role_has_resources (roleID, resourceID) VALUES('text.developer', 'text.html.edit');
INSERT INTO cms__role_has_resources (roleID, resourceID) VALUES('text.developer', 'text.html.indexAction');
INSERT INTO cms__role_has_resources (roleID, resourceID) VALUES('text.developer', 'text.html.move');
INSERT INTO cms__role_has_resources (roleID, resourceID) VALUES('text.developer', 'text.html.remove');
INSERT INTO cms__role_has_resources (roleID, resourceID) VALUES('text.developer', 'text.plain.create');
INSERT INTO cms__role_has_resources (roleID, resourceID) VALUES('text.developer', 'text.plain.edit');
INSERT INTO cms__role_has_resources (roleID, resourceID) VALUES('text.developer', 'text.plain.indexAction');
INSERT INTO cms__role_has_resources (roleID, resourceID) VALUES('text.developer', 'text.plain.move');
INSERT INTO cms__role_has_resources (roleID, resourceID) VALUES('text.developer', 'text.plain.remove');
INSERT INTO cms__role_has_resources (roleID, resourceID) VALUES('text.guest', 'text.error.indexAction');
INSERT INTO cms__role_has_resources (roleID, resourceID) VALUES('text.guest', 'text.html.indexAction');
INSERT INTO cms__role_has_resources (roleID, resourceID) VALUES('text.guest', 'text.plain.indexAction');
INSERT INTO cms__role_has_resources (roleID, resourceID) VALUES('vfs.admin', 'vfs.admin.create');
INSERT INTO cms__role_has_resources (roleID, resourceID) VALUES('vfs.admin', 'vfs.admin.edit');
INSERT INTO cms__role_has_resources (roleID, resourceID) VALUES('vfs.admin', 'vfs.admin.indexAction');
INSERT INTO cms__role_has_resources (roleID, resourceID) VALUES('vfs.admin', 'vfs.admin.move');
INSERT INTO cms__role_has_resources (roleID, resourceID) VALUES('vfs.admin', 'vfs.admin.remove');
INSERT INTO cms__role_has_resources (roleID, resourceID) VALUES('vfs.developer', 'vfs.admin.create');
INSERT INTO cms__role_has_resources (roleID, resourceID) VALUES('vfs.developer', 'vfs.admin.edit');
INSERT INTO cms__role_has_resources (roleID, resourceID) VALUES('vfs.developer', 'vfs.admin.indexAction');
INSERT INTO cms__role_has_resources (roleID, resourceID) VALUES('vfs.developer', 'vfs.admin.move');
INSERT INTO cms__role_has_resources (roleID, resourceID) VALUES('vfs.developer', 'vfs.admin.remove');
INSERT INTO cms__role_has_resources (roleID, resourceID) VALUES('vfs.developer', 'vfs.developerTools.view');

INSERT INTO smd__default_role (defaultRoleID, name, description, status, admin, partnerID) VALUES('admin', 'Admin', 'Admin default role.', 'active', 'yes', NULL);
INSERT INTO smd__default_role (defaultRoleID, name, description, status, admin, partnerID) VALUES('analyst', 'Analyst', 'Analyst default role.', 'active', 'no', NULL);
INSERT INTO smd__default_role (defaultRoleID, name, description, status, admin, partnerID) VALUES('approver', 'Approver', 'Approver default role.', 'active', 'yes', NULL);
INSERT INTO smd__default_role (defaultRoleID, name, description, status, admin, partnerID) VALUES('client', 'Client', 'Client default role.', 'active', 'no', NULL);
INSERT INTO smd__default_role (defaultRoleID, name, description, status, admin, partnerID) VALUES('creator', 'Creator', 'Creator default role.', 'active', 'no', NULL);
INSERT INTO smd__default_role (defaultRoleID, name, description, status, admin, partnerID) VALUES('editor', 'Editor', 'Editor default role.', 'active', 'no', NULL);
INSERT INTO smd__default_role (defaultRoleID, name, description, status, admin, partnerID) VALUES('superAdmin', 'Super Admin', 'Super admin default role.', 'active', 'yes', NULL);

INSERT INTO smd__default_role_has_resources (defaultRoleID, resourceID) VALUES('admin', 'analytics.analytics.activitiesByOrganizations');
INSERT INTO smd__default_role_has_resources (defaultRoleID, resourceID) VALUES('admin', 'analytics.analytics.activitiesByTeamMembers');
INSERT INTO smd__default_role_has_resources (defaultRoleID, resourceID) VALUES('admin', 'analytics.analytics.interactions');
INSERT INTO smd__default_role_has_resources (defaultRoleID, resourceID) VALUES('admin', 'analytics.analytics.mentions');
INSERT INTO smd__default_role_has_resources (defaultRoleID, resourceID) VALUES('admin', 'analytics.analytics.organizationDataAccess');
INSERT INTO smd__default_role_has_resources (defaultRoleID, resourceID) VALUES('admin', 'analytics.analytics.organizationGraphData');
INSERT INTO smd__default_role_has_resources (defaultRoleID, resourceID) VALUES('admin', 'analytics.analytics.pageClicks');
INSERT INTO smd__default_role_has_resources (defaultRoleID, resourceID) VALUES('admin', 'analytics.analytics.pageEngagement');
INSERT INTO smd__default_role_has_resources (defaultRoleID, resourceID) VALUES('admin', 'analytics.analytics.pageEngagementRate');
INSERT INTO smd__default_role_has_resources (defaultRoleID, resourceID) VALUES('admin', 'analytics.analytics.pageImpressions');
INSERT INTO smd__default_role_has_resources (defaultRoleID, resourceID) VALUES('admin', 'analytics.analytics.pageLikeGrowth');
INSERT INTO smd__default_role_has_resources (defaultRoleID, resourceID) VALUES('admin', 'analytics.analytics.pageLikeOverview');
INSERT INTO smd__default_role_has_resources (defaultRoleID, resourceID) VALUES('admin', 'analytics.analytics.pageOverallLikes');
INSERT INTO smd__default_role_has_resources (defaultRoleID, resourceID) VALUES('admin', 'analytics.analytics.pagePostComments');
INSERT INTO smd__default_role_has_resources (defaultRoleID, resourceID) VALUES('admin', 'analytics.analytics.pagePostEngagement');
INSERT INTO smd__default_role_has_resources (defaultRoleID, resourceID) VALUES('admin', 'analytics.analytics.pagePostLikes');
INSERT INTO smd__default_role_has_resources (defaultRoleID, resourceID) VALUES('admin', 'analytics.analytics.pagePostShares');
INSERT INTO smd__default_role_has_resources (defaultRoleID, resourceID) VALUES('admin', 'analytics.analytics.pageReach');
INSERT INTO smd__default_role_has_resources (defaultRoleID, resourceID) VALUES('admin', 'analytics.analytics.pageVideoViews');
INSERT INTO smd__default_role_has_resources (defaultRoleID, resourceID) VALUES('admin', 'analytics.analytics.pageViews');
INSERT INTO smd__default_role_has_resources (defaultRoleID, resourceID) VALUES('admin', 'analytics.analytics.socialSiteDataAccess');
INSERT INTO smd__default_role_has_resources (defaultRoleID, resourceID) VALUES('admin', 'analytics.analytics.topPostsByEngagement');
INSERT INTO smd__default_role_has_resources (defaultRoleID, resourceID) VALUES('admin', 'analytics.analytics.topPostsByImpression');
INSERT INTO smd__default_role_has_resources (defaultRoleID, resourceID) VALUES('admin', 'analytics.dashboard.create');
INSERT INTO smd__default_role_has_resources (defaultRoleID, resourceID) VALUES('admin', 'analytics.dashboard.dashboards');
INSERT INTO smd__default_role_has_resources (defaultRoleID, resourceID) VALUES('admin', 'analytics.dashboard.delete');
INSERT INTO smd__default_role_has_resources (defaultRoleID, resourceID) VALUES('admin', 'analytics.dashboard.modify');
INSERT INTO smd__default_role_has_resources (defaultRoleID, resourceID) VALUES('admin', 'analytics.dashboard.share');
INSERT INTO smd__default_role_has_resources (defaultRoleID, resourceID) VALUES('admin', 'auth.activity.list');
INSERT INTO smd__default_role_has_resources (defaultRoleID, resourceID) VALUES('admin', 'auth.media.bulkExtract');
INSERT INTO smd__default_role_has_resources (defaultRoleID, resourceID) VALUES('admin', 'auth.user.changePassword');
INSERT INTO smd__default_role_has_resources (defaultRoleID, resourceID) VALUES('admin', 'auth.user.create');
INSERT INTO smd__default_role_has_resources (defaultRoleID, resourceID) VALUES('admin', 'auth.user.delete');
INSERT INTO smd__default_role_has_resources (defaultRoleID, resourceID) VALUES('admin', 'auth.user.resendActivation');
INSERT INTO smd__default_role_has_resources (defaultRoleID, resourceID) VALUES('admin', 'auth.user.twoFactor');
INSERT INTO smd__default_role_has_resources (defaultRoleID, resourceID) VALUES('admin', 'auth.user.update');
INSERT INTO smd__default_role_has_resources (defaultRoleID, resourceID) VALUES('admin', 'auth.user.users');
INSERT INTO smd__default_role_has_resources (defaultRoleID, resourceID) VALUES('admin', 'background.administration.partnerDelete');
INSERT INTO smd__default_role_has_resources (defaultRoleID, resourceID) VALUES('admin', 'carousel.create');
INSERT INTO smd__default_role_has_resources (defaultRoleID, resourceID) VALUES('admin', 'carousel.item.list');
INSERT INTO smd__default_role_has_resources (defaultRoleID, resourceID) VALUES('admin', 'carousel.remove');
INSERT INTO smd__default_role_has_resources (defaultRoleID, resourceID) VALUES('admin', 'carousel.update');
INSERT INTO smd__default_role_has_resources (defaultRoleID, resourceID) VALUES('admin', 'core.tag.list');
INSERT INTO smd__default_role_has_resources (defaultRoleID, resourceID) VALUES('admin', 'core.tag.remove');
INSERT INTO smd__default_role_has_resources (defaultRoleID, resourceID) VALUES('admin', 'hashtag.collection.bulkDelete');
INSERT INTO smd__default_role_has_resources (defaultRoleID, resourceID) VALUES('admin', 'hashtag.collection.create');
INSERT INTO smd__default_role_has_resources (defaultRoleID, resourceID) VALUES('admin', 'hashtag.collection.list');
INSERT INTO smd__default_role_has_resources (defaultRoleID, resourceID) VALUES('admin', 'hashtag.collection.remove');
INSERT INTO smd__default_role_has_resources (defaultRoleID, resourceID) VALUES('admin', 'hashtag.collection.update');
INSERT INTO smd__default_role_has_resources (defaultRoleID, resourceID) VALUES('admin', 'hashtag.tag.bulkCreate');
INSERT INTO smd__default_role_has_resources (defaultRoleID, resourceID) VALUES('admin', 'hashtag.tag.bulkDelete');
INSERT INTO smd__default_role_has_resources (defaultRoleID, resourceID) VALUES('admin', 'hashtag.tag.list');
INSERT INTO smd__default_role_has_resources (defaultRoleID, resourceID) VALUES('admin', 'hashtag.tag.remove');
INSERT INTO smd__default_role_has_resources (defaultRoleID, resourceID) VALUES('admin', 'hashtag.tag.update');
INSERT INTO smd__default_role_has_resources (defaultRoleID, resourceID) VALUES('admin', 'organization.media.canvaUsage');
INSERT INTO smd__default_role_has_resources (defaultRoleID, resourceID) VALUES('admin', 'organization.media.fileDelete');
INSERT INTO smd__default_role_has_resources (defaultRoleID, resourceID) VALUES('admin', 'organization.media.fileUpdate');
INSERT INTO smd__default_role_has_resources (defaultRoleID, resourceID) VALUES('admin', 'organization.media.fileUpload');
INSERT INTO smd__default_role_has_resources (defaultRoleID, resourceID) VALUES('admin', 'organization.media.listTags');
INSERT INTO smd__default_role_has_resources (defaultRoleID, resourceID) VALUES('admin', 'organization.media.mediaList');
INSERT INTO smd__default_role_has_resources (defaultRoleID, resourceID) VALUES('admin', 'organization.organization.organizations');
INSERT INTO smd__default_role_has_resources (defaultRoleID, resourceID) VALUES('admin', 'organization.organization.organizationTree');
INSERT INTO smd__default_role_has_resources (defaultRoleID, resourceID) VALUES('admin', 'organization.organization.update');
INSERT INTO smd__default_role_has_resources (defaultRoleID, resourceID) VALUES('admin', 'organization.role.create');
INSERT INTO smd__default_role_has_resources (defaultRoleID, resourceID) VALUES('admin', 'organization.role.groupDelete');
INSERT INTO smd__default_role_has_resources (defaultRoleID, resourceID) VALUES('admin', 'organization.role.groupModify');
INSERT INTO smd__default_role_has_resources (defaultRoleID, resourceID) VALUES('admin', 'organization.role.list');
INSERT INTO smd__default_role_has_resources (defaultRoleID, resourceID) VALUES('admin', 'organization.role.update');
INSERT INTO smd__default_role_has_resources (defaultRoleID, resourceID) VALUES('admin', 'post.autoFeed.createPostTime');
INSERT INTO smd__default_role_has_resources (defaultRoleID, resourceID) VALUES('admin', 'post.autoFeed.order');
INSERT INTO smd__default_role_has_resources (defaultRoleID, resourceID) VALUES('admin', 'post.autoFeed.postTimes');
INSERT INTO smd__default_role_has_resources (defaultRoleID, resourceID) VALUES('admin', 'post.autoFeed.removePostTime');
INSERT INTO smd__default_role_has_resources (defaultRoleID, resourceID) VALUES('admin', 'post.autoFeed.settings.list');
INSERT INTO smd__default_role_has_resources (defaultRoleID, resourceID) VALUES('admin', 'post.autoFeed.settings.update');
INSERT INTO smd__default_role_has_resources (defaultRoleID, resourceID) VALUES('admin', 'post.autoFeed.update');
INSERT INTO smd__default_role_has_resources (defaultRoleID, resourceID) VALUES('admin', 'post.autoFeedPreset.bulkDelete');
INSERT INTO smd__default_role_has_resources (defaultRoleID, resourceID) VALUES('admin', 'post.autoFeedPreset.create');
INSERT INTO smd__default_role_has_resources (defaultRoleID, resourceID) VALUES('admin', 'post.autoFeedPreset.list');
INSERT INTO smd__default_role_has_resources (defaultRoleID, resourceID) VALUES('admin', 'post.autoFeedPreset.remove');
INSERT INTO smd__default_role_has_resources (defaultRoleID, resourceID) VALUES('admin', 'post.autoFeedPreset.update');
INSERT INTO smd__default_role_has_resources (defaultRoleID, resourceID) VALUES('admin', 'post.category.categories');
INSERT INTO smd__default_role_has_resources (defaultRoleID, resourceID) VALUES('admin', 'post.category.create');
INSERT INTO smd__default_role_has_resources (defaultRoleID, resourceID) VALUES('admin', 'post.category.remove');
INSERT INTO smd__default_role_has_resources (defaultRoleID, resourceID) VALUES('admin', 'post.category.update');
INSERT INTO smd__default_role_has_resources (defaultRoleID, resourceID) VALUES('admin', 'post.comment.comment');
INSERT INTO smd__default_role_has_resources (defaultRoleID, resourceID) VALUES('admin', 'post.comment.comments');
INSERT INTO smd__default_role_has_resources (defaultRoleID, resourceID) VALUES('admin', 'post.post.approvement');
INSERT INTO smd__default_role_has_resources (defaultRoleID, resourceID) VALUES('admin', 'post.post.bulkCreate');
INSERT INTO smd__default_role_has_resources (defaultRoleID, resourceID) VALUES('admin', 'post.post.create');
INSERT INTO smd__default_role_has_resources (defaultRoleID, resourceID) VALUES('admin', 'post.post.instantPost');
INSERT INTO smd__default_role_has_resources (defaultRoleID, resourceID) VALUES('admin', 'post.post.posts');
INSERT INTO smd__default_role_has_resources (defaultRoleID, resourceID) VALUES('admin', 'post.post.remove');
INSERT INTO smd__default_role_has_resources (defaultRoleID, resourceID) VALUES('admin', 'post.post.status');
INSERT INTO smd__default_role_has_resources (defaultRoleID, resourceID) VALUES('admin', 'post.post.statuses');
INSERT INTO smd__default_role_has_resources (defaultRoleID, resourceID) VALUES('admin', 'post.post.update');
INSERT INTO smd__default_role_has_resources (defaultRoleID, resourceID) VALUES('admin', 'post.template.bulkCreate');
INSERT INTO smd__default_role_has_resources (defaultRoleID, resourceID) VALUES('admin', 'post.template.create');
INSERT INTO smd__default_role_has_resources (defaultRoleID, resourceID) VALUES('admin', 'post.template.remove');
INSERT INTO smd__default_role_has_resources (defaultRoleID, resourceID) VALUES('admin', 'post.template.share');
INSERT INTO smd__default_role_has_resources (defaultRoleID, resourceID) VALUES('admin', 'post.template.status');
INSERT INTO smd__default_role_has_resources (defaultRoleID, resourceID) VALUES('admin', 'post.template.templates');
INSERT INTO smd__default_role_has_resources (defaultRoleID, resourceID) VALUES('admin', 'post.template.update');
INSERT INTO smd__default_role_has_resources (defaultRoleID, resourceID) VALUES('admin', 'rss.feed.bulkCreate');
INSERT INTO smd__default_role_has_resources (defaultRoleID, resourceID) VALUES('admin', 'rss.feed.bulkDelete');
INSERT INTO smd__default_role_has_resources (defaultRoleID, resourceID) VALUES('admin', 'rss.feed.list');
INSERT INTO smd__default_role_has_resources (defaultRoleID, resourceID) VALUES('admin', 'rss.feed.load');
INSERT INTO smd__default_role_has_resources (defaultRoleID, resourceID) VALUES('admin', 'rss.feed.remove');
INSERT INTO smd__default_role_has_resources (defaultRoleID, resourceID) VALUES('admin', 'rss.feed.update');
INSERT INTO smd__default_role_has_resources (defaultRoleID, resourceID) VALUES('admin', 'rss.group.bulkDelete');
INSERT INTO smd__default_role_has_resources (defaultRoleID, resourceID) VALUES('admin', 'rss.group.create');
INSERT INTO smd__default_role_has_resources (defaultRoleID, resourceID) VALUES('admin', 'rss.group.feeds');
INSERT INTO smd__default_role_has_resources (defaultRoleID, resourceID) VALUES('admin', 'rss.group.list');
INSERT INTO smd__default_role_has_resources (defaultRoleID, resourceID) VALUES('admin', 'rss.group.remove');
INSERT INTO smd__default_role_has_resources (defaultRoleID, resourceID) VALUES('admin', 'rss.group.update');
INSERT INTO smd__default_role_has_resources (defaultRoleID, resourceID) VALUES('admin', 'rss.savedPost.create');
INSERT INTO smd__default_role_has_resources (defaultRoleID, resourceID) VALUES('admin', 'rss.savedPost.list');
INSERT INTO smd__default_role_has_resources (defaultRoleID, resourceID) VALUES('admin', 'rss.savedPost.remove');
INSERT INTO smd__default_role_has_resources (defaultRoleID, resourceID) VALUES('admin', 'social.site.create');
INSERT INTO smd__default_role_has_resources (defaultRoleID, resourceID) VALUES('admin', 'social.site.list');
INSERT INTO smd__default_role_has_resources (defaultRoleID, resourceID) VALUES('admin', 'social.site.remove');
INSERT INTO smd__default_role_has_resources (defaultRoleID, resourceID) VALUES('admin', 'social.site.update');
INSERT INTO smd__default_role_has_resources (defaultRoleID, resourceID) VALUES('analyst', 'analytics.analytics.activitiesByOrganizations');
INSERT INTO smd__default_role_has_resources (defaultRoleID, resourceID) VALUES('analyst', 'analytics.analytics.activitiesByTeamMembers');
INSERT INTO smd__default_role_has_resources (defaultRoleID, resourceID) VALUES('analyst', 'analytics.analytics.interactions');
INSERT INTO smd__default_role_has_resources (defaultRoleID, resourceID) VALUES('analyst', 'analytics.analytics.mentions');
INSERT INTO smd__default_role_has_resources (defaultRoleID, resourceID) VALUES('analyst', 'analytics.analytics.organizationGraphData');
INSERT INTO smd__default_role_has_resources (defaultRoleID, resourceID) VALUES('analyst', 'analytics.analytics.pageClicks');
INSERT INTO smd__default_role_has_resources (defaultRoleID, resourceID) VALUES('analyst', 'analytics.analytics.pageEngagement');
INSERT INTO smd__default_role_has_resources (defaultRoleID, resourceID) VALUES('analyst', 'analytics.analytics.pageEngagementRate');
INSERT INTO smd__default_role_has_resources (defaultRoleID, resourceID) VALUES('analyst', 'analytics.analytics.pageImpressions');
INSERT INTO smd__default_role_has_resources (defaultRoleID, resourceID) VALUES('analyst', 'analytics.analytics.pageLikeGrowth');
INSERT INTO smd__default_role_has_resources (defaultRoleID, resourceID) VALUES('analyst', 'analytics.analytics.pageLikeOverview');
INSERT INTO smd__default_role_has_resources (defaultRoleID, resourceID) VALUES('analyst', 'analytics.analytics.pageOverallLikes');
INSERT INTO smd__default_role_has_resources (defaultRoleID, resourceID) VALUES('analyst', 'analytics.analytics.pagePostComments');
INSERT INTO smd__default_role_has_resources (defaultRoleID, resourceID) VALUES('analyst', 'analytics.analytics.pagePostEngagement');
INSERT INTO smd__default_role_has_resources (defaultRoleID, resourceID) VALUES('analyst', 'analytics.analytics.pagePostLikes');
INSERT INTO smd__default_role_has_resources (defaultRoleID, resourceID) VALUES('analyst', 'analytics.analytics.pagePostShares');
INSERT INTO smd__default_role_has_resources (defaultRoleID, resourceID) VALUES('analyst', 'analytics.analytics.pageReach');
INSERT INTO smd__default_role_has_resources (defaultRoleID, resourceID) VALUES('analyst', 'analytics.analytics.pageVideoViews');
INSERT INTO smd__default_role_has_resources (defaultRoleID, resourceID) VALUES('analyst', 'analytics.analytics.pageViews');
INSERT INTO smd__default_role_has_resources (defaultRoleID, resourceID) VALUES('analyst', 'analytics.analytics.topPostsByEngagement');
INSERT INTO smd__default_role_has_resources (defaultRoleID, resourceID) VALUES('analyst', 'analytics.analytics.topPostsByImpression');
INSERT INTO smd__default_role_has_resources (defaultRoleID, resourceID) VALUES('analyst', 'analytics.dashboard.create');
INSERT INTO smd__default_role_has_resources (defaultRoleID, resourceID) VALUES('analyst', 'analytics.dashboard.dashboards');
INSERT INTO smd__default_role_has_resources (defaultRoleID, resourceID) VALUES('analyst', 'analytics.dashboard.modify');
INSERT INTO smd__default_role_has_resources (defaultRoleID, resourceID) VALUES('analyst', 'analytics.dashboard.share');
INSERT INTO smd__default_role_has_resources (defaultRoleID, resourceID) VALUES('analyst', 'auth.activity.list');
INSERT INTO smd__default_role_has_resources (defaultRoleID, resourceID) VALUES('analyst', 'auth.user.twoFactor');
INSERT INTO smd__default_role_has_resources (defaultRoleID, resourceID) VALUES('analyst', 'carousel.item.list');
INSERT INTO smd__default_role_has_resources (defaultRoleID, resourceID) VALUES('analyst', 'core.tag.list');
INSERT INTO smd__default_role_has_resources (defaultRoleID, resourceID) VALUES('analyst', 'organization.media.listTags');
INSERT INTO smd__default_role_has_resources (defaultRoleID, resourceID) VALUES('analyst', 'organization.media.mediaList');
INSERT INTO smd__default_role_has_resources (defaultRoleID, resourceID) VALUES('analyst', 'post.category.categories');
INSERT INTO smd__default_role_has_resources (defaultRoleID, resourceID) VALUES('analyst', 'post.comment.comment');
INSERT INTO smd__default_role_has_resources (defaultRoleID, resourceID) VALUES('analyst', 'post.comment.comments');
INSERT INTO smd__default_role_has_resources (defaultRoleID, resourceID) VALUES('analyst', 'post.post.posts');
INSERT INTO smd__default_role_has_resources (defaultRoleID, resourceID) VALUES('analyst', 'post.post.statuses');
INSERT INTO smd__default_role_has_resources (defaultRoleID, resourceID) VALUES('analyst', 'post.template.templates');
INSERT INTO smd__default_role_has_resources (defaultRoleID, resourceID) VALUES('approver', 'analytics.analytics.activitiesByOrganizations');
INSERT INTO smd__default_role_has_resources (defaultRoleID, resourceID) VALUES('approver', 'analytics.analytics.activitiesByTeamMembers');
INSERT INTO smd__default_role_has_resources (defaultRoleID, resourceID) VALUES('approver', 'analytics.analytics.interactions');
INSERT INTO smd__default_role_has_resources (defaultRoleID, resourceID) VALUES('approver', 'analytics.analytics.mentions');
INSERT INTO smd__default_role_has_resources (defaultRoleID, resourceID) VALUES('approver', 'analytics.analytics.organizationGraphData');
INSERT INTO smd__default_role_has_resources (defaultRoleID, resourceID) VALUES('approver', 'analytics.analytics.pageClicks');
INSERT INTO smd__default_role_has_resources (defaultRoleID, resourceID) VALUES('approver', 'analytics.analytics.pageEngagement');
INSERT INTO smd__default_role_has_resources (defaultRoleID, resourceID) VALUES('approver', 'analytics.analytics.pageEngagementRate');
INSERT INTO smd__default_role_has_resources (defaultRoleID, resourceID) VALUES('approver', 'analytics.analytics.pageImpressions');
INSERT INTO smd__default_role_has_resources (defaultRoleID, resourceID) VALUES('approver', 'analytics.analytics.pageLikeGrowth');
INSERT INTO smd__default_role_has_resources (defaultRoleID, resourceID) VALUES('approver', 'analytics.analytics.pageLikeOverview');
INSERT INTO smd__default_role_has_resources (defaultRoleID, resourceID) VALUES('approver', 'analytics.analytics.pageOverallLikes');
INSERT INTO smd__default_role_has_resources (defaultRoleID, resourceID) VALUES('approver', 'analytics.analytics.pagePostComments');
INSERT INTO smd__default_role_has_resources (defaultRoleID, resourceID) VALUES('approver', 'analytics.analytics.pagePostEngagement');
INSERT INTO smd__default_role_has_resources (defaultRoleID, resourceID) VALUES('approver', 'analytics.analytics.pagePostLikes');
INSERT INTO smd__default_role_has_resources (defaultRoleID, resourceID) VALUES('approver', 'analytics.analytics.pagePostShares');
INSERT INTO smd__default_role_has_resources (defaultRoleID, resourceID) VALUES('approver', 'analytics.analytics.pageReach');
INSERT INTO smd__default_role_has_resources (defaultRoleID, resourceID) VALUES('approver', 'analytics.analytics.pageVideoViews');
INSERT INTO smd__default_role_has_resources (defaultRoleID, resourceID) VALUES('approver', 'analytics.analytics.pageViews');
INSERT INTO smd__default_role_has_resources (defaultRoleID, resourceID) VALUES('approver', 'analytics.analytics.topPostsByEngagement');
INSERT INTO smd__default_role_has_resources (defaultRoleID, resourceID) VALUES('approver', 'analytics.analytics.topPostsByImpression');
INSERT INTO smd__default_role_has_resources (defaultRoleID, resourceID) VALUES('approver', 'analytics.dashboard.create');
INSERT INTO smd__default_role_has_resources (defaultRoleID, resourceID) VALUES('approver', 'analytics.dashboard.dashboards');
INSERT INTO smd__default_role_has_resources (defaultRoleID, resourceID) VALUES('approver', 'analytics.dashboard.modify');
INSERT INTO smd__default_role_has_resources (defaultRoleID, resourceID) VALUES('approver', 'analytics.dashboard.share');
INSERT INTO smd__default_role_has_resources (defaultRoleID, resourceID) VALUES('approver', 'auth.activity.list');
INSERT INTO smd__default_role_has_resources (defaultRoleID, resourceID) VALUES('approver', 'auth.media.bulkExtract');
INSERT INTO smd__default_role_has_resources (defaultRoleID, resourceID) VALUES('approver', 'auth.user.changePassword');
INSERT INTO smd__default_role_has_resources (defaultRoleID, resourceID) VALUES('approver', 'auth.user.twoFactor');
INSERT INTO smd__default_role_has_resources (defaultRoleID, resourceID) VALUES('approver', 'carousel.create');
INSERT INTO smd__default_role_has_resources (defaultRoleID, resourceID) VALUES('approver', 'carousel.item.list');
INSERT INTO smd__default_role_has_resources (defaultRoleID, resourceID) VALUES('approver', 'carousel.update');
INSERT INTO smd__default_role_has_resources (defaultRoleID, resourceID) VALUES('approver', 'core.tag.list');
INSERT INTO smd__default_role_has_resources (defaultRoleID, resourceID) VALUES('approver', 'hashtag.collection.create');
INSERT INTO smd__default_role_has_resources (defaultRoleID, resourceID) VALUES('approver', 'hashtag.collection.list');
INSERT INTO smd__default_role_has_resources (defaultRoleID, resourceID) VALUES('approver', 'hashtag.collection.update');
INSERT INTO smd__default_role_has_resources (defaultRoleID, resourceID) VALUES('approver', 'hashtag.tag.bulkCreate');
INSERT INTO smd__default_role_has_resources (defaultRoleID, resourceID) VALUES('approver', 'hashtag.tag.list');
INSERT INTO smd__default_role_has_resources (defaultRoleID, resourceID) VALUES('approver', 'hashtag.tag.update');
INSERT INTO smd__default_role_has_resources (defaultRoleID, resourceID) VALUES('approver', 'organization.media.canvaUsage');
INSERT INTO smd__default_role_has_resources (defaultRoleID, resourceID) VALUES('approver', 'organization.media.fileUpdate');
INSERT INTO smd__default_role_has_resources (defaultRoleID, resourceID) VALUES('approver', 'organization.media.fileUpload');
INSERT INTO smd__default_role_has_resources (defaultRoleID, resourceID) VALUES('approver', 'organization.media.listTags');
INSERT INTO smd__default_role_has_resources (defaultRoleID, resourceID) VALUES('approver', 'organization.media.mediaList');
INSERT INTO smd__default_role_has_resources (defaultRoleID, resourceID) VALUES('approver', 'organization.organization.organizations');
INSERT INTO smd__default_role_has_resources (defaultRoleID, resourceID) VALUES('approver', 'post.autoFeed.createPostTime');
INSERT INTO smd__default_role_has_resources (defaultRoleID, resourceID) VALUES('approver', 'post.autoFeed.order');
INSERT INTO smd__default_role_has_resources (defaultRoleID, resourceID) VALUES('approver', 'post.autoFeed.postTimes');
INSERT INTO smd__default_role_has_resources (defaultRoleID, resourceID) VALUES('approver', 'post.autoFeed.settings.list');
INSERT INTO smd__default_role_has_resources (defaultRoleID, resourceID) VALUES('approver', 'post.autoFeed.settings.update');
INSERT INTO smd__default_role_has_resources (defaultRoleID, resourceID) VALUES('approver', 'post.autoFeed.update');
INSERT INTO smd__default_role_has_resources (defaultRoleID, resourceID) VALUES('approver', 'post.autoFeedPreset.create');
INSERT INTO smd__default_role_has_resources (defaultRoleID, resourceID) VALUES('approver', 'post.autoFeedPreset.list');
INSERT INTO smd__default_role_has_resources (defaultRoleID, resourceID) VALUES('approver', 'post.autoFeedPreset.update');
INSERT INTO smd__default_role_has_resources (defaultRoleID, resourceID) VALUES('approver', 'post.category.categories');
INSERT INTO smd__default_role_has_resources (defaultRoleID, resourceID) VALUES('approver', 'post.category.create');
INSERT INTO smd__default_role_has_resources (defaultRoleID, resourceID) VALUES('approver', 'post.category.update');
INSERT INTO smd__default_role_has_resources (defaultRoleID, resourceID) VALUES('approver', 'post.comment.comment');
INSERT INTO smd__default_role_has_resources (defaultRoleID, resourceID) VALUES('approver', 'post.comment.comments');
INSERT INTO smd__default_role_has_resources (defaultRoleID, resourceID) VALUES('approver', 'post.post.approvement');
INSERT INTO smd__default_role_has_resources (defaultRoleID, resourceID) VALUES('approver', 'post.post.bulkCreate');
INSERT INTO smd__default_role_has_resources (defaultRoleID, resourceID) VALUES('approver', 'post.post.create');
INSERT INTO smd__default_role_has_resources (defaultRoleID, resourceID) VALUES('approver', 'post.post.instantPost');
INSERT INTO smd__default_role_has_resources (defaultRoleID, resourceID) VALUES('approver', 'post.post.posts');
INSERT INTO smd__default_role_has_resources (defaultRoleID, resourceID) VALUES('approver', 'post.post.status');
INSERT INTO smd__default_role_has_resources (defaultRoleID, resourceID) VALUES('approver', 'post.post.statuses');
INSERT INTO smd__default_role_has_resources (defaultRoleID, resourceID) VALUES('approver', 'post.post.update');
INSERT INTO smd__default_role_has_resources (defaultRoleID, resourceID) VALUES('approver', 'post.template.bulkCreate');
INSERT INTO smd__default_role_has_resources (defaultRoleID, resourceID) VALUES('approver', 'post.template.create');
INSERT INTO smd__default_role_has_resources (defaultRoleID, resourceID) VALUES('approver', 'post.template.status');
INSERT INTO smd__default_role_has_resources (defaultRoleID, resourceID) VALUES('approver', 'post.template.templates');
INSERT INTO smd__default_role_has_resources (defaultRoleID, resourceID) VALUES('approver', 'post.template.update');
INSERT INTO smd__default_role_has_resources (defaultRoleID, resourceID) VALUES('approver', 'rss.feed.bulkCreate');
INSERT INTO smd__default_role_has_resources (defaultRoleID, resourceID) VALUES('approver', 'rss.feed.list');
INSERT INTO smd__default_role_has_resources (defaultRoleID, resourceID) VALUES('approver', 'rss.feed.load');
INSERT INTO smd__default_role_has_resources (defaultRoleID, resourceID) VALUES('approver', 'rss.feed.update');
INSERT INTO smd__default_role_has_resources (defaultRoleID, resourceID) VALUES('approver', 'rss.group.create');
INSERT INTO smd__default_role_has_resources (defaultRoleID, resourceID) VALUES('approver', 'rss.group.feeds');
INSERT INTO smd__default_role_has_resources (defaultRoleID, resourceID) VALUES('approver', 'rss.group.list');
INSERT INTO smd__default_role_has_resources (defaultRoleID, resourceID) VALUES('approver', 'rss.group.update');
INSERT INTO smd__default_role_has_resources (defaultRoleID, resourceID) VALUES('approver', 'rss.savedPost.create');
INSERT INTO smd__default_role_has_resources (defaultRoleID, resourceID) VALUES('approver', 'rss.savedPost.list');
INSERT INTO smd__default_role_has_resources (defaultRoleID, resourceID) VALUES('approver', 'rss.savedPost.remove');
INSERT INTO smd__default_role_has_resources (defaultRoleID, resourceID) VALUES('approver', 'social.site.list');
INSERT INTO smd__default_role_has_resources (defaultRoleID, resourceID) VALUES('client', 'analytics.analytics.activitiesByOrganizations');
INSERT INTO smd__default_role_has_resources (defaultRoleID, resourceID) VALUES('client', 'analytics.analytics.activitiesByTeamMembers');
INSERT INTO smd__default_role_has_resources (defaultRoleID, resourceID) VALUES('client', 'analytics.analytics.interactions');
INSERT INTO smd__default_role_has_resources (defaultRoleID, resourceID) VALUES('client', 'analytics.analytics.mentions');
INSERT INTO smd__default_role_has_resources (defaultRoleID, resourceID) VALUES('client', 'analytics.analytics.organizationGraphData');
INSERT INTO smd__default_role_has_resources (defaultRoleID, resourceID) VALUES('client', 'analytics.analytics.pageClicks');
INSERT INTO smd__default_role_has_resources (defaultRoleID, resourceID) VALUES('client', 'analytics.analytics.pageEngagement');
INSERT INTO smd__default_role_has_resources (defaultRoleID, resourceID) VALUES('client', 'analytics.analytics.pageEngagementRate');
INSERT INTO smd__default_role_has_resources (defaultRoleID, resourceID) VALUES('client', 'analytics.analytics.pageImpressions');
INSERT INTO smd__default_role_has_resources (defaultRoleID, resourceID) VALUES('client', 'analytics.analytics.pageLikeGrowth');
INSERT INTO smd__default_role_has_resources (defaultRoleID, resourceID) VALUES('client', 'analytics.analytics.pageLikeOverview');
INSERT INTO smd__default_role_has_resources (defaultRoleID, resourceID) VALUES('client', 'analytics.analytics.pageOverallLikes');
INSERT INTO smd__default_role_has_resources (defaultRoleID, resourceID) VALUES('client', 'analytics.analytics.pagePostComments');
INSERT INTO smd__default_role_has_resources (defaultRoleID, resourceID) VALUES('client', 'analytics.analytics.pagePostEngagement');
INSERT INTO smd__default_role_has_resources (defaultRoleID, resourceID) VALUES('client', 'analytics.analytics.pagePostLikes');
INSERT INTO smd__default_role_has_resources (defaultRoleID, resourceID) VALUES('client', 'analytics.analytics.pagePostShares');
INSERT INTO smd__default_role_has_resources (defaultRoleID, resourceID) VALUES('client', 'analytics.analytics.pageReach');
INSERT INTO smd__default_role_has_resources (defaultRoleID, resourceID) VALUES('client', 'analytics.analytics.pageVideoViews');
INSERT INTO smd__default_role_has_resources (defaultRoleID, resourceID) VALUES('client', 'analytics.analytics.pageViews');
INSERT INTO smd__default_role_has_resources (defaultRoleID, resourceID) VALUES('client', 'analytics.analytics.topPostsByEngagement');
INSERT INTO smd__default_role_has_resources (defaultRoleID, resourceID) VALUES('client', 'analytics.analytics.topPostsByImpression');
INSERT INTO smd__default_role_has_resources (defaultRoleID, resourceID) VALUES('client', 'analytics.dashboard.dashboards');
INSERT INTO smd__default_role_has_resources (defaultRoleID, resourceID) VALUES('client', 'auth.user.twoFactor');
INSERT INTO smd__default_role_has_resources (defaultRoleID, resourceID) VALUES('client', 'core.tag.list');
INSERT INTO smd__default_role_has_resources (defaultRoleID, resourceID) VALUES('client', 'organization.media.listTags');
INSERT INTO smd__default_role_has_resources (defaultRoleID, resourceID) VALUES('client', 'organization.media.mediaList');
INSERT INTO smd__default_role_has_resources (defaultRoleID, resourceID) VALUES('client', 'organization.organization.organizations');
INSERT INTO smd__default_role_has_resources (defaultRoleID, resourceID) VALUES('client', 'post.comment.comment');
INSERT INTO smd__default_role_has_resources (defaultRoleID, resourceID) VALUES('client', 'post.comment.comments');
INSERT INTO smd__default_role_has_resources (defaultRoleID, resourceID) VALUES('client', 'post.post.approvement');
INSERT INTO smd__default_role_has_resources (defaultRoleID, resourceID) VALUES('client', 'post.post.instantPost');
INSERT INTO smd__default_role_has_resources (defaultRoleID, resourceID) VALUES('client', 'post.post.posts');
INSERT INTO smd__default_role_has_resources (defaultRoleID, resourceID) VALUES('client', 'post.post.status');
INSERT INTO smd__default_role_has_resources (defaultRoleID, resourceID) VALUES('client', 'post.post.statuses');
INSERT INTO smd__default_role_has_resources (defaultRoleID, resourceID) VALUES('creator', 'auth.activity.list');
INSERT INTO smd__default_role_has_resources (defaultRoleID, resourceID) VALUES('creator', 'auth.user.twoFactor');
INSERT INTO smd__default_role_has_resources (defaultRoleID, resourceID) VALUES('creator', 'carousel.item.list');
INSERT INTO smd__default_role_has_resources (defaultRoleID, resourceID) VALUES('creator', 'core.tag.list');
INSERT INTO smd__default_role_has_resources (defaultRoleID, resourceID) VALUES('creator', 'hashtag.collection.list');
INSERT INTO smd__default_role_has_resources (defaultRoleID, resourceID) VALUES('creator', 'hashtag.tag.list');
INSERT INTO smd__default_role_has_resources (defaultRoleID, resourceID) VALUES('creator', 'organization.media.listTags');
INSERT INTO smd__default_role_has_resources (defaultRoleID, resourceID) VALUES('creator', 'organization.media.mediaList');
INSERT INTO smd__default_role_has_resources (defaultRoleID, resourceID) VALUES('creator', 'organization.organization.organizations');
INSERT INTO smd__default_role_has_resources (defaultRoleID, resourceID) VALUES('creator', 'post.category.categories');
INSERT INTO smd__default_role_has_resources (defaultRoleID, resourceID) VALUES('creator', 'post.comment.comment');
INSERT INTO smd__default_role_has_resources (defaultRoleID, resourceID) VALUES('creator', 'post.comment.comments');
INSERT INTO smd__default_role_has_resources (defaultRoleID, resourceID) VALUES('creator', 'post.post.create');
INSERT INTO smd__default_role_has_resources (defaultRoleID, resourceID) VALUES('creator', 'post.post.posts');
INSERT INTO smd__default_role_has_resources (defaultRoleID, resourceID) VALUES('creator', 'post.post.statuses');
INSERT INTO smd__default_role_has_resources (defaultRoleID, resourceID) VALUES('creator', 'post.post.update');
INSERT INTO smd__default_role_has_resources (defaultRoleID, resourceID) VALUES('creator', 'post.template.templates');
INSERT INTO smd__default_role_has_resources (defaultRoleID, resourceID) VALUES('creator', 'rss.feed.list');
INSERT INTO smd__default_role_has_resources (defaultRoleID, resourceID) VALUES('creator', 'rss.feed.load');
INSERT INTO smd__default_role_has_resources (defaultRoleID, resourceID) VALUES('creator', 'rss.group.feeds');
INSERT INTO smd__default_role_has_resources (defaultRoleID, resourceID) VALUES('creator', 'rss.group.list');
INSERT INTO smd__default_role_has_resources (defaultRoleID, resourceID) VALUES('creator', 'rss.savedPost.create');
INSERT INTO smd__default_role_has_resources (defaultRoleID, resourceID) VALUES('creator', 'rss.savedPost.list');
INSERT INTO smd__default_role_has_resources (defaultRoleID, resourceID) VALUES('creator', 'rss.savedPost.remove');
INSERT INTO smd__default_role_has_resources (defaultRoleID, resourceID) VALUES('creator', 'social.site.list');
INSERT INTO smd__default_role_has_resources (defaultRoleID, resourceID) VALUES('editor', 'analytics.analytics.activitiesByOrganizations');
INSERT INTO smd__default_role_has_resources (defaultRoleID, resourceID) VALUES('editor', 'analytics.analytics.activitiesByTeamMembers');
INSERT INTO smd__default_role_has_resources (defaultRoleID, resourceID) VALUES('editor', 'analytics.analytics.interactions');
INSERT INTO smd__default_role_has_resources (defaultRoleID, resourceID) VALUES('editor', 'analytics.analytics.mentions');
INSERT INTO smd__default_role_has_resources (defaultRoleID, resourceID) VALUES('editor', 'analytics.analytics.organizationGraphData');
INSERT INTO smd__default_role_has_resources (defaultRoleID, resourceID) VALUES('editor', 'analytics.analytics.pageClicks');
INSERT INTO smd__default_role_has_resources (defaultRoleID, resourceID) VALUES('editor', 'analytics.analytics.pageEngagement');
INSERT INTO smd__default_role_has_resources (defaultRoleID, resourceID) VALUES('editor', 'analytics.analytics.pageEngagementRate');
INSERT INTO smd__default_role_has_resources (defaultRoleID, resourceID) VALUES('editor', 'analytics.analytics.pageImpressions');
INSERT INTO smd__default_role_has_resources (defaultRoleID, resourceID) VALUES('editor', 'analytics.analytics.pageLikeGrowth');
INSERT INTO smd__default_role_has_resources (defaultRoleID, resourceID) VALUES('editor', 'analytics.analytics.pageLikeOverview');
INSERT INTO smd__default_role_has_resources (defaultRoleID, resourceID) VALUES('editor', 'analytics.analytics.pageOverallLikes');
INSERT INTO smd__default_role_has_resources (defaultRoleID, resourceID) VALUES('editor', 'analytics.analytics.pagePostComments');
INSERT INTO smd__default_role_has_resources (defaultRoleID, resourceID) VALUES('editor', 'analytics.analytics.pagePostEngagement');
INSERT INTO smd__default_role_has_resources (defaultRoleID, resourceID) VALUES('editor', 'analytics.analytics.pagePostLikes');
INSERT INTO smd__default_role_has_resources (defaultRoleID, resourceID) VALUES('editor', 'analytics.analytics.pagePostShares');
INSERT INTO smd__default_role_has_resources (defaultRoleID, resourceID) VALUES('editor', 'analytics.analytics.pageReach');
INSERT INTO smd__default_role_has_resources (defaultRoleID, resourceID) VALUES('editor', 'analytics.analytics.pageVideoViews');
INSERT INTO smd__default_role_has_resources (defaultRoleID, resourceID) VALUES('editor', 'analytics.analytics.pageViews');
INSERT INTO smd__default_role_has_resources (defaultRoleID, resourceID) VALUES('editor', 'analytics.analytics.topPostsByEngagement');
INSERT INTO smd__default_role_has_resources (defaultRoleID, resourceID) VALUES('editor', 'analytics.analytics.topPostsByImpression');
INSERT INTO smd__default_role_has_resources (defaultRoleID, resourceID) VALUES('editor', 'analytics.dashboard.create');
INSERT INTO smd__default_role_has_resources (defaultRoleID, resourceID) VALUES('editor', 'analytics.dashboard.dashboards');
INSERT INTO smd__default_role_has_resources (defaultRoleID, resourceID) VALUES('editor', 'analytics.dashboard.modify');
INSERT INTO smd__default_role_has_resources (defaultRoleID, resourceID) VALUES('editor', 'analytics.dashboard.share');
INSERT INTO smd__default_role_has_resources (defaultRoleID, resourceID) VALUES('editor', 'auth.activity.list');
INSERT INTO smd__default_role_has_resources (defaultRoleID, resourceID) VALUES('editor', 'auth.user.changePassword');
INSERT INTO smd__default_role_has_resources (defaultRoleID, resourceID) VALUES('editor', 'auth.user.twoFactor');
INSERT INTO smd__default_role_has_resources (defaultRoleID, resourceID) VALUES('editor', 'carousel.create');
INSERT INTO smd__default_role_has_resources (defaultRoleID, resourceID) VALUES('editor', 'carousel.item.list');
INSERT INTO smd__default_role_has_resources (defaultRoleID, resourceID) VALUES('editor', 'carousel.update');
INSERT INTO smd__default_role_has_resources (defaultRoleID, resourceID) VALUES('editor', 'core.tag.list');
INSERT INTO smd__default_role_has_resources (defaultRoleID, resourceID) VALUES('editor', 'hashtag.collection.create');
INSERT INTO smd__default_role_has_resources (defaultRoleID, resourceID) VALUES('editor', 'hashtag.collection.list');
INSERT INTO smd__default_role_has_resources (defaultRoleID, resourceID) VALUES('editor', 'hashtag.collection.update');
INSERT INTO smd__default_role_has_resources (defaultRoleID, resourceID) VALUES('editor', 'hashtag.tag.bulkCreate');
INSERT INTO smd__default_role_has_resources (defaultRoleID, resourceID) VALUES('editor', 'hashtag.tag.list');
INSERT INTO smd__default_role_has_resources (defaultRoleID, resourceID) VALUES('editor', 'hashtag.tag.update');
INSERT INTO smd__default_role_has_resources (defaultRoleID, resourceID) VALUES('editor', 'organization.media.fileUpdate');
INSERT INTO smd__default_role_has_resources (defaultRoleID, resourceID) VALUES('editor', 'organization.media.fileUpload');
INSERT INTO smd__default_role_has_resources (defaultRoleID, resourceID) VALUES('editor', 'organization.media.listTags');
INSERT INTO smd__default_role_has_resources (defaultRoleID, resourceID) VALUES('editor', 'organization.media.mediaList');
INSERT INTO smd__default_role_has_resources (defaultRoleID, resourceID) VALUES('editor', 'organization.organization.organizations');
INSERT INTO smd__default_role_has_resources (defaultRoleID, resourceID) VALUES('editor', 'post.autoFeed.createPostTime');
INSERT INTO smd__default_role_has_resources (defaultRoleID, resourceID) VALUES('editor', 'post.autoFeed.order');
INSERT INTO smd__default_role_has_resources (defaultRoleID, resourceID) VALUES('editor', 'post.autoFeed.postTimes');
INSERT INTO smd__default_role_has_resources (defaultRoleID, resourceID) VALUES('editor', 'post.autoFeed.settings.list');
INSERT INTO smd__default_role_has_resources (defaultRoleID, resourceID) VALUES('editor', 'post.autoFeed.settings.update');
INSERT INTO smd__default_role_has_resources (defaultRoleID, resourceID) VALUES('editor', 'post.autoFeed.update');
INSERT INTO smd__default_role_has_resources (defaultRoleID, resourceID) VALUES('editor', 'post.autoFeedPreset.create');
INSERT INTO smd__default_role_has_resources (defaultRoleID, resourceID) VALUES('editor', 'post.autoFeedPreset.list');
INSERT INTO smd__default_role_has_resources (defaultRoleID, resourceID) VALUES('editor', 'post.autoFeedPreset.update');
INSERT INTO smd__default_role_has_resources (defaultRoleID, resourceID) VALUES('editor', 'post.category.categories');
INSERT INTO smd__default_role_has_resources (defaultRoleID, resourceID) VALUES('editor', 'post.category.create');
INSERT INTO smd__default_role_has_resources (defaultRoleID, resourceID) VALUES('editor', 'post.category.update');
INSERT INTO smd__default_role_has_resources (defaultRoleID, resourceID) VALUES('editor', 'post.comment.comment');
INSERT INTO smd__default_role_has_resources (defaultRoleID, resourceID) VALUES('editor', 'post.comment.comments');
INSERT INTO smd__default_role_has_resources (defaultRoleID, resourceID) VALUES('editor', 'post.post.bulkCreate');
INSERT INTO smd__default_role_has_resources (defaultRoleID, resourceID) VALUES('editor', 'post.post.create');
INSERT INTO smd__default_role_has_resources (defaultRoleID, resourceID) VALUES('editor', 'post.post.posts');
INSERT INTO smd__default_role_has_resources (defaultRoleID, resourceID) VALUES('editor', 'post.post.statuses');
INSERT INTO smd__default_role_has_resources (defaultRoleID, resourceID) VALUES('editor', 'post.post.update');
INSERT INTO smd__default_role_has_resources (defaultRoleID, resourceID) VALUES('editor', 'post.template.create');
INSERT INTO smd__default_role_has_resources (defaultRoleID, resourceID) VALUES('editor', 'post.template.templates');
INSERT INTO smd__default_role_has_resources (defaultRoleID, resourceID) VALUES('editor', 'post.template.update');
INSERT INTO smd__default_role_has_resources (defaultRoleID, resourceID) VALUES('editor', 'rss.feed.bulkCreate');
INSERT INTO smd__default_role_has_resources (defaultRoleID, resourceID) VALUES('editor', 'rss.feed.list');
INSERT INTO smd__default_role_has_resources (defaultRoleID, resourceID) VALUES('editor', 'rss.feed.load');
INSERT INTO smd__default_role_has_resources (defaultRoleID, resourceID) VALUES('editor', 'rss.feed.update');
INSERT INTO smd__default_role_has_resources (defaultRoleID, resourceID) VALUES('editor', 'rss.group.bulkDelete');
INSERT INTO smd__default_role_has_resources (defaultRoleID, resourceID) VALUES('editor', 'rss.group.create');
INSERT INTO smd__default_role_has_resources (defaultRoleID, resourceID) VALUES('editor', 'rss.group.feeds');
INSERT INTO smd__default_role_has_resources (defaultRoleID, resourceID) VALUES('editor', 'rss.group.list');
INSERT INTO smd__default_role_has_resources (defaultRoleID, resourceID) VALUES('editor', 'rss.group.update');
INSERT INTO smd__default_role_has_resources (defaultRoleID, resourceID) VALUES('editor', 'rss.savedPost.create');
INSERT INTO smd__default_role_has_resources (defaultRoleID, resourceID) VALUES('editor', 'rss.savedPost.list');
INSERT INTO smd__default_role_has_resources (defaultRoleID, resourceID) VALUES('editor', 'rss.savedPost.remove');
INSERT INTO smd__default_role_has_resources (defaultRoleID, resourceID) VALUES('editor', 'social.site.list');
INSERT INTO smd__default_role_has_resources (defaultRoleID, resourceID) VALUES('superAdmin', 'analytics.analytics.activitiesByOrganizations');
INSERT INTO smd__default_role_has_resources (defaultRoleID, resourceID) VALUES('superAdmin', 'analytics.analytics.activitiesByTeamMembers');
INSERT INTO smd__default_role_has_resources (defaultRoleID, resourceID) VALUES('superAdmin', 'analytics.analytics.interactions');
INSERT INTO smd__default_role_has_resources (defaultRoleID, resourceID) VALUES('superAdmin', 'analytics.analytics.mentions');
INSERT INTO smd__default_role_has_resources (defaultRoleID, resourceID) VALUES('superAdmin', 'analytics.analytics.organizationDataAccess');
INSERT INTO smd__default_role_has_resources (defaultRoleID, resourceID) VALUES('superAdmin', 'analytics.analytics.organizationGraphData');
INSERT INTO smd__default_role_has_resources (defaultRoleID, resourceID) VALUES('superAdmin', 'analytics.analytics.pageClicks');
INSERT INTO smd__default_role_has_resources (defaultRoleID, resourceID) VALUES('superAdmin', 'analytics.analytics.pageEngagement');
INSERT INTO smd__default_role_has_resources (defaultRoleID, resourceID) VALUES('superAdmin', 'analytics.analytics.pageEngagementRate');
INSERT INTO smd__default_role_has_resources (defaultRoleID, resourceID) VALUES('superAdmin', 'analytics.analytics.pageImpressions');
INSERT INTO smd__default_role_has_resources (defaultRoleID, resourceID) VALUES('superAdmin', 'analytics.analytics.pageLikeGrowth');
INSERT INTO smd__default_role_has_resources (defaultRoleID, resourceID) VALUES('superAdmin', 'analytics.analytics.pageLikeOverview');
INSERT INTO smd__default_role_has_resources (defaultRoleID, resourceID) VALUES('superAdmin', 'analytics.analytics.pageOverallLikes');
INSERT INTO smd__default_role_has_resources (defaultRoleID, resourceID) VALUES('superAdmin', 'analytics.analytics.pagePostComments');
INSERT INTO smd__default_role_has_resources (defaultRoleID, resourceID) VALUES('superAdmin', 'analytics.analytics.pagePostEngagement');
INSERT INTO smd__default_role_has_resources (defaultRoleID, resourceID) VALUES('superAdmin', 'analytics.analytics.pagePostLikes');
INSERT INTO smd__default_role_has_resources (defaultRoleID, resourceID) VALUES('superAdmin', 'analytics.analytics.pagePostShares');
INSERT INTO smd__default_role_has_resources (defaultRoleID, resourceID) VALUES('superAdmin', 'analytics.analytics.pageReach');
INSERT INTO smd__default_role_has_resources (defaultRoleID, resourceID) VALUES('superAdmin', 'analytics.analytics.pageVideoViews');
INSERT INTO smd__default_role_has_resources (defaultRoleID, resourceID) VALUES('superAdmin', 'analytics.analytics.pageViews');
INSERT INTO smd__default_role_has_resources (defaultRoleID, resourceID) VALUES('superAdmin', 'analytics.analytics.socialSiteDataAccess');
INSERT INTO smd__default_role_has_resources (defaultRoleID, resourceID) VALUES('superAdmin', 'analytics.analytics.topPostsByEngagement');
INSERT INTO smd__default_role_has_resources (defaultRoleID, resourceID) VALUES('superAdmin', 'analytics.analytics.topPostsByImpression');
INSERT INTO smd__default_role_has_resources (defaultRoleID, resourceID) VALUES('superAdmin', 'analytics.dashboard.create');
INSERT INTO smd__default_role_has_resources (defaultRoleID, resourceID) VALUES('superAdmin', 'analytics.dashboard.dashboards');
INSERT INTO smd__default_role_has_resources (defaultRoleID, resourceID) VALUES('superAdmin', 'analytics.dashboard.delete');
INSERT INTO smd__default_role_has_resources (defaultRoleID, resourceID) VALUES('superAdmin', 'analytics.dashboard.modify');
INSERT INTO smd__default_role_has_resources (defaultRoleID, resourceID) VALUES('superAdmin', 'analytics.dashboard.share');
INSERT INTO smd__default_role_has_resources (defaultRoleID, resourceID) VALUES('superAdmin', 'auth.activity.list');
INSERT INTO smd__default_role_has_resources (defaultRoleID, resourceID) VALUES('superAdmin', 'auth.media.bulkExtract');
INSERT INTO smd__default_role_has_resources (defaultRoleID, resourceID) VALUES('superAdmin', 'auth.partner.readInfo');
INSERT INTO smd__default_role_has_resources (defaultRoleID, resourceID) VALUES('superAdmin', 'auth.user.changePassword');
INSERT INTO smd__default_role_has_resources (defaultRoleID, resourceID) VALUES('superAdmin', 'auth.user.create');
INSERT INTO smd__default_role_has_resources (defaultRoleID, resourceID) VALUES('superAdmin', 'auth.user.delete');
INSERT INTO smd__default_role_has_resources (defaultRoleID, resourceID) VALUES('superAdmin', 'auth.user.resendActivation');
INSERT INTO smd__default_role_has_resources (defaultRoleID, resourceID) VALUES('superAdmin', 'auth.user.twoFactor');
INSERT INTO smd__default_role_has_resources (defaultRoleID, resourceID) VALUES('superAdmin', 'auth.user.update');
INSERT INTO smd__default_role_has_resources (defaultRoleID, resourceID) VALUES('superAdmin', 'auth.user.users');
INSERT INTO smd__default_role_has_resources (defaultRoleID, resourceID) VALUES('superAdmin', 'background.administration.bitlyTokenEdit');
INSERT INTO smd__default_role_has_resources (defaultRoleID, resourceID) VALUES('superAdmin', 'background.administration.partnerDelete');
INSERT INTO smd__default_role_has_resources (defaultRoleID, resourceID) VALUES('superAdmin', 'background.administration.partnerLogoEdit');
INSERT INTO smd__default_role_has_resources (defaultRoleID, resourceID) VALUES('superAdmin', 'carousel.create');
INSERT INTO smd__default_role_has_resources (defaultRoleID, resourceID) VALUES('superAdmin', 'carousel.item.list');
INSERT INTO smd__default_role_has_resources (defaultRoleID, resourceID) VALUES('superAdmin', 'carousel.remove');
INSERT INTO smd__default_role_has_resources (defaultRoleID, resourceID) VALUES('superAdmin', 'carousel.update');
INSERT INTO smd__default_role_has_resources (defaultRoleID, resourceID) VALUES('superAdmin', 'core.tag.list');
INSERT INTO smd__default_role_has_resources (defaultRoleID, resourceID) VALUES('superAdmin', 'core.tag.remove');
INSERT INTO smd__default_role_has_resources (defaultRoleID, resourceID) VALUES('superAdmin', 'hashtag.collection.bulkDelete');
INSERT INTO smd__default_role_has_resources (defaultRoleID, resourceID) VALUES('superAdmin', 'hashtag.collection.create');
INSERT INTO smd__default_role_has_resources (defaultRoleID, resourceID) VALUES('superAdmin', 'hashtag.collection.list');
INSERT INTO smd__default_role_has_resources (defaultRoleID, resourceID) VALUES('superAdmin', 'hashtag.collection.remove');
INSERT INTO smd__default_role_has_resources (defaultRoleID, resourceID) VALUES('superAdmin', 'hashtag.collection.update');
INSERT INTO smd__default_role_has_resources (defaultRoleID, resourceID) VALUES('superAdmin', 'hashtag.tag.bulkCreate');
INSERT INTO smd__default_role_has_resources (defaultRoleID, resourceID) VALUES('superAdmin', 'hashtag.tag.bulkDelete');
INSERT INTO smd__default_role_has_resources (defaultRoleID, resourceID) VALUES('superAdmin', 'hashtag.tag.list');
INSERT INTO smd__default_role_has_resources (defaultRoleID, resourceID) VALUES('superAdmin', 'hashtag.tag.remove');
INSERT INTO smd__default_role_has_resources (defaultRoleID, resourceID) VALUES('superAdmin', 'hashtag.tag.update');
INSERT INTO smd__default_role_has_resources (defaultRoleID, resourceID) VALUES('superAdmin', 'organization.media.canvaUsage');
INSERT INTO smd__default_role_has_resources (defaultRoleID, resourceID) VALUES('superAdmin', 'organization.media.editorMeta');
INSERT INTO smd__default_role_has_resources (defaultRoleID, resourceID) VALUES('superAdmin', 'organization.media.fileDelete');
INSERT INTO smd__default_role_has_resources (defaultRoleID, resourceID) VALUES('superAdmin', 'organization.media.fileEdit');
INSERT INTO smd__default_role_has_resources (defaultRoleID, resourceID) VALUES('superAdmin', 'organization.media.fileUpdate');
INSERT INTO smd__default_role_has_resources (defaultRoleID, resourceID) VALUES('superAdmin', 'organization.media.fileUpload');
INSERT INTO smd__default_role_has_resources (defaultRoleID, resourceID) VALUES('superAdmin', 'organization.media.listTags');
INSERT INTO smd__default_role_has_resources (defaultRoleID, resourceID) VALUES('superAdmin', 'organization.media.mediaList');
INSERT INTO smd__default_role_has_resources (defaultRoleID, resourceID) VALUES('superAdmin', 'organization.organization.create');
INSERT INTO smd__default_role_has_resources (defaultRoleID, resourceID) VALUES('superAdmin', 'organization.organization.organizations');
INSERT INTO smd__default_role_has_resources (defaultRoleID, resourceID) VALUES('superAdmin', 'organization.organization.organizationTree');
INSERT INTO smd__default_role_has_resources (defaultRoleID, resourceID) VALUES('superAdmin', 'organization.organization.remove');
INSERT INTO smd__default_role_has_resources (defaultRoleID, resourceID) VALUES('superAdmin', 'organization.organization.update');
INSERT INTO smd__default_role_has_resources (defaultRoleID, resourceID) VALUES('superAdmin', 'organization.role.create');
INSERT INTO smd__default_role_has_resources (defaultRoleID, resourceID) VALUES('superAdmin', 'organization.role.groupDelete');
INSERT INTO smd__default_role_has_resources (defaultRoleID, resourceID) VALUES('superAdmin', 'organization.role.groupModify');
INSERT INTO smd__default_role_has_resources (defaultRoleID, resourceID) VALUES('superAdmin', 'organization.role.list');
INSERT INTO smd__default_role_has_resources (defaultRoleID, resourceID) VALUES('superAdmin', 'organization.role.update');
INSERT INTO smd__default_role_has_resources (defaultRoleID, resourceID) VALUES('superAdmin', 'post.autoFeed.createPostTime');
INSERT INTO smd__default_role_has_resources (defaultRoleID, resourceID) VALUES('superAdmin', 'post.autoFeed.order');
INSERT INTO smd__default_role_has_resources (defaultRoleID, resourceID) VALUES('superAdmin', 'post.autoFeed.postTimes');
INSERT INTO smd__default_role_has_resources (defaultRoleID, resourceID) VALUES('superAdmin', 'post.autoFeed.removePostTime');
INSERT INTO smd__default_role_has_resources (defaultRoleID, resourceID) VALUES('superAdmin', 'post.autoFeed.settings.list');
INSERT INTO smd__default_role_has_resources (defaultRoleID, resourceID) VALUES('superAdmin', 'post.autoFeed.settings.update');
INSERT INTO smd__default_role_has_resources (defaultRoleID, resourceID) VALUES('superAdmin', 'post.autoFeed.update');
INSERT INTO smd__default_role_has_resources (defaultRoleID, resourceID) VALUES('superAdmin', 'post.autoFeedPreset.bulkDelete');
INSERT INTO smd__default_role_has_resources (defaultRoleID, resourceID) VALUES('superAdmin', 'post.autoFeedPreset.create');
INSERT INTO smd__default_role_has_resources (defaultRoleID, resourceID) VALUES('superAdmin', 'post.autoFeedPreset.list');
INSERT INTO smd__default_role_has_resources (defaultRoleID, resourceID) VALUES('superAdmin', 'post.autoFeedPreset.remove');
INSERT INTO smd__default_role_has_resources (defaultRoleID, resourceID) VALUES('superAdmin', 'post.autoFeedPreset.update');
INSERT INTO smd__default_role_has_resources (defaultRoleID, resourceID) VALUES('superAdmin', 'post.category.categories');
INSERT INTO smd__default_role_has_resources (defaultRoleID, resourceID) VALUES('superAdmin', 'post.category.create');
INSERT INTO smd__default_role_has_resources (defaultRoleID, resourceID) VALUES('superAdmin', 'post.category.remove');
INSERT INTO smd__default_role_has_resources (defaultRoleID, resourceID) VALUES('superAdmin', 'post.category.update');
INSERT INTO smd__default_role_has_resources (defaultRoleID, resourceID) VALUES('superAdmin', 'post.comment.comment');
INSERT INTO smd__default_role_has_resources (defaultRoleID, resourceID) VALUES('superAdmin', 'post.comment.comments');
INSERT INTO smd__default_role_has_resources (defaultRoleID, resourceID) VALUES('superAdmin', 'post.post.approvement');
INSERT INTO smd__default_role_has_resources (defaultRoleID, resourceID) VALUES('superAdmin', 'post.post.bulkCreate');
INSERT INTO smd__default_role_has_resources (defaultRoleID, resourceID) VALUES('superAdmin', 'post.post.create');
INSERT INTO smd__default_role_has_resources (defaultRoleID, resourceID) VALUES('superAdmin', 'post.post.instantPost');
INSERT INTO smd__default_role_has_resources (defaultRoleID, resourceID) VALUES('superAdmin', 'post.post.posts');
INSERT INTO smd__default_role_has_resources (defaultRoleID, resourceID) VALUES('superAdmin', 'post.post.remove');
INSERT INTO smd__default_role_has_resources (defaultRoleID, resourceID) VALUES('superAdmin', 'post.post.status');
INSERT INTO smd__default_role_has_resources (defaultRoleID, resourceID) VALUES('superAdmin', 'post.post.statuses');
INSERT INTO smd__default_role_has_resources (defaultRoleID, resourceID) VALUES('superAdmin', 'post.post.update');
INSERT INTO smd__default_role_has_resources (defaultRoleID, resourceID) VALUES('superAdmin', 'post.template.bulkCreate');
INSERT INTO smd__default_role_has_resources (defaultRoleID, resourceID) VALUES('superAdmin', 'post.template.create');
INSERT INTO smd__default_role_has_resources (defaultRoleID, resourceID) VALUES('superAdmin', 'post.template.remove');
INSERT INTO smd__default_role_has_resources (defaultRoleID, resourceID) VALUES('superAdmin', 'post.template.share');
INSERT INTO smd__default_role_has_resources (defaultRoleID, resourceID) VALUES('superAdmin', 'post.template.status');
INSERT INTO smd__default_role_has_resources (defaultRoleID, resourceID) VALUES('superAdmin', 'post.template.templates');
INSERT INTO smd__default_role_has_resources (defaultRoleID, resourceID) VALUES('superAdmin', 'post.template.update');
INSERT INTO smd__default_role_has_resources (defaultRoleID, resourceID) VALUES('superAdmin', 'rss.feed.bulkCreate');
INSERT INTO smd__default_role_has_resources (defaultRoleID, resourceID) VALUES('superAdmin', 'rss.feed.bulkDelete');
INSERT INTO smd__default_role_has_resources (defaultRoleID, resourceID) VALUES('superAdmin', 'rss.feed.list');
INSERT INTO smd__default_role_has_resources (defaultRoleID, resourceID) VALUES('superAdmin', 'rss.feed.load');
INSERT INTO smd__default_role_has_resources (defaultRoleID, resourceID) VALUES('superAdmin', 'rss.feed.remove');
INSERT INTO smd__default_role_has_resources (defaultRoleID, resourceID) VALUES('superAdmin', 'rss.feed.update');
INSERT INTO smd__default_role_has_resources (defaultRoleID, resourceID) VALUES('superAdmin', 'rss.group.bulkDelete');
INSERT INTO smd__default_role_has_resources (defaultRoleID, resourceID) VALUES('superAdmin', 'rss.group.create');
INSERT INTO smd__default_role_has_resources (defaultRoleID, resourceID) VALUES('superAdmin', 'rss.group.feeds');
INSERT INTO smd__default_role_has_resources (defaultRoleID, resourceID) VALUES('superAdmin', 'rss.group.list');
INSERT INTO smd__default_role_has_resources (defaultRoleID, resourceID) VALUES('superAdmin', 'rss.group.remove');
INSERT INTO smd__default_role_has_resources (defaultRoleID, resourceID) VALUES('superAdmin', 'rss.group.update');
INSERT INTO smd__default_role_has_resources (defaultRoleID, resourceID) VALUES('superAdmin', 'rss.savedPost.create');
INSERT INTO smd__default_role_has_resources (defaultRoleID, resourceID) VALUES('superAdmin', 'rss.savedPost.list');
INSERT INTO smd__default_role_has_resources (defaultRoleID, resourceID) VALUES('superAdmin', 'rss.savedPost.remove');
INSERT INTO smd__default_role_has_resources (defaultRoleID, resourceID) VALUES('superAdmin', 'social.site.create');
INSERT INTO smd__default_role_has_resources (defaultRoleID, resourceID) VALUES('superAdmin', 'social.site.list');
INSERT INTO smd__default_role_has_resources (defaultRoleID, resourceID) VALUES('superAdmin', 'social.site.remove');
INSERT INTO smd__default_role_has_resources (defaultRoleID, resourceID) VALUES('superAdmin', 'social.site.update');

INSERT INTO smd__organization_role_has_resources (roleID, resourceID) VALUES('testingHeadOffice.superAdmin.1628667461', 'analytics.analytics.activitiesByOrganizations');
INSERT INTO smd__organization_role_has_resources (roleID, resourceID) VALUES('testingHeadOffice.superAdmin.1628667461', 'analytics.analytics.activitiesByTeamMembers');
INSERT INTO smd__organization_role_has_resources (roleID, resourceID) VALUES('testingHeadOffice.superAdmin.1628667461', 'analytics.analytics.interactions');
INSERT INTO smd__organization_role_has_resources (roleID, resourceID) VALUES('testingHeadOffice.superAdmin.1628667461', 'analytics.analytics.mentions');
INSERT INTO smd__organization_role_has_resources (roleID, resourceID) VALUES('testingHeadOffice.superAdmin.1628667461', 'analytics.analytics.organizationDataAccess');
INSERT INTO smd__organization_role_has_resources (roleID, resourceID) VALUES('testingHeadOffice.superAdmin.1628667461', 'analytics.analytics.organizationGraphData');
INSERT INTO smd__organization_role_has_resources (roleID, resourceID) VALUES('testingHeadOffice.superAdmin.1628667461', 'analytics.analytics.pageClicks');
INSERT INTO smd__organization_role_has_resources (roleID, resourceID) VALUES('testingHeadOffice.superAdmin.1628667461', 'analytics.analytics.pageEngagement');
INSERT INTO smd__organization_role_has_resources (roleID, resourceID) VALUES('testingHeadOffice.superAdmin.1628667461', 'analytics.analytics.pageEngagementRate');
INSERT INTO smd__organization_role_has_resources (roleID, resourceID) VALUES('testingHeadOffice.superAdmin.1628667461', 'analytics.analytics.pageImpressions');
INSERT INTO smd__organization_role_has_resources (roleID, resourceID) VALUES('testingHeadOffice.superAdmin.1628667461', 'analytics.analytics.pageLikeGrowth');
INSERT INTO smd__organization_role_has_resources (roleID, resourceID) VALUES('testingHeadOffice.superAdmin.1628667461', 'analytics.analytics.pageLikeOverview');
INSERT INTO smd__organization_role_has_resources (roleID, resourceID) VALUES('testingHeadOffice.superAdmin.1628667461', 'analytics.analytics.pageOverallLikes');
INSERT INTO smd__organization_role_has_resources (roleID, resourceID) VALUES('testingHeadOffice.superAdmin.1628667461', 'analytics.analytics.pagePostComments');
INSERT INTO smd__organization_role_has_resources (roleID, resourceID) VALUES('testingHeadOffice.superAdmin.1628667461', 'analytics.analytics.pagePostEngagement');
INSERT INTO smd__organization_role_has_resources (roleID, resourceID) VALUES('testingHeadOffice.superAdmin.1628667461', 'analytics.analytics.pagePostLikes');
INSERT INTO smd__organization_role_has_resources (roleID, resourceID) VALUES('testingHeadOffice.superAdmin.1628667461', 'analytics.analytics.pagePostShares');
INSERT INTO smd__organization_role_has_resources (roleID, resourceID) VALUES('testingHeadOffice.superAdmin.1628667461', 'analytics.analytics.pageReach');
INSERT INTO smd__organization_role_has_resources (roleID, resourceID) VALUES('testingHeadOffice.superAdmin.1628667461', 'analytics.analytics.pageVideoViews');
INSERT INTO smd__organization_role_has_resources (roleID, resourceID) VALUES('testingHeadOffice.superAdmin.1628667461', 'analytics.analytics.pageViews');
INSERT INTO smd__organization_role_has_resources (roleID, resourceID) VALUES('testingHeadOffice.superAdmin.1628667461', 'analytics.analytics.socialSiteDataAccess');
INSERT INTO smd__organization_role_has_resources (roleID, resourceID) VALUES('testingHeadOffice.superAdmin.1628667461', 'analytics.analytics.topPostsByEngagement');
INSERT INTO smd__organization_role_has_resources (roleID, resourceID) VALUES('testingHeadOffice.superAdmin.1628667461', 'analytics.analytics.topPostsByImpression');
INSERT INTO smd__organization_role_has_resources (roleID, resourceID) VALUES('testingHeadOffice.superAdmin.1628667461', 'analytics.dashboard.create');
INSERT INTO smd__organization_role_has_resources (roleID, resourceID) VALUES('testingHeadOffice.superAdmin.1628667461', 'analytics.dashboard.dashboards');
INSERT INTO smd__organization_role_has_resources (roleID, resourceID) VALUES('testingHeadOffice.superAdmin.1628667461', 'analytics.dashboard.delete');
INSERT INTO smd__organization_role_has_resources (roleID, resourceID) VALUES('testingHeadOffice.superAdmin.1628667461', 'analytics.dashboard.modify');
INSERT INTO smd__organization_role_has_resources (roleID, resourceID) VALUES('testingHeadOffice.superAdmin.1628667461', 'analytics.dashboard.share');
INSERT INTO smd__organization_role_has_resources (roleID, resourceID) VALUES('testingHeadOffice.superAdmin.1628667461', 'auth.activity.list');
INSERT INTO smd__organization_role_has_resources (roleID, resourceID) VALUES('testingHeadOffice.superAdmin.1628667461', 'auth.media.bulkExtract');
INSERT INTO smd__organization_role_has_resources (roleID, resourceID) VALUES('testingHeadOffice.superAdmin.1628667461', 'auth.media.changeVisibility');
INSERT INTO smd__organization_role_has_resources (roleID, resourceID) VALUES('testingHeadOffice.superAdmin.1628667461', 'auth.media.status');
INSERT INTO smd__organization_role_has_resources (roleID, resourceID) VALUES('testingHeadOffice.superAdmin.1628667461', 'auth.partner.addSubscription');
INSERT INTO smd__organization_role_has_resources (roleID, resourceID) VALUES('testingHeadOffice.superAdmin.1628667461', 'auth.partner.analytics');
INSERT INTO smd__organization_role_has_resources (roleID, resourceID) VALUES('testingHeadOffice.superAdmin.1628667461', 'auth.partner.analyticsExport');
INSERT INTO smd__organization_role_has_resources (roleID, resourceID) VALUES('testingHeadOffice.superAdmin.1628667461', 'auth.partner.create');
INSERT INTO smd__organization_role_has_resources (roleID, resourceID) VALUES('testingHeadOffice.superAdmin.1628667461', 'auth.partner.editSubscription');
INSERT INTO smd__organization_role_has_resources (roleID, resourceID) VALUES('testingHeadOffice.superAdmin.1628667461', 'auth.partner.groupDelete');
INSERT INTO smd__organization_role_has_resources (roleID, resourceID) VALUES('testingHeadOffice.superAdmin.1628667461', 'auth.partner.list');
INSERT INTO smd__organization_role_has_resources (roleID, resourceID) VALUES('testingHeadOffice.superAdmin.1628667461', 'auth.partner.readInfo');
INSERT INTO smd__organization_role_has_resources (roleID, resourceID) VALUES('testingHeadOffice.superAdmin.1628667461', 'auth.partner.remove');
INSERT INTO smd__organization_role_has_resources (roleID, resourceID) VALUES('testingHeadOffice.superAdmin.1628667461', 'auth.partner.resendActivationEmail');
INSERT INTO smd__organization_role_has_resources (roleID, resourceID) VALUES('testingHeadOffice.superAdmin.1628667461', 'auth.partner.status');
INSERT INTO smd__organization_role_has_resources (roleID, resourceID) VALUES('testingHeadOffice.superAdmin.1628667461', 'auth.partner.update');
INSERT INTO smd__organization_role_has_resources (roleID, resourceID) VALUES('testingHeadOffice.superAdmin.1628667461', 'auth.user.changePassword');
INSERT INTO smd__organization_role_has_resources (roleID, resourceID) VALUES('testingHeadOffice.superAdmin.1628667461', 'auth.user.create');
INSERT INTO smd__organization_role_has_resources (roleID, resourceID) VALUES('testingHeadOffice.superAdmin.1628667461', 'auth.user.delete');
INSERT INTO smd__organization_role_has_resources (roleID, resourceID) VALUES('testingHeadOffice.superAdmin.1628667461', 'auth.user.resendActivation');
INSERT INTO smd__organization_role_has_resources (roleID, resourceID) VALUES('testingHeadOffice.superAdmin.1628667461', 'auth.user.twoFactor');
INSERT INTO smd__organization_role_has_resources (roleID, resourceID) VALUES('testingHeadOffice.superAdmin.1628667461', 'auth.user.update');
INSERT INTO smd__organization_role_has_resources (roleID, resourceID) VALUES('testingHeadOffice.superAdmin.1628667461', 'auth.user.users');
INSERT INTO smd__organization_role_has_resources (roleID, resourceID) VALUES('testingHeadOffice.superAdmin.1628667461', 'background.addon.list');
INSERT INTO smd__organization_role_has_resources (roleID, resourceID) VALUES('testingHeadOffice.superAdmin.1628667461', 'background.addon.synchronize');
INSERT INTO smd__organization_role_has_resources (roleID, resourceID) VALUES('testingHeadOffice.superAdmin.1628667461', 'background.addon.update');
INSERT INTO smd__organization_role_has_resources (roleID, resourceID) VALUES('testingHeadOffice.superAdmin.1628667461', 'background.administration.access');
INSERT INTO smd__organization_role_has_resources (roleID, resourceID) VALUES('testingHeadOffice.superAdmin.1628667461', 'background.administration.bitlyTokenEdit');
INSERT INTO smd__organization_role_has_resources (roleID, resourceID) VALUES('testingHeadOffice.superAdmin.1628667461', 'background.administration.partnerDelete');
INSERT INTO smd__organization_role_has_resources (roleID, resourceID) VALUES('testingHeadOffice.superAdmin.1628667461', 'background.administration.partnerLogoEdit');
INSERT INTO smd__organization_role_has_resources (roleID, resourceID) VALUES('testingHeadOffice.superAdmin.1628667461', 'background.plan.list');
INSERT INTO smd__organization_role_has_resources (roleID, resourceID) VALUES('testingHeadOffice.superAdmin.1628667461', 'background.plan.synchronize');
INSERT INTO smd__organization_role_has_resources (roleID, resourceID) VALUES('testingHeadOffice.superAdmin.1628667461', 'background.plan.update');
INSERT INTO smd__organization_role_has_resources (roleID, resourceID) VALUES('testingHeadOffice.superAdmin.1628667461', 'background.role.create');
INSERT INTO smd__organization_role_has_resources (roleID, resourceID) VALUES('testingHeadOffice.superAdmin.1628667461', 'background.role.list');
INSERT INTO smd__organization_role_has_resources (roleID, resourceID) VALUES('testingHeadOffice.superAdmin.1628667461', 'background.role.remove');
INSERT INTO smd__organization_role_has_resources (roleID, resourceID) VALUES('testingHeadOffice.superAdmin.1628667461', 'background.role.update');
INSERT INTO smd__organization_role_has_resources (roleID, resourceID) VALUES('testingHeadOffice.superAdmin.1628667461', 'carousel.create');
INSERT INTO smd__organization_role_has_resources (roleID, resourceID) VALUES('testingHeadOffice.superAdmin.1628667461', 'carousel.item.list');
INSERT INTO smd__organization_role_has_resources (roleID, resourceID) VALUES('testingHeadOffice.superAdmin.1628667461', 'carousel.remove');
INSERT INTO smd__organization_role_has_resources (roleID, resourceID) VALUES('testingHeadOffice.superAdmin.1628667461', 'carousel.update');
INSERT INTO smd__organization_role_has_resources (roleID, resourceID) VALUES('testingHeadOffice.superAdmin.1628667461', 'core.tag.list');
INSERT INTO smd__organization_role_has_resources (roleID, resourceID) VALUES('testingHeadOffice.superAdmin.1628667461', 'core.tag.remove');
INSERT INTO smd__organization_role_has_resources (roleID, resourceID) VALUES('testingHeadOffice.superAdmin.1628667461', 'hashtag.collection.bulkDelete');
INSERT INTO smd__organization_role_has_resources (roleID, resourceID) VALUES('testingHeadOffice.superAdmin.1628667461', 'hashtag.collection.create');
INSERT INTO smd__organization_role_has_resources (roleID, resourceID) VALUES('testingHeadOffice.superAdmin.1628667461', 'hashtag.collection.list');
INSERT INTO smd__organization_role_has_resources (roleID, resourceID) VALUES('testingHeadOffice.superAdmin.1628667461', 'hashtag.collection.remove');
INSERT INTO smd__organization_role_has_resources (roleID, resourceID) VALUES('testingHeadOffice.superAdmin.1628667461', 'hashtag.collection.update');
INSERT INTO smd__organization_role_has_resources (roleID, resourceID) VALUES('testingHeadOffice.superAdmin.1628667461', 'hashtag.tag.bulkCreate');
INSERT INTO smd__organization_role_has_resources (roleID, resourceID) VALUES('testingHeadOffice.superAdmin.1628667461', 'hashtag.tag.bulkDelete');
INSERT INTO smd__organization_role_has_resources (roleID, resourceID) VALUES('testingHeadOffice.superAdmin.1628667461', 'hashtag.tag.list');
INSERT INTO smd__organization_role_has_resources (roleID, resourceID) VALUES('testingHeadOffice.superAdmin.1628667461', 'hashtag.tag.remove');
INSERT INTO smd__organization_role_has_resources (roleID, resourceID) VALUES('testingHeadOffice.superAdmin.1628667461', 'hashtag.tag.update');
INSERT INTO smd__organization_role_has_resources (roleID, resourceID) VALUES('testingHeadOffice.superAdmin.1628667461', 'organization.media.canvaUsage');
INSERT INTO smd__organization_role_has_resources (roleID, resourceID) VALUES('testingHeadOffice.superAdmin.1628667461', 'organization.media.editorMeta');
INSERT INTO smd__organization_role_has_resources (roleID, resourceID) VALUES('testingHeadOffice.superAdmin.1628667461', 'organization.media.fileDelete');
INSERT INTO smd__organization_role_has_resources (roleID, resourceID) VALUES('testingHeadOffice.superAdmin.1628667461', 'organization.media.fileEdit');
INSERT INTO smd__organization_role_has_resources (roleID, resourceID) VALUES('testingHeadOffice.superAdmin.1628667461', 'organization.media.fileUpdate');
INSERT INTO smd__organization_role_has_resources (roleID, resourceID) VALUES('testingHeadOffice.superAdmin.1628667461', 'organization.media.fileUpload');
INSERT INTO smd__organization_role_has_resources (roleID, resourceID) VALUES('testingHeadOffice.superAdmin.1628667461', 'organization.media.listTags');
INSERT INTO smd__organization_role_has_resources (roleID, resourceID) VALUES('testingHeadOffice.superAdmin.1628667461', 'organization.media.mediaList');
INSERT INTO smd__organization_role_has_resources (roleID, resourceID) VALUES('testingHeadOffice.superAdmin.1628667461', 'organization.organization.create');
INSERT INTO smd__organization_role_has_resources (roleID, resourceID) VALUES('testingHeadOffice.superAdmin.1628667461', 'organization.organization.organizations');
INSERT INTO smd__organization_role_has_resources (roleID, resourceID) VALUES('testingHeadOffice.superAdmin.1628667461', 'organization.organization.organizationTree');
INSERT INTO smd__organization_role_has_resources (roleID, resourceID) VALUES('testingHeadOffice.superAdmin.1628667461', 'organization.organization.remove');
INSERT INTO smd__organization_role_has_resources (roleID, resourceID) VALUES('testingHeadOffice.superAdmin.1628667461', 'organization.organization.update');
INSERT INTO smd__organization_role_has_resources (roleID, resourceID) VALUES('testingHeadOffice.superAdmin.1628667461', 'organization.role.create');
INSERT INTO smd__organization_role_has_resources (roleID, resourceID) VALUES('testingHeadOffice.superAdmin.1628667461', 'organization.role.groupDelete');
INSERT INTO smd__organization_role_has_resources (roleID, resourceID) VALUES('testingHeadOffice.superAdmin.1628667461', 'organization.role.groupModify');
INSERT INTO smd__organization_role_has_resources (roleID, resourceID) VALUES('testingHeadOffice.superAdmin.1628667461', 'organization.role.list');
INSERT INTO smd__organization_role_has_resources (roleID, resourceID) VALUES('testingHeadOffice.superAdmin.1628667461', 'organization.role.update');
INSERT INTO smd__organization_role_has_resources (roleID, resourceID) VALUES('testingHeadOffice.superAdmin.1628667461', 'post.autoFeed.createPostTime');
INSERT INTO smd__organization_role_has_resources (roleID, resourceID) VALUES('testingHeadOffice.superAdmin.1628667461', 'post.autoFeed.order');
INSERT INTO smd__organization_role_has_resources (roleID, resourceID) VALUES('testingHeadOffice.superAdmin.1628667461', 'post.autoFeed.postTimes');
INSERT INTO smd__organization_role_has_resources (roleID, resourceID) VALUES('testingHeadOffice.superAdmin.1628667461', 'post.autoFeed.removePostTime');
INSERT INTO smd__organization_role_has_resources (roleID, resourceID) VALUES('testingHeadOffice.superAdmin.1628667461', 'post.autoFeed.settings.list');
INSERT INTO smd__organization_role_has_resources (roleID, resourceID) VALUES('testingHeadOffice.superAdmin.1628667461', 'post.autoFeed.settings.update');
INSERT INTO smd__organization_role_has_resources (roleID, resourceID) VALUES('testingHeadOffice.superAdmin.1628667461', 'post.autoFeed.update');
INSERT INTO smd__organization_role_has_resources (roleID, resourceID) VALUES('testingHeadOffice.superAdmin.1628667461', 'post.autoFeedPreset.bulkDelete');
INSERT INTO smd__organization_role_has_resources (roleID, resourceID) VALUES('testingHeadOffice.superAdmin.1628667461', 'post.autoFeedPreset.create');
INSERT INTO smd__organization_role_has_resources (roleID, resourceID) VALUES('testingHeadOffice.superAdmin.1628667461', 'post.autoFeedPreset.list');
INSERT INTO smd__organization_role_has_resources (roleID, resourceID) VALUES('testingHeadOffice.superAdmin.1628667461', 'post.autoFeedPreset.remove');
INSERT INTO smd__organization_role_has_resources (roleID, resourceID) VALUES('testingHeadOffice.superAdmin.1628667461', 'post.autoFeedPreset.update');
INSERT INTO smd__organization_role_has_resources (roleID, resourceID) VALUES('testingHeadOffice.superAdmin.1628667461', 'post.category.categories');
INSERT INTO smd__organization_role_has_resources (roleID, resourceID) VALUES('testingHeadOffice.superAdmin.1628667461', 'post.category.create');
INSERT INTO smd__organization_role_has_resources (roleID, resourceID) VALUES('testingHeadOffice.superAdmin.1628667461', 'post.category.remove');
INSERT INTO smd__organization_role_has_resources (roleID, resourceID) VALUES('testingHeadOffice.superAdmin.1628667461', 'post.category.update');
INSERT INTO smd__organization_role_has_resources (roleID, resourceID) VALUES('testingHeadOffice.superAdmin.1628667461', 'post.comment.comment');
INSERT INTO smd__organization_role_has_resources (roleID, resourceID) VALUES('testingHeadOffice.superAdmin.1628667461', 'post.comment.comments');
INSERT INTO smd__organization_role_has_resources (roleID, resourceID) VALUES('testingHeadOffice.superAdmin.1628667461', 'post.post.approvement');
INSERT INTO smd__organization_role_has_resources (roleID, resourceID) VALUES('testingHeadOffice.superAdmin.1628667461', 'post.post.bulkCreate');
INSERT INTO smd__organization_role_has_resources (roleID, resourceID) VALUES('testingHeadOffice.superAdmin.1628667461', 'post.post.create');
INSERT INTO smd__organization_role_has_resources (roleID, resourceID) VALUES('testingHeadOffice.superAdmin.1628667461', 'post.post.instantPost');
INSERT INTO smd__organization_role_has_resources (roleID, resourceID) VALUES('testingHeadOffice.superAdmin.1628667461', 'post.post.posts');
INSERT INTO smd__organization_role_has_resources (roleID, resourceID) VALUES('testingHeadOffice.superAdmin.1628667461', 'post.post.remove');
INSERT INTO smd__organization_role_has_resources (roleID, resourceID) VALUES('testingHeadOffice.superAdmin.1628667461', 'post.post.status');
INSERT INTO smd__organization_role_has_resources (roleID, resourceID) VALUES('testingHeadOffice.superAdmin.1628667461', 'post.post.statuses');
INSERT INTO smd__organization_role_has_resources (roleID, resourceID) VALUES('testingHeadOffice.superAdmin.1628667461', 'post.post.update');
INSERT INTO smd__organization_role_has_resources (roleID, resourceID) VALUES('testingHeadOffice.superAdmin.1628667461', 'post.template.bulkCreate');
INSERT INTO smd__organization_role_has_resources (roleID, resourceID) VALUES('testingHeadOffice.superAdmin.1628667461', 'post.template.changeVisibility');
INSERT INTO smd__organization_role_has_resources (roleID, resourceID) VALUES('testingHeadOffice.superAdmin.1628667461', 'post.template.create');
INSERT INTO smd__organization_role_has_resources (roleID, resourceID) VALUES('testingHeadOffice.superAdmin.1628667461', 'post.template.import');
INSERT INTO smd__organization_role_has_resources (roleID, resourceID) VALUES('testingHeadOffice.superAdmin.1628667461', 'post.template.remove');
INSERT INTO smd__organization_role_has_resources (roleID, resourceID) VALUES('testingHeadOffice.superAdmin.1628667461', 'post.template.share');
INSERT INTO smd__organization_role_has_resources (roleID, resourceID) VALUES('testingHeadOffice.superAdmin.1628667461', 'post.template.status');
INSERT INTO smd__organization_role_has_resources (roleID, resourceID) VALUES('testingHeadOffice.superAdmin.1628667461', 'post.template.templates');
INSERT INTO smd__organization_role_has_resources (roleID, resourceID) VALUES('testingHeadOffice.superAdmin.1628667461', 'post.template.update');
INSERT INTO smd__organization_role_has_resources (roleID, resourceID) VALUES('testingHeadOffice.superAdmin.1628667461', 'rss.feed.bulkCreate');
INSERT INTO smd__organization_role_has_resources (roleID, resourceID) VALUES('testingHeadOffice.superAdmin.1628667461', 'rss.feed.bulkDelete');
INSERT INTO smd__organization_role_has_resources (roleID, resourceID) VALUES('testingHeadOffice.superAdmin.1628667461', 'rss.feed.list');
INSERT INTO smd__organization_role_has_resources (roleID, resourceID) VALUES('testingHeadOffice.superAdmin.1628667461', 'rss.feed.load');
INSERT INTO smd__organization_role_has_resources (roleID, resourceID) VALUES('testingHeadOffice.superAdmin.1628667461', 'rss.feed.remove');
INSERT INTO smd__organization_role_has_resources (roleID, resourceID) VALUES('testingHeadOffice.superAdmin.1628667461', 'rss.feed.update');
INSERT INTO smd__organization_role_has_resources (roleID, resourceID) VALUES('testingHeadOffice.superAdmin.1628667461', 'rss.group.bulkDelete');
INSERT INTO smd__organization_role_has_resources (roleID, resourceID) VALUES('testingHeadOffice.superAdmin.1628667461', 'rss.group.create');
INSERT INTO smd__organization_role_has_resources (roleID, resourceID) VALUES('testingHeadOffice.superAdmin.1628667461', 'rss.group.feeds');
INSERT INTO smd__organization_role_has_resources (roleID, resourceID) VALUES('testingHeadOffice.superAdmin.1628667461', 'rss.group.list');
INSERT INTO smd__organization_role_has_resources (roleID, resourceID) VALUES('testingHeadOffice.superAdmin.1628667461', 'rss.group.remove');
INSERT INTO smd__organization_role_has_resources (roleID, resourceID) VALUES('testingHeadOffice.superAdmin.1628667461', 'rss.group.update');
INSERT INTO smd__organization_role_has_resources (roleID, resourceID) VALUES('testingHeadOffice.superAdmin.1628667461', 'rss.savedPost.create');
INSERT INTO smd__organization_role_has_resources (roleID, resourceID) VALUES('testingHeadOffice.superAdmin.1628667461', 'rss.savedPost.list');
INSERT INTO smd__organization_role_has_resources (roleID, resourceID) VALUES('testingHeadOffice.superAdmin.1628667461', 'rss.savedPost.remove');
INSERT INTO smd__organization_role_has_resources (roleID, resourceID) VALUES('testingHeadOffice.superAdmin.1628667461', 'social.site.create');
INSERT INTO smd__organization_role_has_resources (roleID, resourceID) VALUES('testingHeadOffice.superAdmin.1628667461', 'social.site.list');
INSERT INTO smd__organization_role_has_resources (roleID, resourceID) VALUES('testingHeadOffice.superAdmin.1628667461', 'social.site.remove');
INSERT INTO smd__organization_role_has_resources (roleID, resourceID) VALUES('testingHeadOffice.superAdmin.1628667461', 'social.site.update');

INSERT INTO cms__resource (resourceID, moduleID, name, description) VALUES('analytics.analytics.activitiesByOrganizations', 9, 'analytics.analytics.activitiesByOrganizations.name', 'analytics.analytics.activitiesByOrganizations.description');
INSERT INTO cms__resource (resourceID, moduleID, name, description) VALUES('analytics.analytics.activitiesByTeamMembers', 9, 'analytics.analytics.activitiesByTeamMembers.name', 'analytics.analytics.activitiesByTeamMembers.description');
INSERT INTO cms__resource (resourceID, moduleID, name, description) VALUES('analytics.analytics.interactions', 9, 'analytics.analytics.interactions.name', 'analytics.analytics.interactions.description');
INSERT INTO cms__resource (resourceID, moduleID, name, description) VALUES('analytics.analytics.mentions', 9, 'analytics.analytics.mentions.name', 'analytics.analytics.mentions.description');
INSERT INTO cms__resource (resourceID, moduleID, name, description) VALUES('analytics.analytics.organizationDataAccess', 9, 'analytics.analytics.organizationDataAccess.name', 'analytics.analytics.organizationDataAccess.description');
INSERT INTO cms__resource (resourceID, moduleID, name, description) VALUES('analytics.analytics.organizationGraphData', 9, 'analytics.analytics.organizationGraphData.name', 'analytics.analytics.organizationGraphData.description');
INSERT INTO cms__resource (resourceID, moduleID, name, description) VALUES('analytics.analytics.pageClicks', 9, 'analytics.analytics.pageClicks.name', 'analytics.analytics.pageClicks.description');
INSERT INTO cms__resource (resourceID, moduleID, name, description) VALUES('analytics.analytics.pageEngagement', 9, 'analytics.analytics.pageEngagement.name', 'analytics.analytics.pageEngagement.description');
INSERT INTO cms__resource (resourceID, moduleID, name, description) VALUES('analytics.analytics.pageEngagementRate', 9, 'analytics.analytics.pageEngagementRate.name', 'analytics.analytics.pageEngagementRate.description');
INSERT INTO cms__resource (resourceID, moduleID, name, description) VALUES('analytics.analytics.pageImpressions', 9, 'analytics.analytics.pageImpressions.name', 'analytics.analytics.pageImpressions.description');
INSERT INTO cms__resource (resourceID, moduleID, name, description) VALUES('analytics.analytics.pageLikeGrowth', 9, 'analytics.analytics.pageLikeGrowth.name', 'analytics.analytics.pageLikeGrowth.description');
INSERT INTO cms__resource (resourceID, moduleID, name, description) VALUES('analytics.analytics.pageLikeOverview', 9, 'analytics.analytics.pageLikeOverview.name', 'analytics.analytics.pageLikeOverview.description');
INSERT INTO cms__resource (resourceID, moduleID, name, description) VALUES('analytics.analytics.pageOverallLikes', 9, 'analytics.analytics.pageOverallLikes.name', 'analytics.analytics.pageOverallLikes.description');
INSERT INTO cms__resource (resourceID, moduleID, name, description) VALUES('analytics.analytics.pagePostComments', 9, 'analytics.analytics.pagePostComments.name', 'analytics.analytics.pagePostComments.description');
INSERT INTO cms__resource (resourceID, moduleID, name, description) VALUES('analytics.analytics.pagePostEngagement', 9, 'analytics.analytics.pagePostEngagement.name', 'analytics.analytics.pagePostEngagement.description');
INSERT INTO cms__resource (resourceID, moduleID, name, description) VALUES('analytics.analytics.pagePostLikes', 9, 'analytics.analytics.pagePostLikes.name', 'analytics.analytics.pagePostLikes.description');
INSERT INTO cms__resource (resourceID, moduleID, name, description) VALUES('analytics.analytics.pagePostShares', 9, 'analytics.analytics.pagePostShares.name', 'analytics.analytics.pagePostShares.description');
INSERT INTO cms__resource (resourceID, moduleID, name, description) VALUES('analytics.analytics.pageReach', 9, 'analytics.analytics.pageReach.name', 'analytics.analytics.pageReach.description');
INSERT INTO cms__resource (resourceID, moduleID, name, description) VALUES('analytics.analytics.pageVideoViews', 9, 'analytics.analytics.pageVideoViews.name', 'analytics.analytics.pageVideoViews.description');
INSERT INTO cms__resource (resourceID, moduleID, name, description) VALUES('analytics.analytics.pageViews', 9, 'analytics.analytics.pageViews.name', 'analytics.analytics.pageViews,description');
INSERT INTO cms__resource (resourceID, moduleID, name, description) VALUES('analytics.analytics.socialSiteDataAccess', 9, 'analytics.analytics.socialSiteDataAccess.name', 'analytics.analytics.socialSiteDataAccess.description');
INSERT INTO cms__resource (resourceID, moduleID, name, description) VALUES('analytics.analytics.topPostsByEngagement', 9, 'analytics.analytics.topPostsByEngagement.name', 'analytics.analytics.topPostsByEngagement.description');
INSERT INTO cms__resource (resourceID, moduleID, name, description) VALUES('analytics.analytics.topPostsByImpression', 9, 'analytics.analytics.topPostsByImpression.name', 'analytics.analytics.topPostsByImpression.description');
INSERT INTO cms__resource (resourceID, moduleID, name, description) VALUES('analytics.dashboard.create', 9, 'analytics.dashboard.create.name', 'analytics.dashboard.create.description');
INSERT INTO cms__resource (resourceID, moduleID, name, description) VALUES('analytics.dashboard.dashboards', 9, 'analytics.dashboard.dashboards.name', 'analytics.dashboard.dashboards.description');
INSERT INTO cms__resource (resourceID, moduleID, name, description) VALUES('analytics.dashboard.delete', 9, 'analytics.dashboard.delete.name', 'analytics.dashboard.delete.description');
INSERT INTO cms__resource (resourceID, moduleID, name, description) VALUES('analytics.dashboard.modify', 9, 'analytics.dashboard.modify.name', 'analytics.dashboard.modify.description');
INSERT INTO cms__resource (resourceID, moduleID, name, description) VALUES('analytics.dashboard.share', 9, 'analytics.dashboard.share', 'analytics.dashboard.share');
INSERT INTO cms__resource (resourceID, moduleID, name, description) VALUES('auth.activity.list', 3, 'auth.activity.list.name', 'auth.activity.list.description');
INSERT INTO cms__resource (resourceID, moduleID, name, description) VALUES('auth.admin.group.activateAction', 3, 'auth.admin.group.activateAction.name', 'auth.admin.group.activateAction.description');
INSERT INTO cms__resource (resourceID, moduleID, name, description) VALUES('auth.admin.group.copyAction', 3, 'auth.admin.group.copyAction.name', 'auth.admin.group.copyAction.description');
INSERT INTO cms__resource (resourceID, moduleID, name, description) VALUES('auth.admin.group.create', 3, 'auth.admin.group.create.name', 'auth.admin.group.create.description');
INSERT INTO cms__resource (resourceID, moduleID, name, description) VALUES('auth.admin.group.createAction', 3, 'auth.admin.group.createAction.name', 'auth.admin.group.createAction.description');
INSERT INTO cms__resource (resourceID, moduleID, name, description) VALUES('auth.admin.group.deactivateAction', 3, 'auth.admin.group.deactivateAction.name', 'auth.admin.group.deactivateAction.description');
INSERT INTO cms__resource (resourceID, moduleID, name, description) VALUES('auth.admin.group.deleteAction', 3, 'auth.admin.group.deleteAction.name', 'auth.admin.group.deleteAction.description');
INSERT INTO cms__resource (resourceID, moduleID, name, description) VALUES('auth.admin.group.edit', 3, 'auth.admin.group.edit.name', 'auth.admin.group.edit.description');
INSERT INTO cms__resource (resourceID, moduleID, name, description) VALUES('auth.admin.group.exportAction', 3, 'auth.admin.group.exportAction.name', 'auth.admin.group.exportAction.description');
INSERT INTO cms__resource (resourceID, moduleID, name, description) VALUES('auth.admin.group.importAction', 3, 'auth.admin.group.importAction.name', 'auth.admin.group.importAction.description');
INSERT INTO cms__resource (resourceID, moduleID, name, description) VALUES('auth.admin.group.indexAction', 3, 'auth.admin.group.indexAction.name', 'auth.admin.group.indexAction.description');
INSERT INTO cms__resource (resourceID, moduleID, name, description) VALUES('auth.admin.group.listAction', 3, 'auth.admin.group.listAction.name', 'auth.admin.group.listAction.description');
INSERT INTO cms__resource (resourceID, moduleID, name, description) VALUES('auth.admin.group.modifyAction', 3, 'auth.admin.group.modifyAction.name', 'auth.admin.group.modifyAction.description');
INSERT INTO cms__resource (resourceID, moduleID, name, description) VALUES('auth.admin.group.move', 3, 'auth.admin.group.move.name', 'auth.admin.group.move.description');
INSERT INTO cms__resource (resourceID, moduleID, name, description) VALUES('auth.admin.group.remove', 3, 'auth.admin.group.remove.name', 'auth.admin.group.remove.description');
INSERT INTO cms__resource (resourceID, moduleID, name, description) VALUES('auth.admin.group.searchAction', 3, 'auth.admin.group.searchAction.name', 'auth.admin.group.searchAction.description');
INSERT INTO cms__resource (resourceID, moduleID, name, description) VALUES('auth.admin.user.activateAction', 3, 'auth.admin.user.activateAction.name', 'auth.admin.user.activateAction.description');
INSERT INTO cms__resource (resourceID, moduleID, name, description) VALUES('auth.admin.user.copyAction', 3, 'auth.admin.user.copyAction.name', 'auth.admin.user.copyAction.description');
INSERT INTO cms__resource (resourceID, moduleID, name, description) VALUES('auth.admin.user.create', 3, 'auth.admin.user.create.name', 'auth.admin.user.create.description');
INSERT INTO cms__resource (resourceID, moduleID, name, description) VALUES('auth.admin.user.createAction', 3, 'auth.admin.user.createAction.name', 'auth.admin.user.createAction.description');
INSERT INTO cms__resource (resourceID, moduleID, name, description) VALUES('auth.admin.user.deactivateAction', 3, 'auth.admin.user.deactivateAction.name', 'auth.admin.user.deactivateAction.description');
INSERT INTO cms__resource (resourceID, moduleID, name, description) VALUES('auth.admin.user.deleteAction', 3, 'auth.admin.user.deleteAction.name', 'auth.admin.user.deleteAction.description');
INSERT INTO cms__resource (resourceID, moduleID, name, description) VALUES('auth.admin.user.edit', 3, 'auth.admin.user.edit.name', 'auth.admin.user.edit.description');
INSERT INTO cms__resource (resourceID, moduleID, name, description) VALUES('auth.admin.user.exportAction', 3, 'auth.admin.user.exportAction.name', 'auth.admin.user.exportAction.description');
INSERT INTO cms__resource (resourceID, moduleID, name, description) VALUES('auth.admin.user.importAction', 3, 'auth.admin.user.importAction.name', 'auth.admin.user.importAction.description');
INSERT INTO cms__resource (resourceID, moduleID, name, description) VALUES('auth.admin.user.indexAction', 3, 'auth.admin.user.indexAction.name', 'auth.admin.user.indexAction.description');
INSERT INTO cms__resource (resourceID, moduleID, name, description) VALUES('auth.admin.user.listAction', 3, 'auth.admin.user.listAction.name', 'auth.admin.user.listAction.description');
INSERT INTO cms__resource (resourceID, moduleID, name, description) VALUES('auth.admin.user.modifyAction', 3, 'auth.admin.user.modifyAction.name', 'auth.admin.user.modifyAction.description');
INSERT INTO cms__resource (resourceID, moduleID, name, description) VALUES('auth.admin.user.move', 3, 'auth.admin.user.move.name', 'auth.admin.user.move.description');
INSERT INTO cms__resource (resourceID, moduleID, name, description) VALUES('auth.admin.user.remove', 3, 'auth.admin.user.remove.name', 'auth.admin.user.remove.description');
INSERT INTO cms__resource (resourceID, moduleID, name, description) VALUES('auth.admin.user.searchAction', 3, 'auth.admin.user.searchAction.name', 'auth.admin.user.searchAction.description');
INSERT INTO cms__resource (resourceID, moduleID, name, description) VALUES('auth.forgot.create', 3, 'auth.forgot.create.name', 'auth.forgot.create.description');
INSERT INTO cms__resource (resourceID, moduleID, name, description) VALUES('auth.forgot.edit', 3, 'auth.forgot.edit.name', 'auth.forgot.edit.description');
INSERT INTO cms__resource (resourceID, moduleID, name, description) VALUES('auth.forgot.forgotAction', 3, 'auth.forgot.forgotAction.name', 'auth.forgot.forgotAction.description');
INSERT INTO cms__resource (resourceID, moduleID, name, description) VALUES('auth.forgot.indexAction', 3, 'auth.forgot.indexAction.name', 'auth.forgot.indexAction.description');
INSERT INTO cms__resource (resourceID, moduleID, name, description) VALUES('auth.forgot.move', 3, 'auth.forgot.move.name', 'auth.forgot.move.description');
INSERT INTO cms__resource (resourceID, moduleID, name, description) VALUES('auth.forgot.remove', 3, 'auth.forgot.remove.name', 'auth.forgot.remove.description');
INSERT INTO cms__resource (resourceID, moduleID, name, description) VALUES('auth.login.create', 3, 'auth.login.create.name', 'auth.login.create.description');
INSERT INTO cms__resource (resourceID, moduleID, name, description) VALUES('auth.login.edit', 3, 'auth.login.edit.name', 'auth.login.edit.description');
INSERT INTO cms__resource (resourceID, moduleID, name, description) VALUES('auth.login.indexAction', 3, 'auth.login.indexAction.name', 'auth.login.indexAction.description');
INSERT INTO cms__resource (resourceID, moduleID, name, description) VALUES('auth.login.loginAction', 3, 'auth.login.loginAction.name', 'auth.login.loginAction.description');
INSERT INTO cms__resource (resourceID, moduleID, name, description) VALUES('auth.login.logoutAction', 3, 'auth.login.logoutAction.name', 'auth.login.logoutAction.description');
INSERT INTO cms__resource (resourceID, moduleID, name, description) VALUES('auth.login.move', 3, 'auth.login.move.name', 'auth.login.move.description');
INSERT INTO cms__resource (resourceID, moduleID, name, description) VALUES('auth.login.remove', 3, 'auth.login.remove.name', 'auth.login.remove.description');
INSERT INTO cms__resource (resourceID, moduleID, name, description) VALUES('auth.media.bulkExtract', 3, 'auth.media.bulkExtract.name', 'auth.media.bulkExtract.description');
INSERT INTO cms__resource (resourceID, moduleID, name, description) VALUES('auth.media.changeVisibility', 3, 'auth.media.changeVisibility.name', 'auth.media.changeVisibility.description');
INSERT INTO cms__resource (resourceID, moduleID, name, description) VALUES('auth.media.status', 3, 'auth.media.status.name', 'auth.media.status.description');
INSERT INTO cms__resource (resourceID, moduleID, name, description) VALUES('auth.partner.addSubscription', 3, 'auth.partner.addSubscription.name', 'auth.partner.addSubscription.description');
INSERT INTO cms__resource (resourceID, moduleID, name, description) VALUES('auth.partner.analytics', 3, 'auth.partner.analytics.name', 'auth.partner.analytics.description');
INSERT INTO cms__resource (resourceID, moduleID, name, description) VALUES('auth.partner.analyticsExport', 3, 'auth.partner.analyticsExport.name', 'auth.partner.analyticsExport.description');
INSERT INTO cms__resource (resourceID, moduleID, name, description) VALUES('auth.partner.create', 3, 'auth.partner.create.name', 'auth.partner.create.description');
INSERT INTO cms__resource (resourceID, moduleID, name, description) VALUES('auth.partner.editSubscription', 3, 'auth.partner.editSubscription.name', 'auth.partner.editSubscription.description');
INSERT INTO cms__resource (resourceID, moduleID, name, description) VALUES('auth.partner.groupDelete', 3, 'auth.partner.groupDelete.name', 'auth.partner.groupDelete.description');
INSERT INTO cms__resource (resourceID, moduleID, name, description) VALUES('auth.partner.list', 3, 'auth.partner.list.name', 'auth.partner.list.name');
INSERT INTO cms__resource (resourceID, moduleID, name, description) VALUES('auth.partner.readInfo', 3, 'auth.partner.readInfo.name', 'auth.partner.readInfo.description');
INSERT INTO cms__resource (resourceID, moduleID, name, description) VALUES('auth.partner.remove', 3, 'auth.partner.remove.name', 'auth.partner.remove.description');
INSERT INTO cms__resource (resourceID, moduleID, name, description) VALUES('auth.partner.resendActivationEmail', 3, 'auth.partner.resendActivationEmail.name', 'auth.partner.resendActivationEmail.description');
INSERT INTO cms__resource (resourceID, moduleID, name, description) VALUES('auth.partner.status', 3, 'auth.partner.status.name', 'auth.partner.status.description');
INSERT INTO cms__resource (resourceID, moduleID, name, description) VALUES('auth.partner.update', 3, 'auth.partner.update.name', 'auth.partner.update.description');
INSERT INTO cms__resource (resourceID, moduleID, name, description) VALUES('auth.register.create', 3, 'auth.register.create.name', 'auth.register.create.description');
INSERT INTO cms__resource (resourceID, moduleID, name, description) VALUES('auth.register.edit', 3, 'auth.register.edit.name', 'auth.register.edit.description');
INSERT INTO cms__resource (resourceID, moduleID, name, description) VALUES('auth.register.indexAction', 3, 'auth.register.indexAction.name', 'auth.register.indexAction.description');
INSERT INTO cms__resource (resourceID, moduleID, name, description) VALUES('auth.register.move', 3, 'auth.register.move.name', 'auth.register.move.description');
INSERT INTO cms__resource (resourceID, moduleID, name, description) VALUES('auth.register.registerAction', 3, 'auth.register.registerAction.name', 'auth.register.registerAction.description');
INSERT INTO cms__resource (resourceID, moduleID, name, description) VALUES('auth.register.remove', 3, 'auth.register.remove.name', 'auth.register.remove.description');
INSERT INTO cms__resource (resourceID, moduleID, name, description) VALUES('auth.user.authenticate', 3, 'auth.user.authenticate.name', 'auth.user.authenticate.description');
INSERT INTO cms__resource (resourceID, moduleID, name, description) VALUES('auth.user.changePassword', 3, 'auth.user.changePassword.name', 'auth.user.changePassword.description');
INSERT INTO cms__resource (resourceID, moduleID, name, description) VALUES('auth.user.create', 3, 'auth.user.create.name', 'auth.user.create.description');
INSERT INTO cms__resource (resourceID, moduleID, name, description) VALUES('auth.user.delete', 3, 'auth.user.delete.name', 'auth.user.delete.description');
INSERT INTO cms__resource (resourceID, moduleID, name, description) VALUES('auth.user.me', 3, 'auth.user.me.name', 'auth.user.me.description');
INSERT INTO cms__resource (resourceID, moduleID, name, description) VALUES('auth.user.passwordRecovery', 3, 'auth.user.passwordRecovery.name', 'auth.user.passwordRecovery.description');
INSERT INTO cms__resource (resourceID, moduleID, name, description) VALUES('auth.user.resendActivation', 3, 'auth.user.resendActivation.name', 'auth.user.resendActivation.description');
INSERT INTO cms__resource (resourceID, moduleID, name, description) VALUES('auth.user.twoFactor', 3, 'auth.user.twoFactor.name', 'auth.user.twoFactor.description');
INSERT INTO cms__resource (resourceID, moduleID, name, description) VALUES('auth.user.update', 3, 'auth.user.update.name', 'auth.user.update.description');
INSERT INTO cms__resource (resourceID, moduleID, name, description) VALUES('auth.user.users', 3, 'auth.user.users.name', 'auth.user.users.description');
INSERT INTO cms__resource (resourceID, moduleID, name, description) VALUES('auth.user.verifyTwoFactor', 3, 'auth.user.verifyTwoFactor.name', 'auth.user.verifyTwoFactor.description');
INSERT INTO cms__resource (resourceID, moduleID, name, description) VALUES('background.addon.list', 10, 'background.addon.list.name', 'background.addon.list.description');
INSERT INTO cms__resource (resourceID, moduleID, name, description) VALUES('background.addon.synchronize', 10, 'background.addon.synchronize.name', 'background.addon.synchronize.description');
INSERT INTO cms__resource (resourceID, moduleID, name, description) VALUES('background.addon.update', 10, 'background.addon.update.name', 'background.addon.update.description');
INSERT INTO cms__resource (resourceID, moduleID, name, description) VALUES('background.administration.access', 10, 'background.administration.access.name', 'background.administration.access.description');
INSERT INTO cms__resource (resourceID, moduleID, name, description) VALUES('background.administration.bitlyTokenEdit', 10, 'background.administration.bitlyTokenEdit.name', 'background.administration.bitlyTokenEdit.description');
INSERT INTO cms__resource (resourceID, moduleID, name, description) VALUES('background.administration.partnerDelete', 10, 'background.administration.partnerDelete.name', 'background.administration.partnerDelete.description');
INSERT INTO cms__resource (resourceID, moduleID, name, description) VALUES('background.administration.partnerLogoEdit', 10, 'background.administration.partnerLogoEdit.name', 'background.administration.partnerLogoEdit.description');
INSERT INTO cms__resource (resourceID, moduleID, name, description) VALUES('background.plan.list', 10, 'background.plan.list.name', 'background.plan.list.description');
INSERT INTO cms__resource (resourceID, moduleID, name, description) VALUES('background.plan.synchronize', 10, 'background.plan.synchronize.name', 'background.plan.synchronize.description');
INSERT INTO cms__resource (resourceID, moduleID, name, description) VALUES('background.plan.update', 10, 'background.plan.update.name', 'background.plan.update.description');
INSERT INTO cms__resource (resourceID, moduleID, name, description) VALUES('background.role.create', 10, 'background.role.create.name', 'background.role.create.description');
INSERT INTO cms__resource (resourceID, moduleID, name, description) VALUES('background.role.list', 10, 'background.role.list.name', 'background.role.list.description');
INSERT INTO cms__resource (resourceID, moduleID, name, description) VALUES('background.role.remove', 10, 'background.role.remove.name', 'background.role.remove.description');
INSERT INTO cms__resource (resourceID, moduleID, name, description) VALUES('background.role.update', 10, 'background.role.update.name', 'background.role.update.description');
INSERT INTO cms__resource (resourceID, moduleID, name, description) VALUES('carousel.create', 3, 'carousel.create.name', 'carousel.create.description');
INSERT INTO cms__resource (resourceID, moduleID, name, description) VALUES('carousel.item.list', 3, 'carousel.item.list.name', 'carousel.item.list.description');
INSERT INTO cms__resource (resourceID, moduleID, name, description) VALUES('carousel.remove', 3, 'carousel.remove.name', 'carousel.remove.description');
INSERT INTO cms__resource (resourceID, moduleID, name, description) VALUES('carousel.update', 3, 'carousel.update.name', 'carousel.update.description');
INSERT INTO cms__resource (resourceID, moduleID, name, description) VALUES('core.admin.tag.copyAction', 1, 'core.admin.tag.copyAction.name', 'core.admin.tag.copyAction.description');
INSERT INTO cms__resource (resourceID, moduleID, name, description) VALUES('core.admin.tag.create', 1, 'core.admin.tag.create.name', 'core.admin.tag.create.description');
INSERT INTO cms__resource (resourceID, moduleID, name, description) VALUES('core.admin.tag.createAction', 1, 'core.admin.tag.createAction.name', 'core.admin.tag.createAction.description');
INSERT INTO cms__resource (resourceID, moduleID, name, description) VALUES('core.admin.tag.deleteAction', 1, 'core.admin.tag.deleteAction.name', 'core.admin.tag.deleteAction.description');
INSERT INTO cms__resource (resourceID, moduleID, name, description) VALUES('core.admin.tag.edit', 1, 'core.admin.tag.edit.name', 'core.admin.tag.edit.description');
INSERT INTO cms__resource (resourceID, moduleID, name, description) VALUES('core.admin.tag.exportAction', 1, 'core.admin.tag.exportAction.name', 'core.admin.tag.exportAction.description');
INSERT INTO cms__resource (resourceID, moduleID, name, description) VALUES('core.admin.tag.importAction', 1, 'core.admin.tag.importAction.name', 'core.admin.tag.importAction.description');
INSERT INTO cms__resource (resourceID, moduleID, name, description) VALUES('core.admin.tag.indexAction', 1, 'core.admin.tag.indexAction.name', 'core.admin.tag.indexAction.description');
INSERT INTO cms__resource (resourceID, moduleID, name, description) VALUES('core.admin.tag.listAction', 1, 'core.admin.tag.listAction.name', 'core.admin.tag.listAction.description');
INSERT INTO cms__resource (resourceID, moduleID, name, description) VALUES('core.admin.tag.modifyAction', 1, 'core.admin.tag.modifyAction.name', 'core.admin.tag.modifyAction.description');
INSERT INTO cms__resource (resourceID, moduleID, name, description) VALUES('core.admin.tag.move', 1, 'core.admin.tag.move.name', 'core.admin.tag.move.description');
INSERT INTO cms__resource (resourceID, moduleID, name, description) VALUES('core.admin.tag.remove', 1, 'core.admin.tag.remove.name', 'core.admin.tag.remove.description');
INSERT INTO cms__resource (resourceID, moduleID, name, description) VALUES('core.admin.tag.searchAction', 1, 'core.admin.tag.searchAction.name', 'core.admin.tag.searchAction.description');
INSERT INTO cms__resource (resourceID, moduleID, name, description) VALUES('core.tag.list', 1, 'core.tag.list.name', 'core.tag.list.description');
INSERT INTO cms__resource (resourceID, moduleID, name, description) VALUES('core.tag.remove', 1, 'core.tag.remove.name', 'core.tag.remove.description');
INSERT INTO cms__resource (resourceID, moduleID, name, description) VALUES('hashtag.collection.bulkDelete', 11, 'hashtag.collection.bulkDelete.name', 'hashtag.collection.bulkDelete.description');
INSERT INTO cms__resource (resourceID, moduleID, name, description) VALUES('hashtag.collection.create', 11, 'hashtag.collection.create.name', 'hashtag.collection.create.description');
INSERT INTO cms__resource (resourceID, moduleID, name, description) VALUES('hashtag.collection.list', 11, 'hashtag.collection.list.name', 'hashtag.collection.list.description');
INSERT INTO cms__resource (resourceID, moduleID, name, description) VALUES('hashtag.collection.remove', 11, 'hashtag.collection.remove.name', 'hashtag.collection.remove.description');
INSERT INTO cms__resource (resourceID, moduleID, name, description) VALUES('hashtag.collection.update', 11, 'hashtag.collection.update.name', 'hashtag.collection.update.description');
INSERT INTO cms__resource (resourceID, moduleID, name, description) VALUES('hashtag.tag.bulkCreate', 11, 'hashtag.tag.bulkCreate.name', 'hashtag.tag.bulkCreate.description');
INSERT INTO cms__resource (resourceID, moduleID, name, description) VALUES('hashtag.tag.bulkDelete', 11, 'hashtag.tag.bulkDelete.name', 'hashtag.tag.bulkDelete.description');
INSERT INTO cms__resource (resourceID, moduleID, name, description) VALUES('hashtag.tag.create', 11, 'hashtag.tag.create.name', 'hashtag.tag.create.description');
INSERT INTO cms__resource (resourceID, moduleID, name, description) VALUES('hashtag.tag.list', 11, 'hashtag.tag.list.name', 'hashtag.tag.list.description');
INSERT INTO cms__resource (resourceID, moduleID, name, description) VALUES('hashtag.tag.remove', 11, 'hashtag.tag.remove.name', 'hashtag.tag.remove.description');
INSERT INTO cms__resource (resourceID, moduleID, name, description) VALUES('hashtag.tag.update', 11, 'hashtag.tag.update.name', 'hashtag.tag.update.description');
INSERT INTO cms__resource (resourceID, moduleID, name, description) VALUES('navigation.autoMenu.create', 6, 'navigation.autoMenu.create.name', 'navigation.autoMenu.create.description');
INSERT INTO cms__resource (resourceID, moduleID, name, description) VALUES('navigation.autoMenu.edit', 6, 'navigation.autoMenu.edit.name', 'navigation.autoMenu.edit.description');
INSERT INTO cms__resource (resourceID, moduleID, name, description) VALUES('navigation.autoMenu.indexAction', 6, 'navigation.autoMenu.indexAction.name', 'navigation.autoMenu.indexAction.description');
INSERT INTO cms__resource (resourceID, moduleID, name, description) VALUES('navigation.autoMenu.move', 6, 'navigation.autoMenu.move.name', 'navigation.autoMenu.move.description');
INSERT INTO cms__resource (resourceID, moduleID, name, description) VALUES('navigation.autoMenu.remove', 6, 'navigation.autoMenu.remove.name', 'navigation.autoMenu.remove.description');
INSERT INTO cms__resource (resourceID, moduleID, name, description) VALUES('navigation.breadcrumb.create', 6, 'navigation.breadcrumb.create.name', 'navigation.breadcrumb.create.description');
INSERT INTO cms__resource (resourceID, moduleID, name, description) VALUES('navigation.breadcrumb.edit', 6, 'navigation.breadcrumb.edit.name', 'navigation.breadcrumb.edit.description');
INSERT INTO cms__resource (resourceID, moduleID, name, description) VALUES('navigation.breadcrumb.indexAction', 6, 'navigation.breadcrumb.indexAction.name', 'navigation.breadcrumb.indexAction.description');
INSERT INTO cms__resource (resourceID, moduleID, name, description) VALUES('navigation.breadcrumb.move', 6, 'navigation.breadcrumb.move.name', 'navigation.breadcrumb.move.description');
INSERT INTO cms__resource (resourceID, moduleID, name, description) VALUES('navigation.breadcrumb.remove', 6, 'navigation.breadcrumb.remove.name', 'navigation.breadcrumb.remove.description');
INSERT INTO cms__resource (resourceID, moduleID, name, description) VALUES('navigation.customMenu.create', 6, 'navigation.customMenu.create.name', 'navigation.customMenu.create.description');
INSERT INTO cms__resource (resourceID, moduleID, name, description) VALUES('navigation.customMenu.edit', 6, 'navigation.customMenu.edit.name', 'navigation.customMenu.edit.description');
INSERT INTO cms__resource (resourceID, moduleID, name, description) VALUES('navigation.customMenu.indexAction', 6, 'navigation.customMenu.indexAction.name', 'navigation.customMenu.indexAction.description');
INSERT INTO cms__resource (resourceID, moduleID, name, description) VALUES('navigation.customMenu.move', 6, 'navigation.customMenu.move.name', 'navigation.customMenu.move.description');
INSERT INTO cms__resource (resourceID, moduleID, name, description) VALUES('navigation.customMenu.remove', 6, 'navigation.customMenu.remove.name', 'navigation.customMenu.remove.description');
INSERT INTO cms__resource (resourceID, moduleID, name, description) VALUES('navigation.siteSelection.create', 6, 'navigation.siteSelection.create.name', 'navigation.siteSelection.create.description');
INSERT INTO cms__resource (resourceID, moduleID, name, description) VALUES('navigation.siteSelection.edit', 6, 'navigation.siteSelection.edit.name', 'navigation.siteSelection.edit.description');
INSERT INTO cms__resource (resourceID, moduleID, name, description) VALUES('navigation.siteSelection.indexAction', 6, 'navigation.siteSelection.indexAction.name', 'navigation.siteSelection.indexAction.description');
INSERT INTO cms__resource (resourceID, moduleID, name, description) VALUES('navigation.siteSelection.move', 6, 'navigation.siteSelection.move.name', 'navigation.siteSelection.move.description');
INSERT INTO cms__resource (resourceID, moduleID, name, description) VALUES('navigation.siteSelection.remove', 6, 'navigation.siteSelection.remove.name', 'navigation.siteSelection.remove.description');
INSERT INTO cms__resource (resourceID, moduleID, name, description) VALUES('organization.media.canvaUsage', 3, 'organization.media.canvaUsage.name', 'organization.media.canvaUsage.description');
INSERT INTO cms__resource (resourceID, moduleID, name, description) VALUES('organization.media.editorMeta', 3, 'organization.media.editorMeta.name', 'organization.media.editorMeta.description');
INSERT INTO cms__resource (resourceID, moduleID, name, description) VALUES('organization.media.fileDelete', 3, 'organization.media.fileDelete.name', 'organization.media.fileDelete.description');
INSERT INTO cms__resource (resourceID, moduleID, name, description) VALUES('organization.media.fileEdit', 3, 'organization.media.fileEdit.name', 'organization.media.fileEdit.description');
INSERT INTO cms__resource (resourceID, moduleID, name, description) VALUES('organization.media.fileUpdate', 3, 'organization.media.fileUpdate.name', 'organization.media.fileUpdate.description');
INSERT INTO cms__resource (resourceID, moduleID, name, description) VALUES('organization.media.fileUpload', 3, 'organization.media.fileUpload.name', 'organization.media.fileUpload.description');
INSERT INTO cms__resource (resourceID, moduleID, name, description) VALUES('organization.media.listTags', 3, 'organization.media.listTags.name', 'organization.media.listTags.description');
INSERT INTO cms__resource (resourceID, moduleID, name, description) VALUES('organization.media.mediaList', 3, 'organization.media.mediaList.name', 'organization.media.mediaList.description');
INSERT INTO cms__resource (resourceID, moduleID, name, description) VALUES('organization.organization.create', 8, 'organization.organization.create.name', 'organization.organization.create.description');
INSERT INTO cms__resource (resourceID, moduleID, name, description) VALUES('organization.organization.organizations', 8, 'organization.organization.organizations.name', 'organization.organization.organizations.description');
INSERT INTO cms__resource (resourceID, moduleID, name, description) VALUES('organization.organization.organizationTree', 8, 'organization.organization.organizationTree.name', 'organization.organization.organizationTree.description');
INSERT INTO cms__resource (resourceID, moduleID, name, description) VALUES('organization.organization.remove', 8, 'organization.organization.remove.name', 'organization.organization.remove.description');
INSERT INTO cms__resource (resourceID, moduleID, name, description) VALUES('organization.organization.update', 8, 'organization.organization.update.name', 'organization.organization.update.description');
INSERT INTO cms__resource (resourceID, moduleID, name, description) VALUES('organization.role.create', 8, 'organization.role.create.name', 'organization.role.create.description');
INSERT INTO cms__resource (resourceID, moduleID, name, description) VALUES('organization.role.groupDelete', 8, 'organization.role.groupDelete.name', 'organization.role.groupDelete.description');
INSERT INTO cms__resource (resourceID, moduleID, name, description) VALUES('organization.role.groupModify', 8, 'organization.role.groupModify.name', 'organization.role.groupModify.description');
INSERT INTO cms__resource (resourceID, moduleID, name, description) VALUES('organization.role.list', 8, 'organization.role.list.name', 'organization.role.list.description');
INSERT INTO cms__resource (resourceID, moduleID, name, description) VALUES('organization.role.remove', 8, 'organization.role.remove.name', 'organization.role.remove.description');
INSERT INTO cms__resource (resourceID, moduleID, name, description) VALUES('organization.role.update', 8, 'organization.role.update.name', 'organization.role.update.description');
INSERT INTO cms__resource (resourceID, moduleID, name, description) VALUES('panelBuilder.builder.create', 4, 'panelBuilder.builder.create.name', 'panelBuilder.builder.create.description');
INSERT INTO cms__resource (resourceID, moduleID, name, description) VALUES('panelBuilder.builder.edit', 4, 'panelBuilder.builder.edit.name', 'panelBuilder.builder.edit.description');
INSERT INTO cms__resource (resourceID, moduleID, name, description) VALUES('panelBuilder.builder.indexAction', 4, 'panelBuilder.builder.indexAction.name', 'panelBuilder.builder.indexAction.description');
INSERT INTO cms__resource (resourceID, moduleID, name, description) VALUES('panelBuilder.builder.move', 4, 'panelBuilder.builder.move.name', 'panelBuilder.builder.move.description');
INSERT INTO cms__resource (resourceID, moduleID, name, description) VALUES('panelBuilder.builder.remove', 4, 'panelBuilder.builder.remove.name', 'panelBuilder.builder.remove.description');
INSERT INTO cms__resource (resourceID, moduleID, name, description) VALUES('post.autoFeed.createPostTime', 7, 'post.autoFeed.createPostTime.name', 'post.autoFeed.createPostTime.description');
INSERT INTO cms__resource (resourceID, moduleID, name, description) VALUES('post.autoFeed.order', 7, 'post.autoFeed.order.name', 'post.autoFeed.order.description');
INSERT INTO cms__resource (resourceID, moduleID, name, description) VALUES('post.autoFeed.postTimes', 7, 'post.autoFeed.postTimes.name', 'post.autoFeed.postTimes.description');
INSERT INTO cms__resource (resourceID, moduleID, name, description) VALUES('post.autoFeed.removePostTime', 7, 'post.autoFeed.removePostTime.name', 'post.autoFeed.removePostTime.description');
INSERT INTO cms__resource (resourceID, moduleID, name, description) VALUES('post.autoFeed.settings.list', 7, 'post.autoFeed.settings.list.name', 'post.autoFeed.settings.list.description');
INSERT INTO cms__resource (resourceID, moduleID, name, description) VALUES('post.autoFeed.settings.update', 7, 'post.autoFeed.settings.update.name', 'post.autoFeed.settings.update.description');
INSERT INTO cms__resource (resourceID, moduleID, name, description) VALUES('post.autoFeed.update', 7, 'post.autoFeed.update.name', 'post.autoFeed.update.description');
INSERT INTO cms__resource (resourceID, moduleID, name, description) VALUES('post.autoFeedPreset.bulkDelete', 7, 'post.autoFeedPreset.bulkDelete.name', 'post.autoFeedPreset.bulkDelete.description');
INSERT INTO cms__resource (resourceID, moduleID, name, description) VALUES('post.autoFeedPreset.create', 7, 'post.autoFeedPreset.create.name', 'post.autoFeedPreset.create.description');
INSERT INTO cms__resource (resourceID, moduleID, name, description) VALUES('post.autoFeedPreset.list', 7, 'post.autoFeedPreset.list.name', 'post.autoFeedPreset.list.description');
INSERT INTO cms__resource (resourceID, moduleID, name, description) VALUES('post.autoFeedPreset.remove', 7, 'post.autoFeedPreset.remove.name', 'post.autoFeedPreset.remove.description');
INSERT INTO cms__resource (resourceID, moduleID, name, description) VALUES('post.autoFeedPreset.update', 7, 'post.autoFeedPreset.update.name', 'post.autoFeedPreset.update.description');
INSERT INTO cms__resource (resourceID, moduleID, name, description) VALUES('post.category.categories', 7, 'post.category.categories.name', 'post.category.categories.description');
INSERT INTO cms__resource (resourceID, moduleID, name, description) VALUES('post.category.create', 7, 'post.category.create.name', 'post.category.create.description');
INSERT INTO cms__resource (resourceID, moduleID, name, description) VALUES('post.category.remove', 7, 'post.category.remove.name', 'post.category.remove.description');
INSERT INTO cms__resource (resourceID, moduleID, name, description) VALUES('post.category.update', 7, 'post.category.update.name', 'post.category.update.description');
INSERT INTO cms__resource (resourceID, moduleID, name, description) VALUES('post.comment.comment', 7, 'post.comment.comment.name', 'post.comment.comment.description');
INSERT INTO cms__resource (resourceID, moduleID, name, description) VALUES('post.comment.comments', 7, 'post.comment.comments.name', 'post.comment.comments.description');
INSERT INTO cms__resource (resourceID, moduleID, name, description) VALUES('post.post.approvement', 7, 'post.post.approvement.name', 'post.post.approvement.description');
INSERT INTO cms__resource (resourceID, moduleID, name, description) VALUES('post.post.bulkCreate', 7, 'post.post.bulkCreate.name', 'post.post.bulkCreate.description');
INSERT INTO cms__resource (resourceID, moduleID, name, description) VALUES('post.post.create', 7, 'post.post.create.name', 'post.post.create.description');
INSERT INTO cms__resource (resourceID, moduleID, name, description) VALUES('post.post.draft', 7, 'post.post.draft.name', 'post.post.draft.description');
INSERT INTO cms__resource (resourceID, moduleID, name, description) VALUES('post.post.instantPost', 7, 'post.post.instantPost.name', 'post.post.instantPost.description');
INSERT INTO cms__resource (resourceID, moduleID, name, description) VALUES('post.post.posts', 7, 'post.post.posts.name', 'post.post.posts.description');
INSERT INTO cms__resource (resourceID, moduleID, name, description) VALUES('post.post.remove', 7, 'post.post.remove.name', 'post.post.remove.description');
INSERT INTO cms__resource (resourceID, moduleID, name, description) VALUES('post.post.status', 7, 'post.post.status.name', 'post.post.status.description');
INSERT INTO cms__resource (resourceID, moduleID, name, description) VALUES('post.post.statuses', 7, 'post.post.statuses.name', 'post.post.statuses.description');
INSERT INTO cms__resource (resourceID, moduleID, name, description) VALUES('post.post.targeting', 7, 'post.post.targeting.name', 'post.post.targeting.description');
INSERT INTO cms__resource (resourceID, moduleID, name, description) VALUES('post.post.update', 7, 'post.post.update.name', 'post.post.update.description');
INSERT INTO cms__resource (resourceID, moduleID, name, description) VALUES('post.tag.listTags', 7, 'post.tag.listTags.name', 'post.tag.listTags.description');
INSERT INTO cms__resource (resourceID, moduleID, name, description) VALUES('post.template.bulkCreate', 7, 'post.template.bulkCreate.name', 'post.template.bulkCreate.description');
INSERT INTO cms__resource (resourceID, moduleID, name, description) VALUES('post.template.changeVisibility', 7, 'post.template.changeVisibility.name', 'post.template.changeVisibility.description');
INSERT INTO cms__resource (resourceID, moduleID, name, description) VALUES('post.template.create', 7, 'post.template.create.name', 'post.template.create.description');
INSERT INTO cms__resource (resourceID, moduleID, name, description) VALUES('post.template.import', 7, 'post.template.import.name', 'post.template.import.description');
INSERT INTO cms__resource (resourceID, moduleID, name, description) VALUES('post.template.remove', 7, 'post.template.remove.name', 'post.template.remove.description');
INSERT INTO cms__resource (resourceID, moduleID, name, description) VALUES('post.template.share', 7, 'post.template.share.name', 'post.template.share.description');
INSERT INTO cms__resource (resourceID, moduleID, name, description) VALUES('post.template.status', 7, 'post.template.status.name', 'post.template.status.description');
INSERT INTO cms__resource (resourceID, moduleID, name, description) VALUES('post.template.templates', 7, 'post.template.templates.name', 'post.template.templates.description');
INSERT INTO cms__resource (resourceID, moduleID, name, description) VALUES('post.template.update', 7, 'post.template.update.name', 'post.template.update.description');
INSERT INTO cms__resource (resourceID, moduleID, name, description) VALUES('rss.feed.bulkCreate', 13, 'rss.feed.bulkCreate.name', 'rss.feed.bulkCreate.description');
INSERT INTO cms__resource (resourceID, moduleID, name, description) VALUES('rss.feed.bulkDelete', 13, 'rss.feed.bulkDelete.name', 'rss.feed.bulkDelete.description');
INSERT INTO cms__resource (resourceID, moduleID, name, description) VALUES('rss.feed.create', 13, 'rss.feed.create.name', 'rss.feed.create.description');
INSERT INTO cms__resource (resourceID, moduleID, name, description) VALUES('rss.feed.list', 13, 'rss.feed.list.name', 'rss.feed.list.description');
INSERT INTO cms__resource (resourceID, moduleID, name, description) VALUES('rss.feed.load', 13, 'rss.feed.load.name', 'rss.feed.load.description');
INSERT INTO cms__resource (resourceID, moduleID, name, description) VALUES('rss.feed.remove', 13, 'rss.feed.remove.name', 'rss.feed.remove.description');
INSERT INTO cms__resource (resourceID, moduleID, name, description) VALUES('rss.feed.update', 13, 'rss.feed.update.name', 'rss.feed.update.description');
INSERT INTO cms__resource (resourceID, moduleID, name, description) VALUES('rss.group.bulkDelete', 13, 'rss.group.bulkDelete.name', 'rss.group.bulkDelete.description');
INSERT INTO cms__resource (resourceID, moduleID, name, description) VALUES('rss.group.create', 13, 'rss.group.create.name', 'rss.group.create.description');
INSERT INTO cms__resource (resourceID, moduleID, name, description) VALUES('rss.group.feeds', 13, 'rss.group.feeds.name', 'rss.group.feeds.description');
INSERT INTO cms__resource (resourceID, moduleID, name, description) VALUES('rss.group.list', 13, 'rss.group.list.name', 'rss.group.list.description');
INSERT INTO cms__resource (resourceID, moduleID, name, description) VALUES('rss.group.remove', 13, 'rss.group.remove.name', 'rss.group.remove.description');
INSERT INTO cms__resource (resourceID, moduleID, name, description) VALUES('rss.group.update', 13, 'rss.group.update.name', 'rss.group.update.description');
INSERT INTO cms__resource (resourceID, moduleID, name, description) VALUES('rss.savedPost.create', 13, 'rss.savedPost.create.name', 'rss.savedPost.create.description');
INSERT INTO cms__resource (resourceID, moduleID, name, description) VALUES('rss.savedPost.list', 13, 'rss.savedPost.list.name', 'rss.savedPost.list.description');
INSERT INTO cms__resource (resourceID, moduleID, name, description) VALUES('rss.savedPost.remove', 13, 'rss.savedPost.remove.name', 'rss.savedPost.remove.description');
INSERT INTO cms__resource (resourceID, moduleID, name, description) VALUES('social.site.create', 3, 'social.site.create.name', 'social.site.create.description');
INSERT INTO cms__resource (resourceID, moduleID, name, description) VALUES('social.site.list', 3, 'social.site.list.name', 'social.site.list.description');
INSERT INTO cms__resource (resourceID, moduleID, name, description) VALUES('social.site.remove', 3, 'social.site.remove.name', 'social.site.remove.description');
INSERT INTO cms__resource (resourceID, moduleID, name, description) VALUES('social.site.timezones', 3, 'social.site.timezones.name', 'social.site.timezones.description');
INSERT INTO cms__resource (resourceID, moduleID, name, description) VALUES('social.site.update', 3, 'social.site.update.name', 'social.site.update.description');
INSERT INTO cms__resource (resourceID, moduleID, name, description) VALUES('text.error.create', 5, 'text.error.create.name', 'text.error.create.description');
INSERT INTO cms__resource (resourceID, moduleID, name, description) VALUES('text.error.edit', 5, 'text.error.edit.name', 'text.error.edit.description');
INSERT INTO cms__resource (resourceID, moduleID, name, description) VALUES('text.error.indexAction', 5, 'text.error.indexAction.name', 'text.error.indexAction.description');
INSERT INTO cms__resource (resourceID, moduleID, name, description) VALUES('text.error.move', 5, 'text.error.move.name', 'text.error.move.description');
INSERT INTO cms__resource (resourceID, moduleID, name, description) VALUES('text.error.remove', 5, 'text.error.remove.name', 'text.error.remove.description');
INSERT INTO cms__resource (resourceID, moduleID, name, description) VALUES('text.html.create', 5, 'text.html.create.name', 'text.html.create.description');
INSERT INTO cms__resource (resourceID, moduleID, name, description) VALUES('text.html.edit', 5, 'text.html.edit.name', 'text.html.edit.description');
INSERT INTO cms__resource (resourceID, moduleID, name, description) VALUES('text.html.indexAction', 5, 'text.html.indexAction.name', 'text.html.indexAction.description');
INSERT INTO cms__resource (resourceID, moduleID, name, description) VALUES('text.html.move', 5, 'text.html.move.name', 'text.html.move.description');
INSERT INTO cms__resource (resourceID, moduleID, name, description) VALUES('text.html.remove', 5, 'text.html.remove.name', 'text.html.remove.description');
INSERT INTO cms__resource (resourceID, moduleID, name, description) VALUES('text.plain.create', 5, 'text.plain.create.name', 'text.plain.create.description');
INSERT INTO cms__resource (resourceID, moduleID, name, description) VALUES('text.plain.edit', 5, 'text.plain.edit.name', 'text.plain.edit.description');
INSERT INTO cms__resource (resourceID, moduleID, name, description) VALUES('text.plain.indexAction', 5, 'text.plain.indexAction.name', 'text.plain.indexAction.description');
INSERT INTO cms__resource (resourceID, moduleID, name, description) VALUES('text.plain.move', 5, 'text.plain.move.name', 'text.plain.move.description');
INSERT INTO cms__resource (resourceID, moduleID, name, description) VALUES('text.plain.remove', 5, 'text.plain.remove.name', 'text.plain.remove.description');
INSERT INTO cms__resource (resourceID, moduleID, name, description) VALUES('vfs.admin.create', 2, 'vfs.admin.create.name', 'vfs.admin.create.description');
INSERT INTO cms__resource (resourceID, moduleID, name, description) VALUES('vfs.admin.edit', 2, 'vfs.admin.edit.name', 'vfs.admin.edit.description');
INSERT INTO cms__resource (resourceID, moduleID, name, description) VALUES('vfs.admin.indexAction', 2, 'vfs.admin.indexAction.name', 'vfs.admin.indexAction.description');
INSERT INTO cms__resource (resourceID, moduleID, name, description) VALUES('vfs.admin.move', 2, 'vfs.admin.move.name', 'vfs.admin.move.description');
INSERT INTO cms__resource (resourceID, moduleID, name, description) VALUES('vfs.admin.remove', 2, 'vfs.admin.remove.name', 'vfs.admin.remove.description');
INSERT INTO cms__resource (resourceID, moduleID, name, description) VALUES('vfs.developerTools.view', 2, 'vfs.developerTools.view.name', 'vfs.developerTools.view.description');

INSERT INTO cms__module (moduleID, name) VALUES(3, 'module.auth');
INSERT INTO cms__module (moduleID, name) VALUES(10, 'module.background');
INSERT INTO cms__module (moduleID, name) VALUES(1, 'module.core');
INSERT INTO cms__module (moduleID, name) VALUES(9, 'module.dashboard');
INSERT INTO cms__module (moduleID, name) VALUES(11, 'module.hashtag');
INSERT INTO cms__module (moduleID, name) VALUES(12, 'module.linkShorten');
INSERT INTO cms__module (moduleID, name) VALUES(6, 'module.navigation');
INSERT INTO cms__module (moduleID, name) VALUES(8, 'module.organization');
INSERT INTO cms__module (moduleID, name) VALUES(4, 'module.panelBuilder');
INSERT INTO cms__module (moduleID, name) VALUES(7, 'module.post');
INSERT INTO cms__module (moduleID, name) VALUES(13, 'module.rss');
INSERT INTO cms__module (moduleID, name) VALUES(5, 'module.text');
INSERT INTO cms__module (moduleID, name) VALUES(2, 'module.vfs');

INSERT INTO smd__partner (partnerID, name, partnerData, deleteRequested, imageFileID, zohoCustomerID) VALUES(1, 'Dev', '{"linkShorten": "own"}', NULL, NULL, NULL);
INSERT INTO smd__organization (organizationID, name, parentID, partnerID, organizationData) VALUES(1, 'Testing', NULL, 1, '{"rss": ["https://index.hu/24ora/rss", "http://feeds.bbci.co.uk/news/technology/rss.xml", "https://news.google.com/rss/topics/CAAqJggKIiBDQkFTRWdvSUwyMHZNRGx1YlY4U0FtVnVHZ0pWVXlnQVAB?hl=en-US&gl=US&ceid=US:en", "http://feeds.bbci.co.uk/news/rss.xml?edition=int", "https://www.bnipodcast.com/feed/", "https://hu.ign.com/feed.xml"], "address": "address", "createdDate": "2019-02-28 21:36:48", "description": "editing this so i can see a notification"}');
INSERT INTO smd__organization_role (roleID, name, description, organizationID, admin) VALUES('testingHeadOffice.superAdmin.1628667461', 'Super Admin', 'Super Admin role description', 1, 'yes');
INSERT INTO smd__user_has_organization_role (userID, roleID, main) VALUES(2, 'testingHeadOffice.superAdmin.1628667461', 'yes');

INSERT INTO cms__user (userID, groupID, username, password, tempPassword, email, status, createDate, modifyDate, activateHash, partnerID, resetHash, firstName, lastName, lastLogin, imageFileID, settings, secret, lastActiveDate, privateData) VALUES(1, 1, 'guest', '$2y$10$9uFE2G6OBNjpjPHQcFajxOQy3QpoAnSeTpUAzj8mdnnmBJiXCc60O', NULL, 'guest@cms.w5', 'active', '2018-08-03 10:45:31.0', '2020-03-20 19:11:35.0', NULL, NULL, NULL, 'Guest', 'Guest', NULL, NULL, '{"emailNotification": {"enabled": "no", "organizationSettings": {}}, "emailApprovementNotification": false}', NULL, NULL, NULL);
INSERT INTO cms__user (userID, groupID, username, password, tempPassword, email, status, createDate, modifyDate, activateHash, partnerID, resetHash, firstName, lastName, lastLogin, imageFileID, settings, secret, lastActiveDate, privateData) VALUES(2, 3, 'dev@cubicfox.com', '$2y$10$YJCpgbOL6PE8CWqh08i7qutrG3hyT/FvmIhHfKydIAMZl2tyiT/1W', NULL, 'dev@cubicfox.com', 'active', '2019-02-28 20:37:21.0', '2023-02-14 14:13:39.0', NULL, 1, NULL, 'Szögletes', 'Róka', '2023-02-14 14:13:36.0', NULL, '{"dashboard":{"widgets":[],"dateRange":{"toDate":"2023-02-14T00:00:00.000Z","fromDate":"2023-02-01T00:00:00.000Z"},"socialSiteIDs":[]},"defaultTimeZone":"Europe/Budapest","emailNotification":{"enabled":"yes","organizationSettings":{}},"inAppNotification":{"organizationSettings":{}},"twoFactorAuthentication":false,"emailApprovementNotification":false}', 'NRTYNKDZVPHBWLKW', '2023-02-14 14:15:38.0', NULL);

