INSERT INTO `smd__activity` (`activityID`, `userID`, `objectType`, `objectID`, `summary`, `activityDate`, `meta`) VALUES
(92763, 117, 'login', '117', 'User logged in', '2020-11-18 16:28:16', '{\"os\": \"Unknown Operating System\", \"browser\": \"Google Chrome\", \"version\": \"86\", \"deviceType\": \"PC\"}'),
(92764, 222, 'modifyProfile', '222', 'Edited his profile', '2020-11-18 16:28:19', NULL),
(92765, 117, 'modifyProfile', '117', 'Edited his profile', '2020-11-18 16:28:21', NULL),
(92766, 117, 'login', '117', 'User logged in', '2020-11-18 16:28:56', '{\"os\": \"Unknown Operating System\", \"browser\": \"Google Chrome\", \"version\": \"86\", \"deviceType\": \"PC\"}'),
(92767, 117, 'modifyProfile', '117', 'Edited his profile', '2020-11-18 16:29:02', NULL),
(92768, 117, 'login', '117', 'User logged in', '2020-11-18 17:03:22', '{\"os\": \"Mac OSX 10 (Unknown Version)\", \"browser\": \"Google Chrome\", \"version\": \"86\", \"deviceType\": \"PC\"}'),
(92769, 117, 'modifyProfile', '117', 'Edited his profile', '2020-11-18 17:03:24', NULL),
(92770, 117, 'modifyProfile', '117', 'Edited his profile', '2020-11-18 17:03:26', NULL),
(92771, 117, 'login', '117', 'User logged in', '2020-11-18 18:12:30', '{\"os\": \"Unknown Operating System\", \"browser\": \"Google Chrome\", \"version\": \"86\", \"deviceType\": \"PC\"}'),
(92772, 117, 'modifyProfile', '117', 'Edited his profile', '2020-11-18 18:12:32', NULL),
(92773, 117, 'modifyProfile', '117', 'Edited his profile', '2020-11-18 18:12:33', NULL),
(92774, 117, 'login', '117', 'User logged in', '2020-11-18 21:20:28', '{\"os\": \"iOS version 14.2\", \"browser\": \"Safari\", \"version\": \"14.01\", \"deviceType\": \"mobile\"}'),
(92775, 117, 'modifyProfile', '117', 'Edited his profile', '2020-11-18 21:20:31', NULL),
(92776, 117, 'modifyProfile', '117', 'Edited his profile', '2020-11-18 21:20:34', NULL),
(92777, 222, 'login', '222', 'User logged in', '2020-11-19 07:53:30', '{\"os\": \"Linux (64-bit)\", \"browser\": \"Google Chrome\", \"version\": \"87\", \"deviceType\": \"PC\"}'),
(92778, 222, 'modifyProfile', '222', 'Edited his profile', '2020-11-19 07:53:32', NULL),
(92779, 222, 'modifyProfile', '222', 'Edited his profile', '2020-11-19 07:53:34', NULL),
(92780, 222, 'login', '222', 'User logged in', '2020-11-19 07:55:56', '{\"os\": \"\", \"browser\": \"\", \"version\": \"\", \"deviceType\": \"unknown\"}'),
(92781, 222, 'login', '222', 'User logged in', '2020-11-19 08:31:10', '{\"os\": \"Windows 10 (64-bit)\", \"browser\": \"Google Chrome\", \"version\": \"86\", \"deviceType\": \"PC\"}'),
(92782, 222, 'modifyProfile', '222', 'Edited his profile', '2020-11-19 08:31:12', NULL),
(92783, 222, 'login', '222', 'User logged in', '2020-11-19 08:45:22', '{\"os\": \"Windows 10 (64-bit)\", \"browser\": \"Google Chrome\", \"version\": \"86\", \"deviceType\": \"PC\"}'),
(92784, 222, 'modifyProfile', '222', 'Edited his profile', '2020-11-19 08:45:26', NULL),
(92785, 222, 'modifyProfile', '222', 'Edited his profile', '2020-11-19 08:59:29', NULL),
(92786, 222, 'createCategory', '4038', 'Created category with name: Csabigeneric', '2020-11-19 09:15:17', NULL),
(92787, 222, 'deleteCategory', '4038', 'Deleted category with name: Csabigeneric', '2020-11-19 09:16:15', NULL),
(92788, 222, 'deleteCategory', '4039', 'Deleted category with name: Csabigeneric', '2020-11-19 09:16:28', NULL),
(92789, 222, 'login', '222', 'User logged in', '2020-11-19 10:47:34', '{\"os\": \"\", \"browser\": \"\", \"version\": \"\", \"deviceType\": \"unknown\"}'),
(92790, 222, 'logout', '222', 'User Testing Admin logged out.', '2020-11-19 11:09:13', NULL),
(92791, 117, 'login', '117', 'User logged in', '2020-11-19 11:25:49', '{\"os\": \"Mac OSX 10 (Unknown Version)\", \"browser\": \"Google Chrome\", \"version\": \"86\", \"deviceType\": \"PC\"}'),
(92792, 117, 'modifyProfile', '117', 'Edited his profile', '2020-11-19 11:25:51', NULL),
(92793, 117, 'modifyProfile', '117', 'Edited his profile', '2020-11-19 11:25:54', NULL),
(92794, 117, 'logout', '117', 'User Esemdee Admin logged out.', '2020-11-19 11:26:33', NULL),
(92795, 117, 'login', '117', 'User logged in', '2020-11-19 11:36:44', '{\"os\": \"Mac OSX 10 (Unknown Version)\", \"browser\": \"Google Chrome\", \"version\": \"86\", \"deviceType\": \"PC\"}'),
(92796, 117, 'modifyProfile', '117', 'Edited his profile', '2020-11-19 11:36:47', NULL),
(92797, 117, 'modifyProfile', '117', 'Edited his profile', '2020-11-19 11:36:49', NULL),
(92798, 222, 'login', '222', 'User logged in', '2020-11-19 12:34:38', '{\"os\": \"Linux (64-bit)\", \"browser\": \"Google Chrome\", \"version\": \"85\", \"deviceType\": \"PC\"}'),
(92799, 222, 'modifyProfile', '222', 'Edited his profile', '2020-11-19 12:34:49', NULL),
(92800, 222, 'modifyProfile', '222', 'Edited his profile', '2020-11-19 12:35:01', NULL),
(92801, 222, 'modifyProfile', '222', 'Edited his profile', '2020-11-19 12:35:24', NULL),
(92802, 222, 'login', '222', 'User logged in', '2020-11-19 12:36:54', '{\"os\": \"Linux (64-bit)\", \"browser\": \"Google Chrome\", \"version\": \"86\", \"deviceType\": \"PC\"}'),
(92803, 222, 'modifyProfile', '222', 'Edited his profile', '2020-11-19 12:36:57', NULL),
(92804, 222, 'deletePost', '27810', 'Deleted a post. It was scheduled for the following sites: SMD Teszt (Moscow)', '2020-11-19 12:40:13', NULL),
(92805, 222, 'deletePost', '27815', 'Deleted a post. It was scheduled for the following sites: SMD Teszt (Moscow)', '2020-11-19 12:40:34', NULL),
(92806, 222, 'schedulePost', '27823', 'Scheduled a new post for the following site(s): SMD Teszt (Moscow)', '2020-11-19 12:42:03', NULL),
(92807, 222, 'logout', '222', 'User Testing Admin logged out.', '2020-11-19 12:42:37', NULL),
(92808, 117, 'login', '117', 'User logged in', '2020-11-19 12:42:49', '{\"os\": \"Linux (64-bit)\", \"browser\": \"Google Chrome\", \"version\": \"86\", \"deviceType\": \"PC\"}'),
(92809, 117, 'modifyProfile', '117', 'Edited his profile', '2020-11-19 12:42:52', NULL),
(92810, 222, 'modifyPost', '27823', 'Edited a post, which is scheduled for the following sites: SMD Teszt (Moscow) on 2020-11-20 11:50:00', '2020-11-19 12:43:08', NULL),
(92811, 222, 'modifyPost', '27823', 'Edited a post, which is scheduled for the following sites: SMD Teszt (Moscow) on 2020-11-20 11:50:00', '2020-11-19 12:44:56', NULL),
(92812, 117, 'logout', '117', 'User Esemdee Admin logged out.', '2020-11-19 12:50:52', NULL),
(92813, 222, 'login', '222', 'User logged in', '2020-11-19 12:51:03', '{\"os\": \"Linux (64-bit)\", \"browser\": \"Google Chrome\", \"version\": \"86\", \"deviceType\": \"PC\"}'),
(92814, 222, 'modifyProfile', '222', 'Edited his profile', '2020-11-19 12:51:05', NULL),
(92815, 117, 'login', '117', 'User logged in', '2020-11-19 13:04:59', '{\"os\": \"Unknown Operating System\", \"browser\": \"Google Chrome\", \"version\": \"86\", \"deviceType\": \"PC\"}'),
(92816, 117, 'modifyProfile', '117', 'Edited his profile', '2020-11-19 13:05:02', NULL),
(92817, 117, 'modifyProfile', '117', 'Edited his profile', '2020-11-19 13:05:04', NULL),
(92818, 222, 'login', '222', 'User logged in', '2020-11-19 13:10:14', '{\"os\": \"\", \"browser\": \"\", \"version\": \"\", \"deviceType\": \"unknown\"}'),
(92819, 182, 'login', '182', 'User logged in', '2020-11-19 13:28:46', '{\"os\": \"Mac OSX 10 (Unknown Version)\", \"browser\": \"Google Chrome\", \"version\": \"86\", \"deviceType\": \"PC\"}'),
(92820, 182, 'modifyProfile', '182', 'Edited his profile', '2020-11-19 13:28:50', NULL),
(92821, 222, 'deletePost', '27826', 'Deleted a post. It was scheduled for the following sites: SMD Teszt (Moscow)', '2020-11-19 14:10:00', NULL),
(92822, 222, 'schedulePost', '27827', 'Scheduled a new post for the following site(s): SMD Teszt (Moscow)', '2020-11-19 14:10:00', NULL),
(92823, 222, 'login', '222', 'User logged in', '2020-11-19 14:10:26', '{\"os\": \"Linux (64-bit)\", \"browser\": \"Google Chrome\", \"version\": \"85\", \"deviceType\": \"PC\"}'),
(92824, 222, 'modifyProfile', '222', 'Edited his profile', '2020-11-19 14:10:29', NULL),
(92825, 222, 'createTemplate', '31675', 'Created a new template for the following organizations: Testing', '2020-11-19 14:16:42', NULL),
(92826, 222, 'createTemplate', '31676', 'Created a new template for the following organizations: Testing', '2020-11-19 14:17:31', NULL),
(92827, 222, 'createTemplate', '31677', 'Created a new template for the following organizations: Testing', '2020-11-19 14:18:35', NULL),
(92828, 222, 'createTemplate', '31678', 'Created a new template for the following organizations: Testing', '2020-11-19 14:28:01', NULL),
(92829, 222, 'createTemplate', '31679', 'Created a new template for the following organizations: Testing', '2020-11-19 14:31:14', NULL),
(92830, 222, 'createCategory', '4040', 'Created category with name: Test (Generic)', '2020-11-19 15:12:00', NULL),
(92831, 222, 'login', '222', 'User logged in', '2020-11-19 15:31:18', '{\"os\": \"Linux (64-bit)\", \"browser\": \"Google Chrome\", \"version\": \"85\", \"deviceType\": \"PC\"}'),
(92832, 222, 'modifyProfile', '222', 'Edited his profile', '2020-11-19 15:31:29', NULL),
(92833, 222, 'modifyProfile', '222', 'Edited his profile', '2020-11-19 15:31:43', NULL),
(92834, 222, 'login', '222', 'User logged in', '2020-11-19 15:39:10', '{\"os\": \"\", \"browser\": \"\", \"version\": \"\", \"deviceType\": \"unknown\"}'),
(92835, 222, 'autoFeedPresetCreate', '46', 'Autofeed preset created: Test (generic)', '2020-11-19 15:39:45', NULL),
(92836, 117, 'login', '117', 'User logged in', '2020-11-19 15:59:05', '{\"os\": \"Unknown Operating System\", \"browser\": \"Google Chrome\", \"version\": \"86\", \"deviceType\": \"PC\"}'),
(92837, 117, 'modifyProfile', '117', 'Edited his profile', '2020-11-19 15:59:07', NULL),
(92838, 117, 'modifyProfile', '117', 'Edited his profile', '2020-11-19 15:59:08', NULL),
(92839, 222, 'login', '222', 'User logged in', '2020-11-19 16:01:14', '{\"os\": \"Linux (64-bit)\", \"browser\": \"Google Chrome\", \"version\": \"86\", \"deviceType\": \"PC\"}'),
(92840, 222, 'modifyProfile', '222', 'Edited his profile', '2020-11-19 16:01:17', NULL),
(92841, 222, 'login', '222', 'User logged in', '2020-11-19 16:33:23', '{\"os\": \"Linux (64-bit)\", \"browser\": \"Google Chrome\", \"version\": \"85\", \"deviceType\": \"PC\"}'),
(92842, 222, 'modifyProfile', '222', 'Edited his profile', '2020-11-19 16:33:46', NULL),
(92843, 222, 'modifyProfile', '222', 'Edited his profile', '2020-11-19 16:34:02', NULL),
(92844, 222, 'instantPost', '27847', 'Instantly posted for the following site(s): SMD Teszt (Moscow)', '2020-11-19 17:35:24', NULL),
(92845, 117, 'login', '117', 'User logged in', '2020-11-20 01:16:38', '{\"os\": \"Unknown Operating System\", \"browser\": \"Google Chrome\", \"version\": \"86\", \"deviceType\": \"PC\"}'),
(92846, 117, 'modifyProfile', '117', 'Edited his profile', '2020-11-20 01:16:40', NULL),
(92847, 117, 'modifyProfile', '117', 'Edited his profile', '2020-11-20 01:16:42', NULL),
(92848, 222, 'login', '222', 'User logged in', '2020-11-20 07:57:40', '{\"os\": \"Linux (64-bit)\", \"browser\": \"Google Chrome\", \"version\": \"87\", \"deviceType\": \"PC\"}'),
(92849, 222, 'modifyProfile', '222', 'Edited his profile', '2020-11-20 07:57:41', NULL),
(92850, 222, 'modifyProfile', '222', 'Edited his profile', '2020-11-20 07:57:44', NULL),
(92851, 222, 'login', '222', 'User logged in', '2020-11-20 08:07:06', '{\"os\": \"Linux (64-bit)\", \"browser\": \"Google Chrome\", \"version\": \"87\", \"deviceType\": \"PC\"}'),
(92852, 222, 'modifyProfile', '222', 'Edited his profile', '2020-11-20 08:07:08', NULL),
(92853, 222, 'modifyProfile', '222', 'Edited his profile', '2020-11-20 08:07:09', NULL),
(92854, 222, 'uploadFile', '29165', 'Uploaded new file: preview-file_example_MOV_1920_2_2MB.png', '2020-11-20 08:10:24', NULL),
(92855, 222, 'uploadFile', '29166', 'Uploaded new file: teszt mov', '2020-11-20 08:10:24', NULL),
(92856, 222, 'login', '222', 'User logged in', '2020-11-20 08:13:25', '{\"os\": \"Linux (64-bit)\", \"browser\": \"Google Chrome\", \"version\": \"87\", \"deviceType\": \"PC\"}'),
(92857, 222, 'modifyProfile', '222', 'Edited his profile', '2020-11-20 08:13:29', NULL),
(92858, 222, 'modifyProfile', '222', 'Edited his profile', '2020-11-20 08:28:27', NULL),
(92859, 222, 'login', '222', 'User logged in', '2020-11-20 08:38:45', '{\"os\": \"\", \"browser\": \"\", \"version\": \"\", \"deviceType\": \"unknown\"}'),
(92860, 222, 'login', '222', 'User logged in', '2020-11-20 09:43:48', '{\"os\": \"Linux (64-bit)\", \"browser\": \"Google Chrome\", \"version\": \"85\", \"deviceType\": \"PC\"}'),
(92861, 222, 'modifyProfile', '222', 'Edited his profile', '2020-11-20 09:44:05', NULL),
(92862, 222, 'modifyProfile', '222', 'Edited his profile', '2020-11-20 09:44:25', NULL),
(92863, 222, 'login', '222', 'User logged in', '2020-11-20 11:25:12', '{\"os\": \"\", \"browser\": \"\", \"version\": \"\", \"deviceType\": \"unknown\"}'),
(92864, 222, 'login', '222', 'User logged in', '2020-11-20 11:30:12', '{\"os\": \"Linux (64-bit)\", \"browser\": \"Google Chrome\", \"version\": \"87\", \"deviceType\": \"PC\"}'),
(92865, 222, 'modifyProfile', '222', 'Edited his profile', '2020-11-20 11:30:14', NULL),
(92866, 222, 'modifyProfile', '222', 'Edited his profile', '2020-11-20 11:31:00', NULL),
(92867, 117, 'login', '117', 'User logged in', '2020-11-20 12:12:17', '{\"os\": \"Mac OSX 10 (Unknown Version)\", \"browser\": \"Google Chrome\", \"version\": \"86\", \"deviceType\": \"PC\"}'),
(92868, 117, 'modifyProfile', '117', 'Edited his profile', '2020-11-20 12:12:23', NULL),
(92869, 222, 'modifyProfile', '222', 'Edited his profile', '2020-11-20 12:28:05', NULL),
(92870, 222, 'modifyProfile', '222', 'Edited his profile', '2020-11-20 12:28:16', NULL),
(92871, 222, 'login', '222', 'User logged in', '2020-11-20 13:01:56', '{\"os\": \"\", \"browser\": \"\", \"version\": \"\", \"deviceType\": \"unknown\"}'),
(92872, 117, 'login', '117', 'User logged in', '2020-11-20 13:06:19', '{\"os\": \"Unknown Operating System\", \"browser\": \"Google Chrome\", \"version\": \"86\", \"deviceType\": \"PC\"}'),
(92873, 117, 'modifyProfile', '117', 'Edited his profile', '2020-11-20 13:06:23', NULL),
(92874, 117, 'logout', '117', 'User Esemdee Admin logged out.', '2020-11-20 13:06:34', NULL),
(92875, 18, 'login', '18', 'User logged in', '2020-11-20 13:06:47', '{\"os\": \"Unknown Operating System\", \"browser\": \"Google Chrome\", \"version\": \"86\", \"deviceType\": \"PC\"}'),
(92876, 18, 'modifyProfile', '18', 'Edited his profile', '2020-11-20 13:06:51', NULL),
(92877, 18, 'logout', '18', 'User András Tasi logged out.', '2020-11-20 13:07:33', NULL),
(92878, 222, 'login', '222', 'User logged in', '2020-11-20 13:38:44', '{\"os\": \"Linux (64-bit)\", \"browser\": \"Google Chrome\", \"version\": \"85\", \"deviceType\": \"PC\"}'),
(92879, 222, 'modifyProfile', '222', 'Edited his profile', '2020-11-20 13:38:55', NULL),
(92880, 222, 'modifyProfile', '222', 'Edited his profile', '2020-11-20 13:39:06', NULL),
(92881, 117, 'logout', '117', 'User Esemdee Admin logged out.', '2020-11-20 14:02:01', NULL),
(92882, 182, 'login', '182', 'User logged in', '2020-11-20 14:02:14', '{\"os\": \"Mac OSX 10 (Unknown Version)\", \"browser\": \"Google Chrome\", \"version\": \"86\", \"deviceType\": \"PC\"}'),
(92883, 182, 'modifyProfile', '182', 'Edited his profile', '2020-11-20 14:02:17', NULL),
(92884, 222, 'login', '222', 'User logged in', '2020-11-20 14:02:35', '{\"os\": \"\", \"browser\": \"\", \"version\": \"\", \"deviceType\": \"unknown\"}'),
(92885, 182, 'logout', '182', 'User First Subscriber logged out.', '2020-11-20 14:08:30', NULL),
(92886, 301, 'login', '301', 'User logged in', '2020-11-20 14:09:06', '{\"os\": \"Mac OSX 10 (Unknown Version)\", \"browser\": \"Google Chrome\", \"version\": \"86\", \"deviceType\": \"PC\"}'),
(92887, 301, 'modifyProfile', '301', 'Edited his profile', '2020-11-20 14:09:09', NULL),
(92888, 301, 'logout', '301', 'User Fourth Subscriber logged out.', '2020-11-20 14:09:23', NULL),
(92889, 184, 'login', '184', 'User logged in', '2020-11-20 14:09:29', '{\"os\": \"Mac OSX 10 (Unknown Version)\", \"browser\": \"Google Chrome\", \"version\": \"86\", \"deviceType\": \"PC\"}'),
(92890, 184, 'modifyProfile', '184', 'Edited his profile', '2020-11-20 14:09:32', NULL),
(92891, 184, 'modifySocialSite', '469', 'Modified a page: Esemdee Test Company Page 1', '2020-11-20 14:11:18', NULL),
(92892, 184, 'modifySocialSite', '470', 'Modified a profile: Testuser1 Esemdee', '2020-11-20 14:11:24', NULL),
(92893, 184, 'logout', '184', 'User Third Subscriber logged out.', '2020-11-20 14:14:08', NULL),
(92894, 301, 'login', '301', 'User logged in', '2020-11-20 14:14:16', '{\"os\": \"Mac OSX 10 (Unknown Version)\", \"browser\": \"Google Chrome\", \"version\": \"86\", \"deviceType\": \"PC\"}'),
(92895, 301, 'modifyProfile', '301', 'Edited his profile', '2020-11-20 14:14:19', NULL),
(92896, 301, 'autoFeedPresetCreate', '47', 'Autofeed preset created: Sports - Weekends at 7:20am ', '2020-11-20 14:16:36', NULL),
(92897, 301, 'autoFeedPresetCreate', '48', 'Autofeed preset created: Travel - Everyday at 3:40', '2020-11-20 14:17:43', NULL),
(92898, 301, 'logout', '301', 'User Fourth Subscriber logged out.', '2020-11-20 14:21:50', NULL),
(92899, 184, 'login', '184', 'User logged in', '2020-11-20 14:21:54', '{\"os\": \"Mac OSX 10 (Unknown Version)\", \"browser\": \"Google Chrome\", \"version\": \"86\", \"deviceType\": \"PC\"}'),
(92900, 184, 'modifyProfile', '184', 'Edited his profile', '2020-11-20 14:21:57', NULL),
(92901, 184, 'schedulePost', '27854', 'Scheduled a new post for the following site(s): Esemdee Test Company Page 1', '2020-11-20 14:22:56', NULL),
(92902, 222, 'uploadFile', '29167', 'Uploaded new file: preview-Pexels Videos 1654216.png', '2020-11-20 14:44:45', NULL),
(92903, 222, 'uploadFile', '29168', 'Uploaded new file: test video 1', '2020-11-20 14:44:45', NULL),
(92904, 222, 'uploadFile', '29169', 'Uploaded new file: preview-Pexels Videos 2015875.png', '2020-11-20 14:44:47', NULL),
(92905, 222, 'uploadFile', '29170', 'Uploaded new file: test video 2', '2020-11-20 14:44:48', NULL),
(92906, 222, 'login', '222', 'User logged in', '2020-11-20 15:03:35', '{\"os\": \"\", \"browser\": \"\", \"version\": \"\", \"deviceType\": \"unknown\"}'),
(92907, 222, 'login', '222', 'User logged in', '2020-11-20 15:07:19', '{\"os\": \"\", \"browser\": \"\", \"version\": \"\", \"deviceType\": \"unknown\"}'),
(92908, 222, 'modifyProfile', '222', 'Edited his profile', '2020-11-20 18:42:47', NULL),
(92909, 222, 'modifyProfile', '222', 'Edited his profile', '2020-11-20 18:43:08', NULL),
(92910, 222, 'login', '222', 'User logged in', '2020-11-23 08:34:37', '{\"os\": \"Linux (64-bit)\", \"browser\": \"Google Chrome\", \"version\": \"87\", \"deviceType\": \"PC\"}'),
(92911, 222, 'modifyProfile', '222', 'Edited his profile', '2020-11-23 08:34:40', NULL),
(92912, 222, 'modifyProfile', '222', 'Edited his profile', '2020-11-23 08:34:42', NULL),
(92913, 222, 'login', '222', 'User logged in', '2020-11-23 08:50:11', '{\"os\": \"Linux (64-bit)\", \"browser\": \"Google Chrome\", \"version\": \"87\", \"deviceType\": \"PC\"}'),
(92914, 222, 'modifyProfile', '222', 'Edited his profile', '2020-11-23 08:50:13', NULL),
(92915, 222, 'modifyProfile', '222', 'Edited his profile', '2020-11-23 08:50:16', NULL),
(92916, 222, 'logout', '222', 'User Testing Admin logged out.', '2020-11-23 09:02:32', NULL),
(92917, 117, 'login', '117', 'User logged in', '2020-11-23 09:02:36', '{\"os\": \"Linux (64-bit)\", \"browser\": \"Google Chrome\", \"version\": \"87\", \"deviceType\": \"PC\"}'),
(92918, 117, 'modifyProfile', '117', 'Edited his profile', '2020-11-23 09:02:41', NULL),
(92919, 117, 'logout', '117', 'User Esemdee Admin logged out.', '2020-11-23 09:32:56', NULL),
(92920, 222, 'login', '222', 'User logged in', '2020-11-23 09:33:00', '{\"os\": \"Linux (64-bit)\", \"browser\": \"Google Chrome\", \"version\": \"87\", \"deviceType\": \"PC\"}'),
(92921, 222, 'modifyProfile', '222', 'Edited his profile', '2020-11-23 09:33:03', NULL),
(92922, 222, 'modifyProfile', '222', 'Edited his profile', '2020-11-23 10:09:23', NULL),
(92923, 222, 'login', '222', 'User logged in', '2020-11-23 12:37:30', '{\"os\": \"\", \"browser\": \"\", \"version\": \"\", \"deviceType\": \"unknown\"}'),
(92924, 222, 'login', '222', 'User logged in', '2020-11-23 14:05:22', '{\"os\": \"\", \"browser\": \"\", \"version\": \"\", \"deviceType\": \"unknown\"}'),
(92925, 222, 'login', '222', 'User logged in', '2020-11-23 15:06:28', '{\"os\": \"\", \"browser\": \"\", \"version\": \"\", \"deviceType\": \"unknown\"}'),
(92926, 222, 'login', '222', 'User logged in', '2020-11-23 16:29:28', '{\"os\": \"Linux (64-bit)\", \"browser\": \"Google Chrome\", \"version\": \"85\", \"deviceType\": \"PC\"}'),
(92927, 222, 'modifyProfile', '222', 'Edited his profile', '2020-11-23 16:29:30', NULL),
(92928, 222, 'modifyProfile', '222', 'Edited his profile', '2020-11-23 16:29:32', NULL),
(92929, 222, 'login', '222', 'User logged in', '2020-11-23 16:31:24', '{\"os\": \"Linux (64-bit)\", \"browser\": \"Google Chrome\", \"version\": \"87\", \"deviceType\": \"PC\"}'),
(92930, 222, 'modifyProfile', '222', 'Edited his profile', '2020-11-23 16:31:27', NULL),
(92931, 222, 'login', '222', 'User logged in', '2020-11-24 08:15:05', '{\"os\": \"Linux (64-bit)\", \"browser\": \"Google Chrome\", \"version\": \"87\", \"deviceType\": \"PC\"}'),
(92932, 222, 'modifyProfile', '222', 'Edited his profile', '2020-11-24 08:15:08', NULL),
(92933, 222, 'modifyProfile', '222', 'Edited his profile', '2020-11-24 08:15:10', NULL),
(92934, 222, 'login', '222', 'User logged in', '2020-11-24 08:24:04', '{\"os\": \"\", \"browser\": \"\", \"version\": \"\", \"deviceType\": \"unknown\"}'),
(92935, 222, 'logout', '222', 'User Testing Admin logged out.', '2020-11-24 08:42:04', NULL),
(92936, 117, 'login', '117', 'User logged in', '2020-11-24 08:42:15', '{\"os\": \"Linux (64-bit)\", \"browser\": \"Google Chrome\", \"version\": \"87\", \"deviceType\": \"PC\"}'),
(92937, 117, 'modifyProfile', '117', 'Edited his profile', '2020-11-24 08:42:18', NULL),
(92938, 117, 'modifyProfile', '117', 'Edited his profile', '2020-11-24 08:42:21', NULL),
(92939, 117, 'logout', '117', 'User Esemdee Admin logged out.', '2020-11-24 08:45:34', NULL),
(92940, 117, 'login', '117', 'User logged in', '2020-11-24 09:16:31', '{\"os\": \"Linux (64-bit)\", \"browser\": \"Google Chrome\", \"version\": \"87\", \"deviceType\": \"PC\"}'),
(92941, 117, 'modifyProfile', '117', 'Edited his profile', '2020-11-24 09:16:34', NULL),
(92942, 117, 'modifyProfile', '117', 'Edited his profile', '2020-11-24 09:16:37', NULL),
(92943, 222, 'login', '222', 'User logged in', '2020-11-24 10:23:11', '{\"os\": \"Linux (64-bit)\", \"browser\": \"Google Chrome\", \"version\": \"87\", \"deviceType\": \"PC\"}'),
(92944, 222, 'modifyProfile', '222', 'Edited his profile', '2020-11-24 10:23:16', NULL),
(92945, 222, 'login', '222', 'User logged in', '2020-11-24 10:55:43', '{\"os\": \"\", \"browser\": \"\", \"version\": \"\", \"deviceType\": \"unknown\"}'),
(92946, 222, 'logout', '222', 'User Testing Admin logged out.', '2020-11-24 11:14:21', NULL),
(92947, 117, 'login', '117', 'User logged in', '2020-11-24 11:14:27', '{\"os\": \"Linux (64-bit)\", \"browser\": \"Google Chrome\", \"version\": \"87\", \"deviceType\": \"PC\"}'),
(92948, 117, 'modifyProfile', '117', 'Edited his profile', '2020-11-24 11:14:30', NULL),
(92949, 117, 'modifyProfile', '117', 'Edited his profile', '2020-11-24 11:14:32', NULL),
(92950, 117, 'login', '117', 'User logged in', '2020-11-24 11:50:03', '{\"os\": \"Unknown Operating System\", \"browser\": \"Google Chrome\", \"version\": \"87\", \"deviceType\": \"PC\"}'),
(92951, 117, 'modifyProfile', '117', 'Edited his profile', '2020-11-24 11:50:05', NULL),
(92952, 117, 'modifyProfile', '117', 'Edited his profile', '2020-11-24 11:50:07', NULL),
(92953, 117, 'login', '117', 'User logged in', '2020-11-24 11:50:55', '{\"os\": \"Unknown Operating System\", \"browser\": \"Google Chrome\", \"version\": \"87\", \"deviceType\": \"PC\"}'),
(92954, 117, 'modifyProfile', '117', 'Edited his profile', '2020-11-24 11:50:57', NULL),
(92955, 117, 'modifyProfile', '117', 'Edited his profile', '2020-11-24 11:50:59', NULL),
(92956, 222, 'login', '222', 'User logged in', '2020-11-24 12:29:54', '{\"os\": \"Linux (64-bit)\", \"browser\": \"Google Chrome\", \"version\": \"87\", \"deviceType\": \"PC\"}'),
(92957, 222, 'modifyProfile', '222', 'Edited his profile', '2020-11-24 12:29:56', NULL),
(92958, 222, 'modifyProfile', '222', 'Edited his profile', '2020-11-24 12:29:59', NULL),
(92959, 222, 'logout', '222', 'User Testing Admin logged out.', '2020-11-24 12:42:46', NULL),
(92960, 117, 'login', '117', 'User logged in', '2020-11-24 12:43:01', '{\"os\": \"Linux (64-bit)\", \"browser\": \"Google Chrome\", \"version\": \"87\", \"deviceType\": \"PC\"}'),
(92961, 117, 'modifyProfile', '117', 'Edited his profile', '2020-11-24 12:43:07', NULL),
(92962, 117, 'logout', '117', 'User Esemdee Admin logged out.', '2020-11-24 12:59:24', NULL),
(92963, 222, 'login', '222', 'User logged in', '2020-11-24 12:59:31', '{\"os\": \"Linux (64-bit)\", \"browser\": \"Google Chrome\", \"version\": \"87\", \"deviceType\": \"PC\"}'),
(92964, 222, 'modifyProfile', '222', 'Edited his profile', '2020-11-24 12:59:33', NULL),
(92965, 222, 'modifyProfile', '222', 'Edited his profile', '2020-11-24 12:59:35', NULL),
(92966, 117, 'login', '117', 'User logged in', '2020-11-24 13:31:45', '{\"os\": \"Linux (64-bit)\", \"browser\": \"Google Chrome\", \"version\": \"87\", \"deviceType\": \"PC\"}'),
(92967, 117, 'modifyProfile', '117', 'Edited his profile', '2020-11-24 13:31:48', NULL),
(92968, 117, 'modifyProfile', '117', 'Edited his profile', '2020-11-24 13:35:09', NULL),
(92969, 117, 'login', '117', 'User logged in', '2020-11-24 13:37:57', '{\"os\": \"Linux (64-bit)\", \"browser\": \"Google Chrome\", \"version\": \"87\", \"deviceType\": \"PC\"}'),
(92970, 117, 'modifyProfile', '117', 'Edited his profile', '2020-11-24 13:38:01', NULL),
(92971, 222, 'login', '222', 'User logged in', '2020-11-24 14:14:20', '{\"os\": \"\", \"browser\": \"\", \"version\": \"\", \"deviceType\": \"unknown\"}'),
(92972, 222, 'login', '222', 'User logged in', '2020-11-24 15:14:33', '{\"os\": \"\", \"browser\": \"\", \"version\": \"\", \"deviceType\": \"unknown\"}'),
(92973, 117, 'login', '117', 'User logged in', '2020-11-24 17:19:43', '{\"os\": \"Unknown Operating System\", \"browser\": \"Google Chrome\", \"version\": \"87\", \"deviceType\": \"PC\"}'),
(92974, 117, 'modifyProfile', '117', 'Edited his profile', '2020-11-24 17:19:49', NULL),
(92975, 117, 'login', '117', 'User logged in', '2020-11-24 17:19:51', '{\"os\": \"Mac OSX 10 (Unknown Version)\", \"browser\": \"Google Chrome\", \"version\": \"86\", \"deviceType\": \"PC\"}'),
(92976, 117, 'modifyProfile', '117', 'Edited his profile', '2020-11-24 17:19:54', NULL),
(92977, 117, 'modifyProfile', '117', 'Edited his profile', '2020-11-24 17:19:56', NULL),
(92978, 117, 'modifyProfile', '117', 'Edited his profile', '2020-11-24 17:25:14', NULL),
(92979, 117, 'login', '117', 'User logged in', '2020-11-24 22:42:45', '{\"os\": \"Windows 10 (64-bit)\", \"browser\": \"Google Chrome\", \"version\": \"87\", \"deviceType\": \"PC\"}'),
(92980, 117, 'modifyProfile', '117', 'Edited his profile', '2020-11-24 22:42:48', NULL),
(92981, 117, 'modifyProfile', '117', 'Edited his profile', '2020-11-24 22:42:50', NULL),
(92982, 117, 'logout', '117', 'User Esemdee Admin logged out.', '2020-11-24 22:46:44', NULL),
(92983, 222, 'login', '222', 'User logged in', '2020-11-25 10:31:13', '{\"os\": \"Linux (64-bit)\", \"browser\": \"Google Chrome\", \"version\": \"87\", \"deviceType\": \"PC\"}'),
(92984, 222, 'modifyProfile', '222', 'Edited his profile', '2020-11-25 10:31:16', NULL),
(92985, 222, 'modifyProfile', '222', 'Edited his profile', '2020-11-25 10:31:18', NULL),
(92986, 222, 'login', '222', 'User logged in', '2020-11-25 10:54:02', '{\"os\": \"Linux (64-bit)\", \"browser\": \"Google Chrome\", \"version\": \"87\", \"deviceType\": \"PC\"}'),
(92987, 222, 'modifyProfile', '222', 'Edited his profile', '2020-11-25 10:54:04', NULL),
(92988, 222, 'modifyProfile', '222', 'Edited his profile', '2020-11-25 10:54:06', NULL),
(92989, 222, 'login', '222', 'User logged in', '2020-11-25 12:32:50', '{\"os\": \"\", \"browser\": \"\", \"version\": \"\", \"deviceType\": \"unknown\"}'),
(92990, 354, 'login', '354', 'User logged in', '2020-11-25 12:38:00', '{\"os\": \"Linux (64-bit)\", \"browser\": \"Google Chrome\", \"version\": \"87\", \"deviceType\": \"PC\"}'),
(92991, 354, 'modifyProfile', '354', 'Edited his profile', '2020-11-25 12:38:02', NULL),
(92992, 354, 'createOrganization', '415', 'Created organization with name: Gyermek 1', '2020-11-25 12:52:39', NULL),
(92993, 354, 'createOrganization', '416', 'Created organization with name: Gyermek 2', '2020-11-25 12:52:54', NULL),
(92994, 354, 'createOrganization', '417', 'Created organization with name: Gyermek 1.1', '2020-11-25 12:53:07', NULL),
(92995, 354, 'createOrganization', '418', 'Created organization with name: Gyeremek 2.1', '2020-11-25 12:53:20', NULL),
(92996, 222, 'modifySocialSite', '603', 'Modified a page: Beans Master  London CSABI TESZTJE', '2020-11-25 13:06:00', NULL),
(92997, 222, 'login', '222', 'User logged in', '2020-11-25 13:09:04', '{\"os\": \"Linux (64-bit)\", \"browser\": \"Google Chrome\", \"version\": \"87\", \"deviceType\": \"PC\"}'),
(92998, 222, 'modifyProfile', '222', 'Edited his profile', '2020-11-25 13:09:06', NULL),
(92999, 222, 'login', '222', 'User logged in', '2020-11-25 13:09:37', '{\"os\": \"Linux (64-bit)\", \"browser\": \"Google Chrome\", \"version\": \"87\", \"deviceType\": \"PC\"}'),
(93000, 222, 'modifyProfile', '222', 'Edited his profile', '2020-11-25 13:09:40', NULL),
(93001, 222, 'modifySocialSite', '603', 'Modified a page: Beans Master  London CSABI TESZTJE', '2020-11-25 13:09:51', NULL),
(93002, 222, 'login', '222', 'User logged in', '2020-11-25 14:41:04', '{\"os\": \"\", \"browser\": \"\", \"version\": \"\", \"deviceType\": \"unknown\"}'),
(93003, 184, 'login', '184', 'User logged in', '2020-11-25 15:07:50', '{\"os\": \"Mac OSX 10 (Unknown Version)\", \"browser\": \"Google Chrome\", \"version\": \"86\", \"deviceType\": \"PC\"}'),
(93004, 184, 'modifyProfile', '184', 'Edited his profile', '2020-11-25 15:07:53', NULL),
(93005, 354, 'createUser', '424', 'User created (ChildOne SuperAdmin, childonesuper@erdeidaniel.hu)', '2020-11-25 15:16:38', NULL),
(93006, 354, 'createUser', '425', 'User created (ChildTwo Super, childtwosuper@erdeidaniel.hu)', '2020-11-25 15:28:49', NULL),
(93007, 222, 'login', '222', 'User logged in', '2020-11-25 15:44:56', '{\"os\": \"\", \"browser\": \"\", \"version\": \"\", \"deviceType\": \"unknown\"}'),
(93008, 222, 'login', '222', 'User logged in', '2020-11-26 08:17:03', '{\"os\": \"Linux (64-bit)\", \"browser\": \"Google Chrome\", \"version\": \"87\", \"deviceType\": \"PC\"}'),
(93009, 222, 'modifyProfile', '222', 'Edited his profile', '2020-11-26 08:17:06', NULL),
(93010, 222, 'modifyProfile', '222', 'Edited his profile', '2020-11-26 08:17:09', NULL),
(93011, 222, 'login', '222', 'User logged in', '2020-11-26 08:21:21', '{\"os\": \"\", \"browser\": \"\", \"version\": \"\", \"deviceType\": \"unknown\"}'),
(93012, 222, 'login', '222', 'User logged in', '2020-11-26 08:41:26', '{\"os\": \"Linux (64-bit)\", \"browser\": \"Google Chrome\", \"version\": \"87\", \"deviceType\": \"PC\"}'),
(93013, 222, 'modifyProfile', '222', 'Edited his profile', '2020-11-26 08:41:28', NULL),
(93014, 222, 'modifyProfile', '222', 'Edited his profile', '2020-11-26 08:41:30', NULL),
(93015, 222, 'login', '222', 'User logged in', '2020-11-26 09:21:52', '{\"os\": \"Linux (64-bit)\", \"browser\": \"Google Chrome\", \"version\": \"87\", \"deviceType\": \"PC\"}'),
(93016, 222, 'modifyProfile', '222', 'Edited his profile', '2020-11-26 09:21:55', NULL),
(93017, 222, 'login', '222', 'User logged in', '2020-11-26 09:57:27', '{\"os\": \"Linux (64-bit)\", \"browser\": \"Google Chrome\", \"version\": \"87\", \"deviceType\": \"PC\"}'),
(93018, 222, 'modifyProfile', '222', 'Edited his profile', '2020-11-26 09:57:30', NULL),
(93019, 222, 'logout', '222', 'User Testing Admin logged out.', '2020-11-26 10:22:17', NULL),
(93020, 354, 'login', '354', 'User logged in', '2020-11-26 10:22:45', '{\"os\": \"Linux (64-bit)\", \"browser\": \"Google Chrome\", \"version\": \"87\", \"deviceType\": \"PC\"}'),
(93021, 354, 'modifyProfile', '354', 'Edited his profile', '2020-11-26 10:22:47', NULL),
(93022, 354, 'createUser', '426', 'User created (Creator One, medewyck+creatorone@gmail.com)', '2020-11-26 10:40:10', NULL),
(93023, 354, 'createUser', '427', 'User created (Creator Two, medewyck+creatortwo@gmail.com)', '2020-11-26 10:40:38', NULL),
(93024, 427, 'login', '427', 'User logged in', '2020-11-26 10:48:33', '{\"os\": \"Linux (64-bit)\", \"browser\": \"Google Chrome\", \"version\": \"87\", \"deviceType\": \"PC\"}'),
(93025, 427, 'modifyProfile', '427', 'Edited his profile', '2020-11-26 10:48:34', NULL),
(93026, 427, 'modifyProfile', '427', 'Edited his profile', '2020-11-26 10:49:14', NULL),
(93027, 427, 'logout', '427', 'User Creator Two logged out.', '2020-11-26 10:49:44', NULL),
(93028, 354, 'login', '354', 'User logged in', '2020-11-26 10:49:57', '{\"os\": \"Linux (64-bit)\", \"browser\": \"Google Chrome\", \"version\": \"87\", \"deviceType\": \"PC\"}'),
(93029, 354, 'modifyProfile', '354', 'Edited his profile', '2020-11-26 10:49:59', NULL),
(93030, 354, 'modifyProfile', '354', 'Edited his profile', '2020-11-26 10:50:06', NULL),
(93031, 354, 'modifyProfile', '354', 'Edited his profile', '2020-11-26 10:50:44', NULL),
(93032, 222, 'modifyProfile', '222', 'Edited his profile', '2020-11-26 10:51:11', NULL),
(93033, 354, 'logout', '354', 'User Erdei Dancsika logged out.', '2020-11-26 10:57:00', NULL),
(93034, 427, 'login', '427', 'User logged in', '2020-11-26 10:57:28', '{\"os\": \"Linux (64-bit)\", \"browser\": \"Google Chrome\", \"version\": \"87\", \"deviceType\": \"PC\"}'),
(93035, 427, 'modifyProfile', '427', 'Edited his profile', '2020-11-26 10:57:29', NULL),
(93036, 427, 'logout', '427', 'User Creator Two logged out.', '2020-11-26 10:57:51', NULL),
(93037, 426, 'login', '426', 'User logged in', '2020-11-26 10:58:10', '{\"os\": \"Linux (64-bit)\", \"browser\": \"Google Chrome\", \"version\": \"87\", \"deviceType\": \"PC\"}'),
(93038, 426, 'modifyProfile', '426', 'Edited his profile', '2020-11-26 10:58:11', NULL),
(93039, 426, 'modifyProfile', '426', 'Edited his profile', '2020-11-26 10:58:23', NULL),
(93040, 426, 'logout', '426', 'User Creator One logged out.', '2020-11-26 10:58:27', NULL),
(93041, 424, 'login', '424', 'User logged in', '2020-11-26 11:29:33', '{\"os\": \"Linux (64-bit)\", \"browser\": \"Google Chrome\", \"version\": \"87\", \"deviceType\": \"PC\"}'),
(93042, 424, 'modifyProfile', '424', 'Edited his profile', '2020-11-26 11:29:34', NULL),
(93043, 424, 'logout', '424', 'User ChildOne SuperAdmin logged out.', '2020-11-26 11:29:53', NULL),
(93044, 424, 'login', '424', 'User logged in', '2020-11-26 11:29:58', '{\"os\": \"Linux (64-bit)\", \"browser\": \"Google Chrome\", \"version\": \"87\", \"deviceType\": \"PC\"}'),
(93045, 424, 'modifyProfile', '424', 'Edited his profile', '2020-11-26 11:29:59', NULL),
(93046, 424, 'modifyProfile', '424', 'Edited his profile', '2020-11-26 11:30:20', NULL),
(93047, 424, 'logout', '424', 'User ChildOne SuperAdmin logged out.', '2020-11-26 11:30:33', NULL),
(93048, 425, 'login', '425', 'User logged in', '2020-11-26 11:30:39', '{\"os\": \"Linux (64-bit)\", \"browser\": \"Google Chrome\", \"version\": \"87\", \"deviceType\": \"PC\"}'),
(93049, 425, 'modifyProfile', '425', 'Edited his profile', '2020-11-26 11:30:40', NULL),
(93050, 425, 'modifyProfile', '425', 'Edited his profile', '2020-11-26 11:31:01', NULL),
(93051, 425, 'logout', '425', 'User ChildTwo Super logged out.', '2020-11-26 11:31:20', NULL),
(93052, 425, 'login', '425', 'User logged in', '2020-11-26 11:31:25', '{\"os\": \"Linux (64-bit)\", \"browser\": \"Google Chrome\", \"version\": \"87\", \"deviceType\": \"PC\"}'),
(93053, 425, 'modifyProfile', '425', 'Edited his profile', '2020-11-26 11:31:26', NULL),
(93054, 425, 'logout', '425', 'User ChildTwo Super logged out.', '2020-11-26 11:37:01', NULL),
(93055, 426, 'login', '426', 'User logged in', '2020-11-26 11:37:22', '{\"os\": \"Linux (64-bit)\", \"browser\": \"Google Chrome\", \"version\": \"87\", \"deviceType\": \"PC\"}'),
(93056, 426, 'modifyProfile', '426', 'Edited his profile', '2020-11-26 11:37:24', NULL),
(93057, 354, 'login', '354', 'User logged in', '2020-11-26 11:39:10', '{\"os\": \"Linux (64-bit)\", \"browser\": \"Google Chrome\", \"version\": \"87\", \"deviceType\": \"PC\"}'),
(93058, 354, 'modifyProfile', '354', 'Edited his profile', '2020-11-26 11:39:11', NULL),
(93059, 354, 'modifyUser', '426', NULL, '2020-11-26 11:39:32', NULL),
(93060, 354, 'modifyUser', '427', NULL, '2020-11-26 11:39:43', NULL),
(93061, 426, 'logout', '426', 'User Creator One logged out.', '2020-11-26 11:39:50', NULL),
(93062, 426, 'login', '426', 'User logged in', '2020-11-26 11:39:59', '{\"os\": \"Linux (64-bit)\", \"browser\": \"Google Chrome\", \"version\": \"87\", \"deviceType\": \"PC\"}'),
(93063, 426, 'modifyProfile', '426', 'Edited his profile', '2020-11-26 11:40:00', NULL),
(93064, 426, 'createTemplate', '31680', 'Created a new template for the following organizations: Gyermek 1.1', '2020-11-26 11:49:55', NULL),
(93065, 184, 'login', '184', 'User logged in', '2020-11-26 11:55:45', '{\"os\": \"Mac OSX 10 (Unknown Version)\", \"browser\": \"Google Chrome\", \"version\": \"86\", \"deviceType\": \"PC\"}'),
(93066, 184, 'modifyProfile', '184', 'Edited his profile', '2020-11-26 11:55:49', NULL),
(93067, 426, 'comment', '604', 'Commented on a Post template', '2020-11-26 12:03:48', NULL),
(93068, 426, 'logout', '426', 'User Creator One logged out.', '2020-11-26 12:10:35', NULL),
(93069, 424, 'login', '424', 'User logged in', '2020-11-26 12:14:58', '{\"os\": \"Linux (64-bit)\", \"browser\": \"Google Chrome\", \"version\": \"87\", \"deviceType\": \"PC\"}'),
(93070, 424, 'modifyProfile', '424', 'Edited his profile', '2020-11-26 12:15:00', NULL),
(93071, 354, 'comment', '605', 'Commented on a Post template', '2020-11-26 12:58:23', NULL),
(93072, 354, 'changeStatusTemplate', '31680', 'Template status changed to Active', '2020-11-26 12:59:25', NULL),
(93073, 222, 'login', '222', 'User logged in', '2020-11-26 13:01:42', '{\"os\": \"Linux (64-bit)\", \"browser\": \"Google Chrome\", \"version\": \"87\", \"deviceType\": \"PC\"}'),
(93074, 222, 'modifyProfile', '222', 'Edited his profile', '2020-11-26 13:01:45', NULL),
(93075, 354, 'modifyProfile', '354', 'Edited his profile', '2020-11-26 13:10:05', NULL),
(93076, 354, 'modifyProfile', '354', 'Edited his profile', '2020-11-26 13:11:15', NULL),
(93077, 424, 'logout', '424', 'User ChildOne SuperAdmin logged out.', '2020-11-26 13:11:39', NULL),
(93078, 427, 'login', '427', 'User logged in', '2020-11-26 13:11:52', '{\"os\": \"Linux (64-bit)\", \"browser\": \"Google Chrome\", \"version\": \"87\", \"deviceType\": \"PC\"}'),
(93079, 427, 'modifyProfile', '427', 'Edited his profile', '2020-11-26 13:11:54', NULL),
(93080, 354, 'login', '354', 'User logged in', '2020-11-26 13:14:41', '{\"os\": \"Linux (64-bit)\", \"browser\": \"Google Chrome\", \"version\": \"87\", \"deviceType\": \"PC\"}'),
(93081, 354, 'modifyProfile', '354', 'Edited his profile', '2020-11-26 13:14:42', NULL),
(93082, 354, 'createSocialSite', '608', 'Added a new page: Beans Master  London', '2020-11-26 13:15:03', NULL),
(93083, 427, 'schedulePost', '27857', 'Scheduled a new post for the following site(s): Beans Master  London', '2020-11-26 13:15:16', NULL),
(93084, 427, 'comment', '606', 'Commented on a Post', '2020-11-26 13:26:10', NULL),
(93085, 427, 'logout', '427', 'User Creator Two logged out.', '2020-11-26 13:29:43', NULL),
(93086, 425, 'login', '425', 'User logged in', '2020-11-26 13:29:58', '{\"os\": \"Linux (64-bit)\", \"browser\": \"Google Chrome\", \"version\": \"87\", \"deviceType\": \"PC\"}'),
(93087, 425, 'modifyProfile', '425', 'Edited his profile', '2020-11-26 13:30:00', NULL),
(93088, 425, 'comment', '607', 'Commented on a Post', '2020-11-26 13:30:17', NULL),
(93089, 425, 'changeStatusPost', '27857', 'Changed post status to Not approved', '2020-11-26 13:30:30', NULL),
(93090, 425, 'modifyProfile', '425', 'Edited his profile', '2020-11-26 13:50:26', NULL),
(93091, 425, 'changeStatusPost', '27857', 'Changed post status to Approved', '2020-11-26 13:59:58', NULL),
(93092, 222, 'modifyProfile', '222', 'Edited his profile', '2020-11-26 14:46:08', NULL),
(93093, 222, 'schedulePost', '27858', 'Scheduled a new post for the following site(s): Beans Master  London CSABI TESZTJE', '2020-11-26 14:46:25', NULL),
(93094, 222, 'deletePost', '27858', 'Deleted a post. It was scheduled for the following sites: Beans Master  London CSABI TESZTJE', '2020-11-26 14:47:32', NULL),
(93095, 222, 'schedulePost', '27859', 'Scheduled a new post for the following site(s): Beans Master  London CSABI TESZTJE', '2020-11-26 15:04:14', NULL),
(93096, 222, 'changeStatusPost', '27859', 'Changed post status to Approved', '2020-11-26 15:04:22', NULL),
(93097, 222, 'modifySocialSite', '603', 'Modified a page: Beans Master  London CSABI TESZTJE', '2020-11-26 15:14:28', NULL),
(93098, 222, 'createTemplate', '31681', 'Created a new template for the following organizations: Testing', '2020-11-26 15:41:32', NULL),
(93099, 354, 'modifyProfile', '354', 'Edited his profile', '2020-11-26 15:50:20', NULL),
(93100, 354, 'modifyProfile', '354', 'Edited his profile', '2020-11-26 15:50:20', NULL),
(93101, 222, 'login', '222', 'User logged in', '2020-11-27 08:46:41', '{\"os\": \"Linux (64-bit)\", \"browser\": \"Google Chrome\", \"version\": \"87\", \"deviceType\": \"PC\"}'),
(93102, 222, 'modifyProfile', '222', 'Edited his profile', '2020-11-27 08:46:44', NULL),
(93103, 222, 'login', '222', 'User logged in', '2020-11-27 09:50:59', '{\"os\": \"Linux (64-bit)\", \"browser\": \"Google Chrome\", \"version\": \"87\", \"deviceType\": \"PC\"}'),
(93104, 222, 'modifyProfile', '222', 'Edited his profile', '2020-11-27 09:51:02', NULL),
(93105, 222, 'modifyProfile', '222', 'Edited his profile', '2020-11-27 09:51:43', NULL),
(93106, 222, 'schedulePost', '27864', 'Scheduled a new post for the following site(s): Beans Master  Budapest, Beans Master  Berlin (NEW)', '2020-11-27 09:55:05', NULL),
(93107, 222, 'login', '222', 'User logged in', '2020-11-27 12:13:23', '{\"os\": \"Linux (64-bit)\", \"browser\": \"Google Chrome\", \"version\": \"85\", \"deviceType\": \"PC\"}'),
(93108, 222, 'modifyProfile', '222', 'Edited his profile', '2020-11-27 12:13:35', NULL),
(93109, 222, 'modifyProfile', '222', 'Edited his profile', '2020-11-27 12:13:44', NULL),
(93110, 117, 'login', '117', 'User logged in', '2020-11-27 13:01:13', '{\"os\": \"Mac OSX 10 (Unknown Version)\", \"browser\": \"Google Chrome\", \"version\": \"86\", \"deviceType\": \"PC\"}'),
(93111, 117, 'modifyProfile', '117', 'Edited his profile', '2020-11-27 13:01:16', NULL),
(93112, 117, 'modifyProfile', '117', 'Edited his profile', '2020-11-27 13:01:19', NULL),
(93113, 117, 'modifyProfile', '117', 'Edited his profile', '2020-11-27 13:01:31', NULL),
(93114, 222, 'login', '222', 'User logged in', '2020-11-27 13:29:26', '{\"os\": \"Linux (64-bit)\", \"browser\": \"Google Chrome\", \"version\": \"87\", \"deviceType\": \"PC\"}'),
(93115, 222, 'modifyProfile', '222', 'Edited his profile', '2020-11-27 13:29:28', NULL),
(93116, 222, 'schedulePost', '27865', 'Scheduled a new post for the following site(s): Beans Master  London CSABI TESZTJE', '2020-11-27 13:30:02', NULL),
(93117, 222, 'deletePost', '27859', 'Deleted a post. It was scheduled for the following sites: Beans Master  London CSABI TESZTJE', '2020-11-27 13:30:45', NULL),
(93118, 222, 'schedulePost', '27866', 'Scheduled a new post for the following site(s): Beans Master  London CSABI TESZTJE', '2020-11-27 13:31:07', NULL),
(93119, 222, 'deletePost', '27866', 'Deleted a post. It was scheduled for the following sites: Beans Master  London CSABI TESZTJE', '2020-11-27 13:31:18', NULL),
(93120, 222, 'deletePost', '27865', 'Deleted a post. It was scheduled for the following sites: Beans Master  London CSABI TESZTJE', '2020-11-27 13:31:25', NULL),
(93121, 222, 'modifyProfile', '222', 'Edited his profile', '2020-11-27 13:46:58', NULL),
(93122, 222, 'modifyProfile', '222', 'Edited his profile', '2020-11-27 13:47:00', NULL),
(93123, 222, 'modifyProfile', '222', 'Edited his profile', '2020-11-27 13:47:19', NULL),
(93124, 222, 'modifyProfile', '222', 'Edited his profile', '2020-11-27 13:47:21', NULL),
(93125, 222, 'modifyProfile', '222', 'Edited his profile', '2020-11-27 13:48:34', NULL),
(93126, 222, 'modifyProfile', '222', 'Edited his profile', '2020-11-27 13:51:34', NULL),
(93127, 222, 'modifyProfile', '222', 'Edited his profile', '2020-11-27 13:51:36', NULL),
(93128, 222, 'modifyProfile', '222', 'Edited his profile', '2020-11-27 14:02:47', NULL),
(93129, 222, 'modifyProfile', '222', 'Edited his profile', '2020-11-27 14:02:48', NULL),
(93130, 117, 'login', '117', 'User logged in', '2020-11-27 16:15:28', '{\"os\": \"Mac OSX 10 (Unknown Version)\", \"browser\": \"Google Chrome\", \"version\": \"86\", \"deviceType\": \"PC\"}'),
(93131, 117, 'modifyProfile', '117', 'Edited his profile', '2020-11-27 16:15:32', NULL),
(93132, 222, 'login', '222', 'User logged in', '2020-11-30 08:56:18', '{\"os\": \"Linux (64-bit)\", \"browser\": \"Google Chrome\", \"version\": \"87\", \"deviceType\": \"PC\"}'),
(93133, 222, 'modifyProfile', '222', 'Edited his profile', '2020-11-30 08:56:24', NULL),
(93134, 222, 'modifyProfile', '222', 'Edited his profile', '2020-11-30 08:56:28', NULL),
(93135, 222, 'login', '222', 'User logged in', '2020-11-30 09:07:59', '{\"os\": \"Linux (64-bit)\", \"browser\": \"Google Chrome\", \"version\": \"87\", \"deviceType\": \"PC\"}'),
(93136, 222, 'modifyProfile', '222', 'Edited his profile', '2020-11-30 09:08:01', NULL),
(93137, 222, 'modifyProfile', '222', 'Edited his profile', '2020-11-30 09:08:03', NULL),
(93138, 222, 'schedulePost', '27867', 'Scheduled a new post for the following site(s): Beans Master  Budapest', '2020-11-30 09:09:50', NULL),
(93139, 222, 'modifyPost', '27867', 'Edited a post, which is scheduled for the following sites: Beans Master  Budapest on 2020-12-01 08:20:00', '2020-11-30 09:10:09', NULL),
(93140, 222, 'login', '222', 'User logged in', '2020-11-30 09:55:22', '{\"os\": \"Linux (64-bit)\", \"browser\": \"Google Chrome\", \"version\": \"85\", \"deviceType\": \"PC\"}'),
(93141, 222, 'modifyProfile', '222', 'Edited his profile', '2020-11-30 09:55:32', NULL),
(93142, 222, 'login', '222', 'User logged in', '2020-11-30 10:03:03', '{\"os\": \"Linux (64-bit)\", \"browser\": \"Google Chrome\", \"version\": \"85\", \"deviceType\": \"PC\"}'),
(93143, 222, 'modifyProfile', '222', 'Edited his profile', '2020-11-30 10:03:13', NULL),
(93144, 222, 'login', '222', 'User logged in', '2020-11-30 11:50:40', '{\"os\": \"Linux (64-bit)\", \"browser\": \"Google Chrome\", \"version\": \"85\", \"deviceType\": \"PC\"}'),
(93145, 222, 'modifyProfile', '222', 'Edited his profile', '2020-11-30 11:50:51', NULL),
(93146, 222, 'modifyProfile', '222', 'Edited his profile', '2020-11-30 11:51:03', NULL),
(93147, 117, 'login', '117', 'User logged in', '2020-11-30 12:46:37', '{\"os\": \"Mac OSX 10 (Unknown Version)\", \"browser\": \"Google Chrome\", \"version\": \"86\", \"deviceType\": \"PC\"}'),
(93148, 117, 'modifyProfile', '117', 'Edited his profile', '2020-11-30 12:46:43', NULL),
(93149, 222, 'logout', '222', 'User Testing Admin logged out.', '2020-11-30 13:26:40', NULL),
(93150, 222, 'login', '222', 'User logged in', '2020-11-30 13:28:15', '{\"os\": \"Linux (64-bit)\", \"browser\": \"Google Chrome\", \"version\": \"85\", \"deviceType\": \"PC\"}'),
(93151, 222, 'modifyProfile', '222', 'Edited his profile', '2020-11-30 13:28:26', NULL),
(93152, 222, 'modifyProfile', '222', 'Edited his profile', '2020-11-30 13:28:42', NULL),
(93153, 222, 'modifyProfile', '222', 'Edited his profile', '2020-11-30 13:29:04', NULL),
(93154, 222, 'modifyProfile', '222', 'Edited his profile', '2020-11-30 13:29:15', NULL),
(93155, 222, 'modifyProfile', '222', 'Edited his profile', '2020-11-30 13:29:27', NULL),
(93156, 222, 'uploadFile', '29172', 'Uploaded new file: preview-Pexels Videos 2015875.png', '2020-11-30 13:31:27', NULL),
(93157, 222, 'uploadFile', '29173', 'Uploaded new file: Test_360', '2020-11-30 13:31:28', NULL),
(93158, 222, 'modifyProfile', '222', 'Edited his profile', '2020-11-30 13:33:30', NULL),
(93159, 222, 'modifyProfile', '222', 'Edited his profile', '2020-11-30 13:34:56', NULL),
(93160, 222, 'modifyProfile', '222', 'Edited his profile', '2020-11-30 13:35:03', NULL),
(93161, 222, 'login', '222', 'User logged in', '2020-11-30 13:42:52', '{\"os\": \"Linux (64-bit)\", \"browser\": \"Google Chrome\", \"version\": \"85\", \"deviceType\": \"PC\"}'),
(93162, 222, 'modifyProfile', '222', 'Edited his profile', '2020-11-30 13:42:59', NULL),
(93163, 222, 'logout', '222', 'User Testing Admin logged out.', '2020-11-30 13:57:22', NULL),
(93164, 222, 'login', '222', 'User logged in', '2020-11-30 13:58:10', '{\"os\": \"Linux (64-bit)\", \"browser\": \"Google Chrome\", \"version\": \"85\", \"deviceType\": \"PC\"}'),
(93165, 222, 'modifyProfile', '222', 'Edited his profile', '2020-11-30 13:58:21', NULL),
(93166, 222, 'modifyProfile', '222', 'Edited his profile', '2020-11-30 13:58:33', NULL),
(93167, 222, 'modifyProfile', '222', 'Edited his profile', '2020-11-30 13:59:51', NULL),
(93168, 117, 'autoFeedPresetCreate', '49', 'Autofeed preset created: Pets - Wednesday 12:50pm', '2020-11-30 14:18:26', NULL),
(93169, 117, 'autoFeedPresetUpdate', '49', 'Autofeed preset updated: Pets - Wednesday 12:50pm', '2020-11-30 14:19:23', NULL),
(93170, 117, 'autoFeedPresetCreate', '50', 'Autofeed preset created: Egyujgeneric - Monday - 4:40pm', '2020-11-30 15:13:29', NULL),
(93171, 117, 'modifyProfile', '117', 'Edited his profile', '2020-11-30 18:15:56', NULL),
(93172, 222, 'login', '222', 'User logged in', '2020-12-01 08:16:01', '{\"os\": \"Linux (64-bit)\", \"browser\": \"Google Chrome\", \"version\": \"87\", \"deviceType\": \"PC\"}'),
(93173, 222, 'modifyProfile', '222', 'Edited his profile', '2020-12-01 08:16:03', NULL),
(93174, 222, 'modifyProfile', '222', 'Edited his profile', '2020-12-01 08:16:06', NULL),
(93175, 222, 'login', '222', 'User logged in', '2020-12-01 08:54:44', '{\"os\": \"Windows 10 (64-bit)\", \"browser\": \"Google Chrome\", \"version\": \"87\", \"deviceType\": \"PC\"}');
INSERT INTO `smd__activity` (`activityID`, `userID`, `objectType`, `objectID`, `summary`, `activityDate`, `meta`) VALUES
(93176, 222, 'modifyProfile', '222', 'Edited his profile', '2020-12-01 08:54:47', NULL),
(93177, 222, 'modifyProfile', '222', 'Edited his profile', '2020-12-01 09:10:57', NULL),
(93178, 117, 'login', '117', 'User logged in', '2020-12-01 11:31:06', '{\"os\": \"Mac OSX 10 (Unknown Version)\", \"browser\": \"Google Chrome\", \"version\": \"86\", \"deviceType\": \"PC\"}'),
(93179, 117, 'modifyProfile', '117', 'Edited his profile', '2020-12-01 11:31:09', NULL),
(93180, 117, 'modifyProfile', '117', 'Edited his profile', '2020-12-01 11:31:10', NULL),
(93181, 222, 'logout', '222', 'User Testing Admin logged out.', '2020-12-01 12:29:28', NULL),
(93182, 117, 'schedulePost', '27869', 'Scheduled a new post for the following site(s): Beans Master - London', '2020-12-01 20:11:14', NULL),
(93183, 117, 'modifyPost', '27869', 'Edited a post, which is scheduled for the following sites: Beans Master - London on 2020-12-02 19:20:00', '2020-12-01 20:11:48', NULL),
(93184, 117, 'changeStatusPost', '27869', 'Changed post status to Approved', '2020-12-01 20:11:55', NULL),
(93185, 117, 'changeStatusPost', '27869', 'Changed post status to Not approved', '2020-12-01 20:13:08', NULL),
(93186, 117, 'deletePost', '27869', 'Deleted a post. It was scheduled for the following sites: Beans Master - London', '2020-12-01 20:13:12', NULL),
(93187, 222, 'login', '222', 'User logged in', '2020-12-02 08:26:50', '{\"os\": \"Linux (64-bit)\", \"browser\": \"Google Chrome\", \"version\": \"87\", \"deviceType\": \"PC\"}'),
(93188, 222, 'modifyProfile', '222', 'Edited his profile', '2020-12-02 08:26:52', NULL),
(93189, 222, 'modifyProfile', '222', 'Edited his profile', '2020-12-02 08:26:55', NULL),
(93190, 222, 'login', '222', 'User logged in', '2020-12-02 14:02:01', '{\"os\": \"Linux (64-bit)\", \"browser\": \"Google Chrome\", \"version\": \"87\", \"deviceType\": \"PC\"}'),
(93191, 222, 'modifyProfile', '222', 'Edited his profile', '2020-12-02 14:02:04', NULL),
(93192, 222, 'schedulePost', '27870', 'Scheduled a new post for the following site(s): Beans Master  London CSABI TESZTJE', '2020-12-02 14:03:27', NULL),
(93193, 222, 'modifyProfile', '222', 'Edited his profile', '2020-12-02 14:08:22', NULL),
(93194, 222, 'uploadFile', '29175', 'Uploaded new file: preview-Ayutthaya - Easy Tripod Paint _ 360_VR Master Series _ Free Download_v2.png', '2020-12-02 14:08:41', NULL),
(93195, 222, 'uploadFile', '29176', 'Uploaded new file: teszt', '2020-12-02 14:08:41', NULL),
(93196, 222, 'deleteFile', '29176', 'Deleted file: teszt', '2020-12-02 14:09:11', NULL),
(93197, 222, 'login', '222', 'User logged in', '2020-12-02 14:09:23', '{\"os\": \"Linux (64-bit)\", \"browser\": \"Google Chrome\", \"version\": \"87\", \"deviceType\": \"PC\"}'),
(93198, 222, 'modifyProfile', '222', 'Edited his profile', '2020-12-02 14:09:26', NULL),
(93199, 222, 'uploadFile', '29177', 'Uploaded new file: preview-Ayutthaya - Easy Tripod Paint _ 360_VR Master Series _ Free Download_v2.png', '2020-12-02 14:09:41', NULL),
(93200, 222, 'uploadFile', '29178', 'Uploaded new file: teszt', '2020-12-02 14:09:41', NULL),
(93201, 222, 'deleteFile', '29178', 'Deleted file: teszt', '2020-12-02 14:10:00', NULL),
(93202, 222, 'login', '222', 'User logged in', '2020-12-02 15:57:02', '{\"os\": \"Linux (64-bit)\", \"browser\": \"Google Chrome\", \"version\": \"85\", \"deviceType\": \"PC\"}'),
(93203, 222, 'modifyProfile', '222', 'Edited his profile', '2020-12-02 15:57:10', NULL),
(93204, 222, 'login', '222', 'User logged in', '2020-12-02 15:57:55', '{\"os\": \"Linux (64-bit)\", \"browser\": \"Firefox\", \"version\": \"82\", \"deviceType\": \"PC\"}'),
(93205, 222, 'modifyProfile', '222', 'Edited his profile', '2020-12-02 15:58:01', NULL),
(93206, 222, 'login', '222', 'User logged in', '2020-12-02 16:08:01', '{\"os\": \"Linux (64-bit)\", \"browser\": \"Firefox\", \"version\": \"83\", \"deviceType\": \"PC\"}'),
(93207, 222, 'modifyProfile', '222', 'Edited his profile', '2020-12-02 16:08:05', NULL),
(93208, 222, 'modifyProfile', '222', 'Edited his profile', '2020-12-02 16:29:10', NULL),
(93209, 222, 'login', '222', 'User logged in', '2020-12-03 08:18:48', '{\"os\": \"Linux (64-bit)\", \"browser\": \"Google Chrome\", \"version\": \"87\", \"deviceType\": \"PC\"}'),
(93210, 222, 'modifyProfile', '222', 'Edited his profile', '2020-12-03 08:18:51', NULL),
(93211, 222, 'modifyProfile', '222', 'Edited his profile', '2020-12-03 08:18:54', NULL),
(93212, 222, 'login', '222', 'User logged in', '2020-12-03 08:35:38', '{\"os\": \"Linux (64-bit)\", \"browser\": \"Firefox\", \"version\": \"83\", \"deviceType\": \"PC\"}'),
(93213, 222, 'modifyProfile', '222', 'Edited his profile', '2020-12-03 08:35:42', NULL),
(93214, 222, 'login', '222', 'User logged in', '2020-12-03 08:58:16', '{\"os\": \"Linux (64-bit)\", \"browser\": \"Firefox\", \"version\": \"83\", \"deviceType\": \"PC\"}'),
(93215, 222, 'modifyProfile', '222', 'Edited his profile', '2020-12-03 08:58:19', NULL),
(93216, 222, 'login', '222', 'User logged in', '2020-12-03 09:10:53', '{\"os\": \"Linux (64-bit)\", \"browser\": \"Google Chrome\", \"version\": \"87\", \"deviceType\": \"PC\"}'),
(93217, 222, 'modifyProfile', '222', 'Edited his profile', '2020-12-03 09:10:56', NULL),
(93218, 222, 'schedulePost', '27871', 'Scheduled a new post for the following site(s): SMD - Test', '2020-12-03 09:57:47', NULL),
(93219, 222, 'modifyPost', '27871', 'Edited a post, which is scheduled for the following sites: SMD - Test on 2020-12-04 09:10:00', '2020-12-03 09:59:28', NULL),
(93220, 222, 'schedulePost', '27872', 'Scheduled a new post for the following site(s): SMD - Test', '2020-12-03 10:00:31', NULL),
(93221, 222, 'uploadFile', '29179', 'Uploaded new file: preview-file_example_MOV_1280_1_4MB.png', '2020-12-03 10:07:59', NULL),
(93222, 222, 'uploadFile', '29180', 'Uploaded new file: Test #1', '2020-12-03 10:07:59', NULL),
(93223, 222, 'uploadFile', '29181', 'Uploaded new file: preview-Ayutthaya - Easy Tripod Paint _ 360_VR Master Series _ Free Download_v2.png', '2020-12-03 10:08:00', NULL),
(93224, 222, 'uploadFile', '29182', 'Uploaded new file: Test #2', '2020-12-03 10:08:00', NULL),
(93225, 222, 'login', '222', 'User logged in', '2020-12-03 10:49:56', '{\"os\": \"Linux (64-bit)\", \"browser\": \"Firefox\", \"version\": \"83\", \"deviceType\": \"PC\"}'),
(93226, 222, 'modifyProfile', '222', 'Edited his profile', '2020-12-03 10:50:00', NULL),
(93227, 222, 'modifyProfile', '222', 'Edited his profile', '2020-12-03 10:50:03', NULL),
(93228, 222, 'uploadFile', '29183', 'Uploaded new file: preview-sample_3840x2160.png', '2020-12-03 11:00:33', NULL),
(93229, 222, 'uploadFile', '29184', 'Uploaded new file: LARGE Video from Firefox', '2020-12-03 11:00:33', NULL),
(93230, 222, 'uploadFile', '29185', 'Uploaded new file: preview-sample_3840x2160.png', '2020-12-03 11:15:57', NULL),
(93231, 222, 'uploadFile', '29186', 'Uploaded new file: LARGE Video from Firefox 2', '2020-12-03 11:15:58', NULL),
(93232, 222, 'deleteFile', '29186', 'Deleted file: LARGE Video from Firefox 2', '2020-12-03 11:17:57', NULL),
(93233, 222, 'deleteFile', '29184', 'Deleted file: LARGE Video from Firefox', '2020-12-03 11:17:57', NULL),
(93234, 222, 'login', '222', 'User logged in', '2020-12-03 12:07:47', '{\"os\": \"Linux (64-bit)\", \"browser\": \"Firefox\", \"version\": \"83\", \"deviceType\": \"PC\"}'),
(93235, 222, 'modifyProfile', '222', 'Edited his profile', '2020-12-03 12:07:53', NULL),
(93236, 222, 'uploadFile', '29187', 'Uploaded new file: preview-star_trails.png', '2020-12-03 12:09:33', NULL),
(93237, 222, 'uploadFile', '29188', 'Uploaded new file: 40Mb Video', '2020-12-03 12:09:33', NULL),
(93238, 222, 'uploadFile', '29189', 'Uploaded new file: preview-file_example_MOV_1280_1_4MB.png', '2020-12-03 12:15:33', NULL),
(93239, 222, 'uploadFile', '29190', 'Uploaded new file: 1.4Mb Video', '2020-12-03 12:15:33', NULL),
(93240, 222, 'uploadFile', '29191', 'Uploaded new file: preview-sample_3840x2160.png', '2020-12-03 12:43:28', NULL),
(93241, 222, 'uploadFile', '29192', 'Uploaded new file: ASD', '2020-12-03 12:43:28', NULL),
(93242, 222, 'deleteFile', '29192', 'Deleted file: ASD', '2020-12-03 12:43:45', NULL),
(93243, 222, 'deleteFile', '29190', 'Deleted file: 1.4Mb Video', '2020-12-03 12:43:45', NULL),
(93244, 222, 'deleteFile', '29188', 'Deleted file: 40Mb Video', '2020-12-03 12:43:45', NULL),
(93245, 222, 'deleteFile', '29182', 'Deleted file: Test #2', '2020-12-03 12:43:45', NULL),
(93246, 222, 'deleteFile', '29180', 'Deleted file: Test #1', '2020-12-03 12:43:45', NULL),
(93247, 222, 'modifyProfile', '222', 'Edited his profile', '2020-12-03 12:47:08', NULL),
(93248, 222, 'uploadFile', '29193', 'Uploaded new file: preview-sample_3840x2160.png', '2020-12-03 12:49:13', NULL),
(93249, 222, 'uploadFile', '29194', 'Uploaded new file: LARGE Video', '2020-12-03 12:49:13', NULL),
(93250, 222, 'login', '222', 'User logged in', '2020-12-03 12:52:30', '{\"os\": \"Linux (64-bit)\", \"browser\": \"Firefox\", \"version\": \"83\", \"deviceType\": \"PC\"}'),
(93251, 222, 'modifyProfile', '222', 'Edited his profile', '2020-12-03 12:52:33', NULL),
(93252, 222, 'uploadFile', '29195', 'Uploaded new file: preview-Ayutthaya - Easy Tripod Paint _ 360_VR Master Series _ Free Download_v2.png', '2020-12-03 13:40:17', NULL),
(93253, 222, 'uploadFile', '29196', 'Uploaded new file: awd', '2020-12-03 13:40:17', NULL),
(93254, 222, 'deleteFile', '29196', 'Deleted file: awd', '2020-12-03 13:40:22', NULL),
(93255, 222, 'uploadFile', '29197', 'Uploaded new file: preview-Ayutthaya - Easy Tripod Paint _ 360_VR Master Series _ Free Download_v2.png', '2020-12-03 15:01:44', NULL),
(93256, 222, 'uploadFile', '29198', 'Uploaded new file: adw', '2020-12-03 15:01:44', NULL),
(93257, 222, 'deleteFile', '29198', 'Deleted file: adw', '2020-12-03 15:01:51', NULL),
(93258, 222, 'login', '222', 'User logged in', '2020-12-04 08:33:44', '{\"os\": \"Linux (64-bit)\", \"browser\": \"Firefox\", \"version\": \"83\", \"deviceType\": \"PC\"}'),
(93259, 222, 'modifyProfile', '222', 'Edited his profile', '2020-12-04 08:33:46', NULL),
(93260, 222, 'modifyProfile', '222', 'Edited his profile', '2020-12-04 08:33:49', NULL),
(93261, 222, 'login', '222', 'User logged in', '2020-12-04 08:46:41', '{\"os\": \"Linux (64-bit)\", \"browser\": \"Firefox\", \"version\": \"83\", \"deviceType\": \"PC\"}'),
(93262, 222, 'modifyProfile', '222', 'Edited his profile', '2020-12-04 08:46:45', NULL),
(93263, 222, 'login', '222', 'User logged in', '2020-12-04 08:49:14', '{\"os\": \"Linux (64-bit)\", \"browser\": \"Google Chrome\", \"version\": \"87\", \"deviceType\": \"PC\"}'),
(93264, 222, 'modifyProfile', '222', 'Edited his profile', '2020-12-04 08:49:16', NULL),
(93265, 222, 'modifyProfile', '222', 'Edited his profile', '2020-12-04 08:49:18', NULL),
(93266, 222, 'login', '222', 'User logged in', '2020-12-04 08:57:07', '{\"os\": \"Linux (64-bit)\", \"browser\": \"Google Chrome\", \"version\": \"87\", \"deviceType\": \"PC\"}'),
(93267, 222, 'modifyProfile', '222', 'Edited his profile', '2020-12-04 08:57:09', NULL),
(93268, 222, 'modifyProfile', '222', 'Edited his profile', '2020-12-04 08:57:11', NULL),
(93269, 222, 'modifyProfile', '222', 'Edited his profile', '2020-12-04 09:01:37', NULL),
(93270, 222, 'schedulePostAutofeed', '27874', 'Schedule a new post for autofeed for the following site(s): Beans Master  London CSABI TESZTJE', '2020-12-04 09:32:25', NULL),
(93271, 222, 'schedulePostAutofeed', '27875', 'Schedule a new post for autofeed for the following site(s): Beans Master  London CSABI TESZTJE', '2020-12-04 09:33:18', NULL),
(93272, 222, 'deletePostAutofeed', '27875', 'Deleted an autofeed post. It was scheduled for the following sites: Beans Master  London CSABI TESZTJE', '2020-12-04 09:33:26', NULL),
(93273, 222, 'deletePostAutofeed', '27874', 'Deleted an autofeed post. It was scheduled for the following sites: Beans Master  London CSABI TESZTJE', '2020-12-04 09:33:31', NULL),
(93274, 222, 'modifyProfile', '222', 'Edited his profile', '2020-12-04 09:59:45', NULL),
(93275, 222, 'changeStatusPost', '27870', 'Changed post status to Approved', '2020-12-04 10:22:46', NULL),
(93276, 222, 'login', '222', 'User logged in', '2020-12-04 10:35:22', '{\"os\": \"Linux (64-bit)\", \"browser\": \"Google Chrome\", \"version\": \"87\", \"deviceType\": \"PC\"}'),
(93277, 222, 'modifyProfile', '222', 'Edited his profile', '2020-12-04 10:35:26', NULL),
(93278, 222, 'changeStatusPost', '27870', 'Changed post status to Not approved', '2020-12-04 10:35:31', NULL),
(93279, 222, 'changeStatusPost', '27870', 'Changed post status to Approved', '2020-12-04 10:35:40', NULL),
(93280, 222, 'changeStatusPost', '27870', 'Changed post status to Not approved', '2020-12-04 10:35:41', NULL),
(93281, 184, 'login', '184', 'User logged in', '2020-12-04 11:09:42', '{\"os\": \"Mac OSX 10 (Unknown Version)\", \"browser\": \"Google Chrome\", \"version\": \"86\", \"deviceType\": \"PC\"}'),
(93282, 184, 'modifyProfile', '184', 'Edited his profile', '2020-12-04 11:09:45', NULL),
(93283, 184, 'modifyProfile', '184', 'Edited his profile', '2020-12-04 11:09:53', NULL),
(93284, 184, 'modifyProfile', '184', 'Edited his profile', '2020-12-04 11:10:09', NULL),
(93285, 184, 'autoFeedPresetCreate', '51', 'Autofeed preset created: Sport - Tuesday - 12:35pm', '2020-12-04 11:10:56', NULL),
(93286, 184, 'autoFeedPresetCreate', '52', 'Autofeed preset created: Competition - Friday - 10:25am', '2020-12-04 11:12:11', NULL),
(93287, 184, 'schedulePostAutofeed', '27876', 'Schedule a new post for autofeed for the following site(s): Beans Master - London', '2020-12-04 11:13:04', NULL),
(93288, 184, 'schedulePostAutofeed', '27877', 'Schedule a new post for autofeed for the following site(s): Beans Master - London', '2020-12-04 11:14:07', NULL),
(93289, 184, 'schedulePostAutofeed', '27878', 'Schedule a new post for autofeed for the following site(s): Beans Master - London', '2020-12-04 11:15:43', NULL),
(93290, 184, 'changeStatusPost', '27878', 'Changed post status to Approved', '2020-12-04 11:15:53', NULL),
(93291, 184, 'changeStatusPost', '27878', 'Changed post status to Not approved', '2020-12-04 11:16:05', NULL),
(93292, 222, 'login', '222', 'User logged in', '2020-12-04 11:23:50', '{\"os\": \"Linux (64-bit)\", \"browser\": \"Firefox\", \"version\": \"83\", \"deviceType\": \"PC\"}'),
(93293, 222, 'modifyProfile', '222', 'Edited his profile', '2020-12-04 11:23:54', NULL),
(93294, 184, 'schedulePost', '27879', 'Scheduled a new post for the following site(s): Beans Master - London, Beans Master - London, Beans Master - London, Beans Master - London', '2020-12-04 11:25:57', NULL),
(93295, 184, 'changeStatusPost', '27879', 'Changed post status to Approved', '2020-12-04 11:26:09', NULL),
(93296, 184, 'logout', '184', 'User Third Subscriber logged out.', '2020-12-04 12:43:03', NULL),
(93297, 120, 'login', '120', 'User logged in', '2020-12-04 12:43:12', '{\"os\": \"Mac OSX 10 (Unknown Version)\", \"browser\": \"Google Chrome\", \"version\": \"86\", \"deviceType\": \"PC\"}'),
(93298, 120, 'modifyProfile', '120', 'Edited his profile', '2020-12-04 12:43:16', NULL),
(93299, 222, 'logout', '222', 'User Testing Admin logged out.', '2020-12-04 13:29:10', NULL),
(93300, 222, 'login', '222', 'User logged in', '2020-12-04 13:29:55', '{\"os\": \"Linux (64-bit)\", \"browser\": \"Google Chrome\", \"version\": \"87\", \"deviceType\": \"PC\"}'),
(93301, 222, 'modifyProfile', '222', 'Edited his profile', '2020-12-04 13:30:03', NULL),
(93302, 222, 'login', '222', 'User logged in', '2020-12-04 13:47:23', '{\"os\": \"Linux (64-bit)\", \"browser\": \"Google Chrome\", \"version\": \"87\", \"deviceType\": \"PC\"}'),
(93303, 222, 'modifyProfile', '222', 'Edited his profile', '2020-12-04 13:47:26', NULL),
(93304, 222, 'login', '222', 'User logged in', '2020-12-04 13:48:04', '{\"os\": \"Linux (64-bit)\", \"browser\": \"Google Chrome\", \"version\": \"87\", \"deviceType\": \"PC\"}'),
(93305, 222, 'login', '222', 'User logged in', '2020-12-04 13:48:06', '{\"os\": \"Linux (64-bit)\", \"browser\": \"Firefox\", \"version\": \"83\", \"deviceType\": \"PC\"}'),
(93306, 222, 'modifyProfile', '222', 'Edited his profile', '2020-12-04 13:48:06', NULL),
(93307, 222, 'modifyProfile', '222', 'Edited his profile', '2020-12-04 13:48:11', NULL),
(93308, 222, 'login', '222', 'User logged in', '2020-12-04 14:26:38', '{\"os\": \"Windows 10 (64-bit)\", \"browser\": \"Microsoft (Chrome) Edge\", \"version\": \"87\", \"deviceType\": \"PC\"}'),
(93309, 222, 'modifyProfile', '222', 'Edited his profile', '2020-12-04 14:26:40', NULL),
(93310, 222, 'modifyProfile', '222', 'Edited his profile', '2020-12-04 14:26:42', NULL),
(93311, 222, 'logout', '222', 'User Testing Admin logged out.', '2020-12-04 14:31:33', NULL),
(93312, 222, 'login', '222', 'User logged in', '2020-12-04 14:31:56', '{\"os\": \"Linux (64-bit)\", \"browser\": \"Google Chrome\", \"version\": \"87\", \"deviceType\": \"PC\"}'),
(93313, 222, 'logout', '222', 'User Testing Admin logged out.', '2020-12-04 14:31:58', NULL),
(93314, 222, 'modifyProfile', '222', 'Edited his profile', '2020-12-04 14:31:58', NULL),
(93315, 222, 'logout', '222', 'User Testing Admin logged out.', '2020-12-04 14:33:17', NULL),
(93316, 222, 'login', '222', 'User logged in', '2020-12-04 14:33:38', '{\"os\": \"Linux (64-bit)\", \"browser\": \"Google Chrome\", \"version\": \"87\", \"deviceType\": \"PC\"}'),
(93317, 222, 'modifyProfile', '222', 'Edited his profile', '2020-12-04 14:33:40', NULL),
(93318, 222, 'logout', '222', 'User Testing Admin logged out.', '2020-12-04 14:34:55', NULL),
(93319, 242, 'login', '242', 'User logged in', '2020-12-04 14:35:01', '{\"os\": \"Linux (64-bit)\", \"browser\": \"Google Chrome\", \"version\": \"87\", \"deviceType\": \"PC\"}'),
(93320, 242, 'modifyProfile', '242', 'Edited his profile', '2020-12-04 14:35:03', NULL),
(93321, 222, 'login', '222', 'User logged in', '2020-12-04 14:49:15', '{\"os\": \"Mac OSX 10 (Unknown Version)\", \"browser\": \"Safari\", \"version\": \"13.12\", \"deviceType\": \"PC\"}'),
(93322, 222, 'modifyProfile', '222', 'Edited his profile', '2020-12-04 14:49:18', NULL),
(93323, 222, 'logout', '222', 'User Testing Admin logged out.', '2020-12-04 14:56:29', NULL),
(93324, 222, 'logout', '222', 'User Testing Admin logged out.', '2020-12-04 14:56:44', NULL),
(93325, 242, 'createTemplate', '31682', 'Created a new template for the following organizations: Szabi organization', '2020-12-04 15:03:08', NULL),
(93326, 242, 'uploadFile', '29199', 'Uploaded new file: tag-test', '2020-12-04 15:13:40', NULL),
(93327, 242, 'deleteFile', '29199', 'Deleted file: tag-test', '2020-12-04 15:14:03', NULL),
(93328, 222, 'login', '222', 'User logged in', '2020-12-04 15:14:27', '{\"os\": \"Linux (64-bit)\", \"browser\": \"Google Chrome\", \"version\": \"87\", \"deviceType\": \"PC\"}'),
(93329, 222, 'modifyProfile', '222', 'Edited his profile', '2020-12-04 15:14:30', NULL),
(93330, 222, 'login', '222', 'User logged in', '2020-12-04 15:16:00', '{\"os\": \"Windows 10 (64-bit)\", \"browser\": \"Microsoft (Chrome) Edge\", \"version\": \"87\", \"deviceType\": \"PC\"}'),
(93331, 222, 'modifyProfile', '222', 'Edited his profile', '2020-12-04 15:16:04', NULL),
(93332, 222, 'logout', '222', 'User Testing Admin logged out.', '2020-12-04 15:18:10', NULL),
(93333, 222, 'logout', '222', 'User Testing Admin logged out.', '2020-12-04 15:31:08', NULL),
(93334, 222, 'logout', '222', 'User Testing Admin logged out.', '2020-12-04 15:59:49', NULL),
(93335, 222, 'login', '222', 'User logged in', '2020-12-04 16:06:47', '{\"os\": \"Linux (64-bit)\", \"browser\": \"Google Chrome\", \"version\": \"87\", \"deviceType\": \"PC\"}'),
(93336, 222, 'modifyProfile', '222', 'Edited his profile', '2020-12-04 16:06:50', NULL),
(93337, 222, 'login', '222', 'User logged in', '2020-12-07 08:54:43', '{\"os\": \"Linux (64-bit)\", \"browser\": \"Google Chrome\", \"version\": \"87\", \"deviceType\": \"PC\"}'),
(93338, 222, 'modifyProfile', '222', 'Edited his profile', '2020-12-07 08:54:45', NULL),
(93339, 222, 'login', '222', 'User logged in', '2020-12-07 09:04:09', '{\"os\": \"Linux (64-bit)\", \"browser\": \"Google Chrome\", \"version\": \"84\", \"deviceType\": \"PC\"}'),
(93340, 222, 'modifyProfile', '222', 'Edited his profile', '2020-12-07 09:04:29', NULL),
(93341, 222, 'modifyProfile', '222', 'Edited his profile', '2020-12-07 09:04:31', NULL),
(93342, 222, 'modifyDashboard', '105', 'Dashboard updated (Testing)', '2020-12-07 09:16:47', NULL),
(93343, 222, 'modifyDashboard', '105', 'Dashboard updated (Testing)', '2020-12-07 09:17:52', NULL),
(93344, 222, 'modifyProfile', '222', 'Edited his profile', '2020-12-07 09:20:48', NULL),
(93345, 222, 'editSubscription', '36', 'Subscription edited: Testing subscription', '2020-12-07 09:57:03', NULL),
(93346, 222, 'modifyDashboard', '105', 'Dashboard updated (Testing)', '2020-12-07 10:03:51', NULL),
(93347, 222, 'modifyDashboard', '105', 'Dashboard updated (Testing)', '2020-12-07 10:11:08', NULL),
(93348, 222, 'modifyDashboard', '105', 'Dashboard updated (Testing)', '2020-12-07 10:11:53', NULL),
(93349, 222, 'modifyDashboard', '105', 'Dashboard updated (Testing)', '2020-12-07 10:23:35', NULL),
(93350, 222, 'modifyDashboard', '105', 'Dashboard updated (Testing)', '2020-12-07 10:24:04', NULL),
(93351, 222, 'modifyDashboard', '105', 'Dashboard updated (Testing)', '2020-12-07 10:24:28', NULL),
(93352, 222, 'editSubscription', '36', 'Subscription edited: Testing subscription', '2020-12-07 10:43:16', NULL),
(93353, 222, 'editSubscription', '36', 'Subscription edited: Testing subscription', '2020-12-07 10:49:24', NULL),
(93354, 222, 'modifyDashboard', '105', 'Dashboard updated (Testing)', '2020-12-07 11:08:38', NULL),
(93355, 222, 'modifyDashboard', '105', 'Dashboard updated (Testing)', '2020-12-07 11:39:19', NULL),
(93356, 222, 'modifyDashboard', '105', 'Dashboard updated (Testing)', '2020-12-07 11:39:29', NULL),
(93357, 222, 'modifyDashboard', '105', 'Dashboard updated (Testing)', '2020-12-07 11:42:40', NULL),
(93358, 222, 'modifyDashboard', '105', 'Dashboard updated (Testing)', '2020-12-07 11:42:59', NULL),
(93359, 222, 'editSubscription', '36', 'Subscription edited: Testing subscription', '2020-12-07 12:13:38', NULL),
(93360, 222, 'editSubscription', '36', 'Subscription edited: Testing subscription', '2020-12-07 12:19:46', NULL),
(93361, 222, 'modifyDashboard', '105', 'Dashboard updated (Testing)', '2020-12-07 12:26:29', NULL),
(93362, 222, 'modifyDashboard', '105', 'Dashboard updated (Testing)', '2020-12-07 12:26:39', NULL),
(93363, 222, 'editSubscription', '36', 'Subscription edited: Testing subscription', '2020-12-07 12:32:32', NULL),
(93364, 117, 'login', '117', 'User logged in', '2020-12-07 12:46:44', '{\"os\": \"Windows 10 (64-bit)\", \"browser\": \"Google Chrome\", \"version\": \"86\", \"deviceType\": \"PC\"}'),
(93365, 117, 'modifyProfile', '117', 'Edited his profile', '2020-12-07 12:46:47', NULL),
(93366, 117, 'modifyProfile', '117', 'Edited his profile', '2020-12-07 12:46:49', NULL),
(93367, 117, 'login', '117', 'User logged in', '2020-12-07 12:48:22', '{\"os\": \"Mac OSX 10 (Unknown Version)\", \"browser\": \"Google Chrome\", \"version\": \"86\", \"deviceType\": \"PC\"}'),
(93368, 117, 'modifyProfile', '117', 'Edited his profile', '2020-12-07 12:48:25', NULL),
(93369, 117, 'modifyProfile', '117', 'Edited his profile', '2020-12-07 12:48:27', NULL),
(93370, 117, 'modifyProfile', '117', 'Edited his profile', '2020-12-07 12:48:36', NULL),
(93371, 117, 'modifyProfile', '117', 'Edited his profile', '2020-12-07 12:48:38', NULL),
(93372, 117, 'instantPost', '27880', 'Instantly posted for the following site(s): Esemdee Test Company Page 1, Testuser1 Esemdee', '2020-12-07 13:17:51', NULL),
(93373, 222, 'modifyDashboard', '105', 'Dashboard updated (Testing)', '2020-12-07 13:20:36', NULL),
(93374, 222, 'modifyDashboard', '105', 'Dashboard updated (Testing)', '2020-12-07 13:21:06', NULL),
(93375, 222, 'editSubscription', '36', 'Subscription edited: Testing subscription', '2020-12-07 13:27:15', NULL),
(93376, 222, 'modifyDashboard', '105', 'Dashboard updated (Testing)', '2020-12-07 13:33:57', NULL),
(93377, 222, 'modifyDashboard', '105', 'Dashboard updated (Testing)', '2020-12-07 13:34:17', NULL),
(93378, 117, 'schedulePost', '27881', 'Scheduled a new post for the following site(s): Esemdee Test Company Page 1', '2020-12-07 13:34:19', NULL),
(93379, 222, 'modifyDashboard', '105', 'Dashboard updated (Testing)', '2020-12-07 13:34:27', NULL),
(93380, 222, 'modifyDashboard', '105', 'Dashboard updated (Testing)', '2020-12-07 13:39:06', NULL),
(93381, 117, 'uploadFile', '29200', 'Uploaded new file: test image from Barnes Wealth Management', '2020-12-07 13:46:10', NULL),
(93382, 117, 'instantPost', '27882', 'Instantly posted for the following site(s): Esemdee Test Company Page 1', '2020-12-07 13:46:56', NULL),
(93383, 222, 'modifyDashboard', '105', 'Dashboard updated (Testing)', '2020-12-07 13:47:20', NULL),
(93384, 222, 'modifyDashboard', '105', 'Dashboard updated (Testing)', '2020-12-07 13:47:30', NULL),
(93385, 222, 'modifyDashboard', '105', 'Dashboard updated (Testing)', '2020-12-07 13:47:49', NULL),
(93386, 222, 'modifyDashboard', '105', 'Dashboard updated (Testing)', '2020-12-07 13:47:50', NULL),
(93387, 222, 'modifyDashboard', '105', 'Dashboard updated (Testing)', '2020-12-07 13:51:02', NULL),
(93388, 117, 'instantPost', '27883', 'Instantly posted for the following site(s): Esemdee Test Company Page 1', '2020-12-07 14:10:11', NULL),
(93389, 117, 'deleteTemplate', '31683', 'Deleted post template which was created for the following organizations: esemdee', '2020-12-07 14:38:51', NULL),
(93390, 222, 'modifySocialSite', '581', 'Modified a page: Beans Master  Pcs - Csabi új app', '2020-12-07 14:41:54', NULL),
(93391, 222, 'modifySocialSite', '581', 'Modified a page: Beans Master  Pcs - Csabi új app', '2020-12-07 14:42:34', NULL),
(93392, 222, 'modifySocialSite', '581', 'Modified a page: Beans Master  Pcs - Csabi új app', '2020-12-07 14:45:16', NULL),
(93393, 222, 'modifySocialSite', '581', 'Modified a page: Beans Master  Pcs - Csabi új app', '2020-12-07 14:45:52', NULL),
(93394, 222, 'modifySocialSite', '581', 'Modified a page: Beans Master  Pcs - Csabi új app2', '2020-12-07 14:46:09', NULL),
(93395, 222, 'modifySocialSite', '581', 'Modified a page: Beans Master  Pcs - Csabi új app', '2020-12-07 14:46:15', NULL),
(93396, 222, 'modifySocialSite', '581', 'Modified a page: Beans Master  Pcs - Csabi új app', '2020-12-07 14:46:26', NULL),
(93397, 222, 'modifySocialSite', '581', 'Modified a page: Beans Master  Pcs - Csabi új app', '2020-12-07 14:46:37', NULL),
(93398, 222, 'modifySocialSite', '581', 'Modified a page: Beans Master  Pcs - Csabi új app', '2020-12-07 14:47:11', NULL),
(93399, 117, 'deleteFile', '29201', 'Deleted file: Chew Toy', '2020-12-07 14:57:14', NULL),
(93400, 222, 'modifyProfile', '222', 'Edited his profile', '2020-12-07 15:11:00', NULL),
(93401, 222, 'deletePost', '27885', 'Deleted a post. It was scheduled for the following sites: Beans Master  London CSABI TESZTJE', '2020-12-07 15:12:30', NULL),
(93402, 222, 'deletePostAutofeed', '27885', 'Deleted an autofeed post. It was scheduled for the following sites: Beans Master  London CSABI TESZTJE', '2020-12-07 15:12:51', NULL),
(93403, 222, 'deletePost', '27886', 'Deleted a post. It was scheduled for the following sites: Beans Master  London CSABI TESZTJE', '2020-12-07 15:16:10', NULL),
(93404, 222, 'deletePostAutofeed', '27886', 'Deleted an autofeed post. It was scheduled for the following sites: Beans Master  London CSABI TESZTJE', '2020-12-07 15:16:16', NULL),
(93405, 222, 'deletePost', '27887', 'Deleted a post. It was scheduled for the following sites: Beans Master  London CSABI TESZTJE', '2020-12-07 15:16:49', NULL),
(93406, 222, 'deletePostAutofeed', '27887', 'Deleted an autofeed post. It was scheduled for the following sites: Beans Master  London CSABI TESZTJE', '2020-12-07 15:16:56', NULL),
(93407, 222, 'deletePost', '27888', 'Deleted a post. It was scheduled for the following sites: Beans Master  London CSABI TESZTJE', '2020-12-07 15:17:17', NULL),
(93408, 222, 'deletePostAutofeed', '27888', 'Deleted an autofeed post. It was scheduled for the following sites: Beans Master  London CSABI TESZTJE', '2020-12-07 15:17:40', NULL),
(93409, 222, 'deleteFile', '29205', 'Deleted file: broken', '2020-12-07 15:18:38', NULL),
(93410, 222, 'deleteFile', '29204', 'Deleted file: broken', '2020-12-07 15:18:38', NULL),
(93411, 222, 'deleteFile', '29203', 'Deleted file: broken', '2020-12-07 15:18:38', NULL),
(93412, 222, 'deleteFile', '29202', 'Deleted file: broken', '2020-12-07 15:18:38', NULL),
(93413, 222, 'modifyProfile', '222', 'Edited his profile', '2020-12-07 15:29:08', NULL),
(93414, 222, 'modifyProfile', '222', 'Edited his profile', '2020-12-07 15:29:54', NULL),
(93415, 117, 'instantPost', '27890', 'Instantly posted for the following site(s): Beans Master - London', '2020-12-07 15:30:25', NULL),
(93416, 222, 'deletePost', '27891', 'Deleted a post. It was scheduled for the following sites: Beans Master  London CSABI TESZTJE', '2020-12-07 15:51:17', NULL),
(93417, 222, 'modifyDashboard', '105', 'Dashboard updated (Testing)', '2020-12-07 15:51:29', NULL),
(93418, 222, 'deletePostAutofeed', '27891', 'Deleted an autofeed post. It was scheduled for the following sites: Beans Master  London CSABI TESZTJE', '2020-12-07 15:51:44', NULL),
(93419, 222, 'createSocialSite', '609', 'Added a new page: Beans Master  Los Angeles', '2020-12-07 16:07:51', NULL),
(93421, 222, 'deletePost', '27892', 'Deleted a post. It was scheduled for the following sites: Beans Master  Los Angeles', '2020-12-07 16:08:50', NULL),
(93422, 222, 'deleteFile', '29208', 'Deleted file: broken', '2020-12-07 16:08:56', NULL),
(93423, 117, 'instantPost', '27893', 'Instantly posted for the following site(s): Esemdee Test Company Page 1', '2020-12-07 16:17:40', NULL),
(93424, 117, 'instantPost', '27894', 'Instantly posted for the following site(s): Esemdee Test Company Page 1', '2020-12-07 16:18:41', NULL),
(93425, 222, 'modifyDashboard', '105', 'Dashboard updated (Testing)', '2020-12-07 16:32:42', NULL),
(93426, 222, 'modifyDashboard', '105', 'Dashboard updated (Testing)', '2020-12-07 16:33:02', NULL),
(93427, 222, 'modifyDashboard', '105', 'Dashboard updated (Testing)', '2020-12-07 16:33:12', NULL),
(93428, 222, 'modifyDashboard', '105', 'Dashboard updated (Testing)', '2020-12-07 17:06:22', NULL),
(93429, 222, 'modifyDashboard', '105', 'Dashboard updated (Testing)', '2020-12-07 17:09:19', NULL),
(93430, 222, 'modifyDashboard', '105', 'Dashboard updated (Testing)', '2020-12-07 17:09:29', NULL),
(93431, 222, 'modifyDashboard', '105', 'Dashboard updated (Testing)', '2020-12-07 17:11:46', NULL),
(93432, 222, 'modifyDashboard', '105', 'Dashboard updated (Testing)', '2020-12-07 17:11:56', NULL),
(93433, 222, 'modifyDashboard', '105', 'Dashboard updated (Testing)', '2020-12-07 17:12:06', NULL),
(93434, 222, 'modifyDashboard', '105', 'Dashboard updated (Testing)', '2020-12-07 17:12:16', NULL),
(93435, 222, 'modifyDashboard', '105', 'Dashboard updated (Testing)', '2020-12-07 17:12:26', NULL),
(93436, 222, 'modifyDashboard', '105', 'Dashboard updated (Testing)', '2020-12-07 17:12:36', NULL),
(93437, 222, 'modifyDashboard', '105', 'Dashboard updated (Testing)', '2020-12-07 17:12:46', NULL),
(93438, 222, 'login', '222', 'User logged in', '2020-12-08 08:43:19', '{\"os\": \"Linux (64-bit)\", \"browser\": \"Google Chrome\", \"version\": \"87\", \"deviceType\": \"PC\"}'),
(93439, 222, 'modifyProfile', '222', 'Edited his profile', '2020-12-08 08:43:21', NULL),
(93440, 222, 'modifyPartner', '91', 'Modified partner: Testing (Edited 2)', '2020-12-08 09:18:23', NULL),
(93441, 222, 'modifyProfile', '222', 'Edited his profile', '2020-12-08 10:12:01', NULL),
(93442, 222, 'modifySocialSite', '476', 'Modified a page: ThisIsTestCompany23', '2020-12-08 10:13:46', NULL),
(93443, 222, 'modifySocialSite', '476', 'Modified a page: ThisIsTestCompany23 jó', '2020-12-08 10:13:56', NULL),
(93444, 222, 'instantPost', '27896', 'Instantly posted for the following site(s): ThisIsTestCompany23 jó', '2020-12-08 10:14:20', NULL),
(93445, 222, 'uploadFile', '29210', 'Uploaded new file: asd', '2020-12-08 10:15:42', NULL),
(93446, 222, 'createCarousel', '274', 'Created a new carousel linkedIn teszt', '2020-12-08 10:16:17', NULL),
(93447, 222, 'login', '222', 'User logged in', '2020-12-08 10:24:07', '{\"os\": \"Linux (64-bit)\", \"browser\": \"Google Chrome\", \"version\": \"87\", \"deviceType\": \"PC\"}'),
(93448, 222, 'modifyProfile', '222', 'Edited his profile', '2020-12-08 10:24:10', NULL),
(93449, 222, 'modifySocialSite', '525', 'Modified a page: Beans Master  Pééécs', '2020-12-08 10:32:43', NULL),
(93450, 222, 'modifyProfile', '222', 'Edited his profile', '2020-12-08 10:36:51', NULL),
(93451, 222, 'createTemplate', '31684', 'Created a new template for the following organizations: Testing, Szabi organization', '2020-12-08 11:28:30', NULL),
(93452, 222, 'login', '222', 'User logged in', '2020-12-08 12:14:24', '{\"os\": \"Linux (64-bit)\", \"browser\": \"Google Chrome\", \"version\": \"87\", \"deviceType\": \"PC\"}'),
(93453, 222, 'modifyProfile', '222', 'Edited his profile', '2020-12-08 12:14:28', NULL),
(93454, 222, 'deleteTemplate', '31684', 'Deleted post template which was created for the following organizations: Testing, Szabi organization', '2020-12-08 12:28:59', NULL),
(93455, 222, 'createTemplate', '31685', 'Created a new template for the following organizations: Testing', '2020-12-08 12:29:16', NULL),
(93456, 222, 'modifyTemplate', '31685', 'Modified template which is scheduled for the following organizations: Testing', '2020-12-08 12:29:21', NULL),
(93457, 222, 'modifyTemplate', '31685', 'Modified template which is scheduled for the following organizations: Testing', '2020-12-08 12:29:56', NULL),
(93458, 222, 'modifyTemplate', '31685', 'Modified template which is scheduled for the following organizations: Testing', '2020-12-08 12:31:49', NULL),
(93459, 222, 'modifyTemplate', '31685', 'Modified template which is scheduled for the following organizations: Testing', '2020-12-08 12:31:50', NULL),
(93460, 222, 'modifyTemplate', '31685', 'Modified template which is scheduled for the following organizations: Testing', '2020-12-08 12:33:33', NULL),
(93461, 222, 'modifyTemplate', '31685', 'Modified template which is scheduled for the following organizations: Testing', '2020-12-08 12:43:59', NULL),
(93462, 222, 'modifyTemplate', '31685', 'Modified template which is scheduled for the following organizations: Testing', '2020-12-08 12:57:49', NULL),
(93463, 222, 'modifyTemplate', '31685', 'Modified template which is scheduled for the following organizations: Testing', '2020-12-08 12:58:04', NULL),
(93464, 222, 'deleteTemplate', '31685', 'Deleted post template which was created for the following organizations: Testing', '2020-12-08 13:00:32', NULL),
(93465, 222, 'createTemplate', '31686', 'Created a new template for the following organizations: Testing', '2020-12-08 13:00:48', NULL),
(93466, 222, 'deleteTemplate', '31686', 'Deleted post template which was created for the following organizations: Testing', '2020-12-08 13:00:58', NULL),
(93467, 222, 'login', '222', 'User logged in', '2020-12-08 14:21:44', '{\"os\": \"Linux (64-bit)\", \"browser\": \"Google Chrome\", \"version\": \"84\", \"deviceType\": \"PC\"}'),
(93468, 222, 'modifyProfile', '222', 'Edited his profile', '2020-12-08 14:22:03', NULL),
(93469, 222, 'modifyDashboard', '105', 'Dashboard updated (Testing)', '2020-12-08 14:22:40', NULL),
(93470, 222, 'login', '222', 'User logged in', '2020-12-08 14:35:55', '{\"os\": \"Windows 10 (64-bit)\", \"browser\": \"Firefox\", \"version\": \"83\", \"deviceType\": \"PC\"}'),
(93471, 222, 'modifyProfile', '222', 'Edited his profile', '2020-12-08 14:35:57', NULL),
(93472, 222, 'modifyDashboard', '105', 'Dashboard updated (Testing)', '2020-12-08 14:42:47', NULL),
(93473, 222, 'modifyDashboard', '105', 'Dashboard updated (Testing)', '2020-12-08 14:42:55', NULL),
(93474, 222, 'modifyProfile', '222', 'Edited his profile', '2020-12-08 14:45:37', NULL),
(93475, 222, 'modifyProfile', '222', 'Edited his profile', '2020-12-08 14:45:39', NULL),
(93476, 222, 'createSocialSite', '610', 'Added a new group: Teszt  Csoport', '2020-12-08 15:10:46', NULL),
(93477, 222, 'deleteSocialSite', '610', 'Deleted a group: Teszt  Csoport', '2020-12-08 15:11:17', NULL),
(93478, 222, 'createSocialSite', '611', 'Added a new group: Teszt  Csoport', '2020-12-08 15:23:42', NULL),
(93479, 222, 'createSocialSite', '612', 'Added a new group: Teszt  Csoport', '2020-12-08 15:24:39', NULL),
(93480, 222, 'deleteSocialSite', '611', 'Deleted a group: Teszt  Csoport', '2020-12-08 15:24:44', NULL),
(93481, 222, 'modifySocialSite', '612', 'Modified a group: Teszt  Csoport', '2020-12-08 15:24:48', NULL),
(93482, 222, 'modifySocialSite', '612', 'Modified a group: Teszt  Csoport', '2020-12-08 15:25:36', NULL),
(93483, 222, 'deleteSocialSite', '612', 'Deleted a group: Teszt  Csoport', '2020-12-08 15:25:41', NULL),
(93484, 222, 'createSocialSite', '613', 'Added a new page: ThisIsTestCompany23 ', '2020-12-08 15:26:13', NULL),
(93485, 222, 'modifySocialSite', '613', 'Modified a page: ThisIsTestCompany23 ', '2020-12-08 15:26:50', NULL),
(93486, 222, 'deleteSocialSite', '613', 'Deleted a page: ThisIsTestCompany23 ', '2020-12-08 15:27:10', NULL),
(93487, 222, 'schedulePost', '27899', 'Scheduled a new post for the following site(s): Beans Master  London CSABI TESZTJE', '2020-12-08 15:42:48', NULL),
(93488, 222, 'deletePost', '27899', 'Deleted a post. It was scheduled for the following sites: Beans Master  London CSABI TESZTJE', '2020-12-08 15:42:57', NULL),
(93489, 222, 'changeStatusPost', '27900', 'Changed post status to Approved', '2020-12-08 15:50:01', NULL),
(93490, 222, 'deletePost', '27901', 'Deleted a post. It was scheduled for the following sites: Beans Master  London', '2020-12-08 15:56:27', NULL),
(93491, 222, 'deletePost', '27900', 'Deleted a post. It was scheduled for the following sites: Beans Master  London CSABI TESZTJE', '2020-12-08 15:58:16', NULL),
(93492, 222, 'login', '222', 'User logged in', '2020-12-08 15:59:19', '{\"os\": \"Linux (64-bit)\", \"browser\": \"Google Chrome\", \"version\": \"87\", \"deviceType\": \"PC\"}'),
(93493, 222, 'modifyProfile', '222', 'Edited his profile', '2020-12-08 15:59:20', NULL),
(93494, 222, 'modifyProfile', '222', 'Edited his profile', '2020-12-08 15:59:21', NULL),
(93495, 222, 'deletePost', '27902', 'Deleted a post. It was scheduled for the following sites: Beans Master  London', '2020-12-08 15:59:33', NULL),
(93496, 222, 'deletePost', '27903', 'Deleted a post. It was scheduled for the following sites: Beans Master  London CSABI TESZTJE', '2020-12-08 16:00:37', NULL),
(93497, 222, 'deleteFile', '29212', 'Deleted file: broken', '2020-12-08 16:00:42', NULL),
(93498, 222, 'changeStatusPost', '27905', 'Changed post status to Approved', '2020-12-08 16:10:42', NULL),
(93499, 222, 'deletePost', '27905', 'Deleted a post. It was scheduled for the following sites: Beans Master  London CSABI TESZTJE', '2020-12-08 16:10:50', NULL),
(93500, 222, 'changeStatusPost', '27870', 'Changed post status to Approved', '2020-12-08 16:12:02', NULL),
(93501, 222, 'deletePost', '27906', 'Deleted a post. It was scheduled for the following sites: Beans Master  London CSABI TESZTJE', '2020-12-08 16:12:09', NULL),
(93502, 222, 'deletePost', '27907', 'Deleted a post. It was scheduled for the following sites: Beans Master  London CSABI TESZTJE', '2020-12-08 16:17:10', NULL),
(93503, 222, 'login', '222', 'User logged in', '2020-12-08 16:23:10', '{\"os\": \"Mac OSX 10 (Unknown Version)\", \"browser\": \"Safari\", \"version\": \"13.12\", \"deviceType\": \"PC\"}'),
(93504, 222, 'modifyProfile', '222', 'Edited his profile', '2020-12-08 16:23:12', NULL),
(93505, 222, 'modifyProfile', '222', 'Edited his profile', '2020-12-08 16:23:13', NULL),
(93506, 222, 'deletePost', '27904', 'Deleted a post. It was scheduled for the following sites: Beans Master  London', '2020-12-08 16:57:38', NULL),
(93507, 222, 'deleteFile', '29213', 'Deleted file: broken', '2020-12-08 16:57:46', NULL),
(93508, 222, 'logout', '222', 'User Testing Admin logged out.', '2020-12-08 16:57:55', NULL),
(93509, 222, 'login', '222', 'User logged in', '2020-12-08 16:58:24', '{\"os\": \"Linux (64-bit)\", \"browser\": \"Google Chrome\", \"version\": \"84\", \"deviceType\": \"PC\"}'),
(93510, 222, 'modifyProfile', '222', 'Edited his profile', '2020-12-08 16:58:43', NULL),
(93511, 222, 'login', '222', 'User logged in', '2020-12-08 21:19:13', '{\"os\": \"Linux (64-bit)\", \"browser\": \"Google Chrome\", \"version\": \"84\", \"deviceType\": \"PC\"}'),
(93512, 222, 'modifyProfile', '222', 'Edited his profile', '2020-12-08 21:19:31', NULL),
(93513, 222, 'login', '222', 'User logged in', '2020-12-09 08:51:39', '{\"os\": \"Linux (64-bit)\", \"browser\": \"Google Chrome\", \"version\": \"87\", \"deviceType\": \"PC\"}'),
(93514, 222, 'modifyProfile', '222', 'Edited his profile', '2020-12-09 08:51:41', NULL),
(93522, 222, 'login', '222', 'User logged in', '2020-12-09 09:41:50', '{\"os\": \"Linux (64-bit)\", \"browser\": \"Google Chrome\", \"version\": \"87\", \"deviceType\": \"PC\"}'),
(93523, 222, 'modifyProfile', '222', 'Edited his profile', '2020-12-09 09:41:52', NULL),
(93524, 222, 'modifyProfile', '222', 'Edited his profile', '2020-12-09 09:41:53', NULL),
(93525, 222, 'logout', '222', 'User Testing Admin logged out.', '2020-12-09 09:43:19', NULL),
(93526, 120, 'login', '120', 'User logged in', '2020-12-09 09:43:25', '{\"os\": \"Linux (64-bit)\", \"browser\": \"Google Chrome\", \"version\": \"87\", \"deviceType\": \"PC\"}'),
(93527, 120, 'modifyProfile', '120', 'Edited his profile', '2020-12-09 09:43:28', NULL),
(93528, 120, 'logout', '120', 'User John Doe logged out.', '2020-12-09 09:49:48', NULL),
(93529, 422, 'login', '422', 'User logged in', '2020-12-09 09:49:55', '{\"os\": \"Linux (64-bit)\", \"browser\": \"Google Chrome\", \"version\": \"87\", \"deviceType\": \"PC\"}'),
(93530, 422, 'modifyProfile', '422', 'Edited his profile', '2020-12-09 09:49:58', NULL),
(93531, 222, 'createCategory', '4047', 'Created category with name: Valami Valami', '2020-12-09 09:50:12', NULL),
(93532, 422, 'deleteSocialSite', '519', 'Deleted a page: Erdei Danika Tesztel', '2020-12-09 09:50:39', NULL),
(93534, 422, 'modifyProfile', '422', 'Edited his profile', '2020-12-09 09:51:44', NULL),
(93535, 422, 'logout', '422', 'User John Doel logged out.', '2020-12-09 09:51:49', NULL),
(93536, 422, 'login', '422', 'User logged in', '2020-12-09 09:52:09', '{\"os\": \"Linux (64-bit)\", \"browser\": \"Google Chrome\", \"version\": \"87\", \"deviceType\": \"PC\"}'),
(93537, 422, 'modifyProfile', '422', 'Edited his profile', '2020-12-09 09:52:12', NULL),
(93538, 222, 'deleteCategory', '4047', 'Deleted category with name: Valami Valami', '2020-12-09 09:53:04', NULL),
(93539, 222, 'createCategory', '4048', 'Created category with name: Recco Business', '2020-12-09 09:53:21', NULL),
(93540, 422, 'createSocialSite', '614', 'Added a new page: Beans Master  Berlin', '2020-12-09 09:58:02', NULL),
(93541, 422, 'createSocialSite', '615', 'Added a new page: Beans Master  Budapest', '2020-12-09 09:58:02', NULL),
(93542, 422, 'createSocialSite', '616', 'Added a new page: Beans Master  London', '2020-12-09 09:58:02', NULL),
(93543, 422, 'createSocialSite', '617', 'Added a new page: Beans Master  Los Angeles', '2020-12-09 09:58:03', NULL),
(93544, 422, 'createSocialSite', '618', 'Added a new page: Beans Master  Manchester', '2020-12-09 09:58:03', NULL),
(93545, 422, 'createSocialSite', '619', 'Added a new page: Beans Master  New York', '2020-12-09 09:58:04', NULL),
(93546, 422, 'createSocialSite', '620', 'Added a new page: Beans Master  Perth', '2020-12-09 09:58:04', NULL),
(93547, 422, 'createSocialSite', '621', 'Added a new page: Beans Master  Pcs', '2020-12-09 09:58:05', NULL),
(93548, 222, 'createTemplate', '31687', 'Created a new template for the following organizations: Testing', '2020-12-09 09:59:49', NULL),
(93549, 222, 'modifyProfile', '222', 'Edited his profile', '2020-12-09 10:17:42', NULL),
(93550, 222, 'logout', '222', 'User Testing Admin logged out.', '2020-12-09 10:18:32', NULL),
(93551, 242, 'login', '242', 'User logged in', '2020-12-09 10:18:42', '{\"os\": \"Linux (64-bit)\", \"browser\": \"Google Chrome\", \"version\": \"87\", \"deviceType\": \"PC\"}'),
(93552, 242, 'modifyProfile', '242', 'Edited his profile', '2020-12-09 10:18:44', NULL),
(93553, 222, 'login', '222', 'User logged in', '2020-12-09 10:25:07', '{\"os\": \"Mac OSX 10 (Unknown Version)\", \"browser\": \"Safari\", \"version\": \"14.01\", \"deviceType\": \"PC\"}'),
(93554, 222, 'modifyProfile', '222', 'Edited his profile', '2020-12-09 10:25:12', NULL),
(93555, 222, 'modifyProfile', '222', 'Edited his profile', '2020-12-09 10:25:20', NULL),
(93556, 222, 'modifyProfile', '222', 'Edited his profile', '2020-12-09 10:27:05', NULL),
(93557, 242, 'createTemplate', '31688', 'Created a new template for the following organizations: Szabi organization', '2020-12-09 10:31:14', NULL),
(93558, 422, 'createSocialSite', '622', 'Added a new group: Teszt  Csoport', '2020-12-09 10:52:51', NULL),
(93559, 422, 'modifySocialSite', '622', 'Modified a group: Teszt  Csoport', '2020-12-09 10:52:57', NULL),
(93560, 242, 'modifyProfile', '242', 'Edited his profile', '2020-12-09 10:55:33', NULL),
(93561, 391, 'login', '391', 'User logged in', '2020-12-09 10:59:48', '{\"os\": \"Linux (64-bit)\", \"browser\": \"Google Chrome\", \"version\": \"87\", \"deviceType\": \"PC\"}'),
(93562, 391, 'modifyProfile', '391', 'Edited his profile', '2020-12-09 10:59:50', NULL),
(93563, 422, 'logout', '422', 'User John Doel logged out.', '2020-12-09 11:01:06', NULL),
(93564, 222, 'login', '222', 'User logged in', '2020-12-09 11:01:10', '{\"os\": \"Linux (64-bit)\", \"browser\": \"Google Chrome\", \"version\": \"87\", \"deviceType\": \"PC\"}'),
(93565, 222, 'modifyProfile', '222', 'Edited his profile', '2020-12-09 11:01:13', NULL),
(93566, 222, 'createTemplate', '31689', 'Created a new template for the following organizations: Testing, Szabi organization, Facebook Review', '2020-12-09 11:01:37', NULL),
(93567, 242, 'deleteTemplate', '31688', 'Deleted post template which was created for the following organizations: Szabi organization', '2020-12-09 11:05:22', NULL),
(93568, 222, 'modifyDashboard', '105', 'Dashboard updated (Testing)', '2020-12-09 11:07:23', NULL),
(93569, 242, 'logout', '242', 'User Testing Client logged out.', '2020-12-09 11:07:23', NULL),
(93570, 222, 'login', '222', 'User logged in', '2020-12-09 11:07:32', '{\"os\": \"Linux (64-bit)\", \"browser\": \"Google Chrome\", \"version\": \"87\", \"deviceType\": \"PC\"}'),
(93571, 222, 'modifyDashboard', '105', 'Dashboard updated (Testing)', '2020-12-09 11:07:33', NULL),
(93572, 222, 'modifyProfile', '222', 'Edited his profile', '2020-12-09 11:07:34', NULL),
(93573, 222, 'createTemplate', '31690', 'Created a new template for the following organizations: Testing', '2020-12-09 11:09:13', NULL),
(93574, 222, 'modifyProfile', '222', 'Edited his profile', '2020-12-09 11:46:58', NULL),
(93575, 222, 'createTemplate', '31691', 'Created a new template for the following organizations: Testing', '2020-12-09 11:56:16', NULL),
(93576, 222, 'deleteCategory', '4049', 'Deleted category with name: Technology ', '2020-12-09 11:56:36', NULL),
(93577, 222, 'schedulePost', '27910', 'Scheduled a new post for the following site(s): Beans Master  London CSABI TESZTJE', '2020-12-09 12:50:18', NULL),
(93578, 222, 'login', '222', 'User logged in', '2020-12-09 12:59:03', '{\"os\": \"Linux (64-bit)\", \"browser\": \"Google Chrome\", \"version\": \"87\", \"deviceType\": \"PC\"}'),
(93579, 222, 'modifyProfile', '222', 'Edited his profile', '2020-12-09 12:59:05', NULL),
(93580, 222, 'modifyProfile', '222', 'Edited his profile', '2020-12-09 12:59:07', NULL),
(93581, 222, 'login', '222', 'User logged in', '2020-12-09 13:23:36', '{\"os\": \"Linux (64-bit)\", \"browser\": \"Google Chrome\", \"version\": \"87\", \"deviceType\": \"PC\"}'),
(93582, 222, 'modifyProfile', '222', 'Edited his profile', '2020-12-09 13:23:39', NULL),
(93583, 222, 'login', '222', 'User logged in', '2020-12-09 14:30:16', '{\"os\": \"Mac OSX 10 (Unknown Version)\", \"browser\": \"Safari\", \"version\": \"14.01\", \"deviceType\": \"PC\"}'),
(93584, 222, 'modifyProfile', '222', 'Edited his profile', '2020-12-09 14:30:30', NULL),
(93585, 222, 'deleteCarousel', '274', 'Deleted carousel with name linkedIn teszt', '2020-12-09 14:36:51', NULL),
(93586, 222, 'deleteFile', '29210', 'Deleted file: asd', '2020-12-09 14:36:51', NULL),
(93587, 222, 'deleteFile', '29207', 'Deleted file: broken', '2020-12-09 14:36:51', NULL),
(93588, 222, 'login', '222', 'User logged in', '2020-12-09 14:39:23', '{\"os\": \"\", \"browser\": \"\", \"version\": \"\", \"deviceType\": \"unknown\"}'),
(93589, 222, 'login', '222', 'User logged in', '2020-12-09 21:10:08', '{\"os\": \"Mac OSX 10 (Unknown Version)\", \"browser\": \"Safari\", \"version\": \"14.01\", \"deviceType\": \"PC\"}'),
(93590, 222, 'modifyProfile', '222', 'Edited his profile', '2020-12-09 21:10:13', NULL),
(93591, 222, 'logout', '222', 'User Testing Admin logged out.', '2020-12-09 21:32:38', NULL),
(93592, 222, 'login', '222', 'User logged in', '2020-12-09 23:19:25', '{\"os\": \"Mac OSX 10 (Unknown Version)\", \"browser\": \"Safari\", \"version\": \"14.01\", \"deviceType\": \"PC\"}'),
(93593, 222, 'modifyProfile', '222', 'Edited his profile', '2020-12-09 23:19:29', NULL),
(93594, 222, 'deleteTemplate', '31692', 'Deleted post template which was created for the following organizations: Testing', '2020-12-09 23:22:55', NULL),
(93595, 222, 'deleteFile', '29215', 'Deleted file: Chew Toy', '2020-12-09 23:22:59', NULL),
(93596, 222, 'deleteTemplate', '31693', 'Deleted post template which was created for the following organizations: Testing', '2020-12-09 23:23:49', NULL),
(93597, 222, 'deleteFile', '29216', 'Deleted file: doctor', '2020-12-09 23:23:53', NULL),
(93598, 222, 'login', '222', 'User logged in', '2020-12-09 23:35:32', '{\"os\": \"Linux (64-bit)\", \"browser\": \"Google Chrome\", \"version\": \"84\", \"deviceType\": \"PC\"}'),
(93599, 222, 'modifyProfile', '222', 'Edited his profile', '2020-12-09 23:35:51', NULL),
(93600, 222, 'modifyProfile', '222', 'Edited his profile', '2020-12-10 00:19:56', NULL),
(93601, 222, 'login', '222', 'User logged in', '2020-12-10 08:58:25', '{\"os\": \"Linux (64-bit)\", \"browser\": \"Google Chrome\", \"version\": \"87\", \"deviceType\": \"PC\"}');
INSERT INTO `smd__activity` (`activityID`, `userID`, `objectType`, `objectID`, `summary`, `activityDate`, `meta`) VALUES
(93602, 222, 'modifyProfile', '222', 'Edited his profile', '2020-12-10 08:58:27', NULL),
(93603, 222, 'login', '222', 'User logged in', '2020-12-10 10:49:21', '{\"os\": \"\", \"browser\": \"\", \"version\": \"\", \"deviceType\": \"unknown\"}'),
(93604, 222, 'login', '222', 'User logged in', '2020-12-10 11:05:58', '{\"os\": \"Mac OSX 10 (Unknown Version)\", \"browser\": \"Safari\", \"version\": \"14.01\", \"deviceType\": \"PC\"}'),
(93605, 222, 'modifyProfile', '222', 'Edited his profile', '2020-12-10 11:06:00', NULL),
(93606, 222, 'modifyProfile', '222', 'Edited his profile', '2020-12-10 11:06:01', NULL),
(93607, 222, 'login', '222', 'User logged in', '2020-12-10 12:09:59', '{\"os\": \"Linux (64-bit)\", \"browser\": \"Google Chrome\", \"version\": \"84\", \"deviceType\": \"PC\"}'),
(93608, 222, 'modifyProfile', '222', 'Edited his profile', '2020-12-10 12:10:19', NULL),
(93609, 120, 'login', '120', 'User logged in', '2020-12-10 12:37:33', '{\"os\": \"Mac OSX 10 (Unknown Version)\", \"browser\": \"Google Chrome\", \"version\": \"86\", \"deviceType\": \"PC\"}'),
(93610, 120, 'modifyProfile', '120', 'Edited his profile', '2020-12-10 12:37:37', NULL),
(93611, 120, 'autoFeedPresetCreate', '53', 'Autofeed preset created: thursday 6:45am Offer', '2020-12-10 12:38:36', NULL),
(93612, 120, 'logout', '120', 'User John Doe logged out.', '2020-12-10 12:46:17', NULL),
(93613, 184, 'login', '184', 'User logged in', '2020-12-10 12:54:17', '{\"os\": \"Mac OSX 10 (Unknown Version)\", \"browser\": \"Google Chrome\", \"version\": \"86\", \"deviceType\": \"PC\"}'),
(93614, 184, 'modifyProfile', '184', 'Edited his profile', '2020-12-10 12:54:19', NULL),
(93615, 184, 'logout', '184', 'User Third Subscriber logged out.', '2020-12-10 12:54:55', NULL),
(93616, 115, 'login', '115', 'User logged in', '2020-12-10 12:55:05', '{\"os\": \"Mac OSX 10 (Unknown Version)\", \"browser\": \"Google Chrome\", \"version\": \"86\", \"deviceType\": \"PC\"}'),
(93617, 115, 'modifyProfile', '115', 'Edited his profile', '2020-12-10 12:55:08', NULL),
(93618, 115, 'logout', '115', 'User Demo Admin logged out.', '2020-12-10 12:55:13', NULL),
(93619, 182, 'login', '182', 'User logged in', '2020-12-10 12:55:20', '{\"os\": \"Mac OSX 10 (Unknown Version)\", \"browser\": \"Google Chrome\", \"version\": \"86\", \"deviceType\": \"PC\"}'),
(93620, 182, 'modifyProfile', '182', 'Edited his profile', '2020-12-10 12:55:24', NULL),
(93621, 222, 'createTemplate', '31694', 'Created a new template for the following organizations: Testing', '2020-12-10 12:56:39', NULL),
(93622, 222, 'deleteTemplate', '31694', 'Deleted post template which was created for the following organizations: Testing', '2020-12-10 12:57:03', NULL),
(93623, 182, 'logout', '182', 'User First Subscriber logged out.', '2020-12-10 13:04:50', NULL),
(93624, 61, 'login', '61', 'User logged in', '2020-12-10 13:05:10', '{\"os\": \"Mac OSX 10 (Unknown Version)\", \"browser\": \"Google Chrome\", \"version\": \"86\", \"deviceType\": \"PC\"}'),
(93625, 61, 'modifyProfile', '61', 'Edited his profile', '2020-12-10 13:05:13', NULL),
(93626, 61, 'logout', '61', 'User Tasi Andras logged out.', '2020-12-10 13:05:37', NULL),
(93627, 117, 'login', '117', 'User logged in', '2020-12-10 13:05:42', '{\"os\": \"Mac OSX 10 (Unknown Version)\", \"browser\": \"Google Chrome\", \"version\": \"86\", \"deviceType\": \"PC\"}'),
(93628, 117, 'modifyProfile', '117', 'Edited his profile', '2020-12-10 13:05:46', NULL),
(93629, 117, 'logout', '117', 'User Esemdee Admin logged out.', '2020-12-10 13:37:22', NULL),
(93630, 61, 'login', '61', 'User logged in', '2020-12-10 13:37:28', '{\"os\": \"Mac OSX 10 (Unknown Version)\", \"browser\": \"Google Chrome\", \"version\": \"86\", \"deviceType\": \"PC\"}'),
(93631, 61, 'modifyProfile', '61', 'Edited his profile', '2020-12-10 13:37:31', NULL),
(93632, 61, 'modifyProfile', '61', 'Edited his profile', '2020-12-10 13:37:46', NULL),
(93633, 61, 'createSocialSite', '623', 'Added a new page: Beans Master  San Francisco', '2020-12-10 13:38:47', NULL),
(93634, 61, 'modifySocialSite', '623', 'Modified a page: Beans Master  San Francisco valami', '2020-12-10 13:39:23', NULL),
(93635, 61, 'logout', '61', 'User Tasi Andras logged out.', '2020-12-10 13:39:35', NULL),
(93636, 117, 'login', '117', 'User logged in', '2020-12-10 13:39:40', '{\"os\": \"Mac OSX 10 (Unknown Version)\", \"browser\": \"Google Chrome\", \"version\": \"86\", \"deviceType\": \"PC\"}'),
(93637, 117, 'modifyProfile', '117', 'Edited his profile', '2020-12-10 13:39:44', NULL),
(93638, 117, 'logout', '117', 'User Esemdee Admin logged out.', '2020-12-10 13:39:50', NULL),
(93639, 184, 'login', '184', 'User logged in', '2020-12-10 13:39:57', '{\"os\": \"Mac OSX 10 (Unknown Version)\", \"browser\": \"Google Chrome\", \"version\": \"86\", \"deviceType\": \"PC\"}'),
(93640, 222, 'createTemplate', '31695', 'Created a new template for the following organizations: Testing', '2020-12-10 13:39:59', NULL),
(93641, 184, 'modifyProfile', '184', 'Edited his profile', '2020-12-10 13:40:00', NULL),
(93642, 184, 'modifySocialSite', '474', 'Modified a page: Beans Master - London 1234', '2020-12-10 13:40:21', NULL),
(93643, 222, 'modifyTemplate', '31695', 'Modified template which is scheduled for the following organizations: Testing', '2020-12-10 13:40:25', NULL),
(93644, 184, 'logout', '184', 'User Third Subscriber logged out.', '2020-12-10 13:40:48', NULL),
(93645, 115, 'login', '115', 'User logged in', '2020-12-10 13:40:55', '{\"os\": \"Mac OSX 10 (Unknown Version)\", \"browser\": \"Google Chrome\", \"version\": \"86\", \"deviceType\": \"PC\"}'),
(93646, 115, 'modifyProfile', '115', 'Edited his profile', '2020-12-10 13:40:58', NULL),
(93647, 115, 'modifySocialSite', '183', 'Modified a page: SMD Teszt 1234', '2020-12-10 13:41:23', NULL),
(93648, 222, 'deleteTemplate', '31695', 'Deleted post template which was created for the following organizations: Testing', '2020-12-10 13:41:29', NULL),
(93649, 115, 'modifySocialSite', '267', 'Modified a profile: Norbert Juhász personal', '2020-12-10 13:41:44', NULL),
(93650, 115, 'modifySocialSite', '552', 'Modified a profile: testsmd for test', '2020-12-10 13:42:00', NULL),
(93651, 222, 'login', '222', 'User logged in', '2020-12-10 13:49:44', '{\"os\": \"\", \"browser\": \"\", \"version\": \"\", \"deviceType\": \"unknown\"}'),
(93652, 115, 'logout', '115', 'User Demo Admin logged out.', '2020-12-10 14:04:47', NULL),
(93653, 117, 'login', '117', 'User logged in', '2020-12-10 14:05:12', '{\"os\": \"Mac OSX 10 (Unknown Version)\", \"browser\": \"Google Chrome\", \"version\": \"86\", \"deviceType\": \"PC\"}'),
(93654, 117, 'modifyProfile', '117', 'Edited his profile', '2020-12-10 14:05:16', NULL),
(93655, 222, 'login', '222', 'User logged in', '2020-12-10 14:10:48', '{\"os\": \"Linux (64-bit)\", \"browser\": \"Google Chrome\", \"version\": \"87\", \"deviceType\": \"PC\"}'),
(93656, 222, 'modifyProfile', '222', 'Edited his profile', '2020-12-10 14:10:51', NULL),
(93657, 117, 'logout', '117', 'User Esemdee Admin logged out.', '2020-12-10 14:11:04', NULL),
(93658, 222, 'modifyProfile', '222', 'Edited his profile', '2020-12-10 14:12:11', NULL),
(93659, 184, 'login', '184', 'User logged in', '2020-12-10 14:13:03', '{\"os\": \"Mac OSX 10 (Unknown Version)\", \"browser\": \"Google Chrome\", \"version\": \"86\", \"deviceType\": \"PC\"}'),
(93660, 184, 'modifyProfile', '184', 'Edited his profile', '2020-12-10 14:13:06', NULL),
(93661, 184, 'createSocialSite', '624', 'Added a new group: Beans Master  London group', '2020-12-10 14:13:44', NULL),
(93662, 184, 'logout', '184', 'User Third Subscriber logged out.', '2020-12-10 14:15:50', NULL),
(93663, 117, 'login', '117', 'User logged in', '2020-12-10 14:15:54', '{\"os\": \"Mac OSX 10 (Unknown Version)\", \"browser\": \"Google Chrome\", \"version\": \"86\", \"deviceType\": \"PC\"}'),
(93664, 117, 'modifyProfile', '117', 'Edited his profile', '2020-12-10 14:15:58', NULL),
(93665, 117, 'modifyDashboard', '67', 'Dashboard updated (Test Dashboard)', '2020-12-10 14:17:59', NULL),
(93666, 117, 'modifyDashboard', '67', 'Dashboard updated (Test Dashboard)', '2020-12-10 14:18:09', NULL),
(93667, 117, 'modifyDashboard', '67', 'Dashboard updated (Test Dashboard)', '2020-12-10 14:18:19', NULL),
(93668, 117, 'modifyDashboard', '67', 'Dashboard updated (Test Dashboard)', '2020-12-10 14:18:29', NULL),
(93669, 117, 'modifyProfile', '117', 'Edited his profile', '2020-12-10 14:21:12', NULL),
(93670, 117, 'logout', '117', 'User Esemdee Admin logged out.', '2020-12-10 14:24:24', NULL),
(93671, 184, 'login', '184', 'User logged in', '2020-12-10 14:25:22', '{\"os\": \"Mac OSX 10 (Unknown Version)\", \"browser\": \"Google Chrome\", \"version\": \"86\", \"deviceType\": \"PC\"}'),
(93672, 184, 'modifyProfile', '184', 'Edited his profile', '2020-12-10 14:25:24', NULL),
(93673, 184, 'modifyPost', '27854', 'Edited a post, which is scheduled for the following sites: Esemdee Test Company Page 1 on 2020-12-20 13:15:00', '2020-12-10 14:29:31', NULL),
(93674, 184, 'changeStatusPost', '27854', 'Changed post status to Approved', '2020-12-10 14:31:25', NULL),
(93675, 184, 'logout', '184', 'User Third Subscriber logged out.', '2020-12-10 14:33:41', NULL),
(93676, 117, 'login', '117', 'User logged in', '2020-12-10 14:33:45', '{\"os\": \"Mac OSX 10 (Unknown Version)\", \"browser\": \"Google Chrome\", \"version\": \"86\", \"deviceType\": \"PC\"}'),
(93677, 117, 'modifyProfile', '117', 'Edited his profile', '2020-12-10 14:33:50', NULL),
(93678, 117, 'logout', '117', 'User Esemdee Admin logged out.', '2020-12-10 14:34:33', NULL),
(93679, 115, 'login', '115', 'User logged in', '2020-12-10 14:34:53', '{\"os\": \"Mac OSX 10 (Unknown Version)\", \"browser\": \"Google Chrome\", \"version\": \"86\", \"deviceType\": \"PC\"}'),
(93680, 115, 'modifyProfile', '115', 'Edited his profile', '2020-12-10 14:34:56', NULL),
(93681, 115, 'logout', '115', 'User Demo Admin logged out.', '2020-12-10 14:34:58', NULL),
(93682, 117, 'login', '117', 'User logged in', '2020-12-10 14:35:02', '{\"os\": \"Mac OSX 10 (Unknown Version)\", \"browser\": \"Google Chrome\", \"version\": \"86\", \"deviceType\": \"PC\"}'),
(93683, 117, 'modifyProfile', '117', 'Edited his profile', '2020-12-10 14:35:07', NULL),
(93684, 222, 'deleteTemplate', '31691', 'Deleted post template which was created for the following organizations: Testing', '2020-12-10 15:00:51', NULL),
(93685, 222, 'rssGroupCreate', '34', 'RSS group created: Teszt group', '2020-12-10 15:05:36', NULL),
(93686, 222, 'rssFeedCreate', '85', 'RSS feed created: Teszt feed teszt grouphoz', '2020-12-10 15:06:16', NULL),
(93687, 222, 'rssFeedUpdate', '86', 'RSS feed updated: Teszt feed teszt grouphoz2', '2020-12-10 15:07:06', NULL),
(93688, 222, 'rssGroupUpdate', '34', 'RSS group updated: Teszt group', '2020-12-10 15:09:14', NULL),
(93689, 222, 'rssFeedUpdate', '87', 'RSS feed updated: Teszt feed teszt grouphoz23', '2020-12-10 15:09:23', NULL),
(93690, 222, 'rssFeedUpdate', '88', 'RSS feed updated: Teszt feed teszt grouphoz234', '2020-12-10 15:11:51', NULL),
(93693, 222, 'rssFeedRemove', '88', 'RSS feed removed: Teszt feed teszt grouphoz234', '2020-12-10 15:31:54', NULL),
(93694, 222, 'rssFeedCreate', '90', 'RSS feed created: Teszt feed teszt grouphoz', '2020-12-10 15:32:43', NULL),
(93695, 222, 'rssGroupUpdate', '34', 'RSS group updated: Teszt group', '2020-12-10 15:32:53', NULL),
(93696, 222, 'rssFeedUpdate', '91', 'RSS feed updated: Teszt feed teszt grouphoz2', '2020-12-10 15:34:02', NULL),
(93706, 222, 'rssFeedUpdate', '101', 'RSS feed updated: Teszt feed teszt grouphoz234', '2020-12-10 15:47:20', NULL),
(93707, 222, 'rssFeedCreate', '102', 'RSS feed created: Teszt feed teszt mégegy 1', '2020-12-10 15:48:38', NULL),
(93708, 222, 'rssGroupUpdate', '34', 'RSS group updated: Teszt group', '2020-12-10 15:48:46', NULL),
(93709, 222, 'rssFeedUpdate', '103', 'RSS feed updated: Teszt feed teszt mégegy 12', '2020-12-10 15:50:55', NULL),
(93710, 222, 'rssFeedUpdate', '91', 'RSS feed updated: Teszt feed teszt grouphoz2', '2020-12-10 15:51:13', NULL),
(93711, 222, 'rssGroupUpdate', '34', 'RSS group updated: Teszt group', '2020-12-10 15:52:16', NULL),
(93712, 222, 'rssFeedUpdate', '101', 'RSS feed updated: Teszt feed teszt grouphoz234', '2020-12-10 15:52:26', NULL),
(93713, 222, 'rssFeedUpdate', '102', 'RSS feed updated: Teszt feed teszt mégegy 1', '2020-12-10 15:52:44', NULL),
(93714, 222, 'rssFeedUpdate', '104', 'RSS feed updated: Teszt feed teszt grouphoz2345678', '2020-12-10 15:52:51', NULL),
(93715, 222, 'rssFeedUpdate', '103', 'RSS feed updated: Teszt feed teszt mégegy 12', '2020-12-10 15:53:08', NULL),
(93716, 117, 'login', '117', 'User logged in', '2020-12-10 16:14:19', '{\"os\": \"Linux (64-bit)\", \"browser\": \"Google Chrome\", \"version\": \"87\", \"deviceType\": \"PC\"}'),
(93717, 117, 'modifyProfile', '117', 'Edited his profile', '2020-12-10 16:14:23', NULL),
(93718, 222, 'logout', '222', 'User Testing Admin logged out.', '2020-12-10 16:16:59', NULL),
(93719, 117, 'logout', '117', 'User Esemdee Admin logged out.', '2020-12-10 16:17:15', NULL),
(93720, 222, 'login', '222', 'User logged in', '2020-12-10 16:17:27', '{\"os\": \"Linux (64-bit)\", \"browser\": \"Google Chrome\", \"version\": \"87\", \"deviceType\": \"PC\"}'),
(93721, 222, 'modifyProfile', '222', 'Edited his profile', '2020-12-10 16:17:30', NULL),
(93722, 222, 'logout', '222', 'User Testing Admin logged out.', '2020-12-10 16:17:50', NULL),
(93723, 242, 'login', '242', 'User logged in', '2020-12-10 16:17:55', '{\"os\": \"Linux (64-bit)\", \"browser\": \"Google Chrome\", \"version\": \"87\", \"deviceType\": \"PC\"}'),
(93724, 242, 'modifyProfile', '242', 'Edited his profile', '2020-12-10 16:17:58', NULL),
(93725, 222, 'login', '222', 'User logged in', '2020-12-10 16:18:20', '{\"os\": \"Linux (64-bit)\", \"browser\": \"Google Chrome\", \"version\": \"87\", \"deviceType\": \"PC\"}'),
(93726, 222, 'modifyProfile', '222', 'Edited his profile', '2020-12-10 16:18:21', NULL),
(93727, 222, 'login', '222', 'User logged in', '2020-12-10 22:37:29', '{\"os\": \"Mac OSX 10 (Unknown Version)\", \"browser\": \"Safari\", \"version\": \"14.01\", \"deviceType\": \"PC\"}'),
(93728, 222, 'modifyProfile', '222', 'Edited his profile', '2020-12-10 22:37:31', NULL),
(93729, 222, 'modifyProfile', '222', 'Edited his profile', '2020-12-10 22:37:31', NULL),
(93730, 222, 'modifyProfile', '222', 'Edited his profile', '2020-12-10 22:37:45', NULL),
(93731, 222, 'modifyProfile', '222', 'Edited his profile', '2020-12-10 22:37:46', NULL),
(93732, 222, 'login', '222', 'User logged in', '2020-12-10 22:38:48', '{\"os\": \"Mac OSX 10 (Unknown Version)\", \"browser\": \"Safari\", \"version\": \"14.01\", \"deviceType\": \"PC\"}'),
(93733, 222, 'modifyProfile', '222', 'Edited his profile', '2020-12-10 22:38:50', NULL),
(93734, 222, 'modifyProfile', '222', 'Edited his profile', '2020-12-10 22:38:52', NULL),
(93735, 222, 'login', '222', 'User logged in', '2020-12-10 22:48:40', '{\"os\": \"Mac OSX 10 (Unknown Version)\", \"browser\": \"Safari\", \"version\": \"14.01\", \"deviceType\": \"PC\"}'),
(93736, 222, 'modifyProfile', '222', 'Edited his profile', '2020-12-10 22:48:44', NULL),
(93737, 222, 'modifyProfile', '222', 'Edited his profile', '2020-12-10 22:59:11', NULL),
(93738, 222, 'modifyProfile', '222', 'Edited his profile', '2020-12-10 22:59:11', NULL),
(93739, 222, 'modifyProfile', '222', 'Edited his profile', '2020-12-10 23:06:32', NULL),
(93740, 222, 'modifyProfile', '222', 'Edited his profile', '2020-12-10 23:26:20', NULL),
(93741, 222, 'login', '222', 'User logged in', '2020-12-10 23:35:31', '{\"os\": \"Unknown Operating System\", \"browser\": \"Google Chrome\", \"version\": \"87\", \"deviceType\": \"PC\"}'),
(93742, 222, 'modifyProfile', '222', 'Edited his profile', '2020-12-10 23:35:36', NULL),
(93743, 222, 'login', '222', 'User logged in', '2020-12-10 23:46:45', '{\"os\": \"Mac OSX 10 (Unknown Version)\", \"browser\": \"Safari\", \"version\": \"14.01\", \"deviceType\": \"PC\"}'),
(93744, 222, 'modifyProfile', '222', 'Edited his profile', '2020-12-10 23:46:50', NULL),
(93745, 222, 'modifyProfile', '222', 'Edited his profile', '2020-12-10 23:51:30', NULL),
(93746, 222, 'modifyProfile', '222', 'Edited his profile', '2020-12-10 23:51:31', NULL),
(93747, 222, 'modifyProfile', '222', 'Edited his profile', '2020-12-10 23:52:30', NULL),
(93748, 222, 'modifyProfile', '222', 'Edited his profile', '2020-12-11 00:05:14', NULL),
(93749, 222, 'login', '222', 'User logged in', '2020-12-11 00:10:55', '{\"os\": \"Mac OSX 10 (Unknown Version)\", \"browser\": \"Safari\", \"version\": \"13.12\", \"deviceType\": \"PC\"}'),
(93750, 222, 'modifyProfile', '222', 'Edited his profile', '2020-12-11 00:10:58', NULL),
(93751, 222, 'modifyProfile', '222', 'Edited his profile', '2020-12-11 00:18:21', NULL),
(93752, 222, 'modifyProfile', '222', 'Edited his profile', '2020-12-11 00:19:43', NULL),
(93753, 222, 'modifyProfile', '222', 'Edited his profile', '2020-12-11 00:26:00', NULL),
(93754, 222, 'login', '222', 'User logged in', '2020-12-11 09:23:48', '{\"os\": \"Linux (64-bit)\", \"browser\": \"Google Chrome\", \"version\": \"87\", \"deviceType\": \"PC\"}'),
(93755, 222, 'modifyProfile', '222', 'Edited his profile', '2020-12-11 09:23:50', NULL),
(93756, 222, 'login', '222', 'User logged in', '2020-12-11 11:02:44', '{\"os\": \"Mac OSX 10 (Unknown Version)\", \"browser\": \"Safari\", \"version\": \"14.01\", \"deviceType\": \"PC\"}'),
(93757, 222, 'modifyProfile', '222', 'Edited his profile', '2020-12-11 11:02:48', NULL),
(93758, 222, 'uploadFile', '29227', 'Uploaded new file: adw', '2020-12-11 13:07:00', NULL),
(93759, 222, 'createTemplate', '31696', 'Created a new template for the following organizations: Testing', '2020-12-11 13:07:14', NULL),
(93760, 222, 'deleteTemplate', '31696', 'Deleted post template which was created for the following organizations: Testing', '2020-12-11 13:07:27', NULL),
(93761, 222, 'deleteFile', '29227', 'Deleted file: adw', '2020-12-11 13:07:32', NULL),
(93762, 222, 'login', '222', 'User logged in', '2020-12-11 13:26:56', '{\"os\": \"Linux (64-bit)\", \"browser\": \"Google Chrome\", \"version\": \"84\", \"deviceType\": \"PC\"}'),
(93763, 222, 'modifyProfile', '222', 'Edited his profile', '2020-12-11 13:27:00', NULL),
(93764, 222, 'createTemplate', '31697', 'Created a new template for the following organizations: Testing', '2020-12-11 13:29:48', NULL),
(93765, 222, 'deleteTemplate', '31697', 'Deleted post template which was created for the following organizations: Testing', '2020-12-11 13:30:18', NULL),
(93766, 222, 'login', '222', 'User logged in', '2020-12-11 13:30:58', '{\"os\": \"Linux (64-bit)\", \"browser\": \"Google Chrome\", \"version\": \"87\", \"deviceType\": \"PC\"}'),
(93767, 222, 'modifyProfile', '222', 'Edited his profile', '2020-12-11 13:31:01', NULL),
(93768, 222, 'login', '222', 'User logged in', '2020-12-11 13:50:16', '{\"os\": \"Windows 10 (64-bit)\", \"browser\": \"Google Chrome\", \"version\": \"87\", \"deviceType\": \"PC\"}'),
(93769, 222, 'modifyProfile', '222', 'Edited his profile', '2020-12-11 13:50:18', NULL),
(93770, 222, 'modifyProfile', '222', 'Edited his profile', '2020-12-11 14:40:37', NULL),
(93771, 222, 'modifyUser', '242', NULL, '2020-12-11 14:41:04', NULL),
(93772, 222, 'logout', '222', 'User Testing Admin logged out.', '2020-12-11 14:41:14', NULL),
(93773, 242, 'login', '242', 'User logged in', '2020-12-11 14:41:21', '{\"os\": \"Linux (64-bit)\", \"browser\": \"Google Chrome\", \"version\": \"87\", \"deviceType\": \"PC\"}'),
(93774, 242, 'modifyProfile', '242', 'Edited his profile', '2020-12-11 14:41:24', NULL),
(93775, 242, 'modifyProfile', '242', 'Edited his profile', '2020-12-11 15:07:21', NULL),
(93776, 242, 'login', '242', 'User logged in', '2020-12-11 15:07:34', '{\"os\": \"Linux (64-bit)\", \"browser\": \"Google Chrome\", \"version\": \"87\", \"deviceType\": \"PC\"}'),
(93777, 242, 'modifyProfile', '242', 'Edited his profile', '2020-12-11 15:07:36', NULL),
(93778, 242, 'logout', '242', 'User Testing Client logged out.', '2020-12-11 15:08:00', NULL),
(93779, 222, 'login', '222', 'User logged in', '2020-12-11 15:08:12', '{\"os\": \"Linux (64-bit)\", \"browser\": \"Google Chrome\", \"version\": \"87\", \"deviceType\": \"PC\"}'),
(93780, 222, 'modifyProfile', '222', 'Edited his profile', '2020-12-11 15:08:14', NULL),
(93781, 222, 'uploadFile', '29228', 'Uploaded new file: teszt', '2020-12-11 15:45:43', NULL),
(93782, 222, 'instantPost', '27936', 'Instantly posted for the following site(s): SMD - Test', '2020-12-11 15:46:29', NULL),
(93783, 222, 'instantPost', '27937', 'Instantly posted for the following site(s): SMD - Test', '2020-12-11 15:46:48', NULL),
(93784, 222, 'login', '222', 'User logged in', '2020-12-11 15:54:53', '{\"os\": \"Linux (64-bit)\", \"browser\": \"Firefox\", \"version\": \"83\", \"deviceType\": \"PC\"}'),
(93785, 222, 'modifyProfile', '222', 'Edited his profile', '2020-12-11 15:54:55', NULL),
(93786, 222, 'instantPost', '27938', 'Instantly posted for the following site(s): SMD - Test', '2020-12-11 15:55:26', NULL),
(93787, 222, 'uploadFile', '29229', 'Uploaded new file: teszt2', '2020-12-11 15:56:02', NULL),
(93788, 222, 'uploadFile', '29230', 'Uploaded new file: teszt3', '2020-12-11 15:56:02', NULL),
(93789, 222, 'instantPost', '27939', 'Instantly posted for the following site(s): SMD - Test', '2020-12-11 15:56:42', NULL),
(93790, 222, 'createTemplate', '31698', 'Created a new template for the following organizations: Testing', '2020-12-11 15:57:40', NULL),
(93791, 222, 'instantPost', '27940', 'Instantly posted for the following site(s): SMD - Test', '2020-12-11 15:58:08', NULL),
(93792, 222, 'login', '222', 'User logged in', '2020-12-11 15:58:32', '{\"os\": \"Linux (64-bit)\", \"browser\": \"Google Chrome\", \"version\": \"84\", \"deviceType\": \"PC\"}'),
(93793, 222, 'modifyProfile', '222', 'Edited his profile', '2020-12-11 15:58:51', NULL),
(93794, 222, 'instantPost', '27941', 'Instantly posted for the following site(s): SMD - Test', '2020-12-11 16:03:44', NULL),
(93795, 222, 'instantPost', '27942', 'Instantly posted for the following site(s): SMD - Test', '2020-12-11 16:06:53', NULL),
(93796, 222, 'login', '222', 'User logged in', '2020-12-11 16:09:11', '{\"os\": \"Linux (64-bit)\", \"browser\": \"Google Chrome\", \"version\": \"87\", \"deviceType\": \"PC\"}'),
(93797, 222, 'modifyProfile', '222', 'Edited his profile', '2020-12-11 16:09:14', NULL),
(93798, 222, 'login', '222', 'User logged in', '2020-12-14 08:41:04', '{\"os\": \"Linux (64-bit)\", \"browser\": \"Google Chrome\", \"version\": \"87\", \"deviceType\": \"PC\"}'),
(93799, 222, 'modifyProfile', '222', 'Edited his profile', '2020-12-14 08:41:05', NULL),
(93800, 222, 'modifyProfile', '222', 'Edited his profile', '2020-12-14 08:41:08', NULL),
(93801, 222, 'login', '222', 'User logged in', '2020-12-14 09:09:20', '{\"os\": \"Linux (64-bit)\", \"browser\": \"Google Chrome\", \"version\": \"87\", \"deviceType\": \"PC\"}'),
(93802, 222, 'modifyProfile', '222', 'Edited his profile', '2020-12-14 09:09:24', NULL),
(93803, 222, 'logout', '222', 'User Testing Admin logged out.', '2020-12-14 09:11:05', NULL),
(93804, 117, 'login', '117', 'User logged in', '2020-12-14 09:11:10', '{\"os\": \"Linux (64-bit)\", \"browser\": \"Google Chrome\", \"version\": \"87\", \"deviceType\": \"PC\"}'),
(93805, 117, 'modifyProfile', '117', 'Edited his profile', '2020-12-14 09:11:17', NULL),
(93806, 222, 'login', '222', 'User logged in', '2020-12-14 09:42:01', '{\"os\": \"Linux (64-bit)\", \"browser\": \"Google Chrome\", \"version\": \"84\", \"deviceType\": \"PC\"}'),
(93807, 222, 'modifyProfile', '222', 'Edited his profile', '2020-12-14 09:42:20', NULL),
(93808, 222, 'modifySocialSite', '555', 'Modified a profile: testsmd ezaz', '2020-12-14 10:57:18', NULL),
(93809, 222, 'instantPost', '27945', 'Instantly posted for the following site(s): testsmd ezaz', '2020-12-14 10:59:06', NULL),
(93810, 222, 'deletePost', '27945', 'Deleted a post. It was scheduled for the following sites: testsmd ezaz', '2020-12-14 11:13:18', NULL),
(93811, 222, 'deletePost', '27944', 'Deleted a post. It was scheduled for the following sites: testsmd ezaz', '2020-12-14 11:13:24', NULL),
(93812, 222, 'deletePost', '27943', 'Deleted a post. It was scheduled for the following sites: testsmd ezaz', '2020-12-14 11:13:30', NULL),
(93813, 117, 'login', '117', 'User logged in', '2020-12-14 11:18:28', '{\"os\": \"Linux (64-bit)\", \"browser\": \"Google Chrome\", \"version\": \"87\", \"deviceType\": \"PC\"}'),
(93814, 117, 'modifyProfile', '117', 'Edited his profile', '2020-12-14 11:18:32', NULL),
(93815, 117, 'logout', '117', 'User Esemdee Admin logged out.', '2020-12-14 11:19:03', NULL),
(93816, 422, 'login', '422', 'User logged in', '2020-12-14 11:20:20', '{\"os\": \"Linux (64-bit)\", \"browser\": \"Google Chrome\", \"version\": \"87\", \"deviceType\": \"PC\"}'),
(93817, 422, 'modifyProfile', '422', 'Edited his profile', '2020-12-14 11:20:24', NULL),
(93818, 422, 'logout', '422', 'User John Doel logged out.', '2020-12-14 11:20:33', NULL),
(93819, 120, 'login', '120', 'User logged in', '2020-12-14 11:20:42', '{\"os\": \"Linux (64-bit)\", \"browser\": \"Google Chrome\", \"version\": \"87\", \"deviceType\": \"PC\"}'),
(93820, 120, 'modifyProfile', '120', 'Edited his profile', '2020-12-14 11:20:45', NULL),
(93821, 120, 'logout', '120', 'User John Doe logged out.', '2020-12-14 11:21:45', NULL),
(93822, 117, 'login', '117', 'User logged in', '2020-12-14 11:21:49', '{\"os\": \"Linux (64-bit)\", \"browser\": \"Google Chrome\", \"version\": \"87\", \"deviceType\": \"PC\"}'),
(93823, 117, 'modifyProfile', '117', 'Edited his profile', '2020-12-14 11:21:53', NULL),
(93824, 117, 'logout', '117', 'User Esemdee Admin logged out.', '2020-12-14 11:42:04', NULL),
(93825, 222, 'login', '222', 'User logged in', '2020-12-14 11:42:08', '{\"os\": \"Linux (64-bit)\", \"browser\": \"Google Chrome\", \"version\": \"87\", \"deviceType\": \"PC\"}'),
(93826, 222, 'modifyProfile', '222', 'Edited his profile', '2020-12-14 11:42:10', NULL),
(93827, 222, 'schedulePost', '27946', 'Scheduled a new post for the following site(s): Beans Master  London', '2020-12-14 11:44:41', NULL),
(93828, 222, 'schedulePost', '27947', 'Scheduled a new post for the following site(s): Beans Master  Berlin (NEW)', '2020-12-14 12:16:04', NULL),
(93829, 222, 'modifyPost', '27947', 'Edited a post, which is scheduled for the following sites: Beans Master  Berlin (NEW) on 2020-12-30 11:55:00', '2020-12-14 12:19:01', NULL),
(93830, 222, 'modifyPost', '27947', 'Edited a post, which is scheduled for the following sites: Beans Master  Berlin (NEW) on 2020-12-30 11:55:00', '2020-12-14 12:19:32', NULL),
(93831, 222, 'schedulePost', '27948', 'Scheduled a new post for the following site(s): Beans Master  Berlin (NEW), Beans Master  Berlin (NEW), Beans Master  Berlin (NEW), Beans Master  Berlin (NEW), Beans Master  Berlin (NEW)', '2020-12-14 12:24:13', NULL),
(93832, 222, 'modifyPartner', '159', 'Modified partner: CsabiTestPartnere', '2020-12-14 12:39:38', NULL),
(93833, 222, 'createPartner', '181', 'Created new partner: aronteszt', '2020-12-14 12:41:11', NULL),
(93834, 222, 'logout', '222', 'User Testing Admin logged out.', '2020-12-14 12:42:38', NULL),
(93835, 429, 'login', '429', 'User logged in', '2020-12-14 12:42:54', '{\"os\": \"Linux (64-bit)\", \"browser\": \"Google Chrome\", \"version\": \"84\", \"deviceType\": \"PC\"}'),
(93836, 429, 'modifyProfile', '429', 'Edited his profile', '2020-12-14 12:43:08', NULL),
(93837, 429, 'login', '429', 'User logged in', '2020-12-14 13:49:04', '{\"os\": \"Linux (64-bit)\", \"browser\": \"Google Chrome\", \"version\": \"84\", \"deviceType\": \"PC\"}'),
(93838, 429, 'modifyProfile', '429', 'Edited his profile', '2020-12-14 13:49:18', NULL),
(93839, 429, 'modifyProfile', '429', 'Edited his profile', '2020-12-14 13:49:18', NULL),
(93840, 429, 'login', '429', 'User logged in', '2020-12-14 13:53:50', '{\"os\": \"Windows 10 (64-bit)\", \"browser\": \"Google Chrome\", \"version\": \"87\", \"deviceType\": \"PC\"}'),
(93841, 429, 'modifyProfile', '429', 'Edited his profile', '2020-12-14 13:53:51', NULL),
(93842, 222, 'instantPost', '27952', 'Instantly posted for the following site(s): testsmd ezaz', '2020-12-14 13:56:37', NULL),
(93843, 222, 'modifyProfile', '222', 'Edited his profile', '2020-12-14 14:04:42', NULL),
(93844, 222, 'modifyProfile', '222', 'Edited his profile', '2020-12-14 14:25:47', NULL),
(93845, 222, 'modifyProfile', '222', 'Edited his profile', '2020-12-14 14:25:48', NULL),
(93846, 222, 'modifyProfile', '222', 'Edited his profile', '2020-12-14 14:25:50', NULL),
(93847, 222, 'modifyProfile', '222', 'Edited his profile', '2020-12-14 14:26:31', NULL),
(93848, 222, 'modifyProfile', '222', 'Edited his profile', '2020-12-14 14:32:39', NULL),
(93849, 222, 'modifyProfile', '222', 'Edited his profile', '2020-12-14 14:32:41', NULL),
(93850, 222, 'modifyProfile', '222', 'Edited his profile', '2020-12-14 14:32:55', NULL),
(93851, 222, 'modifyProfile', '222', 'Edited his profile', '2020-12-14 14:32:56', NULL),
(93852, 222, 'modifyProfile', '222', 'Edited his profile', '2020-12-14 14:33:07', NULL),
(93853, 222, 'login', '222', 'User logged in', '2020-12-14 15:12:01', '{\"os\": \"Linux (64-bit)\", \"browser\": \"Google Chrome\", \"version\": \"87\", \"deviceType\": \"PC\"}'),
(93854, 222, 'modifyProfile', '222', 'Edited his profile', '2020-12-14 15:12:04', NULL),
(93855, 429, 'modifyProfile', '429', 'Edited his profile', '2020-12-14 15:16:22', NULL),
(93856, 222, 'logout', '222', 'User Testing Admin logged out.', '2020-12-14 15:18:25', NULL),
(93857, 429, 'logout', '429', 'User aron teszt logged out.', '2020-12-14 15:18:43', NULL),
(93858, 222, 'login', '222', 'User logged in', '2020-12-14 15:18:51', '{\"os\": \"Windows 10 (64-bit)\", \"browser\": \"Google Chrome\", \"version\": \"87\", \"deviceType\": \"PC\"}'),
(93859, 222, 'modifyProfile', '222', 'Edited his profile', '2020-12-14 15:18:53', NULL),
(93860, 222, 'modifyProfile', '222', 'Edited his profile', '2020-12-14 15:18:53', NULL),
(93861, 222, 'logout', '222', 'User Testing Admin logged out.', '2020-12-14 15:27:17', NULL),
(93862, 429, 'login', '429', 'User logged in', '2020-12-14 15:27:27', '{\"os\": \"Windows 10 (64-bit)\", \"browser\": \"Google Chrome\", \"version\": \"87\", \"deviceType\": \"PC\"}'),
(93863, 429, 'modifyProfile', '429', 'Edited his profile', '2020-12-14 15:27:28', NULL),
(93864, 429, 'logout', '429', 'User aron teszt logged out.', '2020-12-14 15:34:08', NULL),
(93865, 222, 'login', '222', 'User logged in', '2020-12-14 15:34:14', '{\"os\": \"Windows 10 (64-bit)\", \"browser\": \"Google Chrome\", \"version\": \"87\", \"deviceType\": \"PC\"}'),
(93866, 222, 'modifyProfile', '222', 'Edited his profile', '2020-12-14 15:34:17', NULL),
(93867, 429, 'logout', '429', 'User aron teszt logged out.', '2020-12-14 15:40:06', NULL),
(93868, 222, 'login', '222', 'User logged in', '2020-12-14 15:40:22', '{\"os\": \"Linux (64-bit)\", \"browser\": \"Google Chrome\", \"version\": \"84\", \"deviceType\": \"PC\"}'),
(93869, 222, 'modifyProfile', '222', 'Edited his profile', '2020-12-14 15:40:41', NULL),
(93870, 222, 'login', '222', 'User logged in', '2020-12-15 08:53:22', '{\"os\": \"Linux (64-bit)\", \"browser\": \"Google Chrome\", \"version\": \"87\", \"deviceType\": \"PC\"}'),
(93871, 222, 'modifyProfile', '222', 'Edited his profile', '2020-12-15 08:53:24', NULL),
(93872, 222, 'modifyProfile', '222', 'Edited his profile', '2020-12-15 09:17:29', NULL),
(93873, 222, 'modifySocialSite', '581', 'Modified a page: Beans Master  Pcs - Csabi új app', '2020-12-15 09:41:45', NULL),
(93874, 222, 'modifySocialSite', '581', 'Modified a page: Beans Master  Pcs - Csabi új app', '2020-12-15 09:42:01', NULL),
(93875, 222, 'modifySocialSite', '581', 'Modified a page: Beans Master  Pcs - Csabi új app', '2020-12-15 09:42:48', NULL),
(93876, 222, 'modifySocialSite', '581', 'Modified a page: Beans Master  Pcs - Csabi új app', '2020-12-15 09:42:57', NULL),
(93877, 222, 'modifySocialSite', '581', 'Modified a page: Beans Master  Pcs - Csabi új app', '2020-12-15 09:43:10', NULL),
(93878, 222, 'login', '222', 'User logged in', '2020-12-15 13:06:35', '{\"os\": \"Windows 10 (64-bit)\", \"browser\": \"Google Chrome\", \"version\": \"87\", \"deviceType\": \"PC\"}'),
(93879, 222, 'modifyProfile', '222', 'Edited his profile', '2020-12-15 13:06:37', NULL),
(93880, 301, 'login', '301', 'User logged in', '2020-12-15 14:35:26', '{\"os\": \"Mac OSX 10 (Unknown Version)\", \"browser\": \"Google Chrome\", \"version\": \"86\", \"deviceType\": \"PC\"}'),
(93881, 301, 'modifyProfile', '301', 'Edited his profile', '2020-12-15 14:35:30', NULL),
(93882, 301, 'modifyProfile', '301', 'Edited his profile', '2020-12-15 14:35:44', NULL),
(93883, 301, 'modifyProfile', '301', 'Edited his profile', '2020-12-15 14:35:46', NULL),
(93884, 301, 'logout', '301', 'User Fourth Subscriber logged out.', '2020-12-15 14:36:06', NULL),
(93885, 184, 'login', '184', 'User logged in', '2020-12-15 14:36:36', '{\"os\": \"Mac OSX 10 (Unknown Version)\", \"browser\": \"Google Chrome\", \"version\": \"86\", \"deviceType\": \"PC\"}'),
(93886, 184, 'modifyProfile', '184', 'Edited his profile', '2020-12-15 14:36:41', NULL),
(93887, 184, 'modifyPartner', '62', 'Modified partner: Third Subscriber Ltd.', '2020-12-15 14:37:03', NULL),
(93888, 184, 'modifyPartner', '62', 'Modified partner: Third Subscriber Ltd.', '2020-12-15 14:37:18', NULL),
(93889, 184, 'logout', '184', 'User Third Subscriber logged out.', '2020-12-15 14:37:53', NULL),
(93890, 184, 'login', '184', 'User logged in', '2020-12-15 14:37:57', '{\"os\": \"Mac OSX 10 (Unknown Version)\", \"browser\": \"Google Chrome\", \"version\": \"86\", \"deviceType\": \"PC\"}'),
(93891, 184, 'modifyProfile', '184', 'Edited his profile', '2020-12-15 14:38:02', NULL),
(93892, 184, 'logout', '184', 'User Third Subscriber logged out.', '2020-12-15 14:38:40', NULL),
(93893, 301, 'login', '301', 'User logged in', '2020-12-15 14:38:45', '{\"os\": \"Mac OSX 10 (Unknown Version)\", \"browser\": \"Google Chrome\", \"version\": \"86\", \"deviceType\": \"PC\"}'),
(93894, 301, 'modifyProfile', '301', 'Edited his profile', '2020-12-15 14:38:48', NULL),
(93895, 301, 'logout', '301', 'User Fourth Subscriber logged out.', '2020-12-15 14:39:06', NULL),
(93896, 222, 'login', '222', 'User logged in', '2020-12-15 14:39:17', '{\"os\": \"Linux (64-bit)\", \"browser\": \"Google Chrome\", \"version\": \"87\", \"deviceType\": \"PC\"}'),
(93897, 222, 'modifyProfile', '222', 'Edited his profile', '2020-12-15 14:39:20', NULL),
(93898, 184, 'login', '184', 'User logged in', '2020-12-15 14:39:20', '{\"os\": \"Mac OSX 10 (Unknown Version)\", \"browser\": \"Google Chrome\", \"version\": \"86\", \"deviceType\": \"PC\"}'),
(93899, 184, 'modifyProfile', '184', 'Edited his profile', '2020-12-15 14:39:27', NULL),
(93900, 184, 'modifyProfile', '184', 'Edited his profile', '2020-12-15 14:40:44', NULL),
(93901, 184, 'modifyProfile', '184', 'Edited his profile', '2020-12-15 14:40:49', NULL),
(93902, 184, 'logout', '184', 'User Third Subscriber logged out.', '2020-12-15 14:42:30', NULL),
(93903, 115, 'login', '115', 'User logged in', '2020-12-15 14:43:20', '{\"os\": \"Mac OSX 10 (Unknown Version)\", \"browser\": \"Google Chrome\", \"version\": \"86\", \"deviceType\": \"PC\"}'),
(93904, 115, 'modifyProfile', '115', 'Edited his profile', '2020-12-15 14:43:24', NULL),
(93905, 115, 'modifyProfile', '115', 'Edited his profile', '2020-12-15 14:43:35', NULL),
(93906, 115, 'modifyProfile', '115', 'Edited his profile', '2020-12-15 14:43:39', NULL),
(93907, 115, 'logout', '115', 'User Demo Admin logged out.', '2020-12-15 14:44:13', NULL),
(93908, 115, 'login', '115', 'User logged in', '2020-12-15 14:44:23', '{\"os\": \"Mac OSX 10 (Unknown Version)\", \"browser\": \"Google Chrome\", \"version\": \"86\", \"deviceType\": \"PC\"}'),
(93909, 115, 'modifyProfile', '115', 'Edited his profile', '2020-12-15 14:44:27', NULL),
(93910, 115, 'logout', '115', 'User Demo Admin logged out.', '2020-12-15 14:44:42', NULL),
(93911, 182, 'login', '182', 'User logged in', '2020-12-15 14:44:50', '{\"os\": \"Mac OSX 10 (Unknown Version)\", \"browser\": \"Google Chrome\", \"version\": \"86\", \"deviceType\": \"PC\"}'),
(93912, 182, 'modifyProfile', '182', 'Edited his profile', '2020-12-15 14:44:52', NULL),
(93913, 182, 'modifyProfile', '182', 'Edited his profile', '2020-12-15 14:45:08', NULL),
(93914, 182, 'logout', '182', 'User First Subscriber logged out.', '2020-12-15 14:45:28', NULL),
(93915, 183, 'login', '183', 'User logged in', '2020-12-15 14:45:37', '{\"os\": \"Mac OSX 10 (Unknown Version)\", \"browser\": \"Google Chrome\", \"version\": \"86\", \"deviceType\": \"PC\"}'),
(93916, 183, 'modifyProfile', '183', 'Edited his profile', '2020-12-15 14:45:40', NULL),
(93917, 183, 'logout', '183', 'User Second Subscriber logged out.', '2020-12-15 14:45:49', NULL),
(93918, 241, 'login', '241', 'User logged in', '2020-12-15 14:45:59', '{\"os\": \"Mac OSX 10 (Unknown Version)\", \"browser\": \"Google Chrome\", \"version\": \"86\", \"deviceType\": \"PC\"}'),
(93919, 241, 'modifyProfile', '241', 'Edited his profile', '2020-12-15 14:46:02', NULL),
(93920, 241, 'logout', '241', 'User Eighth  Subscriber logged out.', '2020-12-15 14:48:48', NULL),
(93921, 184, 'login', '184', 'User logged in', '2020-12-15 14:48:57', '{\"os\": \"Mac OSX 10 (Unknown Version)\", \"browser\": \"Google Chrome\", \"version\": \"86\", \"deviceType\": \"PC\"}'),
(93922, 184, 'modifyProfile', '184', 'Edited his profile', '2020-12-15 14:49:02', NULL),
(93923, 184, 'logout', '184', 'User Third Subscriber logged out.', '2020-12-15 14:49:10', NULL),
(93924, 115, 'login', '115', 'User logged in', '2020-12-15 14:49:53', '{\"os\": \"Mac OSX 10 (Unknown Version)\", \"browser\": \"Google Chrome\", \"version\": \"86\", \"deviceType\": \"PC\"}'),
(93925, 115, 'modifyProfile', '115', 'Edited his profile', '2020-12-15 14:49:57', NULL),
(93926, 115, 'logout', '115', 'User Demo Admin logged out.', '2020-12-15 14:51:23', NULL),
(93927, 61, 'login', '61', 'User logged in', '2020-12-15 14:51:29', '{\"os\": \"Mac OSX 10 (Unknown Version)\", \"browser\": \"Google Chrome\", \"version\": \"86\", \"deviceType\": \"PC\"}'),
(93928, 61, 'modifyProfile', '61', 'Edited his profile', '2020-12-15 14:51:35', NULL),
(93929, 61, 'logout', '61', 'User Tasi Andras logged out.', '2020-12-15 14:51:47', NULL),
(93930, 18, 'login', '18', 'User logged in', '2020-12-15 14:52:00', '{\"os\": \"Mac OSX 10 (Unknown Version)\", \"browser\": \"Google Chrome\", \"version\": \"86\", \"deviceType\": \"PC\"}'),
(93931, 18, 'modifyProfile', '18', 'Edited his profile', '2020-12-15 14:52:07', NULL),
(93932, 18, 'logout', '18', 'User András Tasi logged out.', '2020-12-15 14:52:29', NULL),
(93933, 118, 'login', '118', 'User logged in', '2020-12-15 14:52:40', '{\"os\": \"Mac OSX 10 (Unknown Version)\", \"browser\": \"Google Chrome\", \"version\": \"86\", \"deviceType\": \"PC\"}'),
(93934, 118, 'logout', '118', 'User Esemdee Admin logged out.', '2020-12-15 14:53:59', NULL),
(93935, 115, 'login', '115', 'User logged in', '2020-12-15 14:55:19', '{\"os\": \"Mac OSX 10 (Unknown Version)\", \"browser\": \"Google Chrome\", \"version\": \"86\", \"deviceType\": \"PC\"}'),
(93936, 115, 'modifyProfile', '115', 'Edited his profile', '2020-12-15 14:55:24', NULL),
(93937, 115, 'logout', '115', 'User Demo Admin logged out.', '2020-12-15 14:59:08', NULL),
(93938, 184, 'login', '184', 'User logged in', '2020-12-15 15:09:27', '{\"os\": \"Mac OSX 10 (Unknown Version)\", \"browser\": \"Google Chrome\", \"version\": \"86\", \"deviceType\": \"PC\"}'),
(93939, 184, 'modifyProfile', '184', 'Edited his profile', '2020-12-15 15:09:31', NULL),
(93940, 51, 'login', '51', 'User logged in', '2020-12-15 15:12:01', '{\"os\": \"Unknown Operating System\", \"browser\": \"Google Chrome\", \"version\": \"87\", \"deviceType\": \"PC\"}'),
(93941, 51, 'logout', '51', 'User András Tasi logged out.', '2020-12-15 15:12:17', NULL),
(93942, 117, 'login', '117', 'User logged in', '2020-12-15 15:12:22', '{\"os\": \"Unknown Operating System\", \"browser\": \"Google Chrome\", \"version\": \"87\", \"deviceType\": \"PC\"}'),
(93943, 117, 'modifyProfile', '117', 'Edited his profile', '2020-12-15 15:12:27', NULL),
(93944, 184, 'logout', '184', 'User Third Subscriber logged out.', '2020-12-15 15:15:45', NULL),
(93945, 18, 'login', '18', 'User logged in', '2020-12-15 15:15:51', '{\"os\": \"Mac OSX 10 (Unknown Version)\", \"browser\": \"Google Chrome\", \"version\": \"86\", \"deviceType\": \"PC\"}'),
(93946, 18, 'modifyProfile', '18', 'Edited his profile', '2020-12-15 15:15:57', NULL),
(93947, 18, 'logout', '18', 'User András Tasi logged out.', '2020-12-15 15:22:21', NULL),
(93948, 184, 'login', '184', 'User logged in', '2020-12-15 15:23:22', '{\"os\": \"Mac OSX 10 (Unknown Version)\", \"browser\": \"Google Chrome\", \"version\": \"86\", \"deviceType\": \"PC\"}'),
(93949, 184, 'modifyProfile', '184', 'Edited his profile', '2020-12-15 15:23:24', NULL),
(93950, 184, 'modifyProfile', '184', 'Edited his profile', '2020-12-15 15:23:28', NULL),
(93951, 184, 'logout', '184', 'User Third Subscriber logged out.', '2020-12-15 15:42:01', NULL),
(93952, 120, 'login', '120', 'User logged in', '2020-12-15 15:42:08', '{\"os\": \"Mac OSX 10 (Unknown Version)\", \"browser\": \"Google Chrome\", \"version\": \"86\", \"deviceType\": \"PC\"}'),
(93953, 120, 'modifyProfile', '120', 'Edited his profile', '2020-12-15 15:42:11', NULL),
(93954, 120, 'modifyProfile', '120', 'Edited his profile', '2020-12-15 15:42:16', NULL),
(93955, 120, 'modifyProfile', '120', 'Edited his profile', '2020-12-15 15:55:25', NULL),
(93956, 120, 'logout', '120', 'User John Doe logged out.', '2020-12-15 16:05:13', NULL),
(93957, 120, 'login', '120', 'User logged in', '2020-12-15 16:29:50', '{\"os\": \"Mac OSX 10 (Unknown Version)\", \"browser\": \"Google Chrome\", \"version\": \"86\", \"deviceType\": \"PC\"}'),
(93958, 120, 'modifyProfile', '120', 'Edited his profile', '2020-12-15 16:29:56', NULL),
(93959, 120, 'logout', '120', 'User John Doe logged out.', '2020-12-15 16:31:05', NULL),
(93960, 117, 'login', '117', 'User logged in', '2020-12-15 16:31:18', '{\"os\": \"Mac OSX 10 (Unknown Version)\", \"browser\": \"Google Chrome\", \"version\": \"86\", \"deviceType\": \"PC\"}'),
(93961, 117, 'modifyProfile', '117', 'Edited his profile', '2020-12-15 16:31:24', NULL),
(93962, 117, 'schedulePost', '27958', 'Scheduled a new post for the following site(s): Beans Master - London', '2020-12-15 16:32:45', NULL),
(93963, 117, 'logout', '117', 'User Esemdee Admin logged out.', '2020-12-15 16:32:54', NULL),
(93964, 120, 'login', '120', 'User logged in', '2020-12-15 16:32:59', '{\"os\": \"Mac OSX 10 (Unknown Version)\", \"browser\": \"Google Chrome\", \"version\": \"86\", \"deviceType\": \"PC\"}'),
(93965, 120, 'modifyProfile', '120', 'Edited his profile', '2020-12-15 16:33:06', NULL),
(93966, 120, 'modifyProfile', '120', 'Edited his profile', '2020-12-15 16:33:20', NULL),
(93967, 120, 'logout', '120', 'User John Doe logged out.', '2020-12-15 16:36:52', NULL),
(93968, 117, 'login', '117', 'User logged in', '2020-12-15 16:37:05', '{\"os\": \"Mac OSX 10 (Unknown Version)\", \"browser\": \"Google Chrome\", \"version\": \"86\", \"deviceType\": \"PC\"}'),
(93969, 117, 'modifyProfile', '117', 'Edited his profile', '2020-12-15 16:37:07', NULL),
(93970, 117, 'modifyProfile', '117', 'Edited his profile', '2020-12-15 16:37:10', NULL),
(93971, 117, 'createSocialSite', '625', 'Added a new page: Beans Master  Los Angeles', '2020-12-15 16:39:17', NULL),
(93972, 117, 'modifySocialSite', '241', 'Modified a page: Beans Master - London', '2020-12-15 16:39:31', NULL),
(93973, 117, 'schedulePost', '27959', 'Scheduled a new post for the following site(s): Beans Master  Los Angeles', '2020-12-15 16:40:57', NULL),
(93974, 117, 'schedulePost', '27960', 'Scheduled a new post for the following site(s): Beans Master - London', '2020-12-15 16:40:57', NULL),
(93975, 117, 'logout', '117', 'User Esemdee Admin logged out.', '2020-12-15 16:41:10', NULL),
(93976, 120, 'login', '120', 'User logged in', '2020-12-15 16:41:14', '{\"os\": \"Mac OSX 10 (Unknown Version)\", \"browser\": \"Google Chrome\", \"version\": \"86\", \"deviceType\": \"PC\"}'),
(93977, 120, 'modifyProfile', '120', 'Edited his profile', '2020-12-15 16:41:21', NULL),
(93978, 222, 'login', '222', 'User logged in', '2020-12-15 17:45:04', '{\"os\": \"Windows 10 (64-bit)\", \"browser\": \"Google Chrome\", \"version\": \"87\", \"deviceType\": \"PC\"}'),
(93979, 222, 'modifyProfile', '222', 'Edited his profile', '2020-12-15 17:45:06', NULL),
(93980, 222, 'modifyProfile', '222', 'Edited his profile', '2020-12-15 17:45:06', NULL),
(93981, 222, 'login', '222', 'User logged in', '2020-12-16 08:41:03', '{\"os\": \"Linux (64-bit)\", \"browser\": \"Google Chrome\", \"version\": \"87\", \"deviceType\": \"PC\"}'),
(93982, 222, 'modifyProfile', '222', 'Edited his profile', '2020-12-16 08:41:05', NULL),
(93983, 222, 'modifyProfile', '222', 'Edited his profile', '2020-12-16 08:41:08', NULL),
(93984, 222, 'login', '222', 'User logged in', '2020-12-16 09:34:15', '{\"os\": \"Linux (64-bit)\", \"browser\": \"Google Chrome\", \"version\": \"87\", \"deviceType\": \"PC\"}'),
(93985, 222, 'modifyProfile', '222', 'Edited his profile', '2020-12-16 09:34:18', NULL),
(93986, 120, 'login', '120', 'User logged in', '2020-12-16 11:53:14', '{\"os\": \"Mac OSX 10 (Unknown Version)\", \"browser\": \"Google Chrome\", \"version\": \"86\", \"deviceType\": \"PC\"}'),
(93987, 120, 'modifyProfile', '120', 'Edited his profile', '2020-12-16 11:53:17', NULL),
(93988, 120, 'modifyProfile', '120', 'Edited his profile', '2020-12-16 11:53:21', NULL),
(93989, 120, 'createCarousel', '275', 'Created a new carousel test carousel 2020 1', '2020-12-16 11:58:34', NULL),
(93990, 120, 'logout', '120', 'User John Doe logged out.', '2020-12-16 12:02:12', NULL),
(93991, 117, 'login', '117', 'User logged in', '2020-12-16 12:03:30', '{\"os\": \"Mac OSX 10 (Unknown Version)\", \"browser\": \"Google Chrome\", \"version\": \"86\", \"deviceType\": \"PC\"}'),
(93992, 117, 'modifyProfile', '117', 'Edited his profile', '2020-12-16 12:03:33', NULL),
(93993, 117, 'modifyProfile', '117', 'Edited his profile', '2020-12-16 12:03:41', NULL),
(93994, 117, 'modifyProfile', '117', 'Edited his profile', '2020-12-16 12:03:55', NULL),
(93995, 117, 'modifyProfile', '117', 'Edited his profile', '2020-12-16 12:03:58', NULL),
(93996, 222, 'login', '222', 'User logged in', '2020-12-16 14:12:42', '{\"os\": \"Linux (64-bit)\", \"browser\": \"Google Chrome\", \"version\": \"87\", \"deviceType\": \"PC\"}'),
(93997, 222, 'modifyProfile', '222', 'Edited his profile', '2020-12-16 14:12:45', NULL),
(93998, 222, 'logout', '222', 'User Testing Admin logged out.', '2020-12-16 14:17:02', NULL),
(93999, 117, 'login', '117', 'User logged in', '2020-12-16 14:17:06', '{\"os\": \"Linux (64-bit)\", \"browser\": \"Google Chrome\", \"version\": \"87\", \"deviceType\": \"PC\"}'),
(94000, 117, 'modifyProfile', '117', 'Edited his profile', '2020-12-16 14:17:10', NULL),
(94001, 117, 'deleteSocialSite', '240', 'Deleted a page: Beans Master - London', '2020-12-16 17:34:24', NULL),
(94002, 117, 'createSocialSite', '626', 'Added a new page: Beans Master  Budapest', '2020-12-16 17:34:53', NULL),
(94003, 117, 'schedulePost', '27962', 'Scheduled a new post for the following site(s): Beans Master  Budapest', '2020-12-16 17:36:27', NULL),
(94004, 117, 'logout', '117', 'User Esemdee Admin logged out.', '2020-12-16 17:36:42', NULL),
(94005, 120, 'login', '120', 'User logged in', '2020-12-16 17:36:51', '{\"os\": \"Mac OSX 10 (Unknown Version)\", \"browser\": \"Google Chrome\", \"version\": \"86\", \"deviceType\": \"PC\"}'),
(94006, 120, 'modifyProfile', '120', 'Edited his profile', '2020-12-16 17:36:53', NULL),
(94007, 120, 'modifyProfile', '120', 'Edited his profile', '2020-12-16 17:37:00', NULL),
(94008, 120, 'logout', '120', 'User John Doe logged out.', '2020-12-16 17:38:18', NULL),
(94009, 139, 'login', '139', 'User logged in', '2020-12-16 17:38:25', '{\"os\": \"Mac OSX 10 (Unknown Version)\", \"browser\": \"Google Chrome\", \"version\": \"86\", \"deviceType\": \"PC\"}'),
(94010, 139, 'modifyProfile', '139', 'Edited his profile', '2020-12-16 17:38:27', NULL),
(94011, 139, 'modifyProfile', '139', 'Edited his profile', '2020-12-16 17:38:34', NULL),
(94012, 139, 'logout', '139', 'User Test Approver logged out.', '2020-12-16 18:14:57', NULL),
(94013, 139, 'login', '139', 'User logged in', '2020-12-16 18:15:06', '{\"os\": \"Mac OSX 10 (Unknown Version)\", \"browser\": \"Google Chrome\", \"version\": \"86\", \"deviceType\": \"PC\"}'),
(94014, 139, 'modifyProfile', '139', 'Edited his profile', '2020-12-16 18:15:08', NULL),
(94015, 139, 'modifyProfile', '139', 'Edited his profile', '2020-12-16 18:15:14', NULL),
(94016, 139, 'logout', '139', 'User Test Approver logged out.', '2020-12-16 18:15:22', NULL),
(94017, 117, 'login', '117', 'User logged in', '2020-12-16 18:15:30', '{\"os\": \"Mac OSX 10 (Unknown Version)\", \"browser\": \"Google Chrome\", \"version\": \"86\", \"deviceType\": \"PC\"}'),
(94018, 117, 'modifyProfile', '117', 'Edited his profile', '2020-12-16 18:15:33', NULL),
(94019, 117, 'modifyProfile', '117', 'Edited his profile', '2020-12-16 18:15:40', NULL),
(94020, 117, 'logout', '117', 'User Esemdee Admin logged out.', '2020-12-16 18:15:40', NULL),
(94021, 117, 'login', '117', 'User logged in', '2020-12-16 18:16:12', '{\"os\": \"Mac OSX 10 (Unknown Version)\", \"browser\": \"Google Chrome\", \"version\": \"86\", \"deviceType\": \"PC\"}'),
(94022, 117, 'modifyProfile', '117', 'Edited his profile', '2020-12-16 18:16:16', NULL),
(94023, 117, 'modifyProfile', '117', 'Edited his profile', '2020-12-16 18:16:24', NULL),
(94024, 117, 'logout', '117', 'User Esemdee Admin logged out.', '2020-12-16 18:22:36', NULL),
(94025, 184, 'login', '184', 'User logged in', '2020-12-16 18:22:46', '{\"os\": \"Mac OSX 10 (Unknown Version)\", \"browser\": \"Google Chrome\", \"version\": \"86\", \"deviceType\": \"PC\"}'),
(94026, 184, 'modifyProfile', '184', 'Edited his profile', '2020-12-16 18:22:50', NULL),
(94027, 184, 'modifySocialSite', '474', 'Modified a page: Beans Master - London 1234', '2020-12-16 18:28:36', NULL),
(94028, 184, 'modifySocialSite', '474', 'Modified a page: Beans Master - London 1234', '2020-12-16 18:28:48', NULL),
(94029, 184, 'createCategory', '4050', 'Created category with name: Technology', '2020-12-16 18:31:36', NULL);
INSERT INTO `smd__activity` (`activityID`, `userID`, `objectType`, `objectID`, `summary`, `activityDate`, `meta`) VALUES
(94030, 184, 'createCategory', '4051', 'Created category with name: Fashion', '2020-12-16 18:31:46', NULL),
(94031, 184, 'autoFeedPresetCreate', '54', 'Autofeed preset created: Tech - Tuesday - 3:15am', '2020-12-16 18:32:22', NULL),
(94032, 184, 'autoFeedPresetCreate', '55', 'Autofeed preset created: Fashion - Wednesday 2:50am', '2020-12-16 18:32:52', NULL),
(94036, 184, 'deletePost', '27966', 'Deleted a post. It was scheduled for the following sites: Beans Master - London 1234', '2020-12-16 18:36:27', NULL),
(94037, 184, 'deletePost', '27967', 'Deleted a post. It was scheduled for the following sites: Beans Master - London 1234', '2020-12-16 18:36:28', NULL),
(94038, 184, 'deletePost', '27963', 'Deleted a post. It was scheduled for the following sites: Beans Master - London 1234', '2020-12-16 18:45:11', NULL),
(94039, 184, 'deletePost', '27964', 'Deleted a post. It was scheduled for the following sites: Beans Master - London 1234', '2020-12-16 18:45:11', NULL),
(94040, 184, 'deletePost', '27965', 'Deleted a post. It was scheduled for the following sites: Beans Master - London 1234', '2020-12-16 18:45:11', NULL),
(94041, 184, 'deleteFile', '29233', 'Deleted file: broken', '2020-12-16 18:45:21', NULL),
(94042, 184, 'deleteFile', '29234', 'Deleted file: broken', '2020-12-16 18:45:21', NULL),
(94043, 184, 'deletePost', '27968', 'Deleted a post. It was scheduled for the following sites: Beans Master - London 1234', '2020-12-16 18:47:48', NULL),
(94044, 184, 'deletePost', '27969', 'Deleted a post. It was scheduled for the following sites: Beans Master - London 1234', '2020-12-16 18:47:53', NULL),
(94045, 184, 'deleteFile', '29241', 'Deleted file: broken', '2020-12-16 18:49:17', NULL),
(94046, 184, 'deleteFile', '29242', 'Deleted file: broken', '2020-12-16 18:49:17', NULL),
(94047, 184, 'deletePost', '27973', 'Deleted a post. It was scheduled for the following sites: Beans Master  London group', '2020-12-16 18:52:14', NULL),
(94048, 184, 'deletePost', '27974', 'Deleted a post. It was scheduled for the following sites: Beans Master  London group', '2020-12-16 18:52:14', NULL),
(94049, 184, 'deletePost', '27978', 'Deleted a post. It was scheduled for the following sites: Beans Master  London group', '2020-12-16 19:02:22', NULL),
(94050, 184, 'deletePost', '27979', 'Deleted a post. It was scheduled for the following sites: Beans Master  London group', '2020-12-16 19:02:22', NULL),
(94051, 184, 'createSocialSite', '627', 'Added a new profile: testsmd', '2020-12-16 19:04:34', NULL),
(94052, 184, 'deletePost', '27983', 'Deleted a post. It was scheduled for the following sites: Esemdee Test Company Page 1', '2020-12-16 19:07:03', NULL),
(94053, 184, 'deletePost', '27984', 'Deleted a post. It was scheduled for the following sites: Esemdee Test Company Page 1', '2020-12-16 19:07:03', NULL),
(94054, 184, 'deletePost', '27988', 'Deleted a post. It was scheduled for the following sites: testsmd', '2020-12-16 19:11:20', NULL),
(94055, 184, 'deletePost', '27989', 'Deleted a post. It was scheduled for the following sites: testsmd', '2020-12-16 19:11:20', NULL),
(94056, 184, 'deletePost', '27995', 'Deleted a post. It was scheduled for the following sites: testsmd', '2020-12-16 19:13:42', NULL),
(94057, 184, 'deletePost', '27994', 'Deleted a post. It was scheduled for the following sites: testsmd', '2020-12-16 19:13:46', NULL),
(94058, 184, 'createCategory', '4052', 'Created category with name: Testing Space At the End ', '2020-12-16 19:21:26', NULL),
(94059, 184, 'login', '184', 'User logged in', '2020-12-16 19:23:12', '{\"os\": \"Mac OSX 10 (Unknown Version)\", \"browser\": \"Google Chrome\", \"version\": \"86\", \"deviceType\": \"PC\"}'),
(94060, 184, 'modifyProfile', '184', 'Edited his profile', '2020-12-16 19:23:17', NULL),
(94061, 184, 'createCategory', '4053', 'Created category with name: Space At The End ', '2020-12-16 19:24:32', NULL),
(94062, 184, 'createCategory', '4054', 'Created category with name: Another Space At The End ', '2020-12-16 19:26:49', NULL),
(94063, 184, 'modifyProfile', '184', 'Edited his profile', '2020-12-16 19:30:50', NULL),
(94064, 184, 'logout', '184', 'User Third Subscriber logged out.', '2020-12-16 19:30:55', NULL),
(94065, 301, 'login', '301', 'User logged in', '2020-12-16 19:31:08', '{\"os\": \"Mac OSX 10 (Unknown Version)\", \"browser\": \"Google Chrome\", \"version\": \"86\", \"deviceType\": \"PC\"}'),
(94066, 301, 'modifyProfile', '301', 'Edited his profile', '2020-12-16 19:31:11', NULL),
(94067, 301, 'logout', '301', 'User Fourth Subscriber logged out.', '2020-12-16 19:31:13', NULL),
(94068, 117, 'login', '117', 'User logged in', '2020-12-16 19:31:19', '{\"os\": \"Mac OSX 10 (Unknown Version)\", \"browser\": \"Google Chrome\", \"version\": \"86\", \"deviceType\": \"PC\"}'),
(94069, 117, 'modifyProfile', '117', 'Edited his profile', '2020-12-16 19:31:23', NULL),
(94070, 117, 'modifyProfile', '117', 'Edited his profile', '2020-12-16 19:31:29', NULL),
(94071, 117, 'logout', '117', 'User Esemdee Admin logged out.', '2020-12-16 19:32:43', NULL),
(94072, 117, 'login', '117', 'User logged in', '2020-12-16 19:32:46', '{\"os\": \"Mac OSX 10 (Unknown Version)\", \"browser\": \"Google Chrome\", \"version\": \"86\", \"deviceType\": \"PC\"}'),
(94073, 117, 'modifyProfile', '117', 'Edited his profile', '2020-12-16 19:32:48', NULL),
(94074, 117, 'modifyProfile', '117', 'Edited his profile', '2020-12-16 19:32:55', NULL),
(94075, 117, 'logout', '117', 'User Esemdee Admin logged out.', '2020-12-16 19:33:58', NULL),
(94076, 182, 'login', '182', 'User logged in', '2020-12-16 19:34:06', '{\"os\": \"Mac OSX 10 (Unknown Version)\", \"browser\": \"Google Chrome\", \"version\": \"86\", \"deviceType\": \"PC\"}'),
(94077, 182, 'modifyProfile', '182', 'Edited his profile', '2020-12-16 19:34:11', NULL),
(94078, 182, 'modifyProfile', '182', 'Edited his profile', '2020-12-16 19:35:26', NULL),
(94079, 182, 'logout', '182', 'User First Subscriber logged out.', '2020-12-16 19:42:14', NULL),
(94080, 222, 'login', '222', 'User logged in', '2020-12-16 22:14:15', '{\"os\": \"Windows 10 (64-bit)\", \"browser\": \"Google Chrome\", \"version\": \"87\", \"deviceType\": \"PC\"}'),
(94081, 222, 'modifyProfile', '222', 'Edited his profile', '2020-12-16 22:14:17', NULL),
(94082, 222, 'createTemplate', '31699', 'Created a new template for the following organizations: Testing', '2020-12-16 22:23:24', NULL),
(94083, 222, 'comment', '608', 'Commented on a Post template', '2020-12-16 22:23:24', NULL),
(94084, 222, 'modifyProfile', '222', 'Edited his profile', '2020-12-17 02:32:55', NULL),
(94085, 222, 'schedulePost', '28000', 'Scheduled a new post for the following site(s): Beans Master  London', '2020-12-17 02:34:44', NULL),
(94086, 222, 'schedulePost', '28001', 'Scheduled a new post for the following site(s): Beans Master  London', '2020-12-17 02:35:40', NULL),
(94087, 222, 'login', '222', 'User logged in', '2020-12-17 08:32:05', '{\"os\": \"Linux (64-bit)\", \"browser\": \"Google Chrome\", \"version\": \"87\", \"deviceType\": \"PC\"}'),
(94088, 222, 'modifyProfile', '222', 'Edited his profile', '2020-12-17 08:32:07', NULL),
(94089, 222, 'modifyProfile', '222', 'Edited his profile', '2020-12-17 08:32:10', NULL),
(94090, 222, 'login', '222', 'User logged in', '2020-12-17 08:37:41', '{\"os\": \"Linux (64-bit)\", \"browser\": \"Google Chrome\", \"version\": \"87\", \"deviceType\": \"PC\"}'),
(94091, 222, 'modifyProfile', '222', 'Edited his profile', '2020-12-17 08:37:45', NULL),
(94092, 222, 'login', '222', 'User logged in', '2020-12-17 09:08:47', '{\"os\": \"Linux (64-bit)\", \"browser\": \"Google Chrome\", \"version\": \"87\", \"deviceType\": \"PC\"}'),
(94093, 222, 'modifyProfile', '222', 'Edited his profile', '2020-12-17 09:08:52', NULL),
(94094, 222, 'deletePost', '28002', 'Deleted a post. It was scheduled for the following sites: Beans Master  London CSABI TESZTJE', '2020-12-17 11:59:28', NULL),
(94095, 222, 'deletePost', '28003', 'Deleted a post. It was scheduled for the following sites: Beans Master  London CSABI TESZTJE', '2020-12-17 12:00:04', NULL),
(94096, 222, 'deletePost', '28009', 'Deleted a post. It was scheduled for the following sites: Beans Master  London CSABI TESZTJE', '2020-12-17 14:02:19', NULL),
(94097, 222, 'deletePost', '28006', 'Deleted a post. It was scheduled for the following sites: Beans Master  London CSABI TESZTJE', '2020-12-17 14:02:27', NULL),
(94098, 222, 'deletePost', '28010', 'Deleted a post. It was scheduled for the following sites: Beans Master  London CSABI TESZTJE', '2020-12-17 14:05:11', NULL),
(94099, 222, 'deletePost', '28011', 'Deleted a post. It was scheduled for the following sites: Beans Master  London CSABI TESZTJE', '2020-12-17 14:05:17', NULL),
(94100, 222, 'deletePost', '28012', 'Deleted a post. It was scheduled for the following sites: Beans Master  London CSABI TESZTJE', '2020-12-17 15:45:20', NULL),
(94101, 117, 'login', '117', 'User logged in', '2020-12-17 19:39:33', '{\"os\": \"Mac OSX 10 (Unknown Version)\", \"browser\": \"Google Chrome\", \"version\": \"86\", \"deviceType\": \"PC\"}'),
(94102, 117, 'modifyProfile', '117', 'Edited his profile', '2020-12-17 19:39:35', NULL),
(94103, 117, 'modifyProfile', '117', 'Edited his profile', '2020-12-17 19:39:42', NULL),
(94104, 117, 'logout', '117', 'User Esemdee Admin logged out.', '2020-12-17 19:55:00', NULL),
(94105, 430, 'login', '430', 'User logged in', '2020-12-17 19:56:57', '{\"os\": \"Mac OSX 10 (Unknown Version)\", \"browser\": \"Google Chrome\", \"version\": \"86\", \"deviceType\": \"PC\"}'),
(94106, 430, 'modifyProfile', '430', 'Edited his profile', '2020-12-17 19:56:59', NULL),
(94107, 430, 'createSocialSite', '628', 'Added a new page: Beans Master  San Francisco', '2020-12-17 20:00:08', NULL),
(94108, 430, 'uploadFile', '29273', 'Uploaded new file: new card view', '2020-12-17 20:03:00', NULL),
(94109, 430, 'rssFeedCreate', '105', 'RSS feed created: BBC Business', '2020-12-17 20:07:09', NULL),
(94110, 430, 'rssFeedCreate', '106', 'RSS feed created: BBC Health', '2020-12-17 20:07:09', NULL),
(94111, 430, 'rssFeedCreate', '107', 'RSS feed created: BBC Politics', '2020-12-17 20:07:10', NULL),
(94112, 430, 'rssGroupCreate', '35', 'RSS group created: BBC news rss', '2020-12-17 20:07:36', NULL),
(94113, 430, 'rssFeedUpdate', '108', 'RSS feed updated: BBC Education', '2020-12-17 20:08:32', NULL),
(94114, 430, 'rssFeedUpdate', '107', 'RSS feed updated: BBC Politics', '2020-12-17 20:10:22', NULL),
(94115, 222, 'login', '222', 'User logged in', '2020-12-17 21:32:16', '{\"os\": \"Windows 10 (64-bit)\", \"browser\": \"Google Chrome\", \"version\": \"87\", \"deviceType\": \"PC\"}'),
(94116, 222, 'modifyProfile', '222', 'Edited his profile', '2020-12-17 21:32:18', NULL),
(94117, 222, 'modifyPost', '28000', 'Edited a post, which is scheduled for the following sites: Beans Master  London on 2020-12-31 01:45:00', '2020-12-17 21:36:25', NULL),
(94118, 222, 'modifyPost', '28000', 'Edited a post, which is scheduled for the following sites: Beans Master  London on 2020-12-31 01:45:00', '2020-12-17 21:37:18', NULL),
(94119, 222, 'modifyPost', '28000', 'Edited a post, which is scheduled for the following sites: Beans Master  London on 2020-12-31 01:45:00', '2020-12-17 21:38:01', NULL),
(94120, 222, 'modifyPost', '28000', 'Edited a post, which is scheduled for the following sites: Beans Master  London on 2020-12-31 01:45:00', '2020-12-17 21:38:41', NULL),
(94121, 222, 'modifyPost', '28000', 'Edited a post, which is scheduled for the following sites: Beans Master  London on 2020-12-31 01:45:00', '2020-12-17 21:39:20', NULL),
(94122, 222, 'login', '222', 'User logged in', '2020-12-18 00:09:27', '{\"os\": \"Windows 10 (64-bit)\", \"browser\": \"Google Chrome\", \"version\": \"87\", \"deviceType\": \"PC\"}'),
(94123, 222, 'modifyProfile', '222', 'Edited his profile', '2020-12-18 00:09:29', NULL),
(94124, 222, 'login', '222', 'User logged in', '2020-12-18 08:33:25', '{\"os\": \"Linux (64-bit)\", \"browser\": \"Google Chrome\", \"version\": \"87\", \"deviceType\": \"PC\"}'),
(94125, 222, 'modifyProfile', '222', 'Edited his profile', '2020-12-18 08:33:27', NULL),
(94126, 222, 'modifyProfile', '222', 'Edited his profile', '2020-12-18 08:33:30', NULL),
(94127, 222, 'createUser', '431', 'User created (Child Teszt, medewyck+child@gmail.com)', '2020-12-18 08:45:19', NULL),
(94128, 222, 'logout', '222', 'User Testing Admin logged out.', '2020-12-18 08:48:03', NULL),
(94129, 431, 'login', '431', 'User logged in', '2020-12-18 08:48:13', '{\"os\": \"Linux (64-bit)\", \"browser\": \"Google Chrome\", \"version\": \"87\", \"deviceType\": \"PC\"}'),
(94130, 431, 'modifyProfile', '431', 'Edited his profile', '2020-12-18 08:48:15', NULL),
(94131, 222, 'login', '222', 'User logged in', '2020-12-18 08:51:37', '{\"os\": \"Linux (64-bit)\", \"browser\": \"Google Chrome\", \"version\": \"87\", \"deviceType\": \"PC\"}'),
(94132, 222, 'modifyProfile', '222', 'Edited his profile', '2020-12-18 08:51:39', NULL),
(94133, 222, 'modifyProfile', '222', 'Edited his profile', '2020-12-18 08:52:36', NULL),
(94134, 431, 'logout', '431', 'User Child Teszt logged out.', '2020-12-18 08:52:44', NULL),
(94135, 222, 'login', '222', 'User logged in', '2020-12-18 08:52:48', '{\"os\": \"Linux (64-bit)\", \"browser\": \"Google Chrome\", \"version\": \"87\", \"deviceType\": \"PC\"}'),
(94136, 222, 'modifyProfile', '222', 'Edited his profile', '2020-12-18 08:52:50', NULL),
(94137, 222, 'modifyProfile', '222', 'Edited his profile', '2020-12-18 08:52:52', NULL),
(94138, 222, 'createOrganization', '433', 'Created organization with name: Child organization 02.1', '2020-12-18 08:53:44', NULL),
(94139, 222, 'modifyUser', '431', NULL, '2020-12-18 08:54:11', NULL),
(94140, 222, 'logout', '222', 'User Testing Admin logged out.', '2020-12-18 08:54:15', NULL),
(94141, 431, 'login', '431', 'User logged in', '2020-12-18 08:54:20', '{\"os\": \"Linux (64-bit)\", \"browser\": \"Google Chrome\", \"version\": \"87\", \"deviceType\": \"PC\"}'),
(94142, 431, 'modifyProfile', '431', 'Edited his profile', '2020-12-18 08:54:21', NULL),
(94143, 431, 'modifyProfile', '431', 'Edited his profile', '2020-12-18 08:54:22', NULL),
(94144, 431, 'logout', '431', 'User Child Teszt logged out.', '2020-12-18 08:58:36', NULL),
(94145, 222, 'login', '222', 'User logged in', '2020-12-18 08:58:40', '{\"os\": \"Linux (64-bit)\", \"browser\": \"Google Chrome\", \"version\": \"87\", \"deviceType\": \"PC\"}'),
(94146, 222, 'modifyProfile', '222', 'Edited his profile', '2020-12-18 08:58:42', NULL),
(94147, 222, 'modifyProfile', '222', 'Edited his profile', '2020-12-18 08:59:07', NULL),
(94148, 222, 'modifyProfile', '222', 'Edited his profile', '2020-12-18 08:59:10', NULL),
(94149, 222, 'createOrganization', '434', 'Created organization with name: MrD', '2020-12-18 08:59:35', NULL),
(94150, 222, 'createOrganization', '435', 'Created organization with name: MrD 01', '2020-12-18 09:00:01', NULL),
(94151, 222, 'createOrganization', '436', 'Created organization with name: MrD 02', '2020-12-18 09:00:31', NULL),
(94152, 222, 'createOrganization', '437', 'Created organization with name: MrD 03', '2020-12-18 09:00:45', NULL),
(94153, 222, 'modifyUser', '431', NULL, '2020-12-18 09:04:37', NULL),
(94154, 222, 'logout', '222', 'User Testing Admin logged out.', '2020-12-18 09:04:46', NULL),
(94155, 431, 'login', '431', 'User logged in', '2020-12-18 09:04:50', '{\"os\": \"Linux (64-bit)\", \"browser\": \"Google Chrome\", \"version\": \"87\", \"deviceType\": \"PC\"}'),
(94156, 431, 'modifyProfile', '431', 'Edited his profile', '2020-12-18 09:04:52', NULL),
(94157, 431, 'modifyProfile', '431', 'Edited his profile', '2020-12-18 09:04:53', NULL),
(94158, 222, 'deletePost', '28015', 'Deleted a post. It was scheduled for the following sites: Beans Master  London CSABI TESZTJE', '2020-12-18 09:49:52', NULL),
(94159, 222, 'login', '222', 'User logged in', '2020-12-18 11:41:07', '{\"os\": \"Linux (64-bit)\", \"browser\": \"Google Chrome\", \"version\": \"87\", \"deviceType\": \"PC\"}'),
(94160, 222, 'modifyProfile', '222', 'Edited his profile', '2020-12-18 11:41:10', NULL),
(94161, 222, 'login', '222', 'User logged in', '2020-12-18 11:47:21', '{\"os\": \"Linux (64-bit)\", \"browser\": \"Google Chrome\", \"version\": \"87\", \"deviceType\": \"PC\"}'),
(94162, 222, 'modifyProfile', '222', 'Edited his profile', '2020-12-18 11:47:25', NULL),
(94163, 222, 'login', '222', 'User logged in', '2020-12-18 11:49:35', '{\"os\": \"Linux (64-bit)\", \"browser\": \"Google Chrome\", \"version\": \"87\", \"deviceType\": \"PC\"}'),
(94164, 222, 'modifyProfile', '222', 'Edited his profile', '2020-12-18 11:49:37', NULL),
(94165, 222, 'modifyProfile', '222', 'Edited his profile', '2020-12-18 11:49:40', NULL),
(94166, 117, 'login', '117', 'User logged in', '2020-12-18 12:43:52', '{\"os\": \"Windows 10 (64-bit)\", \"browser\": \"Google Chrome\", \"version\": \"87\", \"deviceType\": \"PC\"}'),
(94167, 117, 'modifyProfile', '117', 'Edited his profile', '2020-12-18 12:43:54', NULL),
(94168, 117, 'modifyProfile', '117', 'Edited his profile', '2020-12-18 12:43:56', NULL),
(94169, 117, 'instantPost', '28016', 'Instantly posted for the following site(s): gordis3k', '2020-12-18 12:46:08', NULL),
(94170, 117, 'instantPost', '28017', 'Instantly posted for the following site(s): gordis3k', '2020-12-18 12:47:14', NULL),
(94171, 222, 'login', '222', 'User logged in', '2020-12-18 13:00:53', '{\"os\": \"Linux (64-bit)\", \"browser\": \"Google Chrome\", \"version\": \"87\", \"deviceType\": \"PC\"}'),
(94172, 222, 'modifyProfile', '222', 'Edited his profile', '2020-12-18 13:00:56', NULL),
(94173, 222, 'login', '222', 'User logged in', '2020-12-18 14:36:40', '{\"os\": \"Linux (64-bit)\", \"browser\": \"Google Chrome\", \"version\": \"87\", \"deviceType\": \"PC\"}'),
(94174, 222, 'modifyProfile', '222', 'Edited his profile', '2020-12-18 14:36:43', NULL),
(94175, 431, 'login', '431', 'User logged in', '2020-12-18 14:36:50', '{\"os\": \"Linux (64-bit)\", \"browser\": \"Google Chrome\", \"version\": \"87\", \"deviceType\": \"PC\"}'),
(94176, 431, 'modifyProfile', '431', 'Edited his profile', '2020-12-18 14:36:52', NULL),
(94177, 222, 'deletePost', '28022', 'Deleted a post. It was scheduled for the following sites: Beans Master  London CSABI TESZTJE', '2020-12-18 14:36:58', NULL),
(94178, 222, 'deletePost', '28023', 'Deleted a post. It was scheduled for the following sites: Beans Master  London CSABI TESZTJE', '2020-12-18 14:37:07', NULL),
(94179, 222, 'modifyProfile', '222', 'Edited his profile', '2020-12-18 15:14:24', NULL),
(94180, 431, 'modifyProfile', '431', 'Edited his profile', '2020-12-18 15:15:01', NULL),
(94181, 431, 'modifyProfile', '431', 'Edited his profile', '2020-12-18 15:15:03', NULL),
(94182, 429, 'login', '429', 'User logged in', '2020-12-18 23:24:16', '{\"os\": \"Windows 10 (64-bit)\", \"browser\": \"Google Chrome\", \"version\": \"87\", \"deviceType\": \"PC\"}'),
(94183, 429, 'modifyProfile', '429', 'Edited his profile', '2020-12-18 23:24:18', NULL),
(94184, 429, 'logout', '429', 'User aron teszt logged out.', '2020-12-19 01:04:33', NULL),
(94185, 222, 'login', '222', 'User logged in', '2020-12-19 01:04:37', '{\"os\": \"Windows 10 (64-bit)\", \"browser\": \"Google Chrome\", \"version\": \"87\", \"deviceType\": \"PC\"}'),
(94186, 222, 'modifyProfile', '222', 'Edited his profile', '2020-12-19 01:04:39', NULL),
(94187, 222, 'login', '222', 'User logged in', '2020-12-19 01:12:57', '{\"os\": \"Windows 10 (64-bit)\", \"browser\": \"Google Chrome\", \"version\": \"87\", \"deviceType\": \"PC\"}'),
(94188, 222, 'modifyProfile', '222', 'Edited his profile', '2020-12-19 01:12:58', NULL),
(94189, 222, 'modifyProfile', '222', 'Edited his profile', '2020-12-19 01:12:59', NULL),
(94190, 222, 'login', '222', 'User logged in', '2020-12-21 08:40:28', '{\"os\": \"Windows 10 (64-bit)\", \"browser\": \"Google Chrome\", \"version\": \"87\", \"deviceType\": \"PC\"}'),
(94191, 222, 'modifyProfile', '222', 'Edited his profile', '2020-12-21 08:40:31', NULL),
(94192, 222, 'modifyProfile', '222', 'Edited his profile', '2020-12-21 08:40:32', NULL),
(94193, 222, 'createOrganization', '439', 'Created organization with name: Child organization 04', '2020-12-21 08:41:46', NULL),
(94194, 222, 'login', '222', 'User logged in', '2020-12-21 08:45:09', '{\"os\": \"Linux (64-bit)\", \"browser\": \"Google Chrome\", \"version\": \"87\", \"deviceType\": \"PC\"}'),
(94195, 222, 'modifyProfile', '222', 'Edited his profile', '2020-12-21 08:45:11', NULL),
(94196, 222, 'modifyProfile', '222', 'Edited his profile', '2020-12-21 08:45:14', NULL),
(94197, 222, 'deleteTemplate', '31700', 'Deleted post template which was created for the following organizations: Testing', '2020-12-21 08:48:03', NULL),
(94198, 222, 'deleteTemplate', '31700', 'Deleted post template which was created for the following organizations: Testing', '2020-12-21 08:48:10', NULL),
(94199, 222, 'rssFeedCreate', '109', 'RSS feed created: Teszt', '2020-12-21 09:01:17', NULL),
(94200, 222, 'rssFeedRemove', '109', 'RSS feed removed: Teszt', '2020-12-21 09:01:27', NULL),
(94201, 222, 'rssFeedCreate', '109', 'RSS feed created: Teszt', '2020-12-21 09:01:42', NULL),
(94202, 222, 'login', '222', 'User logged in', '2020-12-21 09:26:42', '{\"os\": \"Linux (64-bit)\", \"browser\": \"Google Chrome\", \"version\": \"87\", \"deviceType\": \"PC\"}'),
(94203, 222, 'modifyProfile', '222', 'Edited his profile', '2020-12-21 09:26:45', NULL),
(94204, 222, 'createUser', '432', 'User created (Child Teszt, medewyck+teszt2@gmail.com)', '2020-12-21 09:29:22', NULL),
(94205, 432, 'login', '432', 'User logged in', '2020-12-21 09:30:39', '{\"os\": \"Linux (64-bit)\", \"browser\": \"Google Chrome\", \"version\": \"87\", \"deviceType\": \"PC\"}'),
(94206, 432, 'modifyProfile', '432', 'Edited his profile', '2020-12-21 09:30:41', NULL),
(94207, 222, 'modifyUser', '432', NULL, '2020-12-21 09:31:05', NULL),
(94208, 432, 'logout', '432', 'User Child Teszt logged out.', '2020-12-21 09:45:05', NULL),
(94209, 431, 'login', '431', 'User logged in', '2020-12-21 09:45:11', '{\"os\": \"Linux (64-bit)\", \"browser\": \"Google Chrome\", \"version\": \"87\", \"deviceType\": \"PC\"}'),
(94210, 431, 'modifyProfile', '431', 'Edited his profile', '2020-12-21 09:45:13', NULL),
(94211, 431, 'logout', '431', 'User Child Teszt logged out.', '2020-12-21 09:46:40', NULL),
(94212, 432, 'login', '432', 'User logged in', '2020-12-21 09:46:48', '{\"os\": \"Linux (64-bit)\", \"browser\": \"Google Chrome\", \"version\": \"87\", \"deviceType\": \"PC\"}'),
(94213, 432, 'modifyProfile', '432', 'Edited his profile', '2020-12-21 09:46:49', NULL),
(94214, 222, 'login', '222', 'User logged in', '2020-12-21 10:15:28', '{\"os\": \"Linux (64-bit)\", \"browser\": \"Google Chrome\", \"version\": \"87\", \"deviceType\": \"PC\"}'),
(94215, 222, 'modifyProfile', '222', 'Edited his profile', '2020-12-21 10:15:31', NULL),
(94216, 222, 'modifyProfile', '222', 'Edited his profile', '2020-12-21 10:15:34', NULL),
(94217, 222, 'login', '222', 'User logged in', '2020-12-21 13:11:30', '{\"os\": \"Windows 10 (64-bit)\", \"browser\": \"Firefox\", \"version\": \"84\", \"deviceType\": \"PC\"}'),
(94218, 222, 'modifyProfile', '222', 'Edited his profile', '2020-12-21 13:11:31', NULL),
(94219, 222, 'modifyProfile', '222', 'Edited his profile', '2020-12-21 13:11:33', NULL),
(94220, 222, 'deletePost', '28051', 'Deleted a post. It was scheduled for the following sites: Beans Master  London CSABI TESZTJE', '2020-12-21 15:22:05', NULL),
(94221, 222, 'deletePost', '28057', 'Deleted a post. It was scheduled for the following sites: Beans Master  London CSABI TESZTJE', '2020-12-21 15:22:11', NULL),
(94222, 222, 'deletePost', '28077', 'Deleted a post. It was scheduled for the following sites: Beans Master  London CSABI TESZTJE', '2020-12-21 15:22:17', NULL),
(94223, 222, 'deletePost', '28078', 'Deleted a post. It was scheduled for the following sites: Beans Master  London CSABI TESZTJE', '2020-12-21 15:29:35', NULL),
(94224, 222, 'deletePost', '28079', 'Deleted a post. It was scheduled for the following sites: Beans Master  London CSABI TESZTJE', '2020-12-21 15:58:23', NULL),
(94225, 222, 'login', '222', 'User logged in', '2020-12-22 09:39:32', '{\"os\": \"Linux (64-bit)\", \"browser\": \"Google Chrome\", \"version\": \"87\", \"deviceType\": \"PC\"}'),
(94226, 222, 'modifyProfile', '222', 'Edited his profile', '2020-12-22 09:39:34', NULL),
(94227, 222, 'logout', '222', 'User Testing Admin logged out.', '2020-12-22 09:39:54', NULL),
(94228, 222, 'login', '222', 'User logged in', '2020-12-22 09:54:22', '{\"os\": \"Linux (64-bit)\", \"browser\": \"Google Chrome\", \"version\": \"87\", \"deviceType\": \"PC\"}'),
(94229, 222, 'modifyProfile', '222', 'Edited his profile', '2020-12-22 09:54:25', NULL),
(94230, 222, 'modifyProfile', '222', 'Edited his profile', '2020-12-22 09:54:28', NULL),
(94231, 222, 'login', '222', 'User logged in', '2020-12-22 11:02:09', '{\"os\": \"\", \"browser\": \"\", \"version\": \"\", \"deviceType\": \"unknown\"}'),
(94232, 222, 'logout', '222', 'User Testing Admin logged out.', '2020-12-22 11:16:17', NULL),
(94233, 120, 'login', '120', 'User logged in', '2020-12-22 11:16:25', '{\"os\": \"Linux (64-bit)\", \"browser\": \"Google Chrome\", \"version\": \"87\", \"deviceType\": \"PC\"}'),
(94234, 120, 'modifyProfile', '120', 'Edited his profile', '2020-12-22 11:16:28', NULL),
(94235, 120, 'modifyProfile', '120', 'Edited his profile', '2020-12-22 11:16:32', NULL),
(94236, 120, 'logout', '120', 'User John Doe logged out.', '2020-12-22 11:16:58', NULL),
(94237, 222, 'login', '222', 'User logged in', '2020-12-22 11:17:16', '{\"os\": \"Linux (64-bit)\", \"browser\": \"Google Chrome\", \"version\": \"87\", \"deviceType\": \"PC\"}'),
(94238, 222, 'modifyProfile', '222', 'Edited his profile', '2020-12-22 11:17:18', NULL),
(94239, 222, 'modifyProfile', '222', 'Edited his profile', '2020-12-22 11:17:21', NULL),
(94240, 222, 'modifyUser', '422', NULL, '2020-12-22 11:22:09', NULL),
(94241, 222, 'logout', '222', 'User Testing Admin logged out.', '2020-12-22 11:22:14', NULL),
(94242, 422, 'login', '422', 'User logged in', '2020-12-22 11:22:25', '{\"os\": \"Linux (64-bit)\", \"browser\": \"Google Chrome\", \"version\": \"87\", \"deviceType\": \"PC\"}'),
(94243, 422, 'modifyProfile', '422', 'Edited his profile', '2020-12-22 11:22:27', NULL),
(94244, 422, 'modifyProfile', '422', 'Edited his profile', '2020-12-22 11:22:28', NULL),
(94245, 422, 'login', '422', 'User logged in', '2020-12-22 11:23:50', '{\"os\": \"\", \"browser\": \"\", \"version\": \"\", \"deviceType\": \"unknown\"}'),
(94246, 117, 'login', '117', 'User logged in', '2020-12-22 11:48:25', '{\"os\": \"Linux (64-bit)\", \"browser\": \"Google Chrome\", \"version\": \"87\", \"deviceType\": \"PC\"}'),
(94247, 117, 'modifyProfile', '117', 'Edited his profile', '2020-12-22 11:48:27', NULL),
(94248, 117, 'modifyProfile', '117', 'Edited his profile', '2020-12-22 11:48:29', NULL),
(94249, 430, 'login', '430', 'User logged in', '2020-12-22 12:59:03', '{\"os\": \"Mac OSX 10 (Unknown Version)\", \"browser\": \"Google Chrome\", \"version\": \"86\", \"deviceType\": \"PC\"}'),
(94250, 430, 'modifyProfile', '430', 'Edited his profile', '2020-12-22 12:59:05', NULL),
(94251, 430, 'logout', '430', 'User Retest2 Esemdee logged out.', '2020-12-22 12:59:27', NULL),
(94252, 430, 'login', '430', 'User logged in', '2020-12-22 12:59:55', '{\"os\": \"Mac OSX 10 (Unknown Version)\", \"browser\": \"Google Chrome\", \"version\": \"86\", \"deviceType\": \"PC\"}'),
(94253, 430, 'modifyProfile', '430', 'Edited his profile', '2020-12-22 12:59:58', NULL),
(94254, 430, 'createOrganization', '440', 'Created organization with name: restest child 1', '2020-12-22 13:07:04', NULL),
(94255, 430, 'createOrganization', '441', 'Created organization with name: retest child 2', '2020-12-22 13:07:17', NULL),
(94256, 430, 'createOrganization', '442', 'Created organization with name: retest child 1.1', '2020-12-22 13:07:30', NULL),
(94257, 430, 'createUser', '433', 'User created (Retest Admin, retest_admin@esemdee.com)', '2020-12-22 13:08:09', NULL),
(94258, 430, 'logout', '430', 'User Retest2 Esemdee logged out.', '2020-12-22 13:08:18', NULL),
(94259, 430, 'login', '430', 'User logged in', '2020-12-22 13:09:16', '{\"os\": \"Mac OSX 10 (Unknown Version)\", \"browser\": \"Google Chrome\", \"version\": \"86\", \"deviceType\": \"PC\"}'),
(94260, 430, 'modifyProfile', '430', 'Edited his profile', '2020-12-22 13:09:20', NULL),
(94261, 430, 'modifyUser', '433', NULL, '2020-12-22 13:14:03', NULL),
(94262, 430, 'modifyUser', '433', NULL, '2020-12-22 13:14:41', NULL),
(94263, 222, 'login', '222', 'User logged in', '2020-12-22 13:15:20', '{\"os\": \"Linux (64-bit)\", \"browser\": \"Google Chrome\", \"version\": \"87\", \"deviceType\": \"PC\"}'),
(94264, 222, 'modifyProfile', '222', 'Edited his profile', '2020-12-22 13:15:21', NULL),
(94265, 222, 'modifyProfile', '222', 'Edited his profile', '2020-12-22 13:15:23', NULL),
(94266, 430, 'logout', '430', 'User Retest2 Esemdee logged out.', '2020-12-22 13:16:21', NULL),
(94267, 430, 'login', '430', 'User logged in', '2020-12-22 13:17:07', '{\"os\": \"Mac OSX 10 (Unknown Version)\", \"browser\": \"Google Chrome\", \"version\": \"86\", \"deviceType\": \"PC\"}'),
(94268, 430, 'modifyProfile', '430', 'Edited his profile', '2020-12-22 13:17:11', NULL),
(94269, 430, 'logout', '430', 'User Retest2 Esemdee logged out.', '2020-12-22 13:17:19', NULL),
(94270, 433, 'login', '433', 'User logged in', '2020-12-22 13:17:26', '{\"os\": \"Mac OSX 10 (Unknown Version)\", \"browser\": \"Google Chrome\", \"version\": \"86\", \"deviceType\": \"PC\"}'),
(94271, 433, 'modifyProfile', '433', 'Edited his profile', '2020-12-22 13:17:28', NULL),
(94272, 433, 'logout', '433', 'User Retest Admin logged out.', '2020-12-22 13:19:50', NULL),
(94273, 430, 'login', '430', 'User logged in', '2020-12-22 13:19:54', '{\"os\": \"Mac OSX 10 (Unknown Version)\", \"browser\": \"Google Chrome\", \"version\": \"86\", \"deviceType\": \"PC\"}'),
(94274, 430, 'modifyProfile', '430', 'Edited his profile', '2020-12-22 13:19:57', NULL),
(94275, 430, 'createSocialSite', '629', 'Added a new profile: testsmd', '2020-12-22 13:25:03', NULL),
(94276, 222, 'modifyProfile', '222', 'Edited his profile', '2020-12-22 13:31:31', NULL),
(94277, 222, 'modifyProfile', '222', 'Edited his profile', '2020-12-22 13:31:31', NULL),
(94278, 222, 'login', '222', 'User logged in', '2020-12-22 13:34:07', '{\"os\": \"Linux (64-bit)\", \"browser\": \"Google Chrome\", \"version\": \"87\", \"deviceType\": \"PC\"}'),
(94279, 222, 'modifyProfile', '222', 'Edited his profile', '2020-12-22 13:34:11', NULL),
(94280, 422, 'login', '422', 'User logged in', '2020-12-22 13:47:17', '{\"os\": \"\", \"browser\": \"\", \"version\": \"\", \"deviceType\": \"unknown\"}'),
(94281, 430, 'rssGroupUpdate', '35', 'RSS group updated: BBC news rss', '2020-12-22 13:55:10', NULL),
(94282, 430, 'logout', '430', 'User Retest2 Esemdee logged out.', '2020-12-22 13:57:16', NULL),
(94283, 117, 'login', '117', 'User logged in', '2020-12-22 13:57:38', '{\"os\": \"Mac OSX 10 (Unknown Version)\", \"browser\": \"Google Chrome\", \"version\": \"86\", \"deviceType\": \"PC\"}'),
(94284, 117, 'modifyProfile', '117', 'Edited his profile', '2020-12-22 13:57:41', NULL),
(94285, 117, 'modifyProfile', '117', 'Edited his profile', '2020-12-22 13:57:48', NULL),
(94286, 117, 'createTemplate', '31701', 'Created a new template for the following organizations: ', '2020-12-22 13:59:47', NULL),
(94287, 117, 'logout', '117', 'User Esemdee Admin logged out.', '2020-12-22 13:59:59', NULL),
(94288, 430, 'login', '430', 'User logged in', '2020-12-22 14:02:23', '{\"os\": \"Mac OSX 10 (Unknown Version)\", \"browser\": \"Google Chrome\", \"version\": \"86\", \"deviceType\": \"PC\"}'),
(94289, 430, 'modifyProfile', '430', 'Edited his profile', '2020-12-22 14:02:26', NULL),
(94290, 430, 'logout', '430', 'User Retest2 Esemdee logged out.', '2020-12-22 14:03:38', NULL),
(94291, 117, 'login', '117', 'User logged in', '2020-12-22 14:03:43', '{\"os\": \"Mac OSX 10 (Unknown Version)\", \"browser\": \"Google Chrome\", \"version\": \"86\", \"deviceType\": \"PC\"}'),
(94292, 117, 'modifyProfile', '117', 'Edited his profile', '2020-12-22 14:03:46', NULL),
(94293, 117, 'modifyProfile', '117', 'Edited his profile', '2020-12-22 14:03:54', NULL),
(94294, 117, 'uploadFile', '29275', 'Uploaded new file: peacock', '2020-12-22 14:06:24', NULL),
(94295, 117, 'modifyTemplate', '31701', 'Modified template which is scheduled for the following organizations: ', '2020-12-22 14:06:31', NULL),
(94296, 117, 'logout', '117', 'User Esemdee Admin logged out.', '2020-12-22 14:06:44', NULL),
(94297, 430, 'login', '430', 'User logged in', '2020-12-22 14:06:49', '{\"os\": \"Mac OSX 10 (Unknown Version)\", \"browser\": \"Google Chrome\", \"version\": \"86\", \"deviceType\": \"PC\"}'),
(94298, 430, 'modifyProfile', '430', 'Edited his profile', '2020-12-22 14:06:52', NULL),
(94299, 222, 'modifyProfile', '222', 'Edited his profile', '2020-12-22 14:09:42', NULL),
(94300, 430, 'instantPost', '28085', 'Instantly posted for the following site(s): testsmd', '2020-12-22 14:10:26', NULL),
(94301, 222, 'createOrganization', '443', 'Created organization with name: Child organization 04', '2020-12-22 14:10:41', NULL),
(94302, 222, 'rssFeedCreate', '110', 'RSS feed created: https://444.hu/feed', '2020-12-22 14:10:42', NULL),
(94303, 222, 'createOrganization', '444', 'Created organization with name: Child organization 05.2', '2020-12-22 14:11:44', NULL),
(94304, 430, 'uploadFile', '29276', 'Uploaded new file: kingfisher', '2020-12-22 14:12:17', NULL),
(94305, 430, 'uploadFile', '29277', 'Uploaded new file: owl', '2020-12-22 14:12:18', NULL),
(94306, 222, 'createOrganization', '445', 'Created organization with name: Child organization 05.3', '2020-12-22 14:12:34', NULL),
(94307, 430, 'createTemplate', '31702', 'Created a new template for the following organizations: Retest2 Ltd', '2020-12-22 14:13:03', NULL),
(94308, 430, 'instantPost', '28086', 'Instantly posted for the following site(s): testsmd', '2020-12-22 14:13:24', NULL),
(94309, 430, 'logout', '430', 'User Retest2 Esemdee logged out.', '2020-12-22 14:15:04', NULL),
(94310, 433, 'login', '433', 'User logged in', '2020-12-22 14:15:08', '{\"os\": \"Mac OSX 10 (Unknown Version)\", \"browser\": \"Google Chrome\", \"version\": \"86\", \"deviceType\": \"PC\"}'),
(94311, 433, 'modifyProfile', '433', 'Edited his profile', '2020-12-22 14:15:10', NULL),
(94312, 433, 'createSocialSite', '630', 'Added a new page: Beans Master  Perth', '2020-12-22 14:16:30', NULL),
(94313, 433, 'autoFeedPresetCreate', '56', 'Autofeed preset created: Time - Weekdays - 3:45am', '2020-12-22 14:17:14', NULL),
(94314, 433, 'autoFeedPresetCreate', '57', 'Autofeed preset created: Sport - Weekend - 17:45', '2020-12-22 14:17:42', NULL),
(94315, 433, 'autoFeedPresetCreate', '58', 'Autofeed preset created: has media - thursdfay - 18:45', '2020-12-22 14:18:19', NULL),
(94316, 433, 'autoFeedPresetCreate', '59', 'Autofeed preset created: comp - saturday - 11:30', '2020-12-22 14:18:42', NULL),
(94317, 433, 'autoFeedPresetCreate', '60', 'Autofeed preset created: preset 3', '2020-12-22 14:18:59', NULL),
(94318, 433, 'logout', '433', 'User Retest Admin logged out.', '2020-12-22 14:23:37', NULL),
(94319, 430, 'login', '430', 'User logged in', '2020-12-22 14:23:42', '{\"os\": \"Mac OSX 10 (Unknown Version)\", \"browser\": \"Google Chrome\", \"version\": \"86\", \"deviceType\": \"PC\"}'),
(94320, 430, 'modifyProfile', '430', 'Edited his profile', '2020-12-22 14:23:45', NULL),
(94321, 430, 'modifyUser', '433', NULL, '2020-12-22 14:24:03', NULL),
(94322, 430, 'logout', '430', 'User Retest2 Esemdee logged out.', '2020-12-22 14:24:06', NULL),
(94323, 433, 'login', '433', 'User logged in', '2020-12-22 14:24:10', '{\"os\": \"Mac OSX 10 (Unknown Version)\", \"browser\": \"Google Chrome\", \"version\": \"86\", \"deviceType\": \"PC\"}'),
(94324, 433, 'modifyProfile', '433', 'Edited his profile', '2020-12-22 14:24:13', NULL),
(94325, 433, 'autoFeedPresetCreate', '61', 'Autofeed preset created: Generic category - 6:45am', '2020-12-22 14:24:43', NULL),
(94326, 433, 'autoFeedPresetCreate', '62', 'Autofeed preset created: preset 4', '2020-12-22 14:25:10', NULL),
(94327, 433, 'logout', '433', 'User Retest Admin logged out.', '2020-12-22 14:26:51', NULL),
(94328, 430, 'login', '430', 'User logged in', '2020-12-22 14:26:55', '{\"os\": \"Mac OSX 10 (Unknown Version)\", \"browser\": \"Google Chrome\", \"version\": \"86\", \"deviceType\": \"PC\"}'),
(94329, 430, 'modifyProfile', '430', 'Edited his profile', '2020-12-22 14:26:59', NULL),
(94330, 430, 'modifyUser', '433', NULL, '2020-12-22 14:27:41', NULL),
(94331, 430, 'logout', '430', 'User Retest2 Esemdee logged out.', '2020-12-22 14:27:46', NULL),
(94332, 433, 'login', '433', 'User logged in', '2020-12-22 14:27:50', '{\"os\": \"Mac OSX 10 (Unknown Version)\", \"browser\": \"Google Chrome\", \"version\": \"86\", \"deviceType\": \"PC\"}'),
(94333, 433, 'modifyProfile', '433', 'Edited his profile', '2020-12-22 14:27:53', NULL),
(94334, 433, 'autoFeedPresetCreate', '63', 'Autofeed preset created: safari tuesday 6:45', '2020-12-22 14:28:23', NULL),
(94335, 433, 'autoFeedPresetCreate', '64', 'Autofeed preset created: preset 5', '2020-12-22 14:31:39', NULL),
(94336, 433, 'autoFeedPresetUpdate', '62', 'Autofeed preset updated: preset 41', '2020-12-22 14:32:06', NULL),
(94337, 222, 'login', '222', 'User logged in', '2020-12-22 14:32:19', '{\"os\": \"Linux (64-bit)\", \"browser\": \"Google Chrome\", \"version\": \"87\", \"deviceType\": \"PC\"}'),
(94338, 222, 'modifyProfile', '222', 'Edited his profile', '2020-12-22 14:32:24', NULL),
(94339, 433, 'logout', '433', 'User Retest Admin logged out.', '2020-12-22 14:32:30', NULL),
(94340, 430, 'login', '430', 'User logged in', '2020-12-22 14:32:40', '{\"os\": \"Mac OSX 10 (Unknown Version)\", \"browser\": \"Google Chrome\", \"version\": \"86\", \"deviceType\": \"PC\"}'),
(94341, 430, 'modifyProfile', '430', 'Edited his profile', '2020-12-22 14:32:44', NULL),
(94342, 430, 'modifyUser', '433', NULL, '2020-12-22 14:32:54', NULL),
(94343, 430, 'logout', '430', 'User Retest2 Esemdee logged out.', '2020-12-22 14:32:57', NULL),
(94344, 433, 'login', '433', 'User logged in', '2020-12-22 14:33:01', '{\"os\": \"Mac OSX 10 (Unknown Version)\", \"browser\": \"Google Chrome\", \"version\": \"86\", \"deviceType\": \"PC\"}'),
(94345, 433, 'modifyProfile', '433', 'Edited his profile', '2020-12-22 14:33:04', NULL),
(94346, 433, 'logout', '433', 'User Retest Admin logged out.', '2020-12-22 14:33:13', NULL),
(94347, 430, 'login', '430', 'User logged in', '2020-12-22 14:33:18', '{\"os\": \"Mac OSX 10 (Unknown Version)\", \"browser\": \"Google Chrome\", \"version\": \"86\", \"deviceType\": \"PC\"}'),
(94348, 430, 'modifyProfile', '430', 'Edited his profile', '2020-12-22 14:33:24', NULL),
(94349, 430, 'modifyUser', '433', NULL, '2020-12-22 14:33:42', NULL),
(94350, 430, 'logout', '430', 'User Retest2 Esemdee logged out.', '2020-12-22 14:33:45', NULL),
(94351, 433, 'login', '433', 'User logged in', '2020-12-22 14:33:49', '{\"os\": \"Mac OSX 10 (Unknown Version)\", \"browser\": \"Google Chrome\", \"version\": \"86\", \"deviceType\": \"PC\"}'),
(94352, 433, 'modifyProfile', '433', 'Edited his profile', '2020-12-22 14:33:51', NULL),
(94353, 433, 'logout', '433', 'User Retest Admin logged out.', '2020-12-22 14:33:57', NULL),
(94354, 430, 'login', '430', 'User logged in', '2020-12-22 14:34:05', '{\"os\": \"Mac OSX 10 (Unknown Version)\", \"browser\": \"Google Chrome\", \"version\": \"86\", \"deviceType\": \"PC\"}'),
(94355, 430, 'modifyProfile', '430', 'Edited his profile', '2020-12-22 14:34:10', NULL),
(94356, 430, 'modifyUser', '433', NULL, '2020-12-22 14:34:37', NULL),
(94357, 430, 'logout', '430', 'User Retest2 Esemdee logged out.', '2020-12-22 14:34:40', NULL),
(94358, 433, 'login', '433', 'User logged in', '2020-12-22 14:34:44', '{\"os\": \"Mac OSX 10 (Unknown Version)\", \"browser\": \"Google Chrome\", \"version\": \"86\", \"deviceType\": \"PC\"}'),
(94359, 433, 'modifyProfile', '433', 'Edited his profile', '2020-12-22 14:34:47', NULL),
(94360, 433, 'logout', '433', 'User Retest Admin logged out.', '2020-12-22 14:35:00', NULL),
(94361, 430, 'login', '430', 'User logged in', '2020-12-22 14:35:07', '{\"os\": \"Mac OSX 10 (Unknown Version)\", \"browser\": \"Google Chrome\", \"version\": \"86\", \"deviceType\": \"PC\"}'),
(94362, 430, 'modifyProfile', '430', 'Edited his profile', '2020-12-22 14:35:13', NULL),
(94363, 430, 'modifyUser', '433', NULL, '2020-12-22 14:35:22', NULL),
(94364, 430, 'logout', '430', 'User Retest2 Esemdee logged out.', '2020-12-22 14:35:27', NULL),
(94365, 433, 'login', '433', 'User logged in', '2020-12-22 14:35:31', '{\"os\": \"Mac OSX 10 (Unknown Version)\", \"browser\": \"Google Chrome\", \"version\": \"86\", \"deviceType\": \"PC\"}'),
(94366, 433, 'modifyProfile', '433', 'Edited his profile', '2020-12-22 14:35:34', NULL),
(94367, 433, 'autoFeedPresetUpdate', '57', 'Autofeed preset updated: Comeptition - Weekend - 17:45', '2020-12-22 14:37:59', NULL),
(94368, 222, 'createOrganization', '446', 'Created organization with name: test 03', '2020-12-22 14:38:06', NULL),
(94369, 433, 'logout', '433', 'User Retest Admin logged out.', '2020-12-22 14:38:30', NULL),
(94370, 430, 'login', '430', 'User logged in', '2020-12-22 14:38:34', '{\"os\": \"Mac OSX 10 (Unknown Version)\", \"browser\": \"Google Chrome\", \"version\": \"86\", \"deviceType\": \"PC\"}'),
(94371, 430, 'modifyProfile', '430', 'Edited his profile', '2020-12-22 14:38:38', NULL),
(94372, 430, 'modifyUser', '433', NULL, '2020-12-22 14:38:51', NULL),
(94373, 430, 'logout', '430', 'User Retest2 Esemdee logged out.', '2020-12-22 14:39:08', NULL),
(94374, 433, 'login', '433', 'User logged in', '2020-12-22 14:39:12', '{\"os\": \"Mac OSX 10 (Unknown Version)\", \"browser\": \"Google Chrome\", \"version\": \"86\", \"deviceType\": \"PC\"}'),
(94375, 433, 'modifyProfile', '433', 'Edited his profile', '2020-12-22 14:39:16', NULL),
(94376, 433, 'autoFeedPresetCreate', '65', 'Autofeed preset created: preset 6', '2020-12-22 14:40:52', NULL),
(94377, 433, 'autoFeedPresetRemove', '65', 'Autofeed preset removed: preset 6', '2020-12-22 14:41:22', NULL),
(94378, 422, 'login', '422', 'User logged in', '2020-12-22 15:02:11', '{\"os\": \"\", \"browser\": \"\", \"version\": \"\", \"deviceType\": \"unknown\"}'),
(94379, 422, 'login', '422', 'User logged in', '2020-12-23 08:08:19', '{\"os\": \"\", \"browser\": \"\", \"version\": \"\", \"deviceType\": \"unknown\"}'),
(94380, 222, 'login', '222', 'User logged in', '2020-12-23 09:14:13', '{\"os\": \"Linux (64-bit)\", \"browser\": \"Google Chrome\", \"version\": \"87\", \"deviceType\": \"PC\"}'),
(94381, 222, 'modifyProfile', '222', 'Edited his profile', '2020-12-23 09:14:16', NULL),
(94382, 222, 'modifyProfile', '222', 'Edited his profile', '2020-12-23 09:14:19', NULL),
(94383, 222, 'deletePostAutofeed', '28095', 'Deleted an autofeed post. It was scheduled for the following sites: Beans Master  London CSABI TESZTJE', '2020-12-23 09:24:36', NULL),
(94384, 222, 'deletePostAutofeed', '28096', 'Deleted an autofeed post. It was scheduled for the following sites: Beans Master  London CSABI TESZTJE', '2020-12-23 09:25:51', NULL),
(94385, 222, 'login', '222', 'User logged in', '2020-12-23 13:19:59', '{\"os\": \"Linux (64-bit)\", \"browser\": \"Google Chrome\", \"version\": \"87\", \"deviceType\": \"PC\"}'),
(94386, 222, 'modifyProfile', '222', 'Edited his profile', '2020-12-23 13:20:03', NULL),
(94387, 222, 'modifyPostAutofeed', '28101', 'Edited an autofeed post, which scheduled for the following sites: Beans Master  London CSABI TESZTJE', '2020-12-23 13:23:15', NULL),
(94388, 222, 'modifyProfile', '222', 'Edited his profile', '2020-12-23 13:26:15', NULL),
(94389, 222, 'modifyPostAutofeed', '28101', 'Edited an autofeed post, which scheduled for the following sites: Beans Master  London CSABI TESZTJE', '2020-12-23 13:27:32', NULL);

-- --------------------------------------------------------

--
-- Table structure for table `smd__addon`
--

CREATE TABLE `smd__addon` (
  `addonID` int(11) UNSIGNED NOT NULL,
  `name` varchar(255) NOT NULL,
  `description` text,
  `config` json DEFAULT NULL,
  `zohoAddonID` varchar(32) NOT NULL
) ENGINE=InnoDB DEFAULT CHARSET=utf8;

--
-- Dumping data for table `smd__addon`
--

INSERT INTO `smd__addon` (`addonID`, `name`, `description`, `config`, `zohoAddonID`) VALUES
(20, '+1 User', 'Adding Users to extend Plans maximum allowed User number\n\nMax user Number: 1\n ', '{\"userNumber\": \"1\"}', 'Add1User'),
(21, '+1 Social Site', 'Adding Users to extend Plans maximum allowed User number\n\nMax Social Sites Number: 1', '{\"socialMediaAccountNumber\": \"1\"}', 'AddSocialSite1'),
(22, 'Generic Template Access', 'Gives access to the generic templates', '{\"accessToGenericTemplate\": \"yes\"}', 'GenericTemplateAccess'),
(23, 'Analytics Module', 'Allows access to use the Analytics Module', '{\"analyticsModuleAllowed\": \"yes\"}', 'AnalyticsModule'),
(24, 'Approval Workflow', 'Allows user to approve all workflow', '{\"approvalWorkFlowAllowed\": \"yes\"}', 'ApprovalWorkflow'),
(25, 'AutoFeed Module', 'Allows access to use the AutoFeed Module', '{\"autoFeedModuleAllowed\": \"yes\"}', 'AutofeedModule'),
(26, 'Dashboard Personalisation ', 'Allows user to personalise their dashboard', '{\"dashboardPersonalisationAllowed\": \"yes\"}', 'Dashboard'),
(27, 'Link Shortening', 'Allows user to shorten links', '{\"linkShorteningAllowed\": \"yes\"}', 'LinkShortenng'),
(28, 'Media Library Categories', 'Allows user to give media a category', '{\"mediaLibraryCategoryAllowed\": \"yes\"}', 'MLCategories'),
(29, 'Media Library Tags', 'Allows user to give media a tag', '{\"mediaLibraryTaggingAllowed\": \"yes\"}', 'MLTags'),
(30, 'Resources Tab', 'Gives user access to the Resources Tab', '{\"resourcesTabAllowed\": \"yes\"}', 'ResourcesTab'),
(31, 'Create Role', 'Allows user to create roles', '{\"roleCreateAllowed\": \"yes\"}', 'CreateRole'),
(32, 'Edit Role', 'Allows user to Edit Roles', '{\"roleEditAllowed\": \"yes\"}', 'EditRole'),
(33, 'RSS Module', 'Gives user access to the RSS Module', '{\"rssModuleAllowed\": \"yes\"}', 'RSSModule'),
(34, 'Unit Test 1', 'Unit test addon 1. Unit test uses this for addon test. Please do not delete.', '{\"userNumber\": \"69\", \"rssUrlNumber\": \"23\", \"maxPostFromRss\": \"66\", \"roleEditAllowed\": \"no\", \"rssModuleAllowed\": \"yes\", \"roleCreateAllowed\": \"no\", \"maxPostFromRssUnit\": \"monthly\", \"maxPostFromTemplate\": \"28\", \"resourcesTabAllowed\": \"no\", \"autoFeedModuleAllowed\": \"yes\", \"linkShorteningAllowed\": \"no\", \"analyticsModuleAllowed\": \"yes\", \"accessToGenericTemplate\": \"no\", \"approvalWorkFlowAllowed\": \"no\", \"maxPostFromTemplateUnit\": \"monthly\", \"socialMediaAccountNumber\": \"43\", \"mediaLibraryTaggingAllowed\": \"no\", \"mediaLibraryCategoryAllowed\": \"yes\", \"dashboardPersonalisationAllowed\": \"yes\"}', 'UnitTest1'),
(35, 'Dani Tesz 1', 'Valamit hozzáad.', '{\"rssUrlNumber\": \"10\"}', 'DaniTeszt1'),
(36, 'Dani Teszt 2', '', '{\"userNumber\": \"10\"}', 'DaniTeszt2');

-- --------------------------------------------------------

--
-- Table structure for table `smd__autofeed_post_time`
--

CREATE TABLE `smd__autofeed_post_time` (
  `postTimeID` int(11) UNSIGNED NOT NULL,
  `days` set('monday','tuesday','wednesday','thursday','friday','saturday','sunday','weekend','weekdays','everyday') NOT NULL,
  `time` time NOT NULL,
  `categoryID` int(11) UNSIGNED DEFAULT NULL,
  `settingID` int(11) UNSIGNED NOT NULL,
  `multiple` int(3) UNSIGNED DEFAULT NULL
) ENGINE=InnoDB DEFAULT CHARSET=utf8;

--
-- Dumping data for table `smd__autofeed_post_time`
--

INSERT INTO `smd__autofeed_post_time` (`postTimeID`, `days`, `time`, `categoryID`, `settingID`, `multiple`) VALUES
(28, 'monday,tuesday,saturday,sunday', '16:00:00', 3, 3, NULL),
(31, 'sunday', '02:03:00', 1, 3, NULL),
(32, 'wednesday,thursday,friday', '02:03:00', 1, 4, NULL),
(33, 'weekend', '17:00:00', 3, 5, NULL),
(62, 'thursday,friday,saturday,sunday', '12:00:00', 1, 5, NULL),
(63, 'tuesday', '12:00:00', 1, 5, NULL),
(64, 'monday', '13:00:00', 1, 5, NULL),
(82, 'weekdays', '07:50:00', 3, 3, NULL),
(107, 'sunday', '12:00:00', 3, 26, NULL),
(118, 'monday,wednesday,thursday,friday', '09:30:00', 3, 27, NULL),
(119, 'sunday', '10:15:00', 3, 27, NULL),
(120, 'thursday', '12:15:00', 3, 26, NULL),
(134, 'monday,tuesday,wednesday,thursday', '15:15:00', 3, 28, 6),
(135, 'monday,tuesday,wednesday,saturday,sunday', '18:16:00', 3, 28, NULL),
(144, 'weekend', '08:15:00', 3, 28, NULL),
(159, 'monday,tuesday,wednesday', '12:12:00', 3, 34, NULL),
(166, 'monday,tuesday', '07:00:00', 3, 34, NULL),
(170, 'wednesday', '07:07:00', 3, 34, NULL),
(183, 'friday', '19:16:00', 3, 28, NULL),
(187, 'friday', '15:00:00', 5, 30, NULL),
(188, 'friday', '15:05:00', 5, 30, NULL),
(189, 'friday', '15:10:00', 5, 30, NULL),
(193, 'saturday', '10:30:00', 1, 3, NULL),
(203, 'friday', '15:45:00', 5, 30, NULL),
(213, 'friday', '16:40:00', 1, 30, NULL),
(218, 'everyday', '00:00:00', 3, 35, NULL),
(219, 'everyday', '02:04:00', 3, 35, NULL),
(230, 'weekdays', '03:16:00', 5, 32, NULL),
(239, 'weekdays', '12:00:00', 3, 32, NULL),
(250, 'weekend', '07:14:00', 3, 32, NULL),
(264, 'monday', '10:10:00', 1, 33, NULL),
(300, 'tuesday', '23:09:00', 5, 31, NULL),
(302, 'tuesday,thursday,friday', '03:20:00', 3, 31, NULL),
(303, 'wednesday', '04:54:00', 3, 31, NULL),
(306, 'monday', '03:47:00', 3, 31, NULL),
(307, 'monday', '21:09:00', 3, 31, NULL),
(308, 'monday', '20:45:00', 5, 36, NULL),
(312, 'everyday', '06:00:00', 3, 3, 5),
(313, 'monday', '08:30:00', 3, 26, 9),
(314, 'monday,thursday,friday,saturday,sunday', '06:38:00', 5, 26, NULL),
(316, 'tuesday', '06:38:00', 5, 26, NULL),
(317, 'wednesday', '06:38:00', 5, 26, 15),
(320, 'monday', '15:00:00', 5, 33, 5),
(323, 'monday', '11:00:00', 3, 33, 2),
(327, 'monday', '01:00:00', 1, 33, NULL),
(329, 'tuesday', '03:00:00', 6, 33, 5),
(330, 'thursday', '19:16:00', 3, 28, NULL),
(331, 'friday', '15:15:00', 3, 28, NULL),
(342, 'thursday', '19:20:00', 3, 29, NULL),
(344, 'thursday', '18:20:00', 3, 29, NULL),
(345, 'thursday', '18:50:00', 5, 29, NULL),
(346, 'thursday', '18:10:00', 3, 29, 2),
(349, 'monday', '01:01:00', 5, 33, NULL),
(350, 'wednesday', '14:30:00', 1, 25, NULL),
(352, 'monday,wednesday,thursday,friday,saturday,sunday', '01:55:00', 3, 33, NULL),
(353, 'wednesday', '01:02:00', 5, 33, 5),
(356, 'sunday', '16:16:00', 3, 33, NULL),
(359, 'sunday', '09:09:00', 5, 33, NULL),
(360, 'sunday', '07:07:00', 3, 33, NULL),
(365, 'sunday', '13:13:00', 5, 33, NULL),
(366, 'saturday', '13:13:00', 3, 33, NULL),
(369, 'saturday', '17:17:00', 6, 33, NULL),
(374, 'tuesday', '01:52:00', 3, 33, NULL),
(375, 'monday', '01:00:00', 3, 33, NULL),
(376, 'sunday', '16:15:00', 5, 29, NULL),
(379, 'monday,tuesday,wednesday,thursday', '05:07:00', 6, 29, NULL),
(380, 'friday', '05:10:00', 6, 29, NULL),
(386, 'sunday', '16:55:00', 6, 29, NULL),
(387, 'saturday', '05:10:00', 6, 29, NULL),
(393, 'tuesday,wednesday,thursday,friday,saturday,sunday', '13:07:00', 3, 26, 3),
(394, 'monday', '13:07:00', 3, 26, 2),
(399, 'weekend', '15:00:00', 3, 25, NULL),
(400, 'thursday', '17:00:00', 5, 25, 3),
(401, 'friday', '18:00:00', 3, 25, NULL),
(402, 'tuesday', '13:00:00', 3, 25, NULL),
(406, 'tuesday', '12:00:00', 3, 25, NULL),
(422, 'thursday', '05:55:00', 1, 26, NULL),
(426, 'monday,wednesday,friday', '10:00:00', 61, 1, NULL),
(427, 'weekend', '11:00:00', 62, 1, NULL),
(428, 'monday,tuesday,thursday,friday,saturday,sunday', '11:50:00', 65, 1, 2),
(429, 'everyday', '08:00:00', 63, 2, NULL),
(430, 'weekend', '10:00:00', 64, 2, NULL),
(431, 'tuesday', '09:00:00', 63, 1, NULL),
(432, 'thursday', '10:00:00', 64, 1, NULL),
(433, 'thursday', '15:45:00', 64, 1, NULL),
(434, 'friday', '16:30:00', 63, 1, NULL),
(435, 'wednesday', '14:25:00', 62, 1, NULL),
(436, 'tuesday,wednesday', '12:10:00', 70, 39, NULL),
(437, 'weekdays', '10:40:00', 2, 3, NULL),
(438, 'monday', '11:30:00', 70, 39, NULL),
(440, 'thursday', '13:40:00', 70, 39, NULL),
(450, 'everyday', '07:30:00', 59, 63, NULL),
(451, 'monday,tuesday,wednesday,friday,saturday,sunday', '05:52:00', 4, 26, NULL),
(452, 'everyday', '06:30:00', 59, 64, NULL),
(453, 'weekend', '12:00:00', 1, 64, NULL),
(454, 'weekend', '12:01:00', 1, 64, NULL),
(455, 'everyday', '05:20:00', 2, 64, NULL),
(456, 'everyday', '04:15:00', 3, 26, NULL),
(457, 'everyday', '04:20:00', 33, 26, NULL),
(458, 'everyday', '04:05:00', 2, 64, NULL),
(459, 'everyday', '04:00:00', 6, 26, NULL),
(460, 'everyday', '03:30:00', 47, 26, NULL),
(461, 'everyday', '03:15:00', 1, 26, NULL),
(462, 'everyday', '03:05:00', 2, 64, NULL),
(463, 'everyday', '02:55:00', 3, 26, NULL),
(464, 'everyday', '02:30:00', 33, 26, NULL),
(465, 'everyday', '13:20:00', 4, 26, NULL),
(466, 'everyday', '13:30:00', 86, 26, 99),
(467, 'everyday', '13:40:00', 86, 79, 3),
(468, 'monday,tuesday,thursday,friday,saturday,sunday', '14:00:00', 87, 79, NULL),
(469, 'wednesday', '14:00:00', 87, 79, NULL),
(470, 'everyday', '14:12:00', 88, 79, NULL),
(477, 'thursday', '06:00:00', 4, 26, NULL),
(499, 'monday,tuesday,thursday,friday,saturday,sunday', '12:20:00', 164, 92, NULL),
(503, 'weekdays', '13:35:00', 221, 93, NULL),
(504, 'weekend', '12:00:00', 164, 97, NULL),
(505, 'weekdays', '12:00:00', 166, 97, NULL),
(506, 'everyday', '12:00:00', 167, 97, NULL),
(507, 'monday', '12:00:00', 218, 97, NULL),
(508, 'thursday', '12:00:00', 219, 97, NULL),
(509, 'monday', '16:01:00', 71, 37, NULL),
(510, 'weekdays', '20:00:00', 71, 37, NULL),
(512, 'weekdays', '20:20:00', 230, 37, NULL),
(513, 'weekdays', '01:01:00', 71, 37, NULL),
(516, 'weekend', '12:25:00', 164, 109, NULL),
(517, 'weekdays', '17:15:00', 166, 109, NULL),
(518, 'monday', '12:00:00', 167, 109, NULL),
(519, 'wednesday', '12:00:00', 218, 109, NULL),
(520, 'friday', '14:30:00', 219, 109, NULL),
(521, 'sunday', '07:00:00', 224, 109, NULL),
(522, 'friday', '07:10:00', 232, 109, NULL),
(523, 'thursday', '16:30:00', 233, 109, 10),
(524, 'weekend', '10:10:00', 159, 110, NULL),
(919, 'weekdays', '13:00:00', 810, 116, NULL),
(928, 'tuesday', '09:26:00', 1026, 116, NULL),
(931, 'weekend', '20:08:00', 1030, 115, NULL),
(932, 'sunday', '15:21:00', 1030, 116, NULL),
(944, 'sunday', '14:53:00', 1222, 116, NULL),
(955, 'weekend', '14:50:00', 1381, 115, NULL),
(956, 'sunday', '21:11:00', 1381, 116, NULL),
(973, 'sunday', '01:46:00', 1497, 116, NULL),
(977, 'sunday', '16:25:00', 1501, 116, NULL),
(980, 'weekend', '11:42:00', 1505, 115, NULL),
(981, 'sunday', '16:30:00', 1505, 116, NULL),
(993, 'sunday', '19:42:00', 1568, 116, NULL),
(997, 'sunday', '08:58:00', 1703, 116, NULL),
(1000, 'weekend', '07:43:00', 1707, 115, NULL),
(1001, 'sunday', '00:45:00', 1707, 116, NULL),
(1005, 'sunday', '17:48:00', 1711, 116, NULL),
(1008, 'weekend', '12:37:00', 1715, 115, NULL),
(1009, 'sunday', '10:34:00', 1715, 116, NULL),
(1013, 'sunday', '11:46:00', 1719, 116, NULL),
(1016, 'weekend', '09:45:00', 1723, 115, NULL),
(1017, 'weekend', '02:52:00', 1723, 116, NULL),
(1021, 'weekend', '07:23:00', 1727, 116, NULL),
(1025, 'weekend', '00:06:00', 1731, 116, NULL),
(1029, 'weekend', '10:33:00', 1735, 116, NULL),
(1034, 'weekend', '10:53:00', 1739, 115, NULL),
(1035, 'weekend', '17:59:00', 1739, 116, NULL),
(1038, 'sunday', '01:56:00', 1743, 115, NULL),
(1039, 'weekend', '22:20:00', 1743, 116, NULL),
(1043, 'weekend', '23:12:00', 1747, 116, NULL),
(1044, 'sunday', '13:00:00', 1218, 115, 10),
(1045, 'saturday', '13:10:00', 1218, 115, 10),
(1223, 'saturday', '20:02:00', 3673, 117, NULL),
(1224, 'wednesday', '21:53:00', 3673, 118, NULL),
(1226, 'weekend', '10:11:00', 1025, 119, NULL),
(1227, 'weekdays', '10:11:00', 1025, 119, 5),
(1228, 'everyday', '07:10:00', 917, 119, 2),
(1230, 'weekend', '11:20:00', 1024, 121, NULL),
(1241, 'weekdays', '13:00:00', 851, 121, NULL),
(1242, 'tuesday', '13:10:00', 917, 121, 4),
(1245, 'weekdays', '14:00:00', 3760, 122, 10),
(1247, 'monday', '10:00:00', 166, 123, NULL),
(1249, 'saturday', '09:00:00', 567, 123, NULL),
(1250, 'tuesday', '15:00:00', 3788, 123, NULL),
(1251, 'wednesday', '19:55:00', 948, 123, NULL),
(1252, 'thursday', '23:15:00', 164, 123, NULL),
(1253, 'friday', '11:10:00', 573, 123, NULL),
(1254, 'sunday', '05:05:00', 366, 123, NULL),
(1255, 'weekend', '10:10:00', 218, 123, NULL),
(1256, 'monday,wednesday,thursday,friday', '03:13:00', 167, 123, NULL),
(1257, 'everyday', '12:12:00', 224, 123, NULL),
(1258, 'friday', '11:11:00', 232, 123, 3),
(1260, 'everyday', '02:02:00', 3328, 124, NULL),
(1277, 'everyday', '06:30:00', 851, 125, NULL),
(1281, 'monday,tuesday,wednesday,thursday,saturday,sunday', '07:10:00', 1025, 127, NULL),
(1282, 'monday', '10:20:00', 1028, 127, NULL),
(1283, 'friday', '06:10:00', 1025, 127, NULL),
(1284, 'everyday', '06:30:00', 3880, 128, NULL),
(1287, 'everyday', '02:15:00', 1030, 127, NULL),
(1288, 'everyday', '06:30:00', 3880, 120, NULL),
(1289, 'wednesday', '10:00:00', 851, 120, NULL),
(1291, 'weekend', '09:30:00', 810, 120, NULL),
(1309, 'saturday', '02:15:00', 4003, 117, NULL),
(1310, 'wednesday', '19:22:00', 4003, 118, NULL),
(1311, 'thursday', '23:27:00', 4003, 120, NULL),
(1321, 'weekend', '12:30:00', 4020, 115, NULL),
(1326, 'weekend', '20:40:00', 3787, 131, NULL),
(1327, 'friday', '15:50:00', 224, 132, NULL),
(1328, 'weekend', '20:40:00', 3787, 133, NULL),
(1329, 'monday', '02:15:00', 4021, 134, NULL),
(1330, 'monday', '15:45:00', 940, 134, NULL),
(1331, 'monday', '15:45:00', 940, 135, NULL),
(1332, 'saturday', '22:40:00', 4022, 134, NULL),
(1333, 'monday', '15:45:00', 940, 136, NULL),
(1346, 'tuesday', '10:45:00', 567, 137, NULL),
(1355, 'weekend', '09:30:00', 810, 117, NULL),
(1356, 'everyday', '06:00:00', 851, 117, NULL),
(1357, 'weekend', '09:30:00', 810, 139, NULL),
(1358, 'everyday', '06:00:00', 851, 140, NULL),
(1359, 'weekdays', '08:30:00', 810, 139, NULL),
(1361, 'weekend', '09:30:00', 810, 138, NULL),
(1364, 'weekend', '09:30:00', 810, 130, NULL),
(1370, 'everyday', '06:00:00', 851, 138, NULL),
(1375, 'weekend', '07:15:00', 810, 138, NULL),
(1376, 'weekdays', '08:30:00', 810, 141, NULL),
(1377, 'weekend', '09:30:00', 810, 142, NULL),
(1378, 'everyday', '06:00:00', 851, 143, NULL),
(1379, 'monday,tuesday,wednesday,friday', '08:30:00', 810, 138, NULL),
(1380, 'weekdays', '08:30:00', 810, 144, NULL),
(1381, 'everyday', '06:00:00', 851, 145, NULL),
(1382, 'weekend', '09:30:00', 810, 146, NULL),
(1383, 'weekend', '09:30:00', 810, 147, NULL),
(1384, 'thursday', '08:30:00', 810, 138, NULL),
(1387, 'weekend', '20:40:00', 3787, 148, NULL),
(1388, 'weekend', '20:40:00', 3787, 92, NULL),
(1389, 'weekend', '20:40:00', 3787, 149, NULL),
(1392, 'weekend', '20:40:00', 3787, 91, NULL),
(1393, 'monday', '10:10:00', 4023, 91, NULL),
(1394, 'friday', '15:50:00', 224, 91, NULL),
(1395, 'tuesday', '10:45:00', 567, 91, NULL),
(1396, 'monday', '02:15:00', 3675, 92, NULL),
(1398, 'tuesday', '09:05:00', 948, 92, NULL),
(1399, 'tuesday', '09:05:00', 948, 149, NULL),
(1401, 'friday', '15:50:00', 224, 92, NULL),
(1402, 'friday', '15:50:00', 224, 149, NULL),
(1403, 'monday', '03:15:00', 239, 92, NULL),
(1404, 'wednesday', '16:45:00', 948, 92, NULL),
(1405, 'wednesday', '12:00:00', 3865, 92, NULL),
(1422, 'wednesday', '16:45:00', 948, 151, NULL),
(1423, 'wednesday', '16:45:00', 948, 154, NULL),
(1424, 'weekend', '20:40:00', 3787, 151, NULL),
(1425, 'everyday', '13:40:00', 567, 151, NULL),
(1426, 'weekend', '20:40:00', 3787, 154, NULL),
(1427, 'weekdays', '10:20:00', 219, 151, NULL),
(1428, 'everyday', '13:40:00', 567, 154, NULL),
(1429, 'weekdays', '10:20:00', 219, 154, NULL),
(1430, 'tuesday', '09:05:00', 948, 151, NULL),
(1431, 'tuesday', '09:05:00', 948, 154, NULL),
(1432, 'monday', '10:10:00', 4023, 151, NULL),
(1433, 'monday', '10:10:00', 4023, 154, NULL),
(1434, 'tuesday', '10:45:00', 567, 151, NULL),
(1435, 'tuesday', '10:45:00', 567, 154, NULL),
(1436, 'friday', '15:50:00', 224, 151, NULL),
(1437, 'friday', '15:50:00', 224, 154, NULL),
(1443, 'tuesday', '03:10:00', 3746, 161, NULL),
(1444, 'monday', '10:30:00', 3874, 162, NULL),
(1445, 'monday', '10:15:00', 810, 163, NULL),
(1446, 'tuesday', '03:10:00', 3746, 164, NULL),
(1447, 'monday', '10:30:00', 3874, 165, NULL),
(1448, 'monday', '10:15:00', 810, 166, NULL),
(1449, 'weekend', '09:30:00', 810, 161, NULL),
(1450, 'weekdays', '08:30:00', 810, 161, NULL),
(1451, 'everyday', '06:00:00', 851, 161, NULL),
(1452, 'weekend', '09:30:00', 810, 164, NULL),
(1453, 'weekdays', '08:30:00', 810, 164, NULL),
(1454, 'everyday', '06:00:00', 851, 164, NULL),
(1455, 'tuesday', '03:10:00', 3746, 128, NULL),
(1456, 'monday', '10:15:00', 810, 128, NULL),
(1457, 'monday', '10:30:00', 3874, 128, NULL),
(1458, 'tuesday', '03:10:00', 3746, 167, NULL),
(1459, 'monday', '10:15:00', 810, 168, NULL),
(1460, 'monday', '10:30:00', 3874, 169, NULL),
(1462, 'monday', '10:15:00', 810, 126, NULL),
(1463, 'monday', '10:30:00', 3874, 126, NULL),
(1464, 'tuesday', '03:10:00', 3746, 125, NULL),
(1465, 'monday', '10:15:00', 810, 125, NULL),
(1466, 'monday', '10:30:00', 3874, 125, NULL),
(1467, 'weekend', '09:30:00', 810, 128, NULL),
(1468, 'weekdays', '08:30:00', 810, 128, NULL),
(1469, 'everyday', '06:00:00', 851, 128, NULL),
(1470, 'weekdays', '08:30:00', 810, 167, NULL),
(1471, 'weekend', '09:30:00', 810, 167, NULL),
(1472, 'everyday', '06:00:00', 851, 167, NULL),
(1473, 'weekdays', '08:30:00', 810, 126, NULL),
(1474, 'weekend', '09:30:00', 810, 126, NULL),
(1476, 'weekdays', '08:30:00', 810, 125, NULL),
(1477, 'everyday', '06:00:00', 851, 125, NULL),
(1478, 'weekend', '09:30:00', 810, 125, NULL),
(1479, 'monday', '10:30:00', 3874, 141, NULL),
(1480, 'tuesday', '03:10:00', 3746, 141, NULL),
(1481, 'monday', '10:15:00', 810, 141, NULL),
(1482, 'everyday', '13:40:00', 567, 129, NULL),
(1483, 'weekend', '20:40:00', 3787, 129, NULL),
(1484, 'friday', '15:50:00', 224, 129, NULL),
(1485, 'monday', '10:10:00', 4023, 129, NULL),
(1486, 'tuesday', '10:45:00', 567, 129, NULL),
(1487, 'tuesday', '09:05:00', 948, 129, NULL),
(1488, 'weekdays', '10:20:00', 219, 129, NULL),
(1490, 'monday', '10:15:00', 810, 130, NULL),
(1491, 'monday', '10:30:00', 3874, 130, NULL),
(1492, 'tuesday', '03:10:00', 3746, 138, NULL),
(1493, 'monday', '10:15:00', 810, 138, NULL),
(1494, 'monday', '10:30:00', 3874, 138, NULL),
(1495, 'tuesday', '03:10:00', 3746, 170, NULL),
(1496, 'monday', '10:15:00', 810, 171, NULL),
(1497, 'monday', '10:30:00', 3874, 172, NULL),
(1501, 'tuesday', '03:10:00', 3746, 126, NULL),
(1502, 'everyday', '06:00:00', 851, 126, NULL),
(1503, 'tuesday', '03:10:00', 3476, 130, NULL),
(1504, 'everyday', '06:00:00', 851, 130, NULL),
(1505, 'monday', '10:30:00', 3874, 173, NULL),
(1506, 'tuesday', '03:10:00', 3746, 174, NULL),
(1507, 'monday', '10:30:00', 3874, 175, NULL),
(1508, 'tuesday', '03:10:00', 3746, 176, NULL),
(1509, 'monday', '10:15:00', 810, 177, NULL),
(1510, 'monday', '10:15:00', 810, 178, NULL),
(1511, 'weekdays', '08:30:00', 810, 173, NULL),
(1512, 'weekdays', '08:30:00', 810, 175, NULL),
(1513, 'weekend', '09:30:00', 810, 173, NULL),
(1514, 'everyday', '06:00:00', 851, 173, NULL),
(1515, 'weekend', '09:30:00', 810, 175, NULL),
(1516, 'everyday', '06:00:00', 851, 175, NULL),
(1517, 'monday', '10:30:00', 3874, 117, NULL),
(1518, 'monday', '10:30:00', 3874, 118, NULL),
(1519, 'tuesday', '03:10:00', 3746, 117, NULL),
(1520, 'monday', '10:30:00', 3874, 179, NULL),
(1521, 'tuesday', '03:10:00', 3746, 118, NULL),
(1522, 'monday', '10:30:00', 3874, 180, NULL),
(1523, 'tuesday', '03:10:00', 3746, 181, NULL),
(1524, 'monday', '10:15:00', 810, 117, NULL),
(1525, 'tuesday', '03:10:00', 3746, 182, NULL),
(1526, 'monday', '10:15:00', 810, 118, NULL),
(1527, 'monday', '10:15:00', 810, 183, NULL),
(1528, 'monday', '10:15:00', 810, 184, NULL),
(1529, 'weekdays', '08:30:00', 810, 117, NULL),
(1530, 'weekdays', '08:30:00', 810, 118, NULL),
(1531, 'weekdays', '08:30:00', 810, 179, NULL),
(1532, 'weekdays', '08:30:00', 810, 180, NULL),
(1533, 'monday', '10:30:00', 3874, 115, NULL),
(1541, 'weekend', '09:30:00', 810, 115, NULL),
(1546, 'weekend', '03:00:00', 4024, 130, NULL),
(1547, 'monday', '22:10:00', 218, 151, NULL),
(1550, 'tuesday', '10:45:00', 567, 185, NULL),
(1552, 'monday', '10:10:00', 4023, 185, NULL),
(1554, 'weekend', '20:40:00', 3787, 185, NULL),
(1555, 'weekdays', '11:45:00', 3787, 150, NULL),
(1556, 'weekdays', '11:45:00', 3787, 129, NULL),
(1557, 'weekend', '10:55:00', 4026, 133, NULL),
(1558, 'weekend', '10:55:00', 4026, 131, NULL),
(1559, 'weekend', '10:55:00', 4026, 150, NULL),
(1560, 'weekend', '10:55:00', 4026, 91, NULL),
(1561, 'weekend', '10:55:00', 4026, 92, NULL),
(1562, 'weekend', '10:55:00', 4026, 186, NULL),
(1563, 'weekend', '10:55:00', 4026, 151, NULL),
(1564, 'weekend', '10:55:00', 4026, 154, NULL),
(1565, 'weekend', '10:55:00', 4026, 187, NULL),
(1566, 'weekend', '10:55:00', 4026, 188, NULL),
(1567, 'weekend', '10:55:00', 4026, 132, NULL),
(1568, 'weekend', '10:55:00', 4026, 189, NULL),
(1569, 'weekend', '10:55:00', 4026, 148, NULL),
(1570, 'weekend', '10:55:00', 4026, 190, NULL),
(1571, 'weekend', '10:55:00', 4026, 137, NULL),
(1572, 'weekend', '10:55:00', 4026, 185, NULL),
(1573, 'weekend', '10:55:00', 4026, 191, NULL),
(1574, 'weekend', '10:55:00', 4026, 192, NULL),
(1575, 'weekend', '10:55:00', 4026, 193, NULL),
(1576, 'weekend', '10:55:00', 4026, 194, NULL),
(1577, 'weekend', '10:55:00', 4026, 195, NULL),
(1578, 'weekend', '10:55:00', 4026, 196, NULL),
(1579, 'weekend', '10:55:00', 4026, 197, NULL),
(1580, 'weekend', '10:55:00', 4026, 198, NULL),
(1581, 'weekend', '10:55:00', 4026, 129, NULL),
(1582, 'weekend', '10:55:00', 4026, 124, NULL),
(1583, 'weekend', '10:55:00', 4026, 123, NULL),
(1584, 'weekend', '10:55:00', 4026, 199, NULL),
(1585, 'weekend', '10:55:00', 4026, 200, NULL),
(1586, 'weekend', '10:55:00', 4026, 201, NULL),
(1587, 'weekend', '10:55:00', 4026, 149, NULL),
(1588, 'weekend', '10:55:00', 4026, 202, NULL),
(1589, 'wednesday', '04:45:00', 3869, 131, NULL),
(1590, 'wednesday', '04:45:00', 3869, 150, NULL),
(1591, 'wednesday', '04:45:00', 3869, 92, NULL),
(1592, 'wednesday', '04:45:00', 3869, 149, NULL),
(1593, 'wednesday', '04:45:00', 3869, 188, NULL),
(1594, 'wednesday', '04:45:00', 3869, 196, NULL),
(1595, 'wednesday', '04:45:00', 3869, 123, NULL),
(1596, 'weekdays', '11:45:00', 3787, 188, NULL),
(1597, 'weekdays', '11:45:00', 3787, 196, NULL),
(1598, 'weekdays', '11:45:00', 3787, 123, NULL),
(1599, 'monday', '10:00:00', 3779, 188, NULL),
(1600, 'weekdays', '10:20:00', 219, 188, NULL),
(1601, 'everyday', '03:45:00', 4027, 188, NULL),
(1602, 'everyday', '02:10:00', 4028, 134, NULL),
(1603, 'everyday', '10:30:00', 3750, 141, NULL),
(1604, 'weekend', '03:00:00', 4024, 141, NULL),
(1632, 'weekdays', '08:30:00', 810, 130, NULL),
(1633, 'weekend', '03:00:00', 4024, 125, NULL),
(1634, 'everyday', '10:30:00', 3750, 125, NULL),
(1635, 'weekend', '03:00:00', 4024, 167, NULL),
(1636, 'everyday', '10:30:00', 3750, 167, NULL),
(1637, 'monday', '10:30:00', 3874, 219, NULL),
(1638, 'tuesday', '03:10:00', 3746, 219, NULL),
(1639, 'weekend', '03:00:00', 4024, 219, NULL),
(1640, 'everyday', '10:30:00', 3750, 219, NULL),
(1641, 'everyday', '06:00:00', 851, 219, NULL),
(1642, 'weekend', '09:30:00', 810, 219, NULL),
(1651, 'weekend', '10:30:00', 3760, 221, NULL),
(1652, 'weekend', '10:30:00', 3760, 119, NULL),
(1668, 'weekdays', '11:15:00', 224, 154, NULL),
(1669, 'weekdays', '11:45:00', 4032, 154, NULL),
(1670, 'monday', '03:35:00', 573, 154, NULL),
(1673, 'weekdays', '01:05:00', 567, 154, NULL),
(1674, 'weekend', '01:05:00', 567, 154, NULL),
(1675, 'tuesday', '05:40:00', 4037, 224, NULL),
(1678, 'weekdays', '01:05:00', 4023, 154, NULL),
(1679, 'weekend', '01:05:00', 4023, 154, NULL),
(1680, 'weekend', '01:10:00', 567, 154, NULL),
(1682, 'monday', '11:45:00', 573, 154, NULL),
(1692, 'weekend', '08:30:00', 4041, 115, NULL),
(1693, 'everyday', '02:45:00', 952, 224, NULL),
(1694, 'friday', '05:40:00', 4043, 224, NULL),
(1695, 'weekdays', '22:30:00', 952, 224, NULL),
(1696, 'weekend', '07:20:00', 4044, 224, NULL),
(1697, 'weekend', '07:20:00', 4044, 225, NULL),
(1698, 'everyday', '03:40:00', 4045, 225, NULL),
(1700, 'wednesday', '12:50:00', 3788, 133, NULL),
(1701, 'wednesday', '12:50:00', 3788, 131, NULL),
(1702, 'wednesday', '12:50:00', 3788, 150, NULL),
(1703, 'wednesday', '12:50:00', 3788, 91, NULL),
(1704, 'wednesday', '12:50:00', 3788, 92, NULL),
(1705, 'wednesday', '12:50:00', 3788, 186, NULL),
(1706, 'wednesday', '12:50:00', 3788, 151, NULL),
(1707, 'wednesday', '12:50:00', 3788, 154, NULL),
(1708, 'wednesday', '12:50:00', 3788, 187, NULL),
(1709, 'wednesday', '12:50:00', 3788, 188, NULL),
(1710, 'wednesday', '12:50:00', 3788, 132, NULL),
(1711, 'wednesday', '12:50:00', 3788, 189, NULL),
(1712, 'wednesday', '12:50:00', 3788, 148, NULL),
(1713, 'wednesday', '12:50:00', 3788, 190, NULL),
(1714, 'wednesday', '12:50:00', 3788, 137, NULL),
(1715, 'wednesday', '12:50:00', 3788, 185, NULL),
(1716, 'wednesday', '12:50:00', 3788, 191, NULL),
(1717, 'wednesday', '12:50:00', 3788, 192, NULL),
(1718, 'wednesday', '12:50:00', 3788, 193, NULL),
(1719, 'wednesday', '12:50:00', 3788, 194, NULL),
(1720, 'wednesday', '12:50:00', 3788, 195, NULL),
(1721, 'wednesday', '12:50:00', 3788, 196, NULL),
(1722, 'wednesday', '12:50:00', 3788, 197, NULL),
(1723, 'wednesday', '12:50:00', 3788, 198, NULL),
(1724, 'wednesday', '12:50:00', 3788, 129, NULL),
(1725, 'wednesday', '12:50:00', 3788, 124, NULL),
(1726, 'wednesday', '12:50:00', 3788, 123, NULL),
(1727, 'wednesday', '12:50:00', 3788, 199, NULL),
(1728, 'wednesday', '12:50:00', 3788, 200, NULL),
(1729, 'wednesday', '12:50:00', 3788, 201, NULL),
(1730, 'wednesday', '12:50:00', 3788, 149, NULL),
(1731, 'wednesday', '12:50:00', 3788, 202, NULL),
(1732, 'wednesday', '12:50:00', 3788, 226, NULL),
(1733, 'monday', '16:40:00', 4046, 199, NULL),
(1734, 'monday', '16:40:00', 4046, 133, NULL),
(1735, 'monday', '16:40:00', 4046, 131, NULL),
(1736, 'monday', '16:40:00', 4046, 150, NULL),
(1737, 'monday', '16:40:00', 4046, 91, NULL),
(1738, 'monday', '16:40:00', 4046, 92, NULL),
(1739, 'monday', '16:40:00', 4046, 186, NULL),
(1740, 'monday', '16:40:00', 4046, 151, NULL),
(1741, 'monday', '16:40:00', 4046, 154, NULL),
(1742, 'monday', '16:40:00', 4046, 187, NULL),
(1743, 'monday', '16:40:00', 4046, 188, NULL),
(1744, 'monday', '16:40:00', 4046, 132, NULL),
(1745, 'monday', '16:40:00', 4046, 189, NULL),
(1746, 'monday', '16:40:00', 4046, 148, NULL),
(1747, 'monday', '16:40:00', 4046, 190, NULL),
(1748, 'monday', '16:40:00', 4046, 137, NULL),
(1749, 'monday', '16:40:00', 4046, 185, NULL),
(1750, 'monday', '16:40:00', 4046, 191, NULL),
(1751, 'monday', '16:40:00', 4046, 192, NULL),
(1752, 'monday', '16:40:00', 4046, 193, NULL),
(1753, 'monday', '16:40:00', 4046, 194, NULL),
(1754, 'monday', '16:40:00', 4046, 195, NULL),
(1755, 'monday', '16:40:00', 4046, 196, NULL),
(1756, 'monday', '16:40:00', 4046, 197, NULL),
(1757, 'monday', '16:40:00', 4046, 198, NULL),
(1758, 'monday', '16:40:00', 4046, 129, NULL),
(1759, 'monday', '16:40:00', 4046, 124, NULL),
(1760, 'monday', '16:40:00', 4046, 123, NULL),
(1761, 'monday', '16:40:00', 4046, 199, NULL),
(1762, 'monday', '16:40:00', 4046, 200, NULL),
(1763, 'monday', '16:40:00', 4046, 201, NULL),
(1764, 'monday', '16:40:00', 4046, 149, NULL),
(1765, 'monday', '16:40:00', 4046, 202, NULL),
(1766, 'monday', '16:40:00', 4046, 226, NULL),
(1767, 'monday', '16:40:00', 4046, 133, NULL),
(1768, 'monday', '16:40:00', 4046, 131, NULL),
(1769, 'monday', '16:40:00', 4046, 150, NULL),
(1770, 'monday', '16:40:00', 4046, 91, NULL),
(1771, 'monday', '16:40:00', 4046, 92, NULL),
(1772, 'monday', '16:40:00', 4046, 186, NULL),
(1773, 'monday', '16:40:00', 4046, 151, NULL),
(1774, 'monday', '16:40:00', 4046, 154, NULL),
(1775, 'monday', '16:40:00', 4046, 187, NULL),
(1776, 'monday', '16:40:00', 4046, 188, NULL),
(1777, 'monday', '16:40:00', 4046, 132, NULL),
(1778, 'monday', '16:40:00', 4046, 189, NULL),
(1779, 'monday', '16:40:00', 4046, 148, NULL),
(1780, 'monday', '16:40:00', 4046, 190, NULL),
(1781, 'monday', '16:40:00', 4046, 137, NULL),
(1782, 'monday', '16:40:00', 4046, 185, NULL),
(1783, 'monday', '16:40:00', 4046, 191, NULL),
(1784, 'monday', '16:40:00', 4046, 192, NULL),
(1785, 'monday', '16:40:00', 4046, 193, NULL),
(1786, 'monday', '16:40:00', 4046, 194, NULL),
(1787, 'monday', '16:40:00', 4046, 195, NULL),
(1788, 'monday', '16:40:00', 4046, 196, NULL),
(1789, 'monday', '16:40:00', 4046, 197, NULL),
(1790, 'monday', '16:40:00', 4046, 198, NULL),
(1791, 'monday', '16:40:00', 4046, 129, NULL),
(1792, 'monday', '16:40:00', 4046, 124, NULL),
(1793, 'monday', '16:40:00', 4046, 123, NULL),
(1794, 'monday', '16:40:00', 4046, 199, NULL),
(1795, 'monday', '16:40:00', 4046, 200, NULL),
(1796, 'monday', '16:40:00', 4046, 201, NULL),
(1797, 'monday', '16:40:00', 4046, 149, NULL),
(1798, 'monday', '16:40:00', 4046, 202, NULL),
(1799, 'monday', '16:40:00', 4046, 226, NULL),
(1800, 'monday', '16:40:00', 4046, 133, NULL),
(1801, 'monday', '16:40:00', 4046, 131, NULL),
(1802, 'monday', '16:40:00', 4046, 150, NULL),
(1803, 'monday', '16:40:00', 4046, 91, NULL),
(1804, 'monday', '16:40:00', 4046, 92, NULL),
(1805, 'monday', '16:40:00', 4046, 186, NULL),
(1806, 'monday', '16:40:00', 4046, 151, NULL),
(1807, 'monday', '16:40:00', 4046, 154, NULL),
(1808, 'monday', '16:40:00', 4046, 187, NULL),
(1809, 'monday', '16:40:00', 4046, 188, NULL),
(1810, 'monday', '16:40:00', 4046, 132, NULL),
(1811, 'monday', '16:40:00', 4046, 189, NULL),
(1812, 'monday', '16:40:00', 4046, 148, NULL),
(1813, 'monday', '16:40:00', 4046, 190, NULL),
(1814, 'monday', '16:40:00', 4046, 137, NULL),
(1815, 'monday', '16:40:00', 4046, 185, NULL),
(1816, 'monday', '16:40:00', 4046, 191, NULL),
(1817, 'monday', '16:40:00', 4046, 192, NULL),
(1818, 'monday', '16:40:00', 4046, 193, NULL),
(1819, 'monday', '16:40:00', 4046, 194, NULL),
(1820, 'monday', '16:40:00', 4046, 195, NULL),
(1821, 'monday', '16:40:00', 4046, 196, NULL),
(1822, 'monday', '16:40:00', 4046, 197, NULL),
(1823, 'monday', '16:40:00', 4046, 198, NULL),
(1824, 'monday', '16:40:00', 4046, 129, NULL),
(1825, 'monday', '16:40:00', 4046, 124, NULL),
(1826, 'monday', '16:40:00', 4046, 123, NULL),
(1827, 'monday', '16:40:00', 4046, 199, NULL),
(1828, 'monday', '16:40:00', 4046, 200, NULL),
(1829, 'monday', '16:40:00', 4046, 201, NULL),
(1830, 'monday', '16:40:00', 4046, 149, NULL),
(1831, 'monday', '16:40:00', 4046, 202, NULL),
(1832, 'monday', '16:40:00', 4046, 226, NULL),
(1835, 'friday', '10:25:00', 4021, 135, NULL),
(1836, 'thursday', '07:50:00', 3872, 135, NULL),
(1847, 'weekend', '10:30:00', 3760, 130, NULL),
(1848, 'weekend', '10:30:00', 3760, 223, NULL),
(1849, 'everyday', '15:00:00', 3764, 223, NULL),
(1850, 'everyday', '15:00:00', 3764, 228, NULL),
(1851, 'tuesday', '20:10:00', 3865, 151, NULL),
(1852, 'everyday', '06:00:00', 851, 229, NULL),
(1853, 'everyday', '06:00:00', 851, 230, NULL),
(1854, 'everyday', '06:00:00', 851, 231, NULL),
(1855, 'everyday', '06:00:00', 851, 232, NULL),
(1856, 'everyday', '06:00:00', 851, 233, NULL),
(1857, 'everyday', '06:00:00', 851, 234, NULL),
(1858, 'everyday', '06:00:00', 851, 235, NULL),
(1859, 'everyday', '06:00:00', 851, 236, NULL),
(1861, 'thursday', '06:45:00', 218, 154, NULL),
(1862, 'weekend', '08:30:00', 4041, 223, NULL),
(1863, 'tuesday', '03:15:00', 4050, 237, NULL),
(1864, 'wednesday', '02:50:00', 4051, 237, NULL),
(1865, 'tuesday', '03:15:00', 4050, 135, NULL),
(1866, 'wednesday', '02:50:00', 4051, 135, NULL),
(1867, 'tuesday', '03:15:00', 4050, 134, NULL),
(1868, 'wednesday', '02:50:00', 4051, 134, NULL),
(1869, 'tuesday', '03:15:00', 4050, 242, NULL),
(1870, 'wednesday', '02:50:00', 4051, 242, NULL),
(1872, 'weekend', '21:45:00', 4060, 243, NULL),
(1873, 'thursday', '18:45:00', 4061, 243, NULL),
(1874, 'saturday', '13:30:00', 4055, 243, NULL),
(1875, 'monday', '14:45:00', 4062, 243, NULL),
(1876, 'monday', '15:45:00', 4059, 243, NULL),
(1877, 'monday,wednesday,thursday', '03:45:00', 4059, 243, NULL),
(1878, 'wednesday', '06:45:00', 4063, 243, NULL),
(1879, 'thursday', '11:50:00', 4056, 243, NULL),
(1880, 'friday', '08:45:00', 4059, 243, NULL),
(1881, 'tuesday', '06:45:00', 4059, 243, NULL),
(1882, 'tuesday', '08:45:00', 4059, 243, NULL),
(1883, 'thursday', '11:55:00', 4056, 243, NULL),
(1884, 'weekend', '18:45:00', 4055, 243, NULL),
(1885, 'wednesday', '03:45:00', 4065, 243, NULL);

-- --------------------------------------------------------

--
-- Table structure for table `smd__autofeed_post_time_has_posts`
--

CREATE TABLE `smd__autofeed_post_time_has_posts` (
  `postTimeID` int(11) UNSIGNED NOT NULL,
  `postID` int(255) UNSIGNED NOT NULL,
  `date` date NOT NULL,
  `serverTime` datetime DEFAULT NULL
) ENGINE=InnoDB DEFAULT CHARSET=utf8;

--
-- Dumping data for table `smd__autofeed_post_time_has_posts`
--

INSERT INTO `smd__autofeed_post_time_has_posts` (`postTimeID`, `postID`, `date`, `serverTime`) VALUES
(427, 10836, '2019-02-09', NULL),
(427, 10848, '2019-02-10', NULL),
(426, 10852, '2019-02-13', NULL),
(426, 10853, '2019-02-15', NULL),
(437, 10868, '2019-02-26', NULL),
(437, 10887, '2019-03-01', NULL),
(440, 10908, '2019-02-28', '2019-02-28 14:40:00'),
(438, 10909, '2019-03-04', '2019-03-04 12:30:00'),
(436, 10910, '2019-03-05', '2019-03-05 13:10:00'),
(467, 11008, '2019-03-06', '2019-03-06 13:40:00'),
(469, 11009, '2019-03-06', '2019-03-06 14:00:00'),
(470, 11011, '2019-03-06', '2019-03-06 14:12:00'),
(437, 11137, '2019-03-13', '2019-03-13 10:40:00'),
(508, 12101, '2019-05-16', '2019-05-16 13:00:00'),
(507, 12203, '2019-05-06', '2019-05-06 13:00:00'),
(520, 12403, '2019-05-10', '2019-05-10 15:30:00'),
(519, 12455, '2019-05-15', '2019-05-15 13:00:00'),
(919, 15347, '2019-10-18', '2019-10-18 14:00:00'),
(928, 15429, '2019-10-29', '2019-10-29 10:26:00'),
(931, 15430, '2019-11-02', '2019-11-02 20:08:00'),
(932, 15431, '2019-11-03', '2019-11-03 16:21:00'),
(944, 15576, '2019-11-03', '2019-11-03 15:53:00'),
(955, 15694, '2019-11-02', '2019-11-02 14:50:00'),
(973, 15794, '2019-11-03', '2019-11-03 02:46:00'),
(977, 15796, '2019-11-03', '2019-11-03 17:25:00'),
(980, 15797, '2019-11-02', '2019-11-02 11:42:00'),
(981, 15798, '2019-11-03', '2019-11-03 17:30:00'),
(993, 15834, '2019-11-03', '2019-11-03 20:42:00'),
(997, 15931, '2019-11-03', '2019-11-03 09:58:00'),
(1000, 15932, '2019-11-02', '2019-11-02 07:43:00'),
(1001, 15933, '2019-11-03', '2019-11-03 01:45:00'),
(1005, 15935, '2019-11-03', '2019-11-03 18:48:00'),
(1008, 15936, '2019-11-02', '2019-11-02 12:37:00'),
(1009, 15937, '2019-11-03', '2019-11-03 11:34:00'),
(1013, 15939, '2019-11-03', '2019-11-03 12:46:00'),
(1016, 15940, '2019-11-02', '2019-11-02 09:45:00'),
(1017, 15941, '2019-11-02', '2019-11-02 03:52:00'),
(1021, 15943, '2019-11-02', '2019-11-02 08:23:00'),
(1025, 15945, '2019-11-02', '2019-11-02 01:06:00'),
(1029, 15947, '2019-11-02', '2019-11-02 11:33:00'),
(1034, 15949, '2019-11-02', '2019-11-02 10:53:00'),
(1035, 15950, '2019-11-02', '2019-11-02 18:59:00'),
(1038, 15951, '2019-11-02', '2019-11-02 01:56:00'),
(1039, 15952, '2019-11-02', '2019-11-02 23:20:00'),
(1043, 15954, '2019-11-02', '2019-11-03 00:12:00'),
(1223, 17677, '2019-11-30', '2019-11-30 21:02:00'),
(1241, 25970, '2020-05-12', '2020-05-12 14:00:00'),
(1242, 25979, '2020-05-12', '2020-05-12 14:10:00'),
(1245, 25999, '2020-05-13', '2020-05-13 15:00:00'),
(1247, 26007, '2020-05-18', '2020-05-18 11:00:00'),
(1249, 26011, '2020-05-16', '2020-05-16 10:00:00'),
(1247, 26020, '2020-05-25', '2020-05-25 11:00:00'),
(1247, 26028, '2020-06-01', '2020-06-01 11:00:00'),
(1249, 26034, '2020-05-23', '2020-05-23 10:00:00'),
(1249, 26040, '2020-05-30', '2020-05-30 10:00:00'),
(1249, 26049, '2020-06-06', '2020-06-06 10:00:00'),
(1249, 26059, '2020-06-13', '2020-06-13 10:00:00'),
(1256, 26068, '2020-05-18', '2020-05-18 04:13:00'),
(1257, 26069, '2020-05-16', '2020-05-16 13:12:00'),
(1253, 26070, '2020-05-22', '2020-05-22 12:10:00'),
(1258, 26071, '2020-05-22', '2020-05-22 12:11:00'),
(1258, 26072, '2020-05-22', '2020-05-22 12:11:00'),
(1256, 26073, '2020-05-20', '2020-05-20 04:13:00'),
(1256, 26074, '2020-05-21', '2020-05-21 04:13:00'),
(1247, 26077, '2020-06-08', '2020-06-08 11:00:00'),
(1250, 26078, '2020-05-19', '2020-05-19 16:00:00'),
(1258, 26215, '2020-05-22', '2020-05-22 12:11:00'),
(1249, 26220, '2020-06-20', '2020-06-20 10:00:00'),
(1249, 26225, '2020-06-27', '2020-06-27 10:00:00'),
(1309, 26772, '2020-08-15', '2020-08-15 03:15:00'),
(1835, 27876, '2020-12-04', '2020-12-04 11:25:00'),
(1835, 27877, '2020-12-11', '2020-12-11 11:25:00'),
(1836, 27878, '2020-12-10', '2020-12-10 08:50:00'),
(1863, 27975, '2020-12-22', '2020-12-22 04:15:00'),
(1863, 27976, '2020-12-29', '2020-12-29 04:15:00'),
(1864, 27977, '2020-12-23', '2020-12-23 03:50:00'),
(1864, 27978, '2020-12-30', '2020-12-30 03:50:00'),
(1864, 27979, '2021-01-06', '2021-01-06 03:50:00'),
(1867, 27985, '2020-12-22', '2020-12-22 04:15:00'),
(1867, 27986, '2020-12-29', '2020-12-29 04:15:00'),
(1868, 27987, '2020-12-23', '2020-12-23 03:50:00'),
(1869, 27996, '2020-12-22', '2020-12-22 04:15:00'),
(1869, 27997, '2020-12-29', '2020-12-29 04:15:00'),
(1870, 27998, '2020-12-23', '2020-12-23 03:50:00'),
(1870, 27999, '2020-12-30', '2020-12-30 03:50:00'),
(1849, 28101, '2020-12-23', '2020-12-23 16:00:00');

-- --------------------------------------------------------

--
-- Table structure for table `smd__autofeed_preset`
--

CREATE TABLE `smd__autofeed_preset` (
  `presetID` int(11) UNSIGNED NOT NULL,
  `settings` json NOT NULL,
  `createDate` timestamp NOT NULL DEFAULT CURRENT_TIMESTAMP,
  `name` varchar(128) NOT NULL,
  `autoFeedCategoryID` int(11) GENERATED ALWAYS AS (json_unquote(json_extract(`settings`,'$.categoryID'))) VIRTUAL,
  `autoFeedPeriod` varchar(32) GENERATED ALWAYS AS (json_unquote(json_extract(`settings`,'$.period'))) VIRTUAL
) ENGINE=InnoDB DEFAULT CHARSET=utf8;

--
-- Dumping data for table `smd__autofeed_preset`
--

INSERT INTO `smd__autofeed_preset` (`presetID`, `settings`, `createDate`, `name`) VALUES
(8, '{\"hour\": 6, \"minute\": 0, \"period\": \"everyday\", \"categoryID\": 851, \"categoryName\": \"Art\"}', '2020-08-05 08:36:57', 'Everyday Art'),
(14, '{\"hour\": 9, \"minute\": 30, \"period\": \"weekend\", \"categoryID\": 810, \"categoryName\": \"Gaming\"}', '2020-08-10 12:47:01', 'Gaming Time'),
(15, '{\"hour\": 8, \"minute\": 30, \"period\": \"weekdays\", \"categoryID\": 810, \"categoryName\": \"Gaming\"}', '2020-09-22 09:00:03', 'Happy Hour'),
(16, '{\"hour\": 10, \"minute\": 45, \"period\": \"tuesday\", \"categoryID\": 567, \"categoryName\": \"Art\"}', '2020-09-22 17:55:12', 'Rule1'),
(17, '{\"hour\": 15, \"minute\": 50, \"period\": \"friday\", \"categoryID\": 224, \"categoryName\": \"Engagement\"}', '2020-09-22 17:56:12', 'Rule2'),
(18, '{\"hour\": 20, \"minute\": 40, \"period\": \"weekend\", \"categoryID\": 3787, \"categoryName\": \"Technology\"}', '2020-09-22 17:56:33', 'Rule3'),
(19, '{\"hour\": 15, \"minute\": 45, \"period\": \"monday\", \"categoryID\": 940, \"categoryName\": \"Art\"}', '2020-09-23 11:54:26', 'First Rule'),
(20, '{\"hour\": 22, \"minute\": 40, \"period\": \"saturday\", \"categoryID\": 1906, \"categoryName\": \"Awareness Days\"}', '2020-09-23 12:48:04', 'Second Rule'),
(21, '{\"hour\": 10, \"minute\": 10, \"period\": \"monday\", \"categoryID\": 4023, \"categoryName\": \"Brand\"}', '2020-10-09 11:09:35', 'Generic - Brand'),
(22, '{\"hour\": 9, \"minute\": 5, \"period\": \"tuesday\", \"categoryID\": 948, \"categoryName\": \"Gaming\"}', '2020-10-09 11:17:31', 'Test preset 09.10'),
(23, '{\"hour\": 10, \"minute\": 20, \"period\": \"weekdays\", \"categoryID\": 219, \"categoryName\": \"Holiday\"}', '2020-10-09 12:04:07', 'Rule for the whole week'),
(24, '{\"hour\": 13, \"minute\": 40, \"period\": \"everyday\", \"categoryID\": 567, \"categoryName\": \"Art\"}', '2020-10-09 12:07:18', 'Rule4'),
(26, '{\"hour\": 10, \"minute\": 15, \"period\": \"monday\", \"categoryID\": 810, \"categoryName\": \"Gaming\"}', '2020-10-12 07:19:51', 'Test Rule'),
(27, '{\"hour\": 10, \"minute\": 30, \"period\": \"monday\", \"categoryID\": 3874, \"categoryName\": \"Web\"}', '2020-10-12 08:07:06', 'Web test Rule'),
(28, '{\"hour\": 3, \"minute\": 10, \"period\": \"tuesday\", \"categoryID\": 3746, \"categoryName\": \"Test\"}', '2020-10-12 08:08:55', 'Test'),
(29, '{\"hour\": 3, \"minute\": 0, \"period\": \"weekend\", \"categoryID\": 4024, \"categoryName\": \"Csabi-egy-tesztje\"}', '2020-10-14 06:41:59', 'Egy teszt rule'),
(30, '{\"hour\": 10, \"minute\": 30, \"period\": \"everyday\", \"categoryID\": 3750, \"categoryName\": \"Testbyszabi\"}', '2020-10-14 08:00:28', 'Szabi tesztje'),
(32, '{\"hour\": 22, \"minute\": 10, \"period\": \"monday\", \"categoryID\": 218, \"categoryName\": \"Offer\"}', '2020-10-14 10:33:19', 'Monday - Evening Offer - 22:10'),
(33, '{\"hour\": 11, \"minute\": 45, \"period\": \"weekdays\", \"categoryID\": 3787, \"categoryName\": \"Technology\"}', '2020-10-15 12:23:12', 'Weekday Technology at 11:45'),
(34, '{\"hour\": 10, \"minute\": 55, \"period\": \"weekend\", \"categoryID\": 920, \"categoryName\": \"Turmix\"}', '2020-10-15 12:25:34', 'Test preset 123544545'),
(35, '{\"hour\": 4, \"minute\": 45, \"period\": \"wednesday\", \"categoryID\": 224, \"categoryName\": \"Engagement\"}', '2020-10-15 12:28:06', 'Engagement - Wednesday 4:45pm'),
(36, '{\"hour\": 10, \"minute\": 0, \"period\": \"monday\", \"categoryID\": 3867, \"categoryName\": \"Travel\"}', '2020-10-15 12:52:36', 'Travel - Monday at 10:00am'),
(37, '{\"hour\": 3, \"minute\": 45, \"period\": \"everyday\", \"categoryID\": 3869, \"categoryName\": \"Sport\"}', '2020-10-15 14:21:59', 'Sport - Everyday 3:45pm'),
(38, '{\"hour\": 22, \"minute\": 30, \"period\": \"weekdays\", \"categoryID\": 952, \"categoryName\": \"Gaming\"}', '2020-11-10 13:53:12', 'Gaming - Weekdays at 22:30'),
(39, '{\"hour\": 10, \"minute\": 30, \"period\": \"weekend\", \"categoryID\": 3760, \"categoryName\": \"Business\"}', '2020-11-12 10:16:27', 'Business Weekend'),
(42, '{\"hour\": 1, \"minute\": 5, \"period\": \"weekend\", \"categoryID\": 567, \"categoryName\": \"Art\"}', '2020-11-17 13:11:45', 'tesz'),
(44, '{\"hour\": 1, \"minute\": 5, \"period\": \"weekdays\", \"categoryID\": 4023, \"categoryName\": \"Brand\"}', '2020-11-17 13:32:27', 'teszttte'),
(46, '{\"hour\": 8, \"minute\": 30, \"period\": \"weekend\", \"categoryID\": 4041, \"categoryName\": \"Test (Generic)\"}', '2020-11-19 14:39:44', 'Test (generic)'),
(47, '{\"hour\": 7, \"minute\": 20, \"period\": \"weekend\", \"categoryID\": 3873, \"categoryName\": \"Sport\"}', '2020-11-20 13:16:36', 'Sports - Weekends at 7:20am '),
(48, '{\"hour\": 3, \"minute\": 40, \"period\": \"everyday\", \"categoryID\": 3476, \"categoryName\": \"Travel\"}', '2020-11-20 13:17:43', 'Travel - Everyday at 3:40'),
(49, '{\"hour\": 12, \"minute\": 50, \"period\": \"wednesday\", \"categoryID\": 3788, \"categoryName\": \"Pets\"}', '2020-11-30 13:18:26', 'Pets - Wednesday 12:50pm'),
(50, '{\"hour\": 16, \"minute\": 40, \"period\": \"monday\", \"categoryID\": 4009, \"categoryName\": \"Egyujgeneric\"}', '2020-11-30 14:13:29', 'Egyujgeneric - Monday - 4:40pm'),
(51, '{\"hour\": 12, \"minute\": 35, \"period\": \"tuesday\", \"categoryID\": 3872, \"categoryName\": \"Sport\"}', '2020-12-04 10:10:56', 'Sport - Tuesday - 12:35pm'),
(52, '{\"hour\": 10, \"minute\": 25, \"period\": \"friday\", \"categoryID\": 4021, \"categoryName\": \"Competition\"}', '2020-12-04 10:12:11', 'Competition - Friday - 10:25am'),
(53, '{\"hour\": 6, \"minute\": 45, \"period\": \"thursday\", \"categoryID\": 218, \"categoryName\": \"Offer\"}', '2020-12-10 11:38:36', 'thursday 6:45am Offer'),
(54, '{\"hour\": 3, \"minute\": 15, \"period\": \"tuesday\", \"categoryID\": 4050, \"categoryName\": \"Technology\"}', '2020-12-16 17:32:22', 'Tech - Tuesday - 3:15am'),
(55, '{\"hour\": 2, \"minute\": 50, \"period\": \"wednesday\", \"categoryID\": 4051, \"categoryName\": \"Fashion\"}', '2020-12-16 17:32:52', 'Fashion - Wednesday 2:50am'),
(56, '{\"hour\": 3, \"minute\": 45, \"period\": \"weekdays\", \"categoryID\": 921, \"categoryName\": \"Time\"}', '2020-12-22 13:17:14', 'Time - Weekdays - 3:45am'),
(57, '{\"hour\": 18, \"minute\": 45, \"period\": \"weekend\", \"categoryID\": 4055, \"categoryName\": \"Competition\"}', '2020-12-22 13:17:42', 'Comeptition - Weekend - 17:45'),
(58, '{\"hour\": 18, \"minute\": 45, \"period\": \"thursday\", \"categoryID\": 3678, \"categoryName\": \"Has media\"}', '2020-12-22 13:18:19', 'has media - thursdfay - 18:45'),
(59, '{\"hour\": 11, \"minute\": 30, \"period\": \"saturday\", \"categoryID\": 4055, \"categoryName\": \"Competition\"}', '2020-12-22 13:18:42', 'comp - saturday - 11:30'),
(60, '{\"hour\": 12, \"minute\": 45, \"period\": \"monday\", \"categoryID\": 4009, \"categoryName\": \"Egyujgeneric\"}', '2020-12-22 13:18:59', 'preset 3'),
(61, '{\"hour\": 6, \"minute\": 45, \"period\": \"wednesday\", \"categoryID\": 519, \"categoryName\": \"Generic category\"}', '2020-12-22 13:24:43', 'Generic category - 6:45am'),
(62, '{\"hour\": 11, \"minute\": 55, \"period\": \"thursday\", \"categoryID\": 4056, \"categoryName\": \"Esemdee 5678\"}', '2020-12-22 13:25:10', 'preset 41'),
(63, '{\"hour\": 6, \"minute\": 45, \"period\": \"tuesday\", \"categoryID\": 366, \"categoryName\": \"Safari\"}', '2020-12-22 13:28:23', 'safari tuesday 6:45'),
(64, '{\"hour\": 9, \"minute\": 45, \"period\": \"everyday\", \"categoryID\": 366, \"categoryName\": \"Safari\"}', '2020-12-22 13:31:39', 'preset 5');

-- --------------------------------------------------------

--
-- Table structure for table `smd__autofeed_settings`
--

CREATE TABLE `smd__autofeed_settings` (
  `settingID` int(11) UNSIGNED NOT NULL,
  `organizationID` int(11) UNSIGNED NOT NULL,
  `socialSiteID` int(11) UNSIGNED NOT NULL,
  `timezone` varchar(64) NOT NULL,
  `status` enum('paused','active') NOT NULL DEFAULT 'active',
  `daysOff` set('monday','tuesday','wednesday','thursday','friday','saturday','sunday') DEFAULT NULL
) ENGINE=InnoDB DEFAULT CHARSET=utf8;

--
-- Dumping data for table `smd__autofeed_settings`
--

INSERT INTO `smd__autofeed_settings` (`settingID`, `organizationID`, `socialSiteID`, `timezone`, `status`, `daysOff`) VALUES
(1, 119, 3, 'Africa/Asmara', 'active', NULL),
(2, 119, 4, 'Europe/London', 'active', NULL),
(3, 1, 7, 'Europe/Budapest', 'active', NULL),
(4, 1, 8, 'Europe/Budapest', 'active', NULL),
(5, 1, 9, 'Europe/Budapest', 'active', NULL),
(25, 1, 6, 'Europe/Budapest', 'active', NULL),
(26, 1, 5, 'Europe/Budapest', 'active', 'thursday'),
(27, 1, 11, 'Europe/Budapest', 'active', NULL),
(28, 1, 18, 'Europe/Budapest', 'active', NULL),
(29, 1, 19, 'Europe/Budapest', 'active', NULL),
(30, 1, 17, 'Europe/Budapest', 'active', NULL),
(31, 1, 12, 'Europe/Budapest', 'active', NULL),
(32, 1, 15, 'Europe/Budapest', 'active', NULL),
(33, 1, 16, 'Europe/Budapest', 'active', 'wednesday'),
(34, 1, 13, 'Europe/Budapest', 'active', NULL),
(35, 1, 10, 'Europe/Budapest', 'active', NULL),
(36, 1, 14, 'Europe/Budapest', 'active', NULL),
(37, 1, 37, 'Europe/Budapest', 'active', NULL),
(38, 1, 41, 'Europe/Budapest', 'active', NULL),
(39, 138, 56, 'Europe/Budapest', 'active', NULL),
(63, 1, 128, 'Europe/Budapest', 'active', NULL),
(64, 1, 47, 'Europe/Budapest', 'active', 'thursday'),
(79, 1, 131, 'Europe/Budapest', 'active', NULL),
(81, 119, 34, 'Europe/Budapest', 'active', NULL),
(91, 188, 234, 'Europe/Budapest', 'active', NULL),
(92, 188, 235, 'Europe/Budapest', 'active', NULL),
(93, 187, 267, 'Europe/Budapest', 'active', NULL),
(97, 188, 297, 'Europe/Budapest', 'active', NULL),
(109, 188, 352, 'Europe/Budapest', 'active', NULL),
(110, 187, 183, 'Europe/Budapest', 'active', NULL),
(115, 308, 475, 'Europe/Budapest', 'active', NULL),
(116, 308, 476, 'Europe/Budapest', 'active', NULL),
(117, 308, 490, 'Europe/Budapest', 'active', 'monday,tuesday,wednesday,thursday,friday'),
(118, 308, 491, 'Europe/Budapest', 'active', 'monday,tuesday,wednesday,thursday,friday'),
(119, 308, 519, 'Europe/Budapest', 'active', NULL),
(120, 308, 530, 'Europe/Budapest', 'active', NULL),
(121, 308, 551, 'Europe/Budapest', 'active', NULL),
(122, 308, 557, 'Europe/Budapest', 'active', NULL),
(123, 188, 558, 'Europe/Budapest', 'active', NULL),
(124, 188, 556, 'Europe/Budapest', 'active', 'monday,tuesday,wednesday,thursday,friday'),
(125, 308, 576, 'Europe/Budapest', 'active', NULL),
(126, 308, 572, 'Europe/Budapest', 'active', NULL),
(127, 308, 487, 'Europe/Budapest', 'active', NULL),
(128, 308, 518, 'Europe/Budapest', 'active', NULL),
(129, 188, 516, 'Europe/Budapest', 'active', NULL),
(130, 308, 575, 'Europe/Budapest', 'active', NULL),
(131, 188, 195, 'Europe/Budapest', 'active', NULL),
(132, 188, 343, 'Europe/Budapest', 'active', NULL),
(133, 188, 194, 'Europe/Budapest', 'active', NULL),
(134, 278, 469, 'Europe/Budapest', 'active', NULL),
(135, 278, 474, 'Europe/Budapest', 'active', NULL),
(136, 278, 470, 'Europe/Budapest', 'active', NULL),
(137, 188, 365, 'Europe/Budapest', 'active', NULL),
(138, 308, 579, 'Europe/Budapest', 'active', NULL),
(139, 308, 555, 'Europe/Budapest', 'active', NULL),
(140, 308, 555, 'Europe/Budapest', 'active', NULL),
(141, 308, 590, 'Europe/Budapest', 'active', NULL),
(142, 308, 590, 'Europe/Budapest', 'active', NULL),
(143, 308, 590, 'Europe/Budapest', 'active', NULL),
(144, 308, 584, 'Europe/Budapest', 'active', NULL),
(145, 308, 584, 'Europe/Budapest', 'active', NULL),
(146, 308, 584, 'Europe/Budapest', 'active', NULL),
(147, 308, 583, 'Europe/Budapest', 'active', NULL),
(148, 188, 349, 'Europe/Budapest', 'active', NULL),
(149, 188, 585, 'Europe/Budapest', 'active', NULL),
(150, 188, 196, 'Europe/Budapest', 'active', NULL),
(151, 188, 240, 'Europe/Budapest', 'active', NULL),
(152, 188, 240, 'Europe/Budapest', 'active', NULL),
(153, 188, 240, 'Europe/Budapest', 'active', NULL),
(154, 188, 241, 'Europe/Budapest', 'active', NULL),
(157, 188, 240, 'Europe/Budapest', 'active', NULL),
(158, 188, 240, 'Europe/Budapest', 'active', NULL),
(161, 308, 477, 'Europe/Budapest', 'active', NULL),
(162, 308, 477, 'Europe/Budapest', 'active', NULL),
(163, 308, 477, 'Europe/Budapest', 'active', NULL),
(164, 308, 489, 'Europe/Budapest', 'active', NULL),
(165, 308, 489, 'Europe/Budapest', 'active', NULL),
(166, 308, 489, 'Europe/Budapest', 'active', NULL),
(167, 308, 520, 'Europe/Budapest', 'active', NULL),
(168, 308, 520, 'Europe/Budapest', 'active', NULL),
(169, 308, 520, 'Europe/Budapest', 'active', NULL),
(170, 308, 594, 'Europe/Budapest', 'active', NULL),
(171, 308, 594, 'Europe/Budapest', 'active', NULL),
(172, 308, 594, 'Europe/Budapest', 'active', NULL),
(173, 308, 544, 'Europe/Budapest', 'active', NULL),
(174, 308, 544, 'Europe/Budapest', 'active', NULL),
(175, 308, 571, 'Europe/Budapest', 'active', NULL),
(176, 308, 571, 'Europe/Budapest', 'active', NULL),
(177, 308, 544, 'Europe/Budapest', 'active', NULL),
(178, 308, 571, 'Europe/Budapest', 'active', NULL),
(179, 308, 548, 'Europe/Budapest', 'active', NULL),
(180, 308, 570, 'Europe/Budapest', 'active', NULL),
(181, 308, 548, 'Europe/Budapest', 'active', NULL),
(182, 308, 570, 'Europe/Budapest', 'active', NULL),
(183, 308, 548, 'Europe/Budapest', 'active', NULL),
(184, 308, 570, 'Europe/Budapest', 'active', NULL),
(185, 188, 366, 'Europe/Budapest', 'active', NULL),
(186, 188, 236, 'Europe/Budapest', 'active', NULL),
(187, 188, 242, 'Europe/Budapest', 'active', NULL),
(188, 188, 302, 'Europe/Budapest', 'active', NULL),
(189, 188, 344, 'Europe/Budapest', 'active', NULL),
(190, 188, 351, 'Europe/Budapest', 'active', NULL),
(191, 188, 367, 'Europe/Budapest', 'active', NULL),
(192, 188, 379, 'Europe/Budapest', 'active', NULL),
(193, 188, 400, 'Europe/Budapest', 'active', NULL),
(194, 188, 402, 'Europe/Budapest', 'active', NULL),
(195, 188, 448, 'Europe/Budapest', 'active', NULL),
(196, 188, 456, 'Europe/Budapest', 'active', NULL),
(197, 188, 495, 'Europe/Budapest', 'active', NULL),
(198, 188, 496, 'Europe/Budapest', 'active', NULL),
(199, 188, 565, 'Europe/Budapest', 'active', NULL),
(200, 188, 567, 'Europe/Budapest', 'active', NULL),
(201, 188, 568, 'Europe/Budapest', 'active', NULL),
(202, 188, 602, 'Europe/Budapest', 'active', NULL),
(219, 308, 525, 'Europe/Budapest', 'active', NULL),
(221, 308, 494, 'Europe/Budapest', 'active', NULL),
(223, 308, 603, 'Europe/Budapest', 'active', NULL),
(224, 345, 486, 'Europe/Budapest', 'active', NULL),
(225, 345, 511, 'Europe/Budapest', 'active', NULL),
(226, 188, 605, 'Europe/Budapest', 'active', NULL),
(228, 308, 609, 'Europe/Budapest', 'active', NULL),
(229, 328, 614, 'Europe/Budapest', 'active', NULL),
(230, 328, 615, 'Europe/Budapest', 'active', NULL),
(231, 328, 616, 'Europe/Budapest', 'active', NULL),
(232, 328, 617, 'Europe/Budapest', 'active', NULL),
(233, 328, 618, 'Europe/Budapest', 'active', NULL),
(234, 328, 619, 'Europe/Budapest', 'active', NULL),
(235, 328, 620, 'Europe/Budapest', 'active', NULL),
(236, 328, 621, 'Europe/Budapest', 'active', NULL),
(237, 278, 624, 'Europe/Budapest', 'active', NULL),
(242, 278, 627, 'Europe/Budapest', 'active', NULL),
(243, 440, 630, 'Europe/Budapest', 'active', NULL);

-- --------------------------------------------------------

--
-- Table structure for table `smd__carousel`
--

CREATE TABLE `smd__carousel` (
  `carouselID` int(11) UNSIGNED NOT NULL COMMENT 'Carousel azonosító',
  `name` varchar(128) NOT NULL COMMENT 'Carousel neve',
  `status` enum('active','inactive') NOT NULL DEFAULT 'active',
  `createDate` timestamp NOT NULL DEFAULT CURRENT_TIMESTAMP,
  `modifyDate` timestamp NOT NULL DEFAULT CURRENT_TIMESTAMP ON UPDATE CURRENT_TIMESTAMP,
  `url` varchar(255) NOT NULL,
  `userID` int(11) UNSIGNED DEFAULT NULL,
  `socialChannel` set('facebook','linkedIn') DEFAULT NULL,
  `systemType` enum('custom','generic','branded') NOT NULL DEFAULT 'custom'
) ENGINE=InnoDB DEFAULT CHARSET=utf8;

--
-- Dumping data for table `smd__carousel`
--

INSERT INTO `smd__carousel` (`carouselID`, `name`, `status`, `createDate`, `modifyDate`, `url`, `userID`, `socialChannel`, `systemType`) VALUES
(5, 'Third carousel', 'active', '2018-12-13 15:32:02', '2018-12-13 15:32:02', 'https://w5labs.com', 13, NULL, 'custom'),
(6, '4th carousel', 'active', '2018-12-13 16:02:06', '2018-12-13 16:02:06', 'https://w5labs.com', 13, NULL, 'custom'),
(7, '5th carousel', 'active', '2018-12-13 16:03:37', '2018-12-13 16:03:37', 'https://w5labs.com/', 13, NULL, 'custom'),
(50, 'Beautiful nature', 'active', '2019-02-06 10:57:01', '2019-02-06 10:57:01', 'https://nationalgeographic.com', 8, NULL, 'custom'),
(51, 'Genting Carousel', 'active', '2019-02-06 14:27:12', '2019-02-06 14:27:12', 'https://smdirections.co.uk', 61, NULL, 'custom'),
(53, 'vegyeskaró', 'active', '2019-02-26 15:10:40', '2019-02-26 15:10:40', 'https://w5labs.com', 8, NULL, 'custom'),
(54, 'oiuiou', 'active', '2019-02-26 15:37:42', '2019-02-26 15:37:42', 'https://w5labs.com', 8, NULL, 'custom'),
(56, 'kjhkjh', 'active', '2019-02-26 16:00:14', '2019-02-26 16:00:14', 'https://weee.com', 8, NULL, 'custom'),
(59, 'Test Carousel', 'active', '2019-03-01 18:26:44', '2019-03-01 18:26:44', 'https://w5labs.com', 13, NULL, 'custom'),
(71, 'First Carousel', 'active', '2019-04-09 19:33:18', '2019-04-09 19:33:18', 'http://esemdee.com', 117, NULL, 'custom'),
(73, 'test', 'active', '2019-04-15 10:50:31', '2019-06-06 15:01:23', 'https://esemdee.com/', 117, NULL, 'custom'),
(74, 'Test 2', 'active', '2019-04-15 11:06:07', '2019-04-15 11:13:37', 'https://esemdee.com', 117, NULL, 'custom'),
(75, 'Carousel 1', 'active', '2019-04-15 15:26:59', '2019-04-15 15:26:59', 'https://esemdee.com', 115, NULL, 'custom'),
(79, 'Admin Carousel Test', 'active', '2019-06-12 20:55:51', '2019-09-05 15:10:04', 'https://w5labs.com', NULL, NULL, 'branded'),
(88, 'Generic test', 'active', '2019-07-30 10:38:49', '2019-07-30 10:38:49', 'https://esemdee.com', NULL, NULL, 'generic'),
(89, 'Hello', 'active', '2019-09-06 09:26:13', '2019-09-06 09:26:13', 'https://www.esemdee.com', 117, NULL, 'generic'),
(90, 'Test', 'active', '2019-09-10 08:42:48', '2019-09-10 08:42:48', 'https://esemdee.com/blog/', 117, NULL, 'generic'),
(91, 'Test', 'active', '2019-09-10 10:30:59', '2019-09-10 10:30:59', 'https://www.Google.com', 118, NULL, 'custom'),
(92, 'Test', 'active', '2019-09-10 10:35:07', '2019-09-10 10:35:07', 'https://www.google.com', 118, NULL, 'custom'),
(93, 'test', 'active', '2019-09-10 14:08:50', '2019-09-10 14:08:50', 'https://www.google.com', 184, NULL, 'custom'),
(102, 'Test', 'active', '2019-09-13 15:50:45', '2019-09-13 15:50:45', 'https://www.esemdee.com', 117, NULL, 'branded'),
(103, 'Test', 'active', '2019-09-17 09:17:42', '2019-09-17 09:17:42', 'https://www.esemdee.com', 117, NULL, 'generic'),
(104, 'TestFB', 'active', '2019-09-17 09:51:21', '2019-09-17 09:51:21', 'https://www.esemdee.com', 117, NULL, 'generic'),
(105, 'test', 'active', '2019-09-17 11:01:05', '2019-09-17 11:01:05', 'https://www.esemdee.com', 117, NULL, 'generic'),
(106, 'Big Carousel 9', 'active', '2019-10-10 12:12:56', '2019-10-23 10:56:46', 'https://w5labs.com', 222, 'facebook,linkedIn', 'generic'),
(111, 'Car1', 'active', '2019-10-25 09:52:19', '2019-10-25 09:52:19', 'https://www.esemdee.com', 117, NULL, 'generic'),
(245, 'Cats are cute', 'active', '2020-02-12 08:47:43', '2020-02-12 08:47:43', 'https://www.cat.com/', 222, 'facebook,linkedIn', 'custom'),
(246, 'Echo carousel', 'active', '2020-04-16 06:23:58', '2020-04-16 06:23:58', 'https://w5labs.com', 222, 'facebook,linkedIn', 'custom'),
(248, 'unitTestCarousel', 'active', '2020-05-04 11:57:13', '2020-05-04 11:57:13', 'https://esemdee.com', 222, NULL, 'custom'),
(249, 'unitTestCarousel', 'active', '2020-05-04 11:57:50', '2020-05-04 11:57:50', 'https://esemdee.com', 222, NULL, 'branded'),
(255, 'unitTestCarousel', 'active', '2020-05-04 12:58:07', '2020-05-04 12:58:07', 'https://esemdee.com', 222, NULL, 'custom'),
(256, 'asd', 'active', '2020-07-23 07:00:12', '2020-07-23 07:00:12', 'https://w5labs.com', 222, NULL, 'custom'),
(257, 'org test', 'active', '2020-07-23 07:21:46', '2020-07-31 08:30:22', 'https://w5labs.com', 222, NULL, 'generic'),
(258, 'Test Cats', 'active', '2020-07-30 13:30:33', '2020-07-30 13:31:59', 'https://w5labs.com', 222, 'facebook', 'custom'),
(261, 'unitTestCarousel', 'active', '2020-08-14 10:35:41', '2020-08-14 10:35:41', 'https://esemdee.com', 222, NULL, 'custom'),
(262, 'unitTestCarousel', 'active', '2020-08-14 10:35:59', '2020-08-14 10:35:59', 'https://esemdee.com', 222, NULL, 'branded'),
(269, 'unitTestCarousel', 'active', '2020-08-14 11:30:58', '2020-08-14 11:30:58', 'https://esemdee.com', 222, NULL, 'custom'),
(270, 'unitTestCarousel', 'active', '2020-08-14 11:31:16', '2020-08-14 11:31:16', 'https://esemdee.com', 222, NULL, 'branded'),
(273, 'unitTestCarousel', 'active', '2020-08-14 11:35:23', '2020-08-14 11:35:23', 'https://esemdee.com', 222, NULL, 'custom'),
(275, 'test carousel 2020 1', 'active', '2020-12-16 10:58:34', '2020-12-16 10:58:34', 'https://esemdee.com', 120, 'facebook', 'custom');

-- --------------------------------------------------------

--
-- Table structure for table `smd__carousel_item`
--

CREATE TABLE `smd__carousel_item` (
  `itemID` int(11) UNSIGNED NOT NULL COMMENT 'Carousel elem azonosító',
  `carouselID` int(11) UNSIGNED NOT NULL COMMENT 'Carousel azonosító',
  `imageFileID` int(11) UNSIGNED DEFAULT NULL COMMENT 'Kép fájl azonosító',
  `url` varchar(255) DEFAULT NULL COMMENT 'Link',
  `status` enum('active','inactive') NOT NULL DEFAULT 'active' COMMENT 'Státusz',
  `position` int(11) UNSIGNED NOT NULL DEFAULT '0' COMMENT 'Megjelenési pozició',
  `name` varchar(64) DEFAULT NULL,
  `description` varchar(128) DEFAULT NULL
) ENGINE=InnoDB DEFAULT CHARSET=utf8;

--
-- Dumping data for table `smd__carousel_item`
--

INSERT INTO `smd__carousel_item` (`itemID`, `carouselID`, `imageFileID`, `url`, `status`, `position`, `name`, `description`) VALUES
(114, 5, 7294, NULL, 'active', 1, 'Item 1', 'Test item'),
(115, 5, 7295, NULL, 'active', 2, 'Item 2', NULL),
(116, 5, 7296, NULL, 'active', 3, 'Item 3', NULL),
(248, 50, 8461, NULL, 'active', 1, 'Afonya', NULL),
(249, 50, 8457, NULL, 'active', 2, 'Sea', NULL),
(250, 51, 8610, NULL, 'active', 1, 'Item 1', NULL),
(251, 51, 8611, NULL, 'active', 2, 'Item 2', NULL),
(256, 6, 7307, NULL, 'active', 1, 'Item 1', 'This... is.. edit test!'),
(257, 6, 7295, NULL, 'active', 2, 'Item 2', 'This is item 2 edit test!!!!!'),
(264, 7, 7316, NULL, 'active', 1, 'Item 1', NULL),
(265, 7, 7321, NULL, 'active', 2, 'Item 1', NULL),
(266, 7, 7295, NULL, 'active', 3, 'Team', NULL),
(274, 53, 8468, NULL, 'active', 1, 'pia', NULL),
(275, 53, 8486, NULL, 'active', 2, 'cica', NULL),
(276, 53, 8482, NULL, 'active', 3, 'jány', NULL),
(277, 54, 8607, NULL, 'active', 1, 'iouiou', NULL),
(278, 54, 8577, NULL, 'active', 2, 'oiuiou', NULL),
(281, 56, 8607, NULL, 'active', 1, 'khjkh', NULL),
(282, 56, 8577, NULL, 'active', 2, 'kjhkjh', NULL),
(313, 59, 8755, NULL, 'active', 1, 'Item 01', NULL),
(314, 59, 8751, NULL, 'active', 2, 'Item 02', NULL),
(395, 71, 10925, 'https://en.wikipedia.org/wiki/Mountain', 'active', 1, 'Mountain', 'Link to the mountain'),
(396, 71, 10924, 'https://en.wikipedia.org/wiki/Drummer', 'active', 2, 'Drummer', 'Link to the drummer'),
(397, 71, 10920, 'https://en.wikipedia.org/wiki/Oil_paint', 'active', 3, 'Paint', 'Link to the paint'),
(415, 73, 15506, NULL, 'active', 1, 'Skate', NULL),
(416, 73, 15448, NULL, 'active', 2, 'Light', NULL),
(417, 73, 15444, NULL, 'active', 3, 'City', NULL),
(422, 74, 15447, 'https://google.co.uk', 'active', 1, 'Card', NULL),
(423, 74, 10925, 'https://youtube.com', 'active', 2, 'Painting', NULL),
(424, 75, 15517, 'https://esemdee.com/2019/04/11/social-media-is-teamwork-three-features-for-better-social-media-team-collaboration/', 'active', 1, 'Esemdee 1', 'Description 1'),
(425, 75, 15516, 'https://esemdee.com/2019/04/04/how-do-you-know-which-social-media-management-platform-is-the-right-one-for-your-multi-location-brand-or-franchise/', 'active', 2, 'Esemdee 2', 'description 2'),
(557, 91, 11047, NULL, 'active', 1, 'Test', NULL),
(558, 91, 11039, NULL, 'active', 2, 'Test', NULL),
(559, 91, 11040, NULL, 'active', 3, 'Test', NULL),
(593, 245, 26666, NULL, 'active', 1, 'Cat #1', NULL),
(594, 245, 26662, NULL, 'active', 2, 'Cat #2', NULL),
(595, 245, 26672, NULL, 'active', 3, 'Cat #3', NULL),
(596, 246, 28008, NULL, 'active', 1, 'Item #1', NULL),
(597, 246, 27825, NULL, 'active', 2, 'Item #2', NULL),
(598, 246, 27830, NULL, 'active', 3, 'Item #3', NULL),
(599, 246, 27833, NULL, 'active', 4, 'Item #4', NULL),
(602, 248, 28120, NULL, 'active', 1, 'item0', NULL),
(603, 248, 28121, NULL, 'active', 2, 'item1', NULL),
(604, 249, 28129, NULL, 'active', 1, 'item0', NULL),
(605, 249, 28130, NULL, 'active', 2, 'item1', NULL),
(616, 255, 28173, NULL, 'active', 1, 'item0', NULL),
(617, 255, 28174, NULL, 'active', 2, 'item1', NULL),
(618, 256, 28361, NULL, 'active', 1, 'sdgsdg', NULL),
(619, 256, 28360, NULL, 'active', 2, 'egwegwg', NULL),
(622, 257, 28270, NULL, 'active', 1, 'one', NULL),
(623, 257, 28271, NULL, 'active', 2, 'two', NULL),
(628, 258, 26599, NULL, 'active', 1, 'Cat #1', NULL),
(629, 258, 26565, NULL, 'active', 2, 'Cat #2', NULL),
(630, 258, 26547, NULL, 'active', 3, 'Cat #3', NULL),
(635, 261, 28398, NULL, 'active', 1, 'item0', NULL),
(636, 261, 28399, NULL, 'active', 2, 'item1', NULL),
(637, 262, 28407, NULL, 'active', 1, 'item0', NULL),
(638, 262, 28408, NULL, 'active', 2, 'item1', NULL),
(651, 269, 28462, NULL, 'active', 1, 'item0', NULL),
(652, 269, 28463, NULL, 'active', 2, 'item1', NULL),
(653, 270, 28471, NULL, 'active', 1, 'item0', NULL),
(654, 270, 28472, NULL, 'active', 2, 'item1', NULL),
(659, 273, 28482, NULL, 'active', 1, 'item0', NULL),
(660, 273, 28483, NULL, 'active', 2, 'item1', NULL),
(663, 275, 29117, NULL, 'active', 1, 'laptop', NULL),
(664, 275, 28643, NULL, 'active', 2, 'lifevest', NULL),
(665, 275, 28528, NULL, 'active', 3, 'dog', NULL);

-- --------------------------------------------------------

--
-- Table structure for table `smd__category`
--

CREATE TABLE `smd__category` (
  `categoryID` int(11) UNSIGNED NOT NULL,
  `name` varchar(64) NOT NULL,
  `partnerID` int(11) UNSIGNED DEFAULT NULL,
  `color` varchar(16) NOT NULL
) ENGINE=InnoDB DEFAULT CHARSET=utf8;

--
-- Dumping data for table `smd__category`
--

INSERT INTO `smd__category` (`categoryID`, `name`, `partnerID`, `color`) VALUES
(1, '@', 1, '#7281bb'),
(2, 'Business', 1, '#be232c'),
(3, 'Weekend', 1, '#3b0aa6'),
(4, 'Food', 1, '#55be5a'),
(5, 'Travel', 1, '#55be5a'),
(6, 'Photography', 1, '#cb3cfc'),
(7, 'Desserts', 1, '#2e86f1'),
(33, 'Tesztelős kategória - ne törölj le', 1, '#ffec00'),
(47, 'Nature', 1, '#283673'),
(49, 'New media category', 1, '#ddbc70'),
(50, 'Új test', 1, '#838ce4'),
(51, 'Még egy új teszt', 1, '#38949c'),
(52, 'Mycategory', 10, '#e0867c'),
(53, 'Dabn category', 10, '#000dff'),
(54, 'Other', 10, '#a42451'),
(55, 'Food', 10, '#8814f4'),
(56, 'Game', 10, '#aea147'),
(57, 'Torold', 1, '#816228'),
(58, 'Tititi', 1, '#31d31f'),
(59, 'Casino', 1, '#ffb868'),
(61, 'Blackjack', 13, '#e7b4b4'),
(62, 'Roulette', 13, '#2f1d8d'),
(63, 'Slots', 13, '#217e8d'),
(64, 'Poker', 13, '#33c30a'),
(65, 'F&B', 13, '#778fd5'),
(66, 'Sport', 13, '#00ff17'),
(67, 'Live Roulette', 13, '#ba4b15'),
(68, 'Play Online Roulette', 13, '#4f1010'),
(69, 'Test category', 1, '#250519'),
(70, 'Teszt', 20, '#8d3939'),
(71, 'Cheese', 11, '#f3d00c'),
(72, 'Fun', 1, '#3da5c2'),
(73, 'Z', 1, '#d0b01e'),
(74, 'Tech', 1, '#bf977a'),
(75, 'Asd', 1, '#bfbbee'),
(86, 'Everyday1330', 1, '#e2d1af'),
(87, 'Everyday1400', 1, '#e3ee11'),
(88, 'Nyeh', 1, '#16e926'),
(123, 'Blackjack', 22, '#ddeeff'),
(124, 'Roulette', 22, '#ddeeff'),
(125, 'Slots', 22, '#ddeeff'),
(126, 'Poker', 22, '#ddeeff'),
(127, 'F&B', 22, '#ddeeff'),
(146, 'Art', 20, '#ddeeff'),
(147, 'Education & Personal Development', 20, '#ddeeff'),
(148, 'Food & Restaurant', 20, '#ddeeff'),
(149, 'Health & Beauty', 20, '#ddeeff'),
(150, 'Leisure', 20, '#ddeeff'),
(151, 'Marketing', 20, '#ddeeff'),
(152, 'Medical', 20, '#ddeeff'),
(153, 'Products for Children', 20, '#ddeeff'),
(154, 'Religion', 20, '#ddeeff'),
(155, 'Retail', 20, '#ddeeff'),
(156, 'Sport & Fitness', 20, '#ddeeff'),
(157, 'Technology', 20, '#ddeeff'),
(158, 'Travel', 20, '#ddeeff'),
(159, 'Art', 23, '#800040'),
(164, 'Chelsea', 24, '#233cc7'),
(166, 'Lego', 24, '#a4c6b4'),
(167, 'Marvel', 24, '#800040'),
(169, 'Art', 25, '#ddeeff'),
(170, 'Business', 25, '#ddeeff'),
(171, 'Education & Personal development', 25, '#ddeeff'),
(172, 'Finance', 25, '#ddeeff'),
(173, 'Food & Restaurant', 25, '#ddeeff'),
(174, 'Health & Beauty', 25, '#ddeeff'),
(175, 'Legal', 25, '#ddeeff'),
(176, 'Leisure', 25, '#ddeeff'),
(177, 'Marketing', 25, '#ddeeff'),
(178, 'Medical', 25, '#ddeeff'),
(179, 'Pets', 25, '#ddeeff'),
(180, 'Products for Children', 25, '#ddeeff'),
(181, 'Real Estate', 25, '#ddeeff'),
(182, 'Religion & Celebrations', 25, '#ddeeff'),
(183, 'Retail', 25, '#ddeeff'),
(184, 'Sport & Fitness', 25, '#ddeeff'),
(185, 'Technology', 25, '#ddeeff'),
(186, 'Travel', 25, '#ddeeff'),
(188, 'Awareness Days', 25, '#ddeeff'),
(198, 'Art', 26, '#ddeeff'),
(199, 'Awareness Days', 26, '#ddeeff'),
(200, 'Business', 26, '#ddeeff'),
(201, 'Education & Personal development', 26, '#ddeeff'),
(202, 'Finance', 26, '#ddeeff'),
(203, 'Food & Restaurant', 26, '#ddeeff'),
(204, 'Health & Beauty', 26, '#ddeeff'),
(205, 'Legal', 26, '#ddeeff'),
(206, 'Leisure', 26, '#ddeeff'),
(207, 'Marketing', 26, '#ddeeff'),
(208, 'Medical', 26, '#ddeeff'),
(209, 'Pets', 26, '#ddeeff'),
(210, 'Products for Children', 26, '#ddeeff'),
(211, 'Real Estate', 26, '#ddeeff'),
(212, 'Religion & Celebrations', 26, '#ddeeff'),
(213, 'Retail', 26, '#ddeeff'),
(214, 'Sport & Fitness', 26, '#ddeeff'),
(215, 'Technology', 26, '#ddeeff'),
(216, 'Travel', 26, '#ddeeff'),
(218, 'Offer', 24, '#41ecff'),
(219, 'Holiday', 24, '#81a8c9'),
(221, 'Esemdee', 23, '#b079fc'),
(222, 'Test Category 1', 23, '#408080'),
(223, 'Test category 2', 23, '#eec70a'),
(224, 'Engagement', 24, '#11fdc7'),
(230, 'Travel', 11, '#00ff00'),
(232, 'Video - Ad', 24, '#86feb0'),
(233, 'Camp', 24, '#f0028f'),
(239, 'Esemdee', 24, '#4bb9af'),
(259, 'TestCategory', 20, '#4ca37a'),
(260, '360', 34, '#cfa209'),
(274, '360', NULL, '#9ea4d6'),
(275, 'New Category for Carousel', NULL, '#a8957d'),
(276, 'Art', NULL, '#ddeeff'),
(366, 'Safari', NULL, '#9cb550'),
(397, 'Test Category 1', 24, '#c0c0c0'),
(509, 'Casino', NULL, '#39ff4a'),
(519, 'Generic category', NULL, '#627fa6'),
(566, 'Test category 1', 24, '#3a753b'),
(567, 'Art', 24, '#5611a5'),
(568, '360', 24, '#f5265e'),
(570, 'Awareness days', 25, '#271e88'),
(571, 'Generic category', 25, '#31a29'),
(572, 'Generic category', 24, '#8a6cd8'),
(573, 'Casino', 24, '#136c40'),
(574, 'Generic category', 59, '#b6f7d4'),
(664, 'Video - ad', 24, '#9416fa'),
(810, 'Gaming', 91, '#303a4e'),
(850, 'Movie', 91, '#350398'),
(851, 'Art', 91, '#ddeeff'),
(914, 'Test', NULL, '#b3c1f7'),
(915, '360', 91, '#17cbea'),
(917, 'Bigyó', 91, '#c6e13a'),
(920, 'Turmix', NULL, '#d1f07c'),
(921, 'Time', NULL, '#7a1ef2'),
(923, 'Art', 51, '#ddeeff'),
(924, 'Art', 66, '#ddeeff'),
(925, 'Art', 1, '#ddeeff'),
(926, 'Art', 110, '#ddeeff'),
(927, 'Art', 102, '#ddeeff'),
(928, 'Art', 60, '#ddeeff'),
(929, 'Art', 114, '#ddeeff'),
(930, 'Art', 13, '#ddeeff'),
(931, 'Art', 22, '#ddeeff'),
(932, 'Art', 113, '#ddeeff'),
(934, 'Art', 61, '#ddeeff'),
(935, 'Art', 100, '#ddeeff'),
(936, 'Art', 99, '#ddeeff'),
(937, 'Art', 11, '#ddeeff'),
(938, 'Art', 105, '#ddeeff'),
(939, 'Art', 65, '#ddeeff'),
(940, 'Art', 62, '#ddeeff'),
(943, 'Gaming', 20, '#78039f'),
(944, 'Gaming', 1, '#718d7b'),
(945, 'Gaming', 110, '#192873'),
(946, 'Gaming', 23, '#d103ca'),
(947, 'Gaming', 102, '#4c2a13'),
(948, 'Gaming', 24, '#3c29f4'),
(949, 'Gaming', 25, '#4e1c80'),
(950, 'Gaming', 26, '#bbca2e'),
(951, 'Gaming', 60, '#f43b5c'),
(952, 'Gaming', 114, '#f2f811'),
(953, 'Gaming', 13, '#b112fc'),
(954, 'Gaming', 22, '#d0aa6f'),
(955, 'Gaming', 113, '#5469bc'),
(957, 'Gaming', 11, '#9dc2d4'),
(958, 'Gaming', 61, '#8f1968'),
(959, 'Gaming', 100, '#3298cc'),
(960, 'Gaming', 99, '#d49bc9'),
(961, 'Gaming', 105, '#744a1c'),
(962, 'Gaming', 62, '#72a3c0'),
(963, 'Gaming', 2, '#98f992'),
(964, 'Gaming', 34, '#7ff943'),
(965, 'Gaming', 10, '#f21c61'),
(966, 'Gaming', 59, '#b6e16'),
(967, 'Gaming', 120, '#b5d557'),
(968, 'Gaming', 51, '#d1e404'),
(969, 'Gaming', 66, '#1288a7'),
(970, 'Gaming', 65, '#837f5e'),
(1024, 'Aad79b9a4faa3c3cb555', 91, '#ee4b33'),
(1025, 'E360efadb5d87f3c6fbc', 91, '#d2b888'),
(1026, '4d1430f7303ec469e3df', 91, '#108ab2'),
(1027, '413735921d1835b0151e', 91, '#b168f9'),
(1028, '48ad083303225be38bbb', 91, '#cdf1c0'),
(1029, '3ace15456a5978b72a8b', 91, '#e0c933'),
(1030, '3baf2afb2749afac3251', 91, '#4181a3'),
(1031, 'E63faab577436c83a9be', 91, '#165db1'),
(1032, 'Ec4b13ec38df2506fb8c', 91, '#e7550d'),
(1033, 'E713f876ff7eb25891a5', 91, '#002819'),
(1148, 'A0656df51fde820ace14', 91, '#f47731'),
(1216, '846b7af4b17c7ff40907', 91, '#f20ffd'),
(1217, '733c9eb5a0b804114ad9', 91, '#513271'),
(1218, 'A00a6f3fbce4b99f7254', 91, '#f5a111'),
(1219, 'F0263f8a66e46a375bac', 91, '#60ae51'),
(1220, 'A8e2a88d6ad4efd70a20', 91, '#296bd8'),
(1221, 'E7682c86b561a55d2802', 91, '#e1280f'),
(1222, 'Aeaf85c063c1d2ad0764', 91, '#3960c0'),
(1223, '4a6e07c1a2825ccdfc15', 91, '#f0e57e'),
(1224, 'Ca1bf9c5fe62530f68bf', 91, '#bd46ad'),
(1225, 'A98f2ab27217a60d8f8c', 91, '#9bc6f2'),
(1375, '7569749d500613ecbe79', 91, '#e842a5'),
(1376, '65d21191cb636ab4b3ba', 91, '#03d340'),
(1377, '7721a8bc7ba8a455df18', 91, '#1fd1bd'),
(1378, '29358287b52ab0d12a08', 91, '#f385c8'),
(1379, 'Aab15ed6835ed4021550', 91, '#7c6e84'),
(1380, '95dfa4624c4db34d2e32', 91, '#313b33'),
(1381, '001b2c87fd9ef2947581', 91, '#551173'),
(1382, '5ca8b9663a9cf535ae58', 91, '#cfbd2f'),
(1383, 'D0ae34469882424892c6', 91, '#6753e9'),
(1384, '5ef947fe59d3131139ad', 91, '#0220d3'),
(1481, '1578c4ddc1f4330e6e64', 91, '#1de644'),
(1482, 'D53ffc1a269de42edebb', 91, '#cb15e6'),
(1483, '9f82314cf45b1516c4f3', 91, '#095d7d'),
(1484, 'Aea5fcf78e4f24d61e61', 91, '#0db01a'),
(1487, '3978fd73c692c122aff9', 91, '#9e4429'),
(1488, '0a3de3b41ba2b34ab6e1', 91, '#5167cc'),
(1489, '78040854c096a64a85d3', 91, '#6032ec'),
(1490, '046dbe5a1a112dba5575', 91, '#8de722'),
(1497, '580b1f3094a0648a4eab', 91, '#aecace'),
(1498, 'A4d79faafb73bfed7b0e', 91, '#8c16a4'),
(1499, '8f69d74a9bc04ebada2d', 91, '#fbd52c'),
(1500, 'Ae6248a8aef1b0b36fae', 91, '#07eecb'),
(1501, 'B2daa8bf446d703ee2cd', 91, '#ab4ff4'),
(1502, '04723077c5fea3673fa7', 91, '#b23d10'),
(1503, '5bf6397826a7fdad0fae', 91, '#f5762d'),
(1504, '649fe44ec3e409e7fd2c', 91, '#5e580b'),
(1505, '49118094fd65b935befd', 91, '#194f1d'),
(1506, '559b8d5d982deb75e284', 91, '#d0ca67'),
(1507, '21b33693c1d4ec56a91a', 91, '#4e5e7f'),
(1508, 'A878c44fc61672598901', 91, '#961d20'),
(1568, '8dd4683074d82943d6ac', 91, '#73f8e6'),
(1569, '9c489957f9827ba0ddd1', 91, '#063046'),
(1570, '40af2029fe7420eb6a6a', 91, '#cca8e6'),
(1571, 'A33508c191cd586e92bf', 91, '#e7f658'),
(1670, 'Da1bf03bd573e953d84d', 91, '#81a310'),
(1695, '0cc9413d4654ef0e4195', 91, '#545cf4'),
(1696, '249c162938c634d6abfe', 91, '#c603a6'),
(1697, '2bd8c72a04ad378e91f4', 91, '#2e3808'),
(1698, '7108e071d44ecbcd6403', 91, '#4d01a5'),
(1699, '9f62fa82fe1c9e7943af', 91, '#8ff295'),
(1700, 'B1167fe6bcefd5dba651', 91, '#92d6cb'),
(1702, '99c00be20f8e773563ae', 91, '#ff82af'),
(1703, '0bcc87cf95f5d679d549', 91, '#963f18'),
(1705, 'Aea5dfff48aac4d11d04', 91, '#b585eb'),
(1706, 'C4c31f6e0cad483246bb', 91, '#25c558'),
(1707, 'Dc9fe75e0e8ef43972b9', 91, '#de2a23'),
(1708, '043d3f172e23cb560846', 91, '#aef8e1'),
(1709, '62b86d5f1b96dfe7cdda', 91, '#0c12a6'),
(1710, 'A297ffa0385082196a07', 91, '#c57bb7'),
(1711, 'Feb4d1e2b6f0282a4781', 91, '#93357c'),
(1712, 'Ba9443c7d22bb60ef3fa', 91, '#088873'),
(1713, '7b8a48aefa9f552cb5f0', 91, '#056bc1'),
(1714, 'Ce2f232287cc2c6aab31', 91, '#bd9529'),
(1715, '8f21e2a934e49398d68e', 91, '#cfcc26'),
(1717, '1a3ffb82685397048cd5', 91, '#20e06c'),
(1718, '90b27862f80f4d354ef4', 91, '#a196bf'),
(1719, 'Ed24a6d1d8236075d71c', 91, '#1aed88'),
(1721, '4fadebbbfb62216a400b', 91, '#1d4fa7'),
(1722, 'B00e1568766f50e0f9fd', 91, '#a59d02'),
(1723, '7b3146dd0151285feff1', 91, '#6c9e2a'),
(1724, 'Fbafe14bb1319182a715', 91, '#3ac2b7'),
(1725, 'Abd01ea1cb8a553c1dab', 91, '#06452d'),
(1726, 'Fd7708929285cc86ec8f', 91, '#2c0a2c'),
(1727, '78d8caeca5564926e26a', 91, '#834117'),
(1728, '24184716ed8cc3f77942', 91, '#57f3da'),
(1729, '97f519331133ef435931', 91, '#24d3aa'),
(1730, '61e0c8d18703e0b8392d', 91, '#505969'),
(1731, '4db6c6fd02c8d9b53294', 91, '#08e455'),
(1732, 'B0b27dae4190de7592b6', 91, '#e50c2d'),
(1733, '3668adbb98176d840b5d', 91, '#8ecf11'),
(1734, '1c9f657d9c5598bcc076', 91, '#0d4b2c'),
(1735, 'A286ada2377180028598', 91, '#e43ca3'),
(1736, '93dbb504846926d10232', 91, '#3569c1'),
(1737, '9dd27bcbae57547deb79', 91, '#4dc437'),
(1738, '567b6a05cc9d4f177668', 91, '#5877b6'),
(1739, '3a508e7d7d4c00973959', 91, '#1630b4'),
(1740, '40216ed0302ab212b8da', 91, '#76dd14'),
(1741, '3c0a8c35222f9d6fda3b', 91, '#d9037b'),
(1742, '254ef3b04c52afb1b140', 91, '#1c0d0c'),
(1743, 'C1ed5b98d16ad7d83216', 91, '#a50c58'),
(1744, '357b136599f9a5ee90de', 91, '#760355'),
(1745, 'Ba57fc12be13a5d93a54', 91, '#6a09ff'),
(1746, '620e691dea971a0e1d3f', 91, '#ade506'),
(1747, '8e343e187a9c45d76f98', 91, '#6d8d0c'),
(1748, '35714e963588059db96d', 91, '#76c05b'),
(1749, '8a02b84cd5481ff72a54', 91, '#12dfbd'),
(1873, '3feb3d9210b77f864ba8', 91, '#253288'),
(1874, 'Db703f3c9b7c8ed14e0b', 91, '#51e2f0'),
(1906, 'Awareness Days', NULL, '#ddeeff'),
(1907, 'Easter', 91, '#e74159'),
(1909, 'Star wars', 91, '#263aff'),
(1910, 'People', 91, '#dc0a06'),
(1966, 'C716983b1e3a8a163f71', 91, '#597d5a'),
(1967, '343e303305e2ad5b3752', 91, '#60a20f'),
(1968, '3746c9313cfb30ef3c1a', 91, '#ca40e2'),
(1969, '3372aae7db59acd83af3', 91, '#228665'),
(1970, 'De06440e497c2bbbc29e', 91, '#a0340b'),
(1971, '216d259eef15938d0f19', 91, '#6cc38b'),
(1972, '3ff2cb176832a7fe7ce5', 91, '#1cf2bb'),
(1973, '974b6752f5c5ef368710', 91, '#06c176'),
(3026, '21149f8d12ae3d90636e', 91, '#2654aa'),
(3027, '5ad9df819364cbccc540', 91, '#b1a42f'),
(3328, 'Products for Children', NULL, '#ddeeff'),
(3329, 'Religion & Celebrations', NULL, '#ddeeff'),
(3476, 'Travel', NULL, '#ddeeff'),
(3477, 'Awareness days', NULL, '#24aae9'),
(3604, 'B372ac7942f6b75f51e0', 91, '#f5b30c'),
(3605, 'E45179f3114c1f357b12', 91, '#a25c36'),
(3606, 'A2bcc704f806b08c816a', 91, '#0cf070'),
(3607, '91192cc835facdf39162', 91, '#fbe77c'),
(3673, 'E513f3fc78393cda78d9', 91, '#822a94'),
(3674, '39ac4ccb4350f52d4f9a', 91, '#053b29'),
(3675, 'Awareness days', 24, '#8e31d7'),
(3676, 'Awareness days', 91, '#91fc0d'),
(3677, 'Awareness days', 105, '#9f25c7'),
(3678, 'Has media', NULL, '#b4bc39'),
(3686, '227e6d36747382c2a105', 91, '#1b9318'),
(3687, 'D2a363b80944fc8021da', 91, '#34700a'),
(3739, '11498be8a1025f633d20', 91, '#22c0aa'),
(3740, '7d6abb1d6a3b91824818', 91, '#e149ad'),
(3746, 'Test', 91, '#39ffca'),
(3750, 'Testbyszabi', 91, '#144f15'),
(3760, 'Business', 91, '#348b42'),
(3761, 'Legal', 91, '#58bde8'),
(3762, 'Health & beauty', 91, '#c09ca6'),
(3763, 'Retail', 91, '#e8786b'),
(3764, 'Technology', 91, '#2c6da4'),
(3765, 'Pets', 91, '#799646'),
(3767, 'KategÓria', 91, '#1bc9cf'),
(3768, 'KategÓria2', 91, '#8e0c7d'),
(3771, 'KategÓria3', 91, '#aaa351'),
(3772, 'KategÓria4', 91, '#d31107'),
(3774, 'Legalszerk', 91, '#69a86a'),
(3779, 'Pencil', 24, '#48964'),
(3784, 'Casino', 91, '#42972a'),
(3785, 'Finance', 91, '#ddeeff'),
(3787, 'Technology', 24, '#235baf'),
(3788, 'Pets', 24, '#100ca6'),
(3789, 'Competition', NULL, '#ddeeff'),
(3790, 'Competition', 91, '#ec8b98'),
(3791, 'Medical', 91, '#d2e088'),
(3792, 'C8827a78f223e26c23c9', 91, '#8811fd'),
(3793, 'Ea11231b17b6c057d383', 91, '#77aa6a'),
(3810, '7bd1a892030c0945cc3a', 91, '#53922'),
(3811, '531128b8c7dc14c76512', 91, '#d4bdf7'),
(3812, 'Eed37ec832090a75781d', 91, '#d6e7fe'),
(3822, 'Test', 23, '#9c1804'),
(3826, '86fea289ba1ffb2f0c37', 91, '#1bd599'),
(3827, '2f7d44579c20eb410d0d', 91, '#f5343c'),
(3828, 'Fda91d05af0948c296ad', 91, '#adb090'),
(3832, '28c4530175e75b39c5b5', 91, '#a3e4d2'),
(3833, '7b2ce1829c392b9d9a1a', 91, '#9bc3da'),
(3834, 'Ffc764c66f62aba3dc3f', 91, '#d3059c'),
(3844, 'Competition', 23, '#385a6b'),
(3845, 'Test category 1', 23, '#cbb03c'),
(3865, 'Competition', 24, '#8e388c'),
(3866, 'Test', 24, '#3fd9d0'),
(3867, 'Travel', 24, '#ca6db6'),
(3868, 'Time', 24, '#28a201'),
(3869, 'Sport', 24, '#57b43f'),
(3870, 'Sport', 91, '#c7af2f'),
(3871, 'Medical', 24, '#4ac2dd'),
(3872, 'Sport', 62, '#ddeeff'),
(3873, 'Sport', NULL, '#ddeeff'),
(3874, 'Web', 91, '#d7bf8b'),
(3875, 'Esemdee 1234', NULL, '#9e1212'),
(3876, 'Esemdee 1234', 24, '#ef7c0b'),
(3877, 'Esemdee 5678', NULL, '#248623'),
(3878, 'Esemdee 5678', 24, '#c71fe9'),
(3879, 'Business', 24, '#da4629'),
(3880, 'Animal', 91, '#25d0ff'),
(3919, '7ef1420131965c3b1fbc', 91, '#290834'),
(3975, '38c70c73320372bea14e', 91, '#615030'),
(3982, 'Ba93ed789ed9db6e976c', 91, '#c23af6'),
(3988, 'Ab29fe1233a4c427afec', 91, '#61f966'),
(4003, 'Dd7f721961d256e076cf', 91, '#888323'),
(4004, '338a7ed176e8c001a452', 91, '#ba4cd8'),
(4005, 'Acfbeda10a0b14b6e4e1', 91, '#56206f'),
(4009, 'Egyujgeneric', NULL, '#00a8ff'),
(4017, 'Test generic', NULL, '#0986e4'),
(4018, 'Test generic', 91, '#b2f8d3'),
(4019, 'Testgenerix', NULL, '#6560ff'),
(4020, 'Testgenerix', 91, '#ee1b9d'),
(4021, 'Competition', 62, '#3ab683'),
(4022, 'Awareness days', 62, '#e9c18e'),
(4023, 'Brand', 24, '#6f6426'),
(4024, 'Csabi-#egy#-tesztje', 91, '#00ff66'),
(4026, 'Turmix', 24, '#241163'),
(4027, 'Something - with - hyphen', 24, '#2fd223'),
(4028, 'Smd - something', 62, '#682f2f'),
(4029, 'DD Teszt', 24, '#dea1a1'),
(4030, 'Education & Personal development', 24, '#9b8e68'),
(4031, 'Finance', 24, '#67fcaa'),
(4032, 'Legal', 24, '#3e44d8'),
(4033, 'Testing Category', 114, '#a13c3c'),
(4034, 'TESTING Now', 114, '#205623'),
(4035, 'Video', 91, '#3b6e9c'),
(4036, 'Has media', 114, '#66cfac'),
(4037, 'Time', 114, '#fd5e1f'),
(4040, 'Test (Generic)', NULL, '#5184ff'),
(4041, 'Test (Generic)', 91, '#517a85'),
(4042, 'Competition', 60, '#5b2d51'),
(4043, 'Test', 114, '#485c5d'),
(4044, 'Sport', 114, '#dece7a'),
(4045, 'Travel', 114, '#f7fb69'),
(4046, 'Egyujgeneric', 24, '#d99659'),
(4048, 'Recco Business', 91, '#ed0e0e'),
(4050, 'Technology', 62, '#2573a9'),
(4051, 'Fashion', 62, '#b61896'),
(4052, 'Testing Space At the End ', 62, '#1f519d'),
(4053, 'Space At The End ', 62, '#442d2d'),
(4054, 'Another Space At The End ', 62, '#8a3939'),
(4055, 'Competition', 183, '#c430b3'),
(4056, 'Esemdee 5678', 183, '#d736b9'),
(4057, 'Animal', 183, '#33e418'),
(4058, 'Art', 183, '#bae9d7'),
(4059, 'Time', 183, '#4c75ea'),
(4060, 'Sport', 183, '#751f71'),
(4061, 'Has media', 183, '#e5ea1c'),
(4062, 'Egyujgeneric', 183, '#95545b'),
(4063, 'Generic category', 183, '#c7b4e'),
(4065, 'Products for Children', 183, '#73723d');

-- --------------------------------------------------------

--
