-- Table structure for table `smd__addon`
--

CREATE TABLE `smd__addon` (
  `addonID` int(11) UNSIGNED NOT NULL,
  `name` varchar(255) NOT NULL,
  `description` text,
  `config` json DEFAULT NULL,
  `zohoAddonID` varchar(32) NOT NULL
) ENGINE=InnoDB DEFAULT CHARSET=utf8;

--
-- Dumping data for table `smd__addon`
--

INSERT INTO `smd__addon` (`addonID`, `name`, `description`, `config`, `zohoAddonID`) VALUES
(20, '+1 User', 'Adding Users to extend Plans maximum allowed User number\n\nMax user Number: 1\n ', '{\"userNumber\": \"1\"}', 'Add1User'),
(21, '+1 Social Site', 'Adding Users to extend Plans maximum allowed User number\n\nMax Social Sites Number: 1', '{\"socialMediaAccountNumber\": \"1\"}', 'AddSocialSite1'),
(22, 'Generic Template Access', 'Gives access to the generic templates', '{\"accessToGenericTemplate\": \"yes\"}', 'GenericTemplateAccess'),
(23, 'Analytics Module', 'Allows access to use the Analytics Module', '{\"analyticsModuleAllowed\": \"yes\"}', 'AnalyticsModule'),
(24, 'Approval Workflow', 'Allows user to approve all workflow', '{\"approvalWorkFlowAllowed\": \"yes\"}', 'ApprovalWorkflow'),
(25, 'AutoFeed Module', 'Allows access to use the AutoFeed Module', '{\"autoFeedModuleAllowed\": \"yes\"}', 'AutofeedModule'),
(26, 'Dashboard Personalisation ', 'Allows user to personalise their dashboard', '{\"dashboardPersonalisationAllowed\": \"yes\"}', 'Dashboard'),
(27, 'Link Shortening', 'Allows user to shorten links', '{\"linkShorteningAllowed\": \"yes\"}', 'LinkShortenng'),
(28, 'Media Library Categories', 'Allows user to give media a category', '{\"mediaLibraryCategoryAllowed\": \"yes\"}', 'MLCategories'),
(29, 'Media Library Tags', 'Allows user to give media a tag', '{\"mediaLibraryTaggingAllowed\": \"yes\"}', 'MLTags'),
(30, 'Resources Tab', 'Gives user access to the Resources Tab', '{\"resourcesTabAllowed\": \"yes\"}', 'ResourcesTab'),
(31, 'Create Role', 'Allows user to create roles', '{\"roleCreateAllowed\": \"yes\"}', 'CreateRole'),
(32, 'Edit Role', 'Allows user to Edit Roles', '{\"roleEditAllowed\": \"yes\"}', 'EditRole'),
(33, 'RSS Module', 'Gives user access to the RSS Module', '{\"rssModuleAllowed\": \"yes\"}', 'RSSModule'),
(34, 'Unit Test 1', 'Unit test addon 1. Unit test uses this for addon test. Please do not delete.', '{\"userNumber\": \"69\", \"rssUrlNumber\": \"23\", \"maxPostFromRss\": \"66\", \"roleEditAllowed\": \"no\", \"rssModuleAllowed\": \"yes\", \"roleCreateAllowed\": \"no\", \"maxPostFromRssUnit\": \"monthly\", \"maxPostFromTemplate\": \"28\", \"resourcesTabAllowed\": \"no\", \"autoFeedModuleAllowed\": \"yes\", \"linkShorteningAllowed\": \"no\", \"analyticsModuleAllowed\": \"yes\", \"accessToGenericTemplate\": \"no\", \"approvalWorkFlowAllowed\": \"no\", \"maxPostFromTemplateUnit\": \"monthly\", \"socialMediaAccountNumber\": \"43\", \"mediaLibraryTaggingAllowed\": \"no\", \"mediaLibraryCategoryAllowed\": \"yes\", \"dashboardPersonalisationAllowed\": \"yes\"}', 'UnitTest1'),
(35, 'Dani Tesz 1', 'Valamit hozzáad.', '{\"rssUrlNumber\": \"10\"}', 'DaniTeszt1'),
(36, 'Dani Teszt 2', '', '{\"userNumber\": \"10\"}', 'DaniTeszt2');

-- --------------------------------------------------------

--
-- Table structure for table `smd__autofeed_post_time`
--

CREATE TABLE `smd__autofeed_post_time` (
  `postTimeID` int(11) UNSIGNED NOT NULL,
  `days` set('monday','tuesday','wednesday','thursday','friday','saturday','sunday','weekend','weekdays','everyday') NOT NULL,
  `time` time NOT NULL,
  `categoryID` int(11) UNSIGNED DEFAULT NULL,
  `settingID` int(11) UNSIGNED NOT NULL,
  `multiple` int(3) UNSIGNED DEFAULT NULL
) ENGINE=InnoDB DEFAULT CHARSET=utf8;

--
-- Dumping data for table `smd__autofeed_post_time`
--

INSERT INTO `smd__autofeed_post_time` (`postTimeID`, `days`, `time`, `categoryID`, `settingID`, `multiple`) VALUES
(28, 'monday,tuesday,saturday,sunday', '16:00:00', 3, 3, NULL),
(31, 'sunday', '02:03:00', 1, 3, NULL),
(32, 'wednesday,thursday,friday', '02:03:00', 1, 4, NULL),
(33, 'weekend', '17:00:00', 3, 5, NULL),
(62, 'thursday,friday,saturday,sunday', '12:00:00', 1, 5, NULL),
(63, 'tuesday', '12:00:00', 1, 5, NULL),
(64, 'monday', '13:00:00', 1, 5, NULL),
(82, 'weekdays', '07:50:00', 3, 3, NULL),
(107, 'sunday', '12:00:00', 3, 26, NULL),
(118, 'monday,wednesday,thursday,friday', '09:30:00', 3, 27, NULL),
(119, 'sunday', '10:15:00', 3, 27, NULL),
(120, 'thursday', '12:15:00', 3, 26, NULL),
(134, 'monday,tuesday,wednesday,thursday', '15:15:00', 3, 28, 6),
(135, 'monday,tuesday,wednesday,saturday,sunday', '18:16:00', 3, 28, NULL),
(144, 'weekend', '08:15:00', 3, 28, NULL),
(159, 'monday,tuesday,wednesday', '12:12:00', 3, 34, NULL),
(166, 'monday,tuesday', '07:00:00', 3, 34, NULL),
(170, 'wednesday', '07:07:00', 3, 34, NULL),
(183, 'friday', '19:16:00', 3, 28, NULL),
(187, 'friday', '15:00:00', 5, 30, NULL),
(188, 'friday', '15:05:00', 5, 30, NULL),
(189, 'friday', '15:10:00', 5, 30, NULL),
(193, 'saturday', '10:30:00', 1, 3, NULL),
(203, 'friday', '15:45:00', 5, 30, NULL),
(213, 'friday', '16:40:00', 1, 30, NULL),
(218, 'everyday', '00:00:00', 3, 35, NULL),
(219, 'everyday', '02:04:00', 3, 35, NULL),
(230, 'weekdays', '03:16:00', 5, 32, NULL),
(239, 'weekdays', '12:00:00', 3, 32, NULL),
(250, 'weekend', '07:14:00', 3, 32, NULL),
(264, 'monday', '10:10:00', 1, 33, NULL),
(300, 'tuesday', '23:09:00', 5, 31, NULL),
(302, 'tuesday,thursday,friday', '03:20:00', 3, 31, NULL),
(303, 'wednesday', '04:54:00', 3, 31, NULL),
(306, 'monday', '03:47:00', 3, 31, NULL),
(307, 'monday', '21:09:00', 3, 31, NULL),
(308, 'monday', '20:45:00', 5, 36, NULL),
(312, 'everyday', '06:00:00', 3, 3, 5),
(313, 'monday', '08:30:00', 3, 26, 9),
(314, 'monday,thursday,friday,saturday,sunday', '06:38:00', 5, 26, NULL),
(316, 'tuesday', '06:38:00', 5, 26, NULL),
(317, 'wednesday', '06:38:00', 5, 26, 15),
(320, 'monday', '15:00:00', 5, 33, 5),
(323, 'monday', '11:00:00', 3, 33, 2),
(327, 'monday', '01:00:00', 1, 33, NULL),
(329, 'tuesday', '03:00:00', 6, 33, 5),
(330, 'thursday', '19:16:00', 3, 28, NULL),
(331, 'friday', '15:15:00', 3, 28, NULL),
(342, 'thursday', '19:20:00', 3, 29, NULL),
(344, 'thursday', '18:20:00', 3, 29, NULL),
(345, 'thursday', '18:50:00', 5, 29, NULL),
(346, 'thursday', '18:10:00', 3, 29, 2),
(349, 'monday', '01:01:00', 5, 33, NULL),
(350, 'wednesday', '14:30:00', 1, 25, NULL),
(352, 'monday,wednesday,thursday,friday,saturday,sunday', '01:55:00', 3, 33, NULL),
(353, 'wednesday', '01:02:00', 5, 33, 5),
(356, 'sunday', '16:16:00', 3, 33, NULL),
(359, 'sunday', '09:09:00', 5, 33, NULL),
(360, 'sunday', '07:07:00', 3, 33, NULL),
(365, 'sunday', '13:13:00', 5, 33, NULL),
(366, 'saturday', '13:13:00', 3, 33, NULL),
(369, 'saturday', '17:17:00', 6, 33, NULL),
(374, 'tuesday', '01:52:00', 3, 33, NULL),
(375, 'monday', '01:00:00', 3, 33, NULL),
(376, 'sunday', '16:15:00', 5, 29, NULL),
(379, 'monday,tuesday,wednesday,thursday', '05:07:00', 6, 29, NULL),
(380, 'friday', '05:10:00', 6, 29, NULL),
(386, 'sunday', '16:55:00', 6, 29, NULL),
(387, 'saturday', '05:10:00', 6, 29, NULL),
(393, 'tuesday,wednesday,thursday,friday,saturday,sunday', '13:07:00', 3, 26, 3),
(394, 'monday', '13:07:00', 3, 26, 2),
(399, 'weekend', '15:00:00', 3, 25, NULL),
(400, 'thursday', '17:00:00', 5, 25, 3),
(401, 'friday', '18:00:00', 3, 25, NULL),
(402, 'tuesday', '13:00:00', 3, 25, NULL),
(406, 'tuesday', '12:00:00', 3, 25, NULL),
(422, 'thursday', '05:55:00', 1, 26, NULL),
(426, 'monday,wednesday,friday', '10:00:00', 61, 1, NULL),
(427, 'weekend', '11:00:00', 62, 1, NULL),
(428, 'monday,tuesday,thursday,friday,saturday,sunday', '11:50:00', 65, 1, 2),
(429, 'everyday', '08:00:00', 63, 2, NULL),
(430, 'weekend', '10:00:00', 64, 2, NULL),
(431, 'tuesday', '09:00:00', 63, 1, NULL),
(432, 'thursday', '10:00:00', 64, 1, NULL),
(433, 'thursday', '15:45:00', 64, 1, NULL),
(434, 'friday', '16:30:00', 63, 1, NULL),
(435, 'wednesday', '14:25:00', 62, 1, NULL),
(436, 'tuesday,wednesday', '12:10:00', 70, 39, NULL),
(437, 'weekdays', '10:40:00', 2, 3, NULL),
(438, 'monday', '11:30:00', 70, 39, NULL),
(440, 'thursday', '13:40:00', 70, 39, NULL),
(450, 'everyday', '07:30:00', 59, 63, NULL),
(451, 'monday,tuesday,wednesday,friday,saturday,sunday', '05:52:00', 4, 26, NULL),
(452, 'everyday', '06:30:00', 59, 64, NULL),
(453, 'weekend', '12:00:00', 1, 64, NULL),
(454, 'weekend', '12:01:00', 1, 64, NULL),
(455, 'everyday', '05:20:00', 2, 64, NULL),
(456, 'everyday', '04:15:00', 3, 26, NULL),
(457, 'everyday', '04:20:00', 33, 26, NULL),
(458, 'everyday', '04:05:00', 2, 64, NULL),
(459, 'everyday', '04:00:00', 6, 26, NULL),
(460, 'everyday', '03:30:00', 47, 26, NULL),
(461, 'everyday', '03:15:00', 1, 26, NULL),
(462, 'everyday', '03:05:00', 2, 64, NULL),
(463, 'everyday', '02:55:00', 3, 26, NULL),
(464, 'everyday', '02:30:00', 33, 26, NULL),
(465, 'everyday', '13:20:00', 4, 26, NULL),
(466, 'everyday', '13:30:00', 86, 26, 99),
(467, 'everyday', '13:40:00', 86, 79, 3),
(468, 'monday,tuesday,thursday,friday,saturday,sunday', '14:00:00', 87, 79, NULL),
(469, 'wednesday', '14:00:00', 87, 79, NULL),
(470, 'everyday', '14:12:00', 88, 79, NULL),
(477, 'thursday', '06:00:00', 4, 26, NULL),
(499, 'monday,tuesday,thursday,friday,saturday,sunday', '12:20:00', 164, 92, NULL),
(503, 'weekdays', '13:35:00', 221, 93, NULL),
(504, 'weekend', '12:00:00', 164, 97, NULL),
(505, 'weekdays', '12:00:00', 166, 97, NULL),
(506, 'everyday', '12:00:00', 167, 97, NULL),
(507, 'monday', '12:00:00', 218, 97, NULL),
(508, 'thursday', '12:00:00', 219, 97, NULL),
(509, 'monday', '16:01:00', 71, 37, NULL),
(510, 'weekdays', '20:00:00', 71, 37, NULL),
(512, 'weekdays', '20:20:00', 230, 37, NULL),
(513, 'weekdays', '01:01:00', 71, 37, NULL),
(516, 'weekend', '12:25:00', 164, 109, NULL),
(517, 'weekdays', '17:15:00', 166, 109, NULL),
(518, 'monday', '12:00:00', 167, 109, NULL),
(519, 'wednesday', '12:00:00', 218, 109, NULL),
(520, 'friday', '14:30:00', 219, 109, NULL),
(521, 'sunday', '07:00:00', 224, 109, NULL),
(522, 'friday', '07:10:00', 232, 109, NULL),
(523, 'thursday', '16:30:00', 233, 109, 10),
(524, 'weekend', '10:10:00', 159, 110, NULL),
(919, 'weekdays', '13:00:00', 810, 116, NULL),
(928, 'tuesday', '09:26:00', 1026, 116, NULL),
(931, 'weekend', '20:08:00', 1030, 115, NULL),
(932, 'sunday', '15:21:00', 1030, 116, NULL),
(944, 'sunday', '14:53:00', 1222, 116, NULL),
(955, 'weekend', '14:50:00', 1381, 115, NULL),
(956, 'sunday', '21:11:00', 1381, 116, NULL),
(973, 'sunday', '01:46:00', 1497, 116, NULL),
(977, 'sunday', '16:25:00', 1501, 116, NULL),
(980, 'weekend', '11:42:00', 1505, 115, NULL),
(981, 'sunday', '16:30:00', 1505, 116, NULL),
(993, 'sunday', '19:42:00', 1568, 116, NULL),
(997, 'sunday', '08:58:00', 1703, 116, NULL),
(1000, 'weekend', '07:43:00', 1707, 115, NULL),
(1001, 'sunday', '00:45:00', 1707, 116, NULL),
(1005, 'sunday', '17:48:00', 1711, 116, NULL),
(1008, 'weekend', '12:37:00', 1715, 115, NULL),
(1009, 'sunday', '10:34:00', 1715, 116, NULL),
(1013, 'sunday', '11:46:00', 1719, 116, NULL),
(1016, 'weekend', '09:45:00', 1723, 115, NULL),
(1017, 'weekend', '02:52:00', 1723, 116, NULL),
(1021, 'weekend', '07:23:00', 1727, 116, NULL),
(1025, 'weekend', '00:06:00', 1731, 116, NULL),
(1029, 'weekend', '10:33:00', 1735, 116, NULL),
(1034, 'weekend', '10:53:00', 1739, 115, NULL),
(1035, 'weekend', '17:59:00', 1739, 116, NULL),
(1038, 'sunday', '01:56:00', 1743, 115, NULL),
(1039, 'weekend', '22:20:00', 1743, 116, NULL),
(1043, 'weekend', '23:12:00', 1747, 116, NULL),
(1044, 'sunday', '13:00:00', 1218, 115, 10),
(1045, 'saturday', '13:10:00', 1218, 115, 10),
(1223, 'saturday', '20:02:00', 3673, 117, NULL),
(1224, 'wednesday', '21:53:00', 3673, 118, NULL),
(1226, 'weekend', '10:11:00', 1025, 119, NULL),
(1227, 'weekdays', '10:11:00', 1025, 119, 5),
(1228, 'everyday', '07:10:00', 917, 119, 2),
(1230, 'weekend', '11:20:00', 1024, 121, NULL),
(1241, 'weekdays', '13:00:00', 851, 121, NULL),
(1242, 'tuesday', '13:10:00', 917, 121, 4),
(1245, 'weekdays', '14:00:00', 3760, 122, 10),
(1247, 'monday', '10:00:00', 166, 123, NULL),
(1249, 'saturday', '09:00:00', 567, 123, NULL),
(1250, 'tuesday', '15:00:00', 3788, 123, NULL),
(1251, 'wednesday', '19:55:00', 948, 123, NULL),
(1252, 'thursday', '23:15:00', 164, 123, NULL),
(1253, 'friday', '11:10:00', 573, 123, NULL),
(1254, 'sunday', '05:05:00', 366, 123, NULL),
(1255, 'weekend', '10:10:00', 218, 123, NULL),
(1256, 'monday,wednesday,thursday,friday', '03:13:00', 167, 123, NULL),
(1257, 'everyday', '12:12:00', 224, 123, NULL),
(1258, 'friday', '11:11:00', 232, 123, 3),
(1260, 'everyday', '02:02:00', 3328, 124, NULL),
(1277, 'everyday', '06:30:00', 851, 125, NULL),
(1281, 'monday,tuesday,wednesday,thursday,saturday,sunday', '07:10:00', 1025, 127, NULL),
(1282, 'monday', '10:20:00', 1028, 127, NULL),
(1283, 'friday', '06:10:00', 1025, 127, NULL),
(1284, 'everyday', '06:30:00', 3880, 128, NULL),
(1287, 'everyday', '02:15:00', 1030, 127, NULL),
(1288, 'everyday', '06:30:00', 3880, 120, NULL),
(1289, 'wednesday', '10:00:00', 851, 120, NULL),
(1291, 'weekend', '09:30:00', 810, 120, NULL),
(1309, 'saturday', '02:15:00', 4003, 117, NULL),
(1310, 'wednesday', '19:22:00', 4003, 118, NULL),
(1311, 'thursday', '23:27:00', 4003, 120, NULL),
(1321, 'weekend', '12:30:00', 4020, 115, NULL),
(1326, 'weekend', '20:40:00', 3787, 131, NULL),
(1327, 'friday', '15:50:00', 224, 132, NULL),
(1328, 'weekend', '20:40:00', 3787, 133, NULL),
(1329, 'monday', '02:15:00', 4021, 134, NULL),
(1330, 'monday', '15:45:00', 940, 134, NULL),
(1331, 'monday', '15:45:00', 940, 135, NULL),
(1332, 'saturday', '22:40:00', 4022, 134, NULL),
(1333, 'monday', '15:45:00', 940, 136, NULL),
(1346, 'tuesday', '10:45:00', 567, 137, NULL),
(1355, 'weekend', '09:30:00', 810, 117, NULL),
(1356, 'everyday', '06:00:00', 851, 117, NULL),
(1357, 'weekend', '09:30:00', 810, 139, NULL),
(1358, 'everyday', '06:00:00', 851, 140, NULL),
(1359, 'weekdays', '08:30:00', 810, 139, NULL),
(1361, 'weekend', '09:30:00', 810, 138, NULL),
(1364, 'weekend', '09:30:00', 810, 130, NULL),
(1370, 'everyday', '06:00:00', 851, 138, NULL),
(1375, 'weekend', '07:15:00', 810, 138, NULL),
(1376, 'weekdays', '08:30:00', 810, 141, NULL),
(1377, 'weekend', '09:30:00', 810, 142, NULL),
(1378, 'everyday', '06:00:00', 851, 143, NULL),
(1379, 'monday,tuesday,wednesday,friday', '08:30:00', 810, 138, NULL),
(1380, 'weekdays', '08:30:00', 810, 144, NULL),
(1381, 'everyday', '06:00:00', 851, 145, NULL),
(1382, 'weekend', '09:30:00', 810, 146, NULL),
(1383, 'weekend', '09:30:00', 810, 147, NULL),
(1384, 'thursday', '08:30:00', 810, 138, NULL),
(1387, 'weekend', '20:40:00', 3787, 148, NULL),
(1388, 'weekend', '20:40:00', 3787, 92, NULL),
(1389, 'weekend', '20:40:00', 3787, 149, NULL),
(1392, 'weekend', '20:40:00', 3787, 91, NULL),
(1393, 'monday', '10:10:00', 4023, 91, NULL),
(1394, 'friday', '15:50:00', 224, 91, NULL),
(1395, 'tuesday', '10:45:00', 567, 91, NULL),
(1396, 'monday', '02:15:00', 3675, 92, NULL),
(1398, 'tuesday', '09:05:00', 948, 92, NULL),
(1399, 'tuesday', '09:05:00', 948, 149, NULL),
(1401, 'friday', '15:50:00', 224, 92, NULL),
(1402, 'friday', '15:50:00', 224, 149, NULL),
(1403, 'monday', '03:15:00', 239, 92, NULL),
(1404, 'wednesday', '16:45:00', 948, 92, NULL),
(1405, 'wednesday', '12:00:00', 3865, 92, NULL),
(1422, 'wednesday', '16:45:00', 948, 151, NULL),
(1423, 'wednesday', '16:45:00', 948, 154, NULL),
(1424, 'weekend', '20:40:00', 3787, 151, NULL),
(1425, 'everyday', '13:40:00', 567, 151, NULL),
(1426, 'weekend', '20:40:00', 3787, 154, NULL),
(1427, 'weekdays', '10:20:00', 219, 151, NULL),
(1428, 'everyday', '13:40:00', 567, 154, NULL),
(1429, 'weekdays', '10:20:00', 219, 154, NULL),
(1430, 'tuesday', '09:05:00', 948, 151, NULL),
(1431, 'tuesday', '09:05:00', 948, 154, NULL),
(1432, 'monday', '10:10:00', 4023, 151, NULL),
(1433, 'monday', '10:10:00', 4023, 154, NULL),
(1434, 'tuesday', '10:45:00', 567, 151, NULL),
(1435, 'tuesday', '10:45:00', 567, 154, NULL),
(1436, 'friday', '15:50:00', 224, 151, NULL),
(1437, 'friday', '15:50:00', 224, 154, NULL),
(1443, 'tuesday', '03:10:00', 3746, 161, NULL),
(1444, 'monday', '10:30:00', 3874, 162, NULL),
(1445, 'monday', '10:15:00', 810, 163, NULL),
(1446, 'tuesday', '03:10:00', 3746, 164, NULL),
(1447, 'monday', '10:30:00', 3874, 165, NULL),
(1448, 'monday', '10:15:00', 810, 166, NULL),
(1449, 'weekend', '09:30:00', 810, 161, NULL),
(1450, 'weekdays', '08:30:00', 810, 161, NULL),
(1451, 'everyday', '06:00:00', 851, 161, NULL),
(1452, 'weekend', '09:30:00', 810, 164, NULL),
(1453, 'weekdays', '08:30:00', 810, 164, NULL),
(1454, 'everyday', '06:00:00', 851, 164, NULL),
(1455, 'tuesday', '03:10:00', 3746, 128, NULL),
(1456, 'monday', '10:15:00', 810, 128, NULL),
(1457, 'monday', '10:30:00', 3874, 128, NULL),
(1458, 'tuesday', '03:10:00', 3746, 167, NULL),
(1459, 'monday', '10:15:00', 810, 168, NULL),
(1460, 'monday', '10:30:00', 3874, 169, NULL),
(1462, 'monday', '10:15:00', 810, 126, NULL),
(1463, 'monday', '10:30:00', 3874, 126, NULL),
(1464, 'tuesday', '03:10:00', 3746, 125, NULL),
(1465, 'monday', '10:15:00', 810, 125, NULL),
(1466, 'monday', '10:30:00', 3874, 125, NULL),
(1467, 'weekend', '09:30:00', 810, 128, NULL),
(1468, 'weekdays', '08:30:00', 810, 128, NULL),
(1469, 'everyday', '06:00:00', 851, 128, NULL),
(1470, 'weekdays', '08:30:00', 810, 167, NULL),
(1471, 'weekend', '09:30:00', 810, 167, NULL),
(1472, 'everyday', '06:00:00', 851, 167, NULL),
(1473, 'weekdays', '08:30:00', 810, 126, NULL),
(1474, 'weekend', '09:30:00', 810, 126, NULL),
(1476, 'weekdays', '08:30:00', 810, 125, NULL),
(1477, 'everyday', '06:00:00', 851, 125, NULL),
(1478, 'weekend', '09:30:00', 810, 125, NULL),
(1479, 'monday', '10:30:00', 3874, 141, NULL),
(1480, 'tuesday', '03:10:00', 3746, 141, NULL),
(1481, 'monday', '10:15:00', 810, 141, NULL),
(1482, 'everyday', '13:40:00', 567, 129, NULL),
(1483, 'weekend', '20:40:00', 3787, 129, NULL),
(1484, 'friday', '15:50:00', 224, 129, NULL),
(1485, 'monday', '10:10:00', 4023, 129, NULL),
(1486, 'tuesday', '10:45:00', 567, 129, NULL),
(1487, 'tuesday', '09:05:00', 948, 129, NULL),
(1488, 'weekdays', '10:20:00', 219, 129, NULL),
(1490, 'monday', '10:15:00', 810, 130, NULL),
(1491, 'monday', '10:30:00', 3874, 130, NULL),
(1492, 'tuesday', '03:10:00', 3746, 138, NULL),
(1493, 'monday', '10:15:00', 810, 138, NULL),
(1494, 'monday', '10:30:00', 3874, 138, NULL),
(1495, 'tuesday', '03:10:00', 3746, 170, NULL),
(1496, 'monday', '10:15:00', 810, 171, NULL),
(1497, 'monday', '10:30:00', 3874, 172, NULL),
(1501, 'tuesday', '03:10:00', 3746, 126, NULL),
(1502, 'everyday', '06:00:00', 851, 126, NULL),
(1503, 'tuesday', '03:10:00', 3476, 130, NULL),
(1504, 'everyday', '06:00:00', 851, 130, NULL),
(1505, 'monday', '10:30:00', 3874, 173, NULL),
(1506, 'tuesday', '03:10:00', 3746, 174, NULL),
(1507, 'monday', '10:30:00', 3874, 175, NULL),
(1508, 'tuesday', '03:10:00', 3746, 176, NULL),
(1509, 'monday', '10:15:00', 810, 177, NULL),
(1510, 'monday', '10:15:00', 810, 178, NULL),
(1511, 'weekdays', '08:30:00', 810, 173, NULL),
(1512, 'weekdays', '08:30:00', 810, 175, NULL),
(1513, 'weekend', '09:30:00', 810, 173, NULL),
(1514, 'everyday', '06:00:00', 851, 173, NULL),
(1515, 'weekend', '09:30:00', 810, 175, NULL),
(1516, 'everyday', '06:00:00', 851, 175, NULL),
(1517, 'monday', '10:30:00', 3874, 117, NULL),
(1518, 'monday', '10:30:00', 3874, 118, NULL),
(1519, 'tuesday', '03:10:00', 3746, 117, NULL),
(1520, 'monday', '10:30:00', 3874, 179, NULL),
(1521, 'tuesday', '03:10:00', 3746, 118, NULL),
(1522, 'monday', '10:30:00', 3874, 180, NULL),
(1523, 'tuesday', '03:10:00', 3746, 181, NULL),
(1524, 'monday', '10:15:00', 810, 117, NULL),
(1525, 'tuesday', '03:10:00', 3746, 182, NULL),
(1526, 'monday', '10:15:00', 810, 118, NULL),
(1527, 'monday', '10:15:00', 810, 183, NULL),
(1528, 'monday', '10:15:00', 810, 184, NULL),
(1529, 'weekdays', '08:30:00', 810, 117, NULL),
(1530, 'weekdays', '08:30:00', 810, 118, NULL),
(1531, 'weekdays', '08:30:00', 810, 179, NULL),
(1532, 'weekdays', '08:30:00', 810, 180, NULL),
(1533, 'monday', '10:30:00', 3874, 115, NULL),
(1541, 'weekend', '09:30:00', 810, 115, NULL),
(1546, 'weekend', '03:00:00', 4024, 130, NULL),
(1547, 'monday', '22:10:00', 218, 151, NULL),
(1550, 'tuesday', '10:45:00', 567, 185, NULL),
(1552, 'monday', '10:10:00', 4023, 185, NULL),
(1554, 'weekend', '20:40:00', 3787, 185, NULL),
(1555, 'weekdays', '11:45:00', 3787, 150, NULL),
(1556, 'weekdays', '11:45:00', 3787, 129, NULL),
(1557, 'weekend', '10:55:00', 4026, 133, NULL),
(1558, 'weekend', '10:55:00', 4026, 131, NULL),
(1559, 'weekend', '10:55:00', 4026, 150, NULL),
(1560, 'weekend', '10:55:00', 4026, 91, NULL),
(1561, 'weekend', '10:55:00', 4026, 92, NULL),
(1562, 'weekend', '10:55:00', 4026, 186, NULL),
(1563, 'weekend', '10:55:00', 4026, 151, NULL),
(1564, 'weekend', '10:55:00', 4026, 154, NULL),
(1565, 'weekend', '10:55:00', 4026, 187, NULL),
(1566, 'weekend', '10:55:00', 4026, 188, NULL),
(1567, 'weekend', '10:55:00', 4026, 132, NULL),
(1568, 'weekend', '10:55:00', 4026, 189, NULL),
(1569, 'weekend', '10:55:00', 4026, 148, NULL),
(1570, 'weekend', '10:55:00', 4026, 190, NULL),
(1571, 'weekend', '10:55:00', 4026, 137, NULL),
(1572, 'weekend', '10:55:00', 4026, 185, NULL),
(1573, 'weekend', '10:55:00', 4026, 191, NULL),
(1574, 'weekend', '10:55:00', 4026, 192, NULL),
(1575, 'weekend', '10:55:00', 4026, 193, NULL),
(1576, 'weekend', '10:55:00', 4026, 194, NULL),
(1577, 'weekend', '10:55:00', 4026, 195, NULL),
(1578, 'weekend', '10:55:00', 4026, 196, NULL),
(1579, 'weekend', '10:55:00', 4026, 197, NULL),
(1580, 'weekend', '10:55:00', 4026, 198, NULL),
(1581, 'weekend', '10:55:00', 4026, 129, NULL),
(1582, 'weekend', '10:55:00', 4026, 124, NULL),
(1583, 'weekend', '10:55:00', 4026, 123, NULL),
(1584, 'weekend', '10:55:00', 4026, 199, NULL),
(1585, 'weekend', '10:55:00', 4026, 200, NULL),
(1586, 'weekend', '10:55:00', 4026, 201, NULL),
(1587, 'weekend', '10:55:00', 4026, 149, NULL),
(1588, 'weekend', '10:55:00', 4026, 202, NULL),
(1589, 'wednesday', '04:45:00', 3869, 131, NULL),
(1590, 'wednesday', '04:45:00', 3869, 150, NULL),
(1591, 'wednesday', '04:45:00', 3869, 92, NULL),
(1592, 'wednesday', '04:45:00', 3869, 149, NULL),
(1593, 'wednesday', '04:45:00', 3869, 188, NULL),
(1594, 'wednesday', '04:45:00', 3869, 196, NULL),
(1595, 'wednesday', '04:45:00', 3869, 123, NULL),
(1596, 'weekdays', '11:45:00', 3787, 188, NULL),
(1597, 'weekdays', '11:45:00', 3787, 196, NULL),
(1598, 'weekdays', '11:45:00', 3787, 123, NULL),
(1599, 'monday', '10:00:00', 3779, 188, NULL),
(1600, 'weekdays', '10:20:00', 219, 188, NULL),
(1601, 'everyday', '03:45:00', 4027, 188, NULL),
(1602, 'everyday', '02:10:00', 4028, 134, NULL),
(1603, 'everyday', '10:30:00', 3750, 141, NULL),
(1604, 'weekend', '03:00:00', 4024, 141, NULL),
(1632, 'weekdays', '08:30:00', 810, 130, NULL),
(1633, 'weekend', '03:00:00', 4024, 125, NULL),
(1634, 'everyday', '10:30:00', 3750, 125, NULL),
(1635, 'weekend', '03:00:00', 4024, 167, NULL),
(1636, 'everyday', '10:30:00', 3750, 167, NULL),
(1637, 'monday', '10:30:00', 3874, 219, NULL),
(1638, 'tuesday', '03:10:00', 3746, 219, NULL),
(1639, 'weekend', '03:00:00', 4024, 219, NULL),
(1640, 'everyday', '10:30:00', 3750, 219, NULL),
(1641, 'everyday', '06:00:00', 851, 219, NULL),
(1642, 'weekend', '09:30:00', 810, 219, NULL),
(1651, 'weekend', '10:30:00', 3760, 221, NULL),
(1652, 'weekend', '10:30:00', 3760, 119, NULL),
(1668, 'weekdays', '11:15:00', 224, 154, NULL),
(1669, 'weekdays', '11:45:00', 4032, 154, NULL),
(1670, 'monday', '03:35:00', 573, 154, NULL),
(1673, 'weekdays', '01:05:00', 567, 154, NULL),
(1674, 'weekend', '01:05:00', 567, 154, NULL),
(1675, 'tuesday', '05:40:00', 4037, 224, NULL),
(1678, 'weekdays', '01:05:00', 4023, 154, NULL),
(1679, 'weekend', '01:05:00', 4023, 154, NULL),
(1680, 'weekend', '01:10:00', 567, 154, NULL),
(1682, 'monday', '11:45:00', 573, 154, NULL),
(1692, 'weekend', '08:30:00', 4041, 115, NULL),
(1693, 'everyday', '02:45:00', 952, 224, NULL),
(1694, 'friday', '05:40:00', 4043, 224, NULL),
(1695, 'weekdays', '22:30:00', 952, 224, NULL),
(1696, 'weekend', '07:20:00', 4044, 224, NULL),
(1697, 'weekend', '07:20:00', 4044, 225, NULL),
(1698, 'everyday', '03:40:00', 4045, 225, NULL),
(1700, 'wednesday', '12:50:00', 3788, 133, NULL),
(1701, 'wednesday', '12:50:00', 3788, 131, NULL),
(1702, 'wednesday', '12:50:00', 3788, 150, NULL),
(1703, 'wednesday', '12:50:00', 3788, 91, NULL),
(1704, 'wednesday', '12:50:00', 3788, 92, NULL),
(1705, 'wednesday', '12:50:00', 3788, 186, NULL),
(1706, 'wednesday', '12:50:00', 3788, 151, NULL),
(1707, 'wednesday', '12:50:00', 3788, 154, NULL),
(1708, 'wednesday', '12:50:00', 3788, 187, NULL),
(1709, 'wednesday', '12:50:00', 3788, 188, NULL),
(1710, 'wednesday', '12:50:00', 3788, 132, NULL),
(1711, 'wednesday', '12:50:00', 3788, 189, NULL),
(1712, 'wednesday', '12:50:00', 3788, 148, NULL),
(1713, 'wednesday', '12:50:00', 3788, 190, NULL),
(1714, 'wednesday', '12:50:00', 3788, 137, NULL),
(1715, 'wednesday', '12:50:00', 3788, 185, NULL),
(1716, 'wednesday', '12:50:00', 3788, 191, NULL),
(1717, 'wednesday', '12:50:00', 3788, 192, NULL),
(1718, 'wednesday', '12:50:00', 3788, 193, NULL),
(1719, 'wednesday', '12:50:00', 3788, 194, NULL),
(1720, 'wednesday', '12:50:00', 3788, 195, NULL),
(1721, 'wednesday', '12:50:00', 3788, 196, NULL),
(1722, 'wednesday', '12:50:00', 3788, 197, NULL),
(1723, 'wednesday', '12:50:00', 3788, 198, NULL),
(1724, 'wednesday', '12:50:00', 3788, 129, NULL),
(1725, 'wednesday', '12:50:00', 3788, 124, NULL),
(1726, 'wednesday', '12:50:00', 3788, 123, NULL),
(1727, 'wednesday', '12:50:00', 3788, 199, NULL),
(1728, 'wednesday', '12:50:00', 3788, 200, NULL),
(1729, 'wednesday', '12:50:00', 3788, 201, NULL),
(1730, 'wednesday', '12:50:00', 3788, 149, NULL),
(1731, 'wednesday', '12:50:00', 3788, 202, NULL),
(1732, 'wednesday', '12:50:00', 3788, 226, NULL),
(1733, 'monday', '16:40:00', 4046, 199, NULL),
(1734, 'monday', '16:40:00', 4046, 133, NULL),
(1735, 'monday', '16:40:00', 4046, 131, NULL),
(1736, 'monday', '16:40:00', 4046, 150, NULL),
(1737, 'monday', '16:40:00', 4046, 91, NULL),
(1738, 'monday', '16:40:00', 4046, 92, NULL),
(1739, 'monday', '16:40:00', 4046, 186, NULL),
(1740, 'monday', '16:40:00', 4046, 151, NULL),
(1741, 'monday', '16:40:00', 4046, 154, NULL),
(1742, 'monday', '16:40:00', 4046, 187, NULL),
(1743, 'monday', '16:40:00', 4046, 188, NULL),
(1744, 'monday', '16:40:00', 4046, 132, NULL),
(1745, 'monday', '16:40:00', 4046, 189, NULL),
(1746, 'monday', '16:40:00', 4046, 148, NULL),
(1747, 'monday', '16:40:00', 4046, 190, NULL),
(1748, 'monday', '16:40:00', 4046, 137, NULL),
(1749, 'monday', '16:40:00', 4046, 185, NULL),
(1750, 'monday', '16:40:00', 4046, 191, NULL),
(1751, 'monday', '16:40:00', 4046, 192, NULL),
(1752, 'monday', '16:40:00', 4046, 193, NULL),
(1753, 'monday', '16:40:00', 4046, 194, NULL),
(1754, 'monday', '16:40:00', 4046, 195, NULL),
(1755, 'monday', '16:40:00', 4046, 196, NULL),
(1756, 'monday', '16:40:00', 4046, 197, NULL),
(1757, 'monday', '16:40:00', 4046, 198, NULL),
(1758, 'monday', '16:40:00', 4046, 129, NULL),
(1759, 'monday', '16:40:00', 4046, 124, NULL),
(1760, 'monday', '16:40:00', 4046, 123, NULL),
(1761, 'monday', '16:40:00', 4046, 199, NULL),
(1762, 'monday', '16:40:00', 4046, 200, NULL),
(1763, 'monday', '16:40:00', 4046, 201, NULL),
(1764, 'monday', '16:40:00', 4046, 149, NULL),
(1765, 'monday', '16:40:00', 4046, 202, NULL),
(1766, 'monday', '16:40:00', 4046, 226, NULL),
(1767, 'monday', '16:40:00', 4046, 133, NULL),
(1768, 'monday', '16:40:00', 4046, 131, NULL),
(1769, 'monday', '16:40:00', 4046, 150, NULL),
(1770, 'monday', '16:40:00', 4046, 91, NULL),
(1771, 'monday', '16:40:00', 4046, 92, NULL),
(1772, 'monday', '16:40:00', 4046, 186, NULL),
(1773, 'monday', '16:40:00', 4046, 151, NULL),
(1774, 'monday', '16:40:00', 4046, 154, NULL),
(1775, 'monday', '16:40:00', 4046, 187, NULL),
(1776, 'monday', '16:40:00', 4046, 188, NULL),
(1777, 'monday', '16:40:00', 4046, 132, NULL),
(1778, 'monday', '16:40:00', 4046, 189, NULL),
(1779, 'monday', '16:40:00', 4046, 148, NULL),
(1780, 'monday', '16:40:00', 4046, 190, NULL),
(1781, 'monday', '16:40:00', 4046, 137, NULL),
(1782, 'monday', '16:40:00', 4046, 185, NULL),
(1783, 'monday', '16:40:00', 4046, 191, NULL),
(1784, 'monday', '16:40:00', 4046, 192, NULL),
(1785, 'monday', '16:40:00', 4046, 193, NULL),
(1786, 'monday', '16:40:00', 4046, 194, NULL),
(1787, 'monday', '16:40:00', 4046, 195, NULL),
(1788, 'monday', '16:40:00', 4046, 196, NULL),
(1789, 'monday', '16:40:00', 4046, 197, NULL),
(1790, 'monday', '16:40:00', 4046, 198, NULL),
(1791, 'monday', '16:40:00', 4046, 129, NULL),
(1792, 'monday', '16:40:00', 4046, 124, NULL),
(1793, 'monday', '16:40:00', 4046, 123, NULL),
(1794, 'monday', '16:40:00', 4046, 199, NULL),
(1795, 'monday', '16:40:00', 4046, 200, NULL),
(1796, 'monday', '16:40:00', 4046, 201, NULL),
(1797, 'monday', '16:40:00', 4046, 149, NULL),
(1798, 'monday', '16:40:00', 4046, 202, NULL),
(1799, 'monday', '16:40:00', 4046, 226, NULL),
(1800, 'monday', '16:40:00', 4046, 133, NULL),
(1801, 'monday', '16:40:00', 4046, 131, NULL),
(1802, 'monday', '16:40:00', 4046, 150, NULL),
(1803, 'monday', '16:40:00', 4046, 91, NULL),
(1804, 'monday', '16:40:00', 4046, 92, NULL),
(1805, 'monday', '16:40:00', 4046, 186, NULL),
(1806, 'monday', '16:40:00', 4046, 151, NULL),
(1807, 'monday', '16:40:00', 4046, 154, NULL),
(1808, 'monday', '16:40:00', 4046, 187, NULL),
(1809, 'monday', '16:40:00', 4046, 188, NULL),
(1810, 'monday', '16:40:00', 4046, 132, NULL),
(1811, 'monday', '16:40:00', 4046, 189, NULL),
(1812, 'monday', '16:40:00', 4046, 148, NULL),
(1813, 'monday', '16:40:00', 4046, 190, NULL),
(1814, 'monday', '16:40:00', 4046, 137, NULL),
(1815, 'monday', '16:40:00', 4046, 185, NULL),
(1816, 'monday', '16:40:00', 4046, 191, NULL),
(1817, 'monday', '16:40:00', 4046, 192, NULL),
(1818, 'monday', '16:40:00', 4046, 193, NULL),
(1819, 'monday', '16:40:00', 4046, 194, NULL),
(1820, 'monday', '16:40:00', 4046, 195, NULL),
(1821, 'monday', '16:40:00', 4046, 196, NULL),
(1822, 'monday', '16:40:00', 4046, 197, NULL),
(1823, 'monday', '16:40:00', 4046, 198, NULL),
(1824, 'monday', '16:40:00', 4046, 129, NULL),
(1825, 'monday', '16:40:00', 4046, 124, NULL),
(1826, 'monday', '16:40:00', 4046, 123, NULL),
(1827, 'monday', '16:40:00', 4046, 199, NULL),
(1828, 'monday', '16:40:00', 4046, 200, NULL),
(1829, 'monday', '16:40:00', 4046, 201, NULL),
(1830, 'monday', '16:40:00', 4046, 149, NULL),
(1831, 'monday', '16:40:00', 4046, 202, NULL),
(1832, 'monday', '16:40:00', 4046, 226, NULL),
(1835, 'friday', '10:25:00', 4021, 135, NULL),
(1836, 'thursday', '07:50:00', 3872, 135, NULL),
(1847, 'weekend', '10:30:00', 3760, 130, NULL),
(1848, 'weekend', '10:30:00', 3760, 223, NULL),
(1849, 'everyday', '15:00:00', 3764, 223, NULL),
(1850, 'everyday', '15:00:00', 3764, 228, NULL),
(1851, 'tuesday', '20:10:00', 3865, 151, NULL),
(1852, 'everyday', '06:00:00', 851, 229, NULL),
(1853, 'everyday', '06:00:00', 851, 230, NULL),
(1854, 'everyday', '06:00:00', 851, 231, NULL),
(1855, 'everyday', '06:00:00', 851, 232, NULL),
(1856, 'everyday', '06:00:00', 851, 233, NULL),
(1857, 'everyday', '06:00:00', 851, 234, NULL),
(1858, 'everyday', '06:00:00', 851, 235, NULL),
(1859, 'everyday', '06:00:00', 851, 236, NULL),
(1861, 'thursday', '06:45:00', 218, 154, NULL),
(1862, 'weekend', '08:30:00', 4041, 223, NULL),
(1863, 'tuesday', '03:15:00', 4050, 237, NULL),
(1864, 'wednesday', '02:50:00', 4051, 237, NULL),
(1865, 'tuesday', '03:15:00', 4050, 135, NULL),
(1866, 'wednesday', '02:50:00', 4051, 135, NULL),
(1867, 'tuesday', '03:15:00', 4050, 134, NULL),
(1868, 'wednesday', '02:50:00', 4051, 134, NULL),
(1869, 'tuesday', '03:15:00', 4050, 242, NULL),
(1870, 'wednesday', '02:50:00', 4051, 242, NULL),
(1872, 'weekend', '21:45:00', 4060, 243, NULL),
(1873, 'thursday', '18:45:00', 4061, 243, NULL),
(1874, 'saturday', '13:30:00', 4055, 243, NULL),
(1875, 'monday', '14:45:00', 4062, 243, NULL),
(1876, 'monday', '15:45:00', 4059, 243, NULL),
(1877, 'monday,wednesday,thursday', '03:45:00', 4059, 243, NULL),
(1878, 'wednesday', '06:45:00', 4063, 243, NULL),
(1879, 'thursday', '11:50:00', 4056, 243, NULL),
(1880, 'friday', '08:45:00', 4059, 243, NULL),
(1881, 'tuesday', '06:45:00', 4059, 243, NULL),
(1882, 'tuesday', '08:45:00', 4059, 243, NULL),
(1883, 'thursday', '11:55:00', 4056, 243, NULL),
(1884, 'weekend', '18:45:00', 4055, 243, NULL),
(1885, 'wednesday', '03:45:00', 4065, 243, NULL);

-- --------------------------------------------------------

--
-- Table structure for table `smd__autofeed_post_time_has_posts`
--

CREATE TABLE `smd__autofeed_post_time_has_posts` (
  `postTimeID` int(11) UNSIGNED NOT NULL,
  `postID` int(255) UNSIGNED NOT NULL,
  `date` date NOT NULL,
  `serverTime` datetime DEFAULT NULL
) ENGINE=InnoDB DEFAULT CHARSET=utf8;

--
-- Dumping data for table `smd__autofeed_post_time_has_posts`
--

INSERT INTO `smd__autofeed_post_time_has_posts` (`postTimeID`, `postID`, `date`, `serverTime`) VALUES
(427, 10836, '2019-02-09', NULL),
(427, 10848, '2019-02-10', NULL),
(426, 10852, '2019-02-13', NULL),
(426, 10853, '2019-02-15', NULL),
(437, 10868, '2019-02-26', NULL),
(437, 10887, '2019-03-01', NULL),
(440, 10908, '2019-02-28', '2019-02-28 14:40:00'),
(438, 10909, '2019-03-04', '2019-03-04 12:30:00'),
(436, 10910, '2019-03-05', '2019-03-05 13:10:00'),
(467, 11008, '2019-03-06', '2019-03-06 13:40:00'),
(469, 11009, '2019-03-06', '2019-03-06 14:00:00'),
(470, 11011, '2019-03-06', '2019-03-06 14:12:00'),
(437, 11137, '2019-03-13', '2019-03-13 10:40:00'),
(508, 12101, '2019-05-16', '2019-05-16 13:00:00'),
(507, 12203, '2019-05-06', '2019-05-06 13:00:00'),
(520, 12403, '2019-05-10', '2019-05-10 15:30:00'),
(519, 12455, '2019-05-15', '2019-05-15 13:00:00'),
(919, 15347, '2019-10-18', '2019-10-18 14:00:00'),
(928, 15429, '2019-10-29', '2019-10-29 10:26:00'),
(931, 15430, '2019-11-02', '2019-11-02 20:08:00'),
(932, 15431, '2019-11-03', '2019-11-03 16:21:00'),
(944, 15576, '2019-11-03', '2019-11-03 15:53:00'),
(955, 15694, '2019-11-02', '2019-11-02 14:50:00'),
(973, 15794, '2019-11-03', '2019-11-03 02:46:00'),
(977, 15796, '2019-11-03', '2019-11-03 17:25:00'),
(980, 15797, '2019-11-02', '2019-11-02 11:42:00'),
(981, 15798, '2019-11-03', '2019-11-03 17:30:00'),
(993, 15834, '2019-11-03', '2019-11-03 20:42:00'),
(997, 15931, '2019-11-03', '2019-11-03 09:58:00'),
(1000, 15932, '2019-11-02', '2019-11-02 07:43:00'),
(1001, 15933, '2019-11-03', '2019-11-03 01:45:00'),
(1005, 15935, '2019-11-03', '2019-11-03 18:48:00'),
(1008, 15936, '2019-11-02', '2019-11-02 12:37:00'),
(1009, 15937, '2019-11-03', '2019-11-03 11:34:00'),
(1013, 15939, '2019-11-03', '2019-11-03 12:46:00'),
(1016, 15940, '2019-11-02', '2019-11-02 09:45:00'),
(1017, 15941, '2019-11-02', '2019-11-02 03:52:00'),
(1021, 15943, '2019-11-02', '2019-11-02 08:23:00'),
(1025, 15945, '2019-11-02', '2019-11-02 01:06:00'),
(1029, 15947, '2019-11-02', '2019-11-02 11:33:00'),
(1034, 15949, '2019-11-02', '2019-11-02 10:53:00'),
(1035, 15950, '2019-11-02', '2019-11-02 18:59:00'),
(1038, 15951, '2019-11-02', '2019-11-02 01:56:00'),
(1039, 15952, '2019-11-02', '2019-11-02 23:20:00'),
(1043, 15954, '2019-11-02', '2019-11-03 00:12:00'),
(1223, 17677, '2019-11-30', '2019-11-30 21:02:00'),
(1241, 25970, '2020-05-12', '2020-05-12 14:00:00'),
(1242, 25979, '2020-05-12', '2020-05-12 14:10:00'),
(1245, 25999, '2020-05-13', '2020-05-13 15:00:00'),
(1247, 26007, '2020-05-18', '2020-05-18 11:00:00'),
(1249, 26011, '2020-05-16', '2020-05-16 10:00:00'),
(1247, 26020, '2020-05-25', '2020-05-25 11:00:00'),
(1247, 26028, '2020-06-01', '2020-06-01 11:00:00'),
(1249, 26034, '2020-05-23', '2020-05-23 10:00:00'),
(1249, 26040, '2020-05-30', '2020-05-30 10:00:00'),
(1249, 26049, '2020-06-06', '2020-06-06 10:00:00'),
(1249, 26059, '2020-06-13', '2020-06-13 10:00:00'),
(1256, 26068, '2020-05-18', '2020-05-18 04:13:00'),
(1257, 26069, '2020-05-16', '2020-05-16 13:12:00'),
(1253, 26070, '2020-05-22', '2020-05-22 12:10:00'),
(1258, 26071, '2020-05-22', '2020-05-22 12:11:00'),
(1258, 26072, '2020-05-22', '2020-05-22 12:11:00'),
(1256, 26073, '2020-05-20', '2020-05-20 04:13:00'),
(1256, 26074, '2020-05-21', '2020-05-21 04:13:00'),
(1247, 26077, '2020-06-08', '2020-06-08 11:00:00'),
(1250, 26078, '2020-05-19', '2020-05-19 16:00:00'),
(1258, 26215, '2020-05-22', '2020-05-22 12:11:00'),
(1249, 26220, '2020-06-20', '2020-06-20 10:00:00'),
(1249, 26225, '2020-06-27', '2020-06-27 10:00:00'),
(1309, 26772, '2020-08-15', '2020-08-15 03:15:00'),
(1835, 27876, '2020-12-04', '2020-12-04 11:25:00'),
(1835, 27877, '2020-12-11', '2020-12-11 11:25:00'),
(1836, 27878, '2020-12-10', '2020-12-10 08:50:00'),
(1863, 27975, '2020-12-22', '2020-12-22 04:15:00'),
(1863, 27976, '2020-12-29', '2020-12-29 04:15:00'),
(1864, 27977, '2020-12-23', '2020-12-23 03:50:00'),
(1864, 27978, '2020-12-30', '2020-12-30 03:50:00'),
(1864, 27979, '2021-01-06', '2021-01-06 03:50:00'),
(1867, 27985, '2020-12-22', '2020-12-22 04:15:00'),
(1867, 27986, '2020-12-29', '2020-12-29 04:15:00'),
(1868, 27987, '2020-12-23', '2020-12-23 03:50:00'),
(1869, 27996, '2020-12-22', '2020-12-22 04:15:00'),
(1869, 27997, '2020-12-29', '2020-12-29 04:15:00'),
(1870, 27998, '2020-12-23', '2020-12-23 03:50:00'),
(1870, 27999, '2020-12-30', '2020-12-30 03:50:00'),
(1849, 28101, '2020-12-23', '2020-12-23 16:00:00');

-- --------------------------------------------------------

--
-- Table structure for table `smd__autofeed_preset`
--

CREATE TABLE `smd__autofeed_preset` (
  `presetID` int(11) UNSIGNED NOT NULL,
  `settings` json NOT NULL,
  `createDate` timestamp NOT NULL DEFAULT CURRENT_TIMESTAMP,
  `name` varchar(128) NOT NULL,
  `autoFeedCategoryID` int(11) GENERATED ALWAYS AS (json_unquote(json_extract(`settings`,'$.categoryID'))) VIRTUAL,
  `autoFeedPeriod` varchar(32) GENERATED ALWAYS AS (json_unquote(json_extract(`settings`,'$.period'))) VIRTUAL
) ENGINE=InnoDB DEFAULT CHARSET=utf8;

--
-- Dumping data for table `smd__autofeed_preset`
--

INSERT INTO `smd__autofeed_preset` (`presetID`, `settings`, `createDate`, `name`) VALUES
(8, '{\"hour\": 6, \"minute\": 0, \"period\": \"everyday\", \"categoryID\": 851, \"categoryName\": \"Art\"}', '2020-08-05 08:36:57', 'Everyday Art'),
(14, '{\"hour\": 9, \"minute\": 30, \"period\": \"weekend\", \"categoryID\": 810, \"categoryName\": \"Gaming\"}', '2020-08-10 12:47:01', 'Gaming Time'),
(15, '{\"hour\": 8, \"minute\": 30, \"period\": \"weekdays\", \"categoryID\": 810, \"categoryName\": \"Gaming\"}', '2020-09-22 09:00:03', 'Happy Hour'),
(16, '{\"hour\": 10, \"minute\": 45, \"period\": \"tuesday\", \"categoryID\": 567, \"categoryName\": \"Art\"}', '2020-09-22 17:55:12', 'Rule1'),
(17, '{\"hour\": 15, \"minute\": 50, \"period\": \"friday\", \"categoryID\": 224, \"categoryName\": \"Engagement\"}', '2020-09-22 17:56:12', 'Rule2'),
(18, '{\"hour\": 20, \"minute\": 40, \"period\": \"weekend\", \"categoryID\": 3787, \"categoryName\": \"Technology\"}', '2020-09-22 17:56:33', 'Rule3'),
(19, '{\"hour\": 15, \"minute\": 45, \"period\": \"monday\", \"categoryID\": 940, \"categoryName\": \"Art\"}', '2020-09-23 11:54:26', 'First Rule'),
(20, '{\"hour\": 22, \"minute\": 40, \"period\": \"saturday\", \"categoryID\": 1906, \"categoryName\": \"Awareness Days\"}', '2020-09-23 12:48:04', 'Second Rule'),
(21, '{\"hour\": 10, \"minute\": 10, \"period\": \"monday\", \"categoryID\": 4023, \"categoryName\": \"Brand\"}', '2020-10-09 11:09:35', 'Generic - Brand'),
(22, '{\"hour\": 9, \"minute\": 5, \"period\": \"tuesday\", \"categoryID\": 948, \"categoryName\": \"Gaming\"}', '2020-10-09 11:17:31', 'Test preset 09.10'),
(23, '{\"hour\": 10, \"minute\": 20, \"period\": \"weekdays\", \"categoryID\": 219, \"categoryName\": \"Holiday\"}', '2020-10-09 12:04:07', 'Rule for the whole week'),
(24, '{\"hour\": 13, \"minute\": 40, \"period\": \"everyday\", \"categoryID\": 567, \"categoryName\": \"Art\"}', '2020-10-09 12:07:18', 'Rule4'),
(26, '{\"hour\": 10, \"minute\": 15, \"period\": \"monday\", \"categoryID\": 810, \"categoryName\": \"Gaming\"}', '2020-10-12 07:19:51', 'Test Rule'),
(27, '{\"hour\": 10, \"minute\": 30, \"period\": \"monday\", \"categoryID\": 3874, \"categoryName\": \"Web\"}', '2020-10-12 08:07:06', 'Web test Rule'),
(28, '{\"hour\": 3, \"minute\": 10, \"period\": \"tuesday\", \"categoryID\": 3746, \"categoryName\": \"Test\"}', '2020-10-12 08:08:55', 'Test'),
(29, '{\"hour\": 3, \"minute\": 0, \"period\": \"weekend\", \"categoryID\": 4024, \"categoryName\": \"Csabi-egy-tesztje\"}', '2020-10-14 06:41:59', 'Egy teszt rule'),
(30, '{\"hour\": 10, \"minute\": 30, \"period\": \"everyday\", \"categoryID\": 3750, \"categoryName\": \"Testbyszabi\"}', '2020-10-14 08:00:28', 'Szabi tesztje'),
(32, '{\"hour\": 22, \"minute\": 10, \"period\": \"monday\", \"categoryID\": 218, \"categoryName\": \"Offer\"}', '2020-10-14 10:33:19', 'Monday - Evening Offer - 22:10'),
(33, '{\"hour\": 11, \"minute\": 45, \"period\": \"weekdays\", \"categoryID\": 3787, \"categoryName\": \"Technology\"}', '2020-10-15 12:23:12', 'Weekday Technology at 11:45'),
(34, '{\"hour\": 10, \"minute\": 55, \"period\": \"weekend\", \"categoryID\": 920, \"categoryName\": \"Turmix\"}', '2020-10-15 12:25:34', 'Test preset 123544545'),
(35, '{\"hour\": 4, \"minute\": 45, \"period\": \"wednesday\", \"categoryID\": 224, \"categoryName\": \"Engagement\"}', '2020-10-15 12:28:06', 'Engagement - Wednesday 4:45pm'),
(36, '{\"hour\": 10, \"minute\": 0, \"period\": \"monday\", \"categoryID\": 3867, \"categoryName\": \"Travel\"}', '2020-10-15 12:52:36', 'Travel - Monday at 10:00am'),
(37, '{\"hour\": 3, \"minute\": 45, \"period\": \"everyday\", \"categoryID\": 3869, \"categoryName\": \"Sport\"}', '2020-10-15 14:21:59', 'Sport - Everyday 3:45pm'),
(38, '{\"hour\": 22, \"minute\": 30, \"period\": \"weekdays\", \"categoryID\": 952, \"categoryName\": \"Gaming\"}', '2020-11-10 13:53:12', 'Gaming - Weekdays at 22:30'),
(39, '{\"hour\": 10, \"minute\": 30, \"period\": \"weekend\", \"categoryID\": 3760, \"categoryName\": \"Business\"}', '2020-11-12 10:16:27', 'Business Weekend'),
(42, '{\"hour\": 1, \"minute\": 5, \"period\": \"weekend\", \"categoryID\": 567, \"categoryName\": \"Art\"}', '2020-11-17 13:11:45', 'tesz'),
(44, '{\"hour\": 1, \"minute\": 5, \"period\": \"weekdays\", \"categoryID\": 4023, \"categoryName\": \"Brand\"}', '2020-11-17 13:32:27', 'teszttte'),
(46, '{\"hour\": 8, \"minute\": 30, \"period\": \"weekend\", \"categoryID\": 4041, \"categoryName\": \"Test (Generic)\"}', '2020-11-19 14:39:44', 'Test (generic)'),
(47, '{\"hour\": 7, \"minute\": 20, \"period\": \"weekend\", \"categoryID\": 3873, \"categoryName\": \"Sport\"}', '2020-11-20 13:16:36', 'Sports - Weekends at 7:20am '),
(48, '{\"hour\": 3, \"minute\": 40, \"period\": \"everyday\", \"categoryID\": 3476, \"categoryName\": \"Travel\"}', '2020-11-20 13:17:43', 'Travel - Everyday at 3:40'),
(49, '{\"hour\": 12, \"minute\": 50, \"period\": \"wednesday\", \"categoryID\": 3788, \"categoryName\": \"Pets\"}', '2020-11-30 13:18:26', 'Pets - Wednesday 12:50pm'),
(50, '{\"hour\": 16, \"minute\": 40, \"period\": \"monday\", \"categoryID\": 4009, \"categoryName\": \"Egyujgeneric\"}', '2020-11-30 14:13:29', 'Egyujgeneric - Monday - 4:40pm'),
(51, '{\"hour\": 12, \"minute\": 35, \"period\": \"tuesday\", \"categoryID\": 3872, \"categoryName\": \"Sport\"}', '2020-12-04 10:10:56', 'Sport - Tuesday - 12:35pm'),
(52, '{\"hour\": 10, \"minute\": 25, \"period\": \"friday\", \"categoryID\": 4021, \"categoryName\": \"Competition\"}', '2020-12-04 10:12:11', 'Competition - Friday - 10:25am'),
(53, '{\"hour\": 6, \"minute\": 45, \"period\": \"thursday\", \"categoryID\": 218, \"categoryName\": \"Offer\"}', '2020-12-10 11:38:36', 'thursday 6:45am Offer'),
(54, '{\"hour\": 3, \"minute\": 15, \"period\": \"tuesday\", \"categoryID\": 4050, \"categoryName\": \"Technology\"}', '2020-12-16 17:32:22', 'Tech - Tuesday - 3:15am'),
(55, '{\"hour\": 2, \"minute\": 50, \"period\": \"wednesday\", \"categoryID\": 4051, \"categoryName\": \"Fashion\"}', '2020-12-16 17:32:52', 'Fashion - Wednesday 2:50am'),
(56, '{\"hour\": 3, \"minute\": 45, \"period\": \"weekdays\", \"categoryID\": 921, \"categoryName\": \"Time\"}', '2020-12-22 13:17:14', 'Time - Weekdays - 3:45am'),
(57, '{\"hour\": 18, \"minute\": 45, \"period\": \"weekend\", \"categoryID\": 4055, \"categoryName\": \"Competition\"}', '2020-12-22 13:17:42', 'Comeptition - Weekend - 17:45'),
(58, '{\"hour\": 18, \"minute\": 45, \"period\": \"thursday\", \"categoryID\": 3678, \"categoryName\": \"Has media\"}', '2020-12-22 13:18:19', 'has media - thursdfay - 18:45'),
(59, '{\"hour\": 11, \"minute\": 30, \"period\": \"saturday\", \"categoryID\": 4055, \"categoryName\": \"Competition\"}', '2020-12-22 13:18:42', 'comp - saturday - 11:30'),
(60, '{\"hour\": 12, \"minute\": 45, \"period\": \"monday\", \"categoryID\": 4009, \"categoryName\": \"Egyujgeneric\"}', '2020-12-22 13:18:59', 'preset 3'),
(61, '{\"hour\": 6, \"minute\": 45, \"period\": \"wednesday\", \"categoryID\": 519, \"categoryName\": \"Generic category\"}', '2020-12-22 13:24:43', 'Generic category - 6:45am'),
(62, '{\"hour\": 11, \"minute\": 55, \"period\": \"thursday\", \"categoryID\": 4056, \"categoryName\": \"Esemdee 5678\"}', '2020-12-22 13:25:10', 'preset 41'),
(63, '{\"hour\": 6, \"minute\": 45, \"period\": \"tuesday\", \"categoryID\": 366, \"categoryName\": \"Safari\"}', '2020-12-22 13:28:23', 'safari tuesday 6:45'),
(64, '{\"hour\": 9, \"minute\": 45, \"period\": \"everyday\", \"categoryID\": 366, \"categoryName\": \"Safari\"}', '2020-12-22 13:31:39', 'preset 5');

-- --------------------------------------------------------

--
-- Table structure for table `smd__autofeed_settings`
--

CREATE TABLE `smd__autofeed_settings` (
  `settingID` int(11) UNSIGNED NOT NULL,
  `organizationID` int(11) UNSIGNED NOT NULL,
  `socialSiteID` int(11) UNSIGNED NOT NULL,
  `timezone` varchar(64) NOT NULL,
  `status` enum('paused','active') NOT NULL DEFAULT 'active',
  `daysOff` set('monday','tuesday','wednesday','thursday','friday','saturday','sunday') DEFAULT NULL
) ENGINE=InnoDB DEFAULT CHARSET=utf8;

--
-- Dumping data for table `smd__autofeed_settings`
--

INSERT INTO `smd__autofeed_settings` (`settingID`, `organizationID`, `socialSiteID`, `timezone`, `status`, `daysOff`) VALUES
(1, 119, 3, 'Africa/Asmara', 'active', NULL),
(2, 119, 4, 'Europe/London', 'active', NULL),
(3, 1, 7, 'Europe/Budapest', 'active', NULL),
(4, 1, 8, 'Europe/Budapest', 'active', NULL),
(5, 1, 9, 'Europe/Budapest', 'active', NULL),
(25, 1, 6, 'Europe/Budapest', 'active', NULL),
(26, 1, 5, 'Europe/Budapest', 'active', 'thursday'),
(27, 1, 11, 'Europe/Budapest', 'active', NULL),
(28, 1, 18, 'Europe/Budapest', 'active', NULL),
(29, 1, 19, 'Europe/Budapest', 'active', NULL),
(30, 1, 17, 'Europe/Budapest', 'active', NULL),
(31, 1, 12, 'Europe/Budapest', 'active', NULL),
(32, 1, 15, 'Europe/Budapest', 'active', NULL),
(33, 1, 16, 'Europe/Budapest', 'active', 'wednesday'),
(34, 1, 13, 'Europe/Budapest', 'active', NULL),
(35, 1, 10, 'Europe/Budapest', 'active', NULL),
(36, 1, 14, 'Europe/Budapest', 'active', NULL),
(37, 1, 37, 'Europe/Budapest', 'active', NULL),
(38, 1, 41, 'Europe/Budapest', 'active', NULL),
(39, 138, 56, 'Europe/Budapest', 'active', NULL),
(63, 1, 128, 'Europe/Budapest', 'active', NULL),
(64, 1, 47, 'Europe/Budapest', 'active', 'thursday'),
(79, 1, 131, 'Europe/Budapest', 'active', NULL),
(81, 119, 34, 'Europe/Budapest', 'active', NULL),
(91, 188, 234, 'Europe/Budapest', 'active', NULL),
(92, 188, 235, 'Europe/Budapest', 'active', NULL),
(93, 187, 267, 'Europe/Budapest', 'active', NULL),
(97, 188, 297, 'Europe/Budapest', 'active', NULL),
(109, 188, 352, 'Europe/Budapest', 'active', NULL),
(110, 187, 183, 'Europe/Budapest', 'active', NULL),
(115, 308, 475, 'Europe/Budapest', 'active', NULL),
(116, 308, 476, 'Europe/Budapest', 'active', NULL),
(117, 308, 490, 'Europe/Budapest', 'active', 'monday,tuesday,wednesday,thursday,friday'),
(118, 308, 491, 'Europe/Budapest', 'active', 'monday,tuesday,wednesday,thursday,friday'),
(119, 308, 519, 'Europe/Budapest', 'active', NULL),
(120, 308, 530, 'Europe/Budapest', 'active', NULL),
(121, 308, 551, 'Europe/Budapest', 'active', NULL),
(122, 308, 557, 'Europe/Budapest', 'active', NULL),
(123, 188, 558, 'Europe/Budapest', 'active', NULL),
(124, 188, 556, 'Europe/Budapest', 'active', 'monday,tuesday,wednesday,thursday,friday'),
(125, 308, 576, 'Europe/Budapest', 'active', NULL),
(126, 308, 572, 'Europe/Budapest', 'active', NULL),
(127, 308, 487, 'Europe/Budapest', 'active', NULL),
(128, 308, 518, 'Europe/Budapest', 'active', NULL),
(129, 188, 516, 'Europe/Budapest', 'active', NULL),
(130, 308, 575, 'Europe/Budapest', 'active', NULL),
(131, 188, 195, 'Europe/Budapest', 'active', NULL),
(132, 188, 343, 'Europe/Budapest', 'active', NULL),
(133, 188, 194, 'Europe/Budapest', 'active', NULL),
(134, 278, 469, 'Europe/Budapest', 'active', NULL),
(135, 278, 474, 'Europe/Budapest', 'active', NULL),
(136, 278, 470, 'Europe/Budapest', 'active', NULL),
(137, 188, 365, 'Europe/Budapest', 'active', NULL),
(138, 308, 579, 'Europe/Budapest', 'active', NULL),
(139, 308, 555, 'Europe/Budapest', 'active', NULL),
(140, 308, 555, 'Europe/Budapest', 'active', NULL),
(141, 308, 590, 'Europe/Budapest', 'active', NULL),
(142, 308, 590, 'Europe/Budapest', 'active', NULL),
(143, 308, 590, 'Europe/Budapest', 'active', NULL),
(144, 308, 584, 'Europe/Budapest', 'active', NULL),
(145, 308, 584, 'Europe/Budapest', 'active', NULL),
(146, 308, 584, 'Europe/Budapest', 'active', NULL),
(147, 308, 583, 'Europe/Budapest', 'active', NULL),
(148, 188, 349, 'Europe/Budapest', 'active', NULL),
(149, 188, 585, 'Europe/Budapest', 'active', NULL),
(150, 188, 196, 'Europe/Budapest', 'active', NULL),
(151, 188, 240, 'Europe/Budapest', 'active', NULL),
(152, 188, 240, 'Europe/Budapest', 'active', NULL),
(153, 188, 240, 'Europe/Budapest', 'active', NULL),
(154, 188, 241, 'Europe/Budapest', 'active', NULL),
(157, 188, 240, 'Europe/Budapest', 'active', NULL),
(158, 188, 240, 'Europe/Budapest', 'active', NULL),
(161, 308, 477, 'Europe/Budapest', 'active', NULL),
(162, 308, 477, 'Europe/Budapest', 'active', NULL),
(163, 308, 477, 'Europe/Budapest', 'active', NULL),
(164, 308, 489, 'Europe/Budapest', 'active', NULL),
(165, 308, 489, 'Europe/Budapest', 'active', NULL),
(166, 308, 489, 'Europe/Budapest', 'active', NULL),
(167, 308, 520, 'Europe/Budapest', 'active', NULL),
(168, 308, 520, 'Europe/Budapest', 'active', NULL),
(169, 308, 520, 'Europe/Budapest', 'active', NULL),
(170, 308, 594, 'Europe/Budapest', 'active', NULL),
(171, 308, 594, 'Europe/Budapest', 'active', NULL),
(172, 308, 594, 'Europe/Budapest', 'active', NULL),
(173, 308, 544, 'Europe/Budapest', 'active', NULL),
(174, 308, 544, 'Europe/Budapest', 'active', NULL),
(175, 308, 571, 'Europe/Budapest', 'active', NULL),
(176, 308, 571, 'Europe/Budapest', 'active', NULL),
(177, 308, 544, 'Europe/Budapest', 'active', NULL),
(178, 308, 571, 'Europe/Budapest', 'active', NULL),
(179, 308, 548, 'Europe/Budapest', 'active', NULL),
(180, 308, 570, 'Europe/Budapest', 'active', NULL),
(181, 308, 548, 'Europe/Budapest', 'active', NULL),
(182, 308, 570, 'Europe/Budapest', 'active', NULL),
(183, 308, 548, 'Europe/Budapest', 'active', NULL),
(184, 308, 570, 'Europe/Budapest', 'active', NULL),
(185, 188, 366, 'Europe/Budapest', 'active', NULL),
(186, 188, 236, 'Europe/Budapest', 'active', NULL),
(187, 188, 242, 'Europe/Budapest', 'active', NULL),
(188, 188, 302, 'Europe/Budapest', 'active', NULL),
(189, 188, 344, 'Europe/Budapest', 'active', NULL),
(190, 188, 351, 'Europe/Budapest', 'active', NULL),
(191, 188, 367, 'Europe/Budapest', 'active', NULL),
(192, 188, 379, 'Europe/Budapest', 'active', NULL),
(193, 188, 400, 'Europe/Budapest', 'active', NULL),
(194, 188, 402, 'Europe/Budapest', 'active', NULL),
(195, 188, 448, 'Europe/Budapest', 'active', NULL),
(196, 188, 456, 'Europe/Budapest', 'active', NULL),
(197, 188, 495, 'Europe/Budapest', 'active', NULL),
(198, 188, 496, 'Europe/Budapest', 'active', NULL),
(199, 188, 565, 'Europe/Budapest', 'active', NULL),
(200, 188, 567, 'Europe/Budapest', 'active', NULL),
(201, 188, 568, 'Europe/Budapest', 'active', NULL),
(202, 188, 602, 'Europe/Budapest', 'active', NULL),
(219, 308, 525, 'Europe/Budapest', 'active', NULL),
(221, 308, 494, 'Europe/Budapest', 'active', NULL),
(223, 308, 603, 'Europe/Budapest', 'active', NULL),
(224, 345, 486, 'Europe/Budapest', 'active', NULL),
(225, 345, 511, 'Europe/Budapest', 'active', NULL),
(226, 188, 605, 'Europe/Budapest', 'active', NULL),
(228, 308, 609, 'Europe/Budapest', 'active', NULL),
(229, 328, 614, 'Europe/Budapest', 'active', NULL),
(230, 328, 615, 'Europe/Budapest', 'active', NULL),
(231, 328, 616, 'Europe/Budapest', 'active', NULL),
(232, 328, 617, 'Europe/Budapest', 'active', NULL),
(233, 328, 618, 'Europe/Budapest', 'active', NULL),
(234, 328, 619, 'Europe/Budapest', 'active', NULL),
(235, 328, 620, 'Europe/Budapest', 'active', NULL),
(236, 328, 621, 'Europe/Budapest', 'active', NULL),
(237, 278, 624, 'Europe/Budapest', 'active', NULL),
(242, 278, 627, 'Europe/Budapest', 'active', NULL),
(243, 440, 630, 'Europe/Budapest', 'active', NULL);

-- --------------------------------------------------------

--
-- Table structure for table `smd__carousel`
--

CREATE TABLE `smd__carousel` (
  `carouselID` int(11) UNSIGNED NOT NULL COMMENT 'Carousel azonosító',
  `name` varchar(128) NOT NULL COMMENT 'Carousel neve',
  `status` enum('active','inactive') NOT NULL DEFAULT 'active',
  `createDate` timestamp NOT NULL DEFAULT CURRENT_TIMESTAMP,
  `modifyDate` timestamp NOT NULL DEFAULT CURRENT_TIMESTAMP ON UPDATE CURRENT_TIMESTAMP,
  `url` varchar(255) NOT NULL,
  `userID` int(11) UNSIGNED DEFAULT NULL,
  `socialChannel` set('facebook','linkedIn') DEFAULT NULL,
  `systemType` enum('custom','generic','branded') NOT NULL DEFAULT 'custom'
) ENGINE=InnoDB DEFAULT CHARSET=utf8;

--
-- Dumping data for table `smd__carousel`
--

INSERT INTO `smd__carousel` (`carouselID`, `name`, `status`, `createDate`, `modifyDate`, `url`, `userID`, `socialChannel`, `systemType`) VALUES
(5, 'Third carousel', 'active', '2018-12-13 15:32:02', '2018-12-13 15:32:02', 'https://w5labs.com', 13, NULL, 'custom'),
(6, '4th carousel', 'active', '2018-12-13 16:02:06', '2018-12-13 16:02:06', 'https://w5labs.com', 13, NULL, 'custom'),
(7, '5th carousel', 'active', '2018-12-13 16:03:37', '2018-12-13 16:03:37', 'https://w5labs.com/', 13, NULL, 'custom'),
(50, 'Beautiful nature', 'active', '2019-02-06 10:57:01', '2019-02-06 10:57:01', 'https://nationalgeographic.com', 8, NULL, 'custom'),
(51, 'Genting Carousel', 'active', '2019-02-06 14:27:12', '2019-02-06 14:27:12', 'https://smdirections.co.uk', 61, NULL, 'custom'),
(53, 'vegyeskaró', 'active', '2019-02-26 15:10:40', '2019-02-26 15:10:40', 'https://w5labs.com', 8, NULL, 'custom'),
(54, 'oiuiou', 'active', '2019-02-26 15:37:42', '2019-02-26 15:37:42', 'https://w5labs.com', 8, NULL, 'custom'),
(56, 'kjhkjh', 'active', '2019-02-26 16:00:14', '2019-02-26 16:00:14', 'https://weee.com', 8, NULL, 'custom'),
(59, 'Test Carousel', 'active', '2019-03-01 18:26:44', '2019-03-01 18:26:44', 'https://w5labs.com', 13, NULL, 'custom'),
(71, 'First Carousel', 'active', '2019-04-09 19:33:18', '2019-04-09 19:33:18', 'http://esemdee.com', 117, NULL, 'custom'),
(73, 'test', 'active', '2019-04-15 10:50:31', '2019-06-06 15:01:23', 'https://esemdee.com/', 117, NULL, 'custom'),
(74, 'Test 2', 'active', '2019-04-15 11:06:07', '2019-04-15 11:13:37', 'https://esemdee.com', 117, NULL, 'custom'),
(75, 'Carousel 1', 'active', '2019-04-15 15:26:59', '2019-04-15 15:26:59', 'https://esemdee.com', 115, NULL, 'custom'),
(79, 'Admin Carousel Test', 'active', '2019-06-12 20:55:51', '2019-09-05 15:10:04', 'https://w5labs.com', NULL, NULL, 'branded'),
(88, 'Generic test', 'active', '2019-07-30 10:38:49', '2019-07-30 10:38:49', 'https://esemdee.com', NULL, NULL, 'generic'),
(89, 'Hello', 'active', '2019-09-06 09:26:13', '2019-09-06 09:26:13', 'https://www.esemdee.com', 117, NULL, 'generic'),
(90, 'Test', 'active', '2019-09-10 08:42:48', '2019-09-10 08:42:48', 'https://esemdee.com/blog/', 117, NULL, 'generic'),
(91, 'Test', 'active', '2019-09-10 10:30:59', '2019-09-10 10:30:59', 'https://www.Google.com', 118, NULL, 'custom'),
(92, 'Test', 'active', '2019-09-10 10:35:07', '2019-09-10 10:35:07', 'https://www.google.com', 118, NULL, 'custom'),
(93, 'test', 'active', '2019-09-10 14:08:50', '2019-09-10 14:08:50', 'https://www.google.com', 184, NULL, 'custom'),
(102, 'Test', 'active', '2019-09-13 15:50:45', '2019-09-13 15:50:45', 'https://www.esemdee.com', 117, NULL, 'branded'),
(103, 'Test', 'active', '2019-09-17 09:17:42', '2019-09-17 09:17:42', 'https://www.esemdee.com', 117, NULL, 'generic'),
(104, 'TestFB', 'active', '2019-09-17 09:51:21', '2019-09-17 09:51:21', 'https://www.esemdee.com', 117, NULL, 'generic'),
(105, 'test', 'active', '2019-09-17 11:01:05', '2019-09-17 11:01:05', 'https://www.esemdee.com', 117, NULL, 'generic'),
(106, 'Big Carousel 9', 'active', '2019-10-10 12:12:56', '2019-10-23 10:56:46', 'https://w5labs.com', 222, 'facebook,linkedIn', 'generic'),
(111, 'Car1', 'active', '2019-10-25 09:52:19', '2019-10-25 09:52:19', 'https://www.esemdee.com', 117, NULL, 'generic'),
(245, 'Cats are cute', 'active', '2020-02-12 08:47:43', '2020-02-12 08:47:43', 'https://www.cat.com/', 222, 'facebook,linkedIn', 'custom'),
(246, 'Echo carousel', 'active', '2020-04-16 06:23:58', '2020-04-16 06:23:58', 'https://w5labs.com', 222, 'facebook,linkedIn', 'custom'),
(248, 'unitTestCarousel', 'active', '2020-05-04 11:57:13', '2020-05-04 11:57:13', 'https://esemdee.com', 222, NULL, 'custom'),
(249, 'unitTestCarousel', 'active', '2020-05-04 11:57:50', '2020-05-04 11:57:50', 'https://esemdee.com', 222, NULL, 'branded'),
(255, 'unitTestCarousel', 'active', '2020-05-04 12:58:07', '2020-05-04 12:58:07', 'https://esemdee.com', 222, NULL, 'custom'),
(256, 'asd', 'active', '2020-07-23 07:00:12', '2020-07-23 07:00:12', 'https://w5labs.com', 222, NULL, 'custom'),
(257, 'org test', 'active', '2020-07-23 07:21:46', '2020-07-31 08:30:22', 'https://w5labs.com', 222, NULL, 'generic'),
(258, 'Test Cats', 'active', '2020-07-30 13:30:33', '2020-07-30 13:31:59', 'https://w5labs.com', 222, 'facebook', 'custom'),
(261, 'unitTestCarousel', 'active', '2020-08-14 10:35:41', '2020-08-14 10:35:41', 'https://esemdee.com', 222, NULL, 'custom'),
(262, 'unitTestCarousel', 'active', '2020-08-14 10:35:59', '2020-08-14 10:35:59', 'https://esemdee.com', 222, NULL, 'branded'),
(269, 'unitTestCarousel', 'active', '2020-08-14 11:30:58', '2020-08-14 11:30:58', 'https://esemdee.com', 222, NULL, 'custom'),
(270, 'unitTestCarousel', 'active', '2020-08-14 11:31:16', '2020-08-14 11:31:16', 'https://esemdee.com', 222, NULL, 'branded'),
(273, 'unitTestCarousel', 'active', '2020-08-14 11:35:23', '2020-08-14 11:35:23', 'https://esemdee.com', 222, NULL, 'custom'),
(275, 'test carousel 2020 1', 'active', '2020-12-16 10:58:34', '2020-12-16 10:58:34', 'https://esemdee.com', 120, 'facebook', 'custom');

-- --------------------------------------------------------

--
-- Table structure for table `smd__carousel_item`
--

CREATE TABLE `smd__carousel_item` (
  `itemID` int(11) UNSIGNED NOT NULL COMMENT 'Carousel elem azonosító',
  `carouselID` int(11) UNSIGNED NOT NULL COMMENT 'Carousel azonosító',
  `imageFileID` int(11) UNSIGNED DEFAULT NULL COMMENT 'Kép fájl azonosító',
  `url` varchar(255) DEFAULT NULL COMMENT 'Link',
  `status` enum('active','inactive') NOT NULL DEFAULT 'active' COMMENT 'Státusz',
  `position` int(11) UNSIGNED NOT NULL DEFAULT '0' COMMENT 'Megjelenési pozició',
  `name` varchar(64) DEFAULT NULL,
  `description` varchar(128) DEFAULT NULL
) ENGINE=InnoDB DEFAULT CHARSET=utf8;

--
-- Dumping data for table `smd__carousel_item`
--

INSERT INTO `smd__carousel_item` (`itemID`, `carouselID`, `imageFileID`, `url`, `status`, `position`, `name`, `description`) VALUES
(114, 5, 7294, NULL, 'active', 1, 'Item 1', 'Test item'),
(115, 5, 7295, NULL, 'active', 2, 'Item 2', NULL),
(116, 5, 7296, NULL, 'active', 3, 'Item 3', NULL),
(248, 50, 8461, NULL, 'active', 1, 'Afonya', NULL),
(249, 50, 8457, NULL, 'active', 2, 'Sea', NULL),
(250, 51, 8610, NULL, 'active', 1, 'Item 1', NULL),
(251, 51, 8611, NULL, 'active', 2, 'Item 2', NULL),
(256, 6, 7307, NULL, 'active', 1, 'Item 1', 'This... is.. edit test!'),
(257, 6, 7295, NULL, 'active', 2, 'Item 2', 'This is item 2 edit test!!!!!'),
(264, 7, 7316, NULL, 'active', 1, 'Item 1', NULL),
(265, 7, 7321, NULL, 'active', 2, 'Item 1', NULL),
(266, 7, 7295, NULL, 'active', 3, 'Team', NULL),
(274, 53, 8468, NULL, 'active', 1, 'pia', NULL),
(275, 53, 8486, NULL, 'active', 2, 'cica', NULL),
(276, 53, 8482, NULL, 'active', 3, 'jány', NULL),
(277, 54, 8607, NULL, 'active', 1, 'iouiou', NULL),
(278, 54, 8577, NULL, 'active', 2, 'oiuiou', NULL),
(281, 56, 8607, NULL, 'active', 1, 'khjkh', NULL),
(282, 56, 8577, NULL, 'active', 2, 'kjhkjh', NULL),
(313, 59, 8755, NULL, 'active', 1, 'Item 01', NULL),
(314, 59, 8751, NULL, 'active', 2, 'Item 02', NULL),
(395, 71, 10925, 'https://en.wikipedia.org/wiki/Mountain', 'active', 1, 'Mountain', 'Link to the mountain'),
(396, 71, 10924, 'https://en.wikipedia.org/wiki/Drummer', 'active', 2, 'Drummer', 'Link to the drummer'),
(397, 71, 10920, 'https://en.wikipedia.org/wiki/Oil_paint', 'active', 3, 'Paint', 'Link to the paint'),
(415, 73, 15506, NULL, 'active', 1, 'Skate', NULL),
(416, 73, 15448, NULL, 'active', 2, 'Light', NULL),
(417, 73, 15444, NULL, 'active', 3, 'City', NULL),
(422, 74, 15447, 'https://google.co.uk', 'active', 1, 'Card', NULL),
(423, 74, 10925, 'https://youtube.com', 'active', 2, 'Painting', NULL),
(424, 75, 15517, 'https://esemdee.com/2019/04/11/social-media-is-teamwork-three-features-for-better-social-media-team-collaboration/', 'active', 1, 'Esemdee 1', 'Description 1'),
(425, 75, 15516, 'https://esemdee.com/2019/04/04/how-do-you-know-which-social-media-management-platform-is-the-right-one-for-your-multi-location-brand-or-franchise/', 'active', 2, 'Esemdee 2', 'description 2'),
(557, 91, 11047, NULL, 'active', 1, 'Test', NULL),
(558, 91, 11039, NULL, 'active', 2, 'Test', NULL),
(559, 91, 11040, NULL, 'active', 3, 'Test', NULL),
(593, 245, 26666, NULL, 'active', 1, 'Cat #1', NULL),
(594, 245, 26662, NULL, 'active', 2, 'Cat #2', NULL),
(595, 245, 26672, NULL, 'active', 3, 'Cat #3', NULL),
(596, 246, 28008, NULL, 'active', 1, 'Item #1', NULL),
(597, 246, 27825, NULL, 'active', 2, 'Item #2', NULL),
(598, 246, 27830, NULL, 'active', 3, 'Item #3', NULL),
(599, 246, 27833, NULL, 'active', 4, 'Item #4', NULL),
(602, 248, 28120, NULL, 'active', 1, 'item0', NULL),
(603, 248, 28121, NULL, 'active', 2, 'item1', NULL),
(604, 249, 28129, NULL, 'active', 1, 'item0', NULL),
(605, 249, 28130, NULL, 'active', 2, 'item1', NULL),
(616, 255, 28173, NULL, 'active', 1, 'item0', NULL),
(617, 255, 28174, NULL, 'active', 2, 'item1', NULL),
(618, 256, 28361, NULL, 'active', 1, 'sdgsdg', NULL),
(619, 256, 28360, NULL, 'active', 2, 'egwegwg', NULL),
(622, 257, 28270, NULL, 'active', 1, 'one', NULL),
(623, 257, 28271, NULL, 'active', 2, 'two', NULL),
(628, 258, 26599, NULL, 'active', 1, 'Cat #1', NULL),
(629, 258, 26565, NULL, 'active', 2, 'Cat #2', NULL),
(630, 258, 26547, NULL, 'active', 3, 'Cat #3', NULL),
(635, 261, 28398, NULL, 'active', 1, 'item0', NULL),
(636, 261, 28399, NULL, 'active', 2, 'item1', NULL),
(637, 262, 28407, NULL, 'active', 1, 'item0', NULL),
(638, 262, 28408, NULL, 'active', 2, 'item1', NULL),
(651, 269, 28462, NULL, 'active', 1, 'item0', NULL),
(652, 269, 28463, NULL, 'active', 2, 'item1', NULL),
(653, 270, 28471, NULL, 'active', 1, 'item0', NULL),
(654, 270, 28472, NULL, 'active', 2, 'item1', NULL),
(659, 273, 28482, NULL, 'active', 1, 'item0', NULL),
(660, 273, 28483, NULL, 'active', 2, 'item1', NULL),
(663, 275, 29117, NULL, 'active', 1, 'laptop', NULL),
(664, 275, 28643, NULL, 'active', 2, 'lifevest', NULL),
(665, 275, 28528, NULL, 'active', 3, 'dog', NULL);

-- --------------------------------------------------------

--
-- Table structure for table `smd__category`
--

CREATE TABLE `smd__category` (
  `categoryID` int(11) UNSIGNED NOT NULL,
  `name` varchar(64) NOT NULL,
  `partnerID` int(11) UNSIGNED DEFAULT NULL,
  `color` varchar(16) NOT NULL
) ENGINE=InnoDB DEFAULT CHARSET=utf8;

--
-- Dumping data for table `smd__category`
--

INSERT INTO `smd__category` (`categoryID`, `name`, `partnerID`, `color`) VALUES
(1, '@', 1, '#7281bb'),
(2, 'Business', 1, '#be232c'),
(3, 'Weekend', 1, '#3b0aa6'),
(4, 'Food', 1, '#55be5a'),
(5, 'Travel', 1, '#55be5a'),
(6, 'Photography', 1, '#cb3cfc'),
(7, 'Desserts', 1, '#2e86f1'),
(33, 'Tesztelős kategória - ne törölj le', 1, '#ffec00'),
(47, 'Nature', 1, '#283673'),
(49, 'New media category', 1, '#ddbc70'),
(50, 'Új test', 1, '#838ce4'),
(51, 'Még egy új teszt', 1, '#38949c'),
(52, 'Mycategory', 10, '#e0867c'),
(53, 'Dabn category', 10, '#000dff'),
(54, 'Other', 10, '#a42451'),
(55, 'Food', 10, '#8814f4'),
(56, 'Game', 10, '#aea147'),
(57, 'Torold', 1, '#816228'),
(58, 'Tititi', 1, '#31d31f'),
(59, 'Casino', 1, '#ffb868'),
(61, 'Blackjack', 13, '#e7b4b4'),
(62, 'Roulette', 13, '#2f1d8d'),
(63, 'Slots', 13, '#217e8d'),
(64, 'Poker', 13, '#33c30a'),
(65, 'F&B', 13, '#778fd5'),
(66, 'Sport', 13, '#00ff17'),
(67, 'Live Roulette', 13, '#ba4b15'),
(68, 'Play Online Roulette', 13, '#4f1010'),
(69, 'Test category', 1, '#250519'),
(70, 'Teszt', 20, '#8d3939'),
(71, 'Cheese', 11, '#f3d00c'),
(72, 'Fun', 1, '#3da5c2'),
(73, 'Z', 1, '#d0b01e'),
(74, 'Tech', 1, '#bf977a'),
(75, 'Asd', 1, '#bfbbee'),
(86, 'Everyday1330', 1, '#e2d1af'),
(87, 'Everyday1400', 1, '#e3ee11'),
(88, 'Nyeh', 1, '#16e926'),
(123, 'Blackjack', 22, '#ddeeff'),
(124, 'Roulette', 22, '#ddeeff'),
(125, 'Slots', 22, '#ddeeff'),
(126, 'Poker', 22, '#ddeeff'),
(127, 'F&B', 22, '#ddeeff'),
(146, 'Art', 20, '#ddeeff'),
(147, 'Education & Personal Development', 20, '#ddeeff'),
(148, 'Food & Restaurant', 20, '#ddeeff'),
(149, 'Health & Beauty', 20, '#ddeeff'),
(150, 'Leisure', 20, '#ddeeff'),
(151, 'Marketing', 20, '#ddeeff'),
(152, 'Medical', 20, '#ddeeff'),
(153, 'Products for Children', 20, '#ddeeff'),
(154, 'Religion', 20, '#ddeeff'),
(155, 'Retail', 20, '#ddeeff'),
(156, 'Sport & Fitness', 20, '#ddeeff'),
(157, 'Technology', 20, '#ddeeff'),
(158, 'Travel', 20, '#ddeeff'),
(159, 'Art', 23, '#800040'),
(164, 'Chelsea', 24, '#233cc7'),
(166, 'Lego', 24, '#a4c6b4'),
(167, 'Marvel', 24, '#800040'),
(169, 'Art', 25, '#ddeeff'),
(170, 'Business', 25, '#ddeeff'),
(171, 'Education & Personal development', 25, '#ddeeff'),
(172, 'Finance', 25, '#ddeeff'),
(173, 'Food & Restaurant', 25, '#ddeeff'),
(174, 'Health & Beauty', 25, '#ddeeff'),
(175, 'Legal', 25, '#ddeeff'),
(176, 'Leisure', 25, '#ddeeff'),
(177, 'Marketing', 25, '#ddeeff'),
(178, 'Medical', 25, '#ddeeff'),
(179, 'Pets', 25, '#ddeeff'),
(180, 'Products for Children', 25, '#ddeeff'),
(181, 'Real Estate', 25, '#ddeeff'),
(182, 'Religion & Celebrations', 25, '#ddeeff'),
(183, 'Retail', 25, '#ddeeff'),
(184, 'Sport & Fitness', 25, '#ddeeff'),
(185, 'Technology', 25, '#ddeeff'),
(186, 'Travel', 25, '#ddeeff'),
(188, 'Awareness Days', 25, '#ddeeff'),
(198, 'Art', 26, '#ddeeff'),
(199, 'Awareness Days', 26, '#ddeeff'),
(200, 'Business', 26, '#ddeeff'),
(201, 'Education & Personal development', 26, '#ddeeff'),
(202, 'Finance', 26, '#ddeeff'),
(203, 'Food & Restaurant', 26, '#ddeeff'),
(204, 'Health & Beauty', 26, '#ddeeff'),
(205, 'Legal', 26, '#ddeeff'),
(206, 'Leisure', 26, '#ddeeff'),
(207, 'Marketing', 26, '#ddeeff'),
(208, 'Medical', 26, '#ddeeff'),
(209, 'Pets', 26, '#ddeeff'),
(210, 'Products for Children', 26, '#ddeeff'),
(211, 'Real Estate', 26, '#ddeeff'),
(212, 'Religion & Celebrations', 26, '#ddeeff'),
(213, 'Retail', 26, '#ddeeff'),
(214, 'Sport & Fitness', 26, '#ddeeff'),
(215, 'Technology', 26, '#ddeeff'),
(216, 'Travel', 26, '#ddeeff'),
(218, 'Offer', 24, '#41ecff'),
(219, 'Holiday', 24, '#81a8c9'),
(221, 'Esemdee', 23, '#b079fc'),
(222, 'Test Category 1', 23, '#408080'),
(223, 'Test category 2', 23, '#eec70a'),
(224, 'Engagement', 24, '#11fdc7'),
(230, 'Travel', 11, '#00ff00'),
(232, 'Video - Ad', 24, '#86feb0'),
(233, 'Camp', 24, '#f0028f'),
(239, 'Esemdee', 24, '#4bb9af'),
(259, 'TestCategory', 20, '#4ca37a'),
(260, '360', 34, '#cfa209'),
(274, '360', NULL, '#9ea4d6'),
(275, 'New Category for Carousel', NULL, '#a8957d'),
(276, 'Art', NULL, '#ddeeff'),
(366, 'Safari', NULL, '#9cb550'),
(397, 'Test Category 1', 24, '#c0c0c0'),
(509, 'Casino', NULL, '#39ff4a'),
(519, 'Generic category', NULL, '#627fa6'),
(566, 'Test category 1', 24, '#3a753b'),
(567, 'Art', 24, '#5611a5'),
(568, '360', 24, '#f5265e'),
(570, 'Awareness days', 25, '#271e88'),
(571, 'Generic category', 25, '#31a29'),
(572, 'Generic category', 24, '#8a6cd8'),
(573, 'Casino', 24, '#136c40'),
(574, 'Generic category', 59, '#b6f7d4'),
(664, 'Video - ad', 24, '#9416fa'),
(810, 'Gaming', 91, '#303a4e'),
(850, 'Movie', 91, '#350398'),
(851, 'Art', 91, '#ddeeff'),
(914, 'Test', NULL, '#b3c1f7'),
(915, '360', 91, '#17cbea'),
(917, 'Bigyó', 91, '#c6e13a'),
(920, 'Turmix', NULL, '#d1f07c'),
(921, 'Time', NULL, '#7a1ef2'),
(923, 'Art', 51, '#ddeeff'),
(924, 'Art', 66, '#ddeeff'),
(925, 'Art', 1, '#ddeeff'),
(926, 'Art', 110, '#ddeeff'),
(927, 'Art', 102, '#ddeeff'),
(928, 'Art', 60, '#ddeeff'),
(929, 'Art', 114, '#ddeeff'),
(930, 'Art', 13, '#ddeeff'),
(931, 'Art', 22, '#ddeeff'),
(932, 'Art', 113, '#ddeeff'),
(934, 'Art', 61, '#ddeeff'),
(935, 'Art', 100, '#ddeeff'),
(936, 'Art', 99, '#ddeeff'),
(937, 'Art', 11, '#ddeeff'),
(938, 'Art', 105, '#ddeeff'),
(939, 'Art', 65, '#ddeeff'),
(940, 'Art', 62, '#ddeeff'),
(943, 'Gaming', 20, '#78039f'),
(944, 'Gaming', 1, '#718d7b'),
(945, 'Gaming', 110, '#192873'),
(946, 'Gaming', 23, '#d103ca'),
(947, 'Gaming', 102, '#4c2a13'),
(948, 'Gaming', 24, '#3c29f4'),
(949, 'Gaming', 25, '#4e1c80'),
(950, 'Gaming', 26, '#bbca2e'),
(951, 'Gaming', 60, '#f43b5c'),
(952, 'Gaming', 114, '#f2f811'),
(953, 'Gaming', 13, '#b112fc'),
(954, 'Gaming', 22, '#d0aa6f'),
(955, 'Gaming', 113, '#5469bc'),
(957, 'Gaming', 11, '#9dc2d4'),
(958, 'Gaming', 61, '#8f1968'),
(959, 'Gaming', 100, '#3298cc'),
(960, 'Gaming', 99, '#d49bc9'),
(961, 'Gaming', 105, '#744a1c'),
(962, 'Gaming', 62, '#72a3c0'),
(963, 'Gaming', 2, '#98f992'),
(964, 'Gaming', 34, '#7ff943'),
(965, 'Gaming', 10, '#f21c61'),
(966, 'Gaming', 59, '#b6e16'),
(967, 'Gaming', 120, '#b5d557'),
(968, 'Gaming', 51, '#d1e404'),
(969, 'Gaming', 66, '#1288a7'),
(970, 'Gaming', 65, '#837f5e'),
(1024, 'Aad79b9a4faa3c3cb555', 91, '#ee4b33'),
(1025, 'E360efadb5d87f3c6fbc', 91, '#d2b888'),
(1026, '4d1430f7303ec469e3df', 91, '#108ab2'),
(1027, '413735921d1835b0151e', 91, '#b168f9'),
(1028, '48ad083303225be38bbb', 91, '#cdf1c0'),
(1029, '3ace15456a5978b72a8b', 91, '#e0c933'),
(1030, '3baf2afb2749afac3251', 91, '#4181a3'),
(1031, 'E63faab577436c83a9be', 91, '#165db1'),
(1032, 'Ec4b13ec38df2506fb8c', 91, '#e7550d'),
(1033, 'E713f876ff7eb25891a5', 91, '#002819'),
(1148, 'A0656df51fde820ace14', 91, '#f47731'),
(1216, '846b7af4b17c7ff40907', 91, '#f20ffd'),
(1217, '733c9eb5a0b804114ad9', 91, '#513271'),
(1218, 'A00a6f3fbce4b99f7254', 91, '#f5a111'),
(1219, 'F0263f8a66e46a375bac', 91, '#60ae51'),
(1220, 'A8e2a88d6ad4efd70a20', 91, '#296bd8'),
(1221, 'E7682c86b561a55d2802', 91, '#e1280f'),
(1222, 'Aeaf85c063c1d2ad0764', 91, '#3960c0'),
(1223, '4a6e07c1a2825ccdfc15', 91, '#f0e57e'),
(1224, 'Ca1bf9c5fe62530f68bf', 91, '#bd46ad'),
(1225, 'A98f2ab27217a60d8f8c', 91, '#9bc6f2'),
(1375, '7569749d500613ecbe79', 91, '#e842a5'),
(1376, '65d21191cb636ab4b3ba', 91, '#03d340'),
(1377, '7721a8bc7ba8a455df18', 91, '#1fd1bd'),
(1378, '29358287b52ab0d12a08', 91, '#f385c8'),
(1379, 'Aab15ed6835ed4021550', 91, '#7c6e84'),
(1380, '95dfa4624c4db34d2e32', 91, '#313b33'),
(1381, '001b2c87fd9ef2947581', 91, '#551173'),
(1382, '5ca8b9663a9cf535ae58', 91, '#cfbd2f'),
(1383, 'D0ae34469882424892c6', 91, '#6753e9'),
(1384, '5ef947fe59d3131139ad', 91, '#0220d3'),
(1481, '1578c4ddc1f4330e6e64', 91, '#1de644'),
(1482, 'D53ffc1a269de42edebb', 91, '#cb15e6'),
(1483, '9f82314cf45b1516c4f3', 91, '#095d7d'),
(1484, 'Aea5fcf78e4f24d61e61', 91, '#0db01a'),
(1487, '3978fd73c692c122aff9', 91, '#9e4429'),
(1488, '0a3de3b41ba2b34ab6e1', 91, '#5167cc'),
(1489, '78040854c096a64a85d3', 91, '#6032ec'),
(1490, '046dbe5a1a112dba5575', 91, '#8de722'),
(1497, '580b1f3094a0648a4eab', 91, '#aecace'),
(1498, 'A4d79faafb73bfed7b0e', 91, '#8c16a4'),
(1499, '8f69d74a9bc04ebada2d', 91, '#fbd52c'),
(1500, 'Ae6248a8aef1b0b36fae', 91, '#07eecb'),
(1501, 'B2daa8bf446d703ee2cd', 91, '#ab4ff4'),
(1502, '04723077c5fea3673fa7', 91, '#b23d10'),
(1503, '5bf6397826a7fdad0fae', 91, '#f5762d'),
(1504, '649fe44ec3e409e7fd2c', 91, '#5e580b'),
(1505, '49118094fd65b935befd', 91, '#194f1d'),
(1506, '559b8d5d982deb75e284', 91, '#d0ca67'),
(1507, '21b33693c1d4ec56a91a', 91, '#4e5e7f'),
(1508, 'A878c44fc61672598901', 91, '#961d20'),
(1568, '8dd4683074d82943d6ac', 91, '#73f8e6'),
(1569, '9c489957f9827ba0ddd1', 91, '#063046'),
(1570, '40af2029fe7420eb6a6a', 91, '#cca8e6'),
(1571, 'A33508c191cd586e92bf', 91, '#e7f658'),
(1670, 'Da1bf03bd573e953d84d', 91, '#81a310'),
(1695, '0cc9413d4654ef0e4195', 91, '#545cf4'),
(1696, '249c162938c634d6abfe', 91, '#c603a6'),
(1697, '2bd8c72a04ad378e91f4', 91, '#2e3808'),
(1698, '7108e071d44ecbcd6403', 91, '#4d01a5'),
(1699, '9f62fa82fe1c9e7943af', 91, '#8ff295'),
(1700, 'B1167fe6bcefd5dba651', 91, '#92d6cb'),
(1702, '99c00be20f8e773563ae', 91, '#ff82af'),
(1703, '0bcc87cf95f5d679d549', 91, '#963f18'),
(1705, 'Aea5dfff48aac4d11d04', 91, '#b585eb'),
(1706, 'C4c31f6e0cad483246bb', 91, '#25c558'),
(1707, 'Dc9fe75e0e8ef43972b9', 91, '#de2a23'),
(1708, '043d3f172e23cb560846', 91, '#aef8e1'),
(1709, '62b86d5f1b96dfe7cdda', 91, '#0c12a6'),
(1710, 'A297ffa0385082196a07', 91, '#c57bb7'),
(1711, 'Feb4d1e2b6f0282a4781', 91, '#93357c'),
(1712, 'Ba9443c7d22bb60ef3fa', 91, '#088873'),
(1713, '7b8a48aefa9f552cb5f0', 91, '#056bc1'),
(1714, 'Ce2f232287cc2c6aab31', 91, '#bd9529'),
(1715, '8f21e2a934e49398d68e', 91, '#cfcc26'),
(1717, '1a3ffb82685397048cd5', 91, '#20e06c'),
(1718, '90b27862f80f4d354ef4', 91, '#a196bf'),
(1719, 'Ed24a6d1d8236075d71c', 91, '#1aed88'),
(1721, '4fadebbbfb62216a400b', 91, '#1d4fa7'),
(1722, 'B00e1568766f50e0f9fd', 91, '#a59d02'),
(1723, '7b3146dd0151285feff1', 91, '#6c9e2a'),
(1724, 'Fbafe14bb1319182a715', 91, '#3ac2b7'),
(1725, 'Abd01ea1cb8a553c1dab', 91, '#06452d'),
(1726, 'Fd7708929285cc86ec8f', 91, '#2c0a2c'),
(1727, '78d8caeca5564926e26a', 91, '#834117'),
(1728, '24184716ed8cc3f77942', 91, '#57f3da'),
(1729, '97f519331133ef435931', 91, '#24d3aa'),
(1730, '61e0c8d18703e0b8392d', 91, '#505969'),
(1731, '4db6c6fd02c8d9b53294', 91, '#08e455'),
(1732, 'B0b27dae4190de7592b6', 91, '#e50c2d'),
(1733, '3668adbb98176d840b5d', 91, '#8ecf11'),
(1734, '1c9f657d9c5598bcc076', 91, '#0d4b2c'),
(1735, 'A286ada2377180028598', 91, '#e43ca3'),
(1736, '93dbb504846926d10232', 91, '#3569c1'),
(1737, '9dd27bcbae57547deb79', 91, '#4dc437'),
(1738, '567b6a05cc9d4f177668', 91, '#5877b6'),
(1739, '3a508e7d7d4c00973959', 91, '#1630b4'),
(1740, '40216ed0302ab212b8da', 91, '#76dd14'),
(1741, '3c0a8c35222f9d6fda3b', 91, '#d9037b'),
(1742, '254ef3b04c52afb1b140', 91, '#1c0d0c'),
(1743, 'C1ed5b98d16ad7d83216', 91, '#a50c58'),
(1744, '357b136599f9a5ee90de', 91, '#760355'),
(1745, 'Ba57fc12be13a5d93a54', 91, '#6a09ff'),
(1746, '620e691dea971a0e1d3f', 91, '#ade506'),
(1747, '8e343e187a9c45d76f98', 91, '#6d8d0c'),
(1748, '35714e963588059db96d', 91, '#76c05b'),
(1749, '8a02b84cd5481ff72a54', 91, '#12dfbd'),
(1873, '3feb3d9210b77f864ba8', 91, '#253288'),
(1874, 'Db703f3c9b7c8ed14e0b', 91, '#51e2f0'),
(1906, 'Awareness Days', NULL, '#ddeeff'),
(1907, 'Easter', 91, '#e74159'),
(1909, 'Star wars', 91, '#263aff'),
(1910, 'People', 91, '#dc0a06'),
(1966, 'C716983b1e3a8a163f71', 91, '#597d5a'),
(1967, '343e303305e2ad5b3752', 91, '#60a20f'),
(1968, '3746c9313cfb30ef3c1a', 91, '#ca40e2'),
(1969, '3372aae7db59acd83af3', 91, '#228665'),
(1970, 'De06440e497c2bbbc29e', 91, '#a0340b'),
(1971, '216d259eef15938d0f19', 91, '#6cc38b'),
(1972, '3ff2cb176832a7fe7ce5', 91, '#1cf2bb'),
(1973, '974b6752f5c5ef368710', 91, '#06c176'),
(3026, '21149f8d12ae3d90636e', 91, '#2654aa'),
(3027, '5ad9df819364cbccc540', 91, '#b1a42f'),
(3328, 'Products for Children', NULL, '#ddeeff'),
(3329, 'Religion & Celebrations', NULL, '#ddeeff'),
(3476, 'Travel', NULL, '#ddeeff'),
(3477, 'Awareness days', NULL, '#24aae9'),
(3604, 'B372ac7942f6b75f51e0', 91, '#f5b30c'),
(3605, 'E45179f3114c1f357b12', 91, '#a25c36'),
(3606, 'A2bcc704f806b08c816a', 91, '#0cf070'),
(3607, '91192cc835facdf39162', 91, '#fbe77c'),
(3673, 'E513f3fc78393cda78d9', 91, '#822a94'),
(3674, '39ac4ccb4350f52d4f9a', 91, '#053b29'),
(3675, 'Awareness days', 24, '#8e31d7'),
(3676, 'Awareness days', 91, '#91fc0d'),
(3677, 'Awareness days', 105, '#9f25c7'),
(3678, 'Has media', NULL, '#b4bc39'),
(3686, '227e6d36747382c2a105', 91, '#1b9318'),
(3687, 'D2a363b80944fc8021da', 91, '#34700a'),
(3739, '11498be8a1025f633d20', 91, '#22c0aa'),
(3740, '7d6abb1d6a3b91824818', 91, '#e149ad'),
(3746, 'Test', 91, '#39ffca'),
(3750, 'Testbyszabi', 91, '#144f15'),
(3760, 'Business', 91, '#348b42'),
(3761, 'Legal', 91, '#58bde8'),
(3762, 'Health & beauty', 91, '#c09ca6'),
(3763, 'Retail', 91, '#e8786b'),
(3764, 'Technology', 91, '#2c6da4'),
(3765, 'Pets', 91, '#799646'),
(3767, 'KategÓria', 91, '#1bc9cf'),
(3768, 'KategÓria2', 91, '#8e0c7d'),
(3771, 'KategÓria3', 91, '#aaa351'),
(3772, 'KategÓria4', 91, '#d31107'),
(3774, 'Legalszerk', 91, '#69a86a'),
(3779, 'Pencil', 24, '#48964'),
(3784, 'Casino', 91, '#42972a'),
(3785, 'Finance', 91, '#ddeeff'),
(3787, 'Technology', 24, '#235baf'),
(3788, 'Pets', 24, '#100ca6'),
(3789, 'Competition', NULL, '#ddeeff'),
(3790, 'Competition', 91, '#ec8b98'),
(3791, 'Medical', 91, '#d2e088'),
(3792, 'C8827a78f223e26c23c9', 91, '#8811fd'),
(3793, 'Ea11231b17b6c057d383', 91, '#77aa6a'),
(3810, '7bd1a892030c0945cc3a', 91, '#53922'),
(3811, '531128b8c7dc14c76512', 91, '#d4bdf7'),
(3812, 'Eed37ec832090a75781d', 91, '#d6e7fe'),
(3822, 'Test', 23, '#9c1804'),
(3826, '86fea289ba1ffb2f0c37', 91, '#1bd599'),
(3827, '2f7d44579c20eb410d0d', 91, '#f5343c'),
(3828, 'Fda91d05af0948c296ad', 91, '#adb090'),
(3832, '28c4530175e75b39c5b5', 91, '#a3e4d2'),
(3833, '7b2ce1829c392b9d9a1a', 91, '#9bc3da'),
(3834, 'Ffc764c66f62aba3dc3f', 91, '#d3059c'),
(3844, 'Competition', 23, '#385a6b'),
(3845, 'Test category 1', 23, '#cbb03c'),
(3865, 'Competition', 24, '#8e388c'),
(3866, 'Test', 24, '#3fd9d0'),
(3867, 'Travel', 24, '#ca6db6'),
(3868, 'Time', 24, '#28a201'),
(3869, 'Sport', 24, '#57b43f'),
(3870, 'Sport', 91, '#c7af2f'),
(3871, 'Medical', 24, '#4ac2dd'),
(3872, 'Sport', 62, '#ddeeff'),
(3873, 'Sport', NULL, '#ddeeff'),
(3874, 'Web', 91, '#d7bf8b'),
(3875, 'Esemdee 1234', NULL, '#9e1212'),
(3876, 'Esemdee 1234', 24, '#ef7c0b'),
(3877, 'Esemdee 5678', NULL, '#248623'),
(3878, 'Esemdee 5678', 24, '#c71fe9'),
(3879, 'Business', 24, '#da4629'),
(3880, 'Animal', 91, '#25d0ff'),
(3919, '7ef1420131965c3b1fbc', 91, '#290834'),
(3975, '38c70c73320372bea14e', 91, '#615030'),
(3982, 'Ba93ed789ed9db6e976c', 91, '#c23af6'),
(3988, 'Ab29fe1233a4c427afec', 91, '#61f966'),
(4003, 'Dd7f721961d256e076cf', 91, '#888323'),
(4004, '338a7ed176e8c001a452', 91, '#ba4cd8'),
(4005, 'Acfbeda10a0b14b6e4e1', 91, '#56206f'),
(4009, 'Egyujgeneric', NULL, '#00a8ff'),
(4017, 'Test generic', NULL, '#0986e4'),
(4018, 'Test generic', 91, '#b2f8d3'),
(4019, 'Testgenerix', NULL, '#6560ff'),
(4020, 'Testgenerix', 91, '#ee1b9d'),
(4021, 'Competition', 62, '#3ab683'),
(4022, 'Awareness days', 62, '#e9c18e'),
(4023, 'Brand', 24, '#6f6426'),
(4024, 'Csabi-#egy#-tesztje', 91, '#00ff66'),
(4026, 'Turmix', 24, '#241163'),
(4027, 'Something - with - hyphen', 24, '#2fd223'),
(4028, 'Smd - something', 62, '#682f2f'),
(4029, 'DD Teszt', 24, '#dea1a1'),
(4030, 'Education & Personal development', 24, '#9b8e68'),
(4031, 'Finance', 24, '#67fcaa'),
(4032, 'Legal', 24, '#3e44d8'),
(4033, 'Testing Category', 114, '#a13c3c'),
(4034, 'TESTING Now', 114, '#205623'),
(4035, 'Video', 91, '#3b6e9c'),
(4036, 'Has media', 114, '#66cfac'),
(4037, 'Time', 114, '#fd5e1f'),
(4040, 'Test (Generic)', NULL, '#5184ff'),
(4041, 'Test (Generic)', 91, '#517a85'),
(4042, 'Competition', 60, '#5b2d51'),
(4043, 'Test', 114, '#485c5d'),
(4044, 'Sport', 114, '#dece7a'),
(4045, 'Travel', 114, '#f7fb69'),
(4046, 'Egyujgeneric', 24, '#d99659'),
(4048, 'Recco Business', 91, '#ed0e0e'),
(4050, 'Technology', 62, '#2573a9'),
(4051, 'Fashion', 62, '#b61896'),
(4052, 'Testing Space At the End ', 62, '#1f519d'),
(4053, 'Space At The End ', 62, '#442d2d'),
(4054, 'Another Space At The End ', 62, '#8a3939'),
(4055, 'Competition', 183, '#c430b3'),
(4056, 'Esemdee 5678', 183, '#d736b9'),
(4057, 'Animal', 183, '#33e418'),
(4058, 'Art', 183, '#bae9d7'),
(4059, 'Time', 183, '#4c75ea'),
(4060, 'Sport', 183, '#751f71'),
(4061, 'Has media', 183, '#e5ea1c'),
(4062, 'Egyujgeneric', 183, '#95545b'),
(4063, 'Generic category', 183, '#c7b4e'),
(4065, 'Products for Children', 183, '#73723d');

-- --------------------------------------------------------

--
-- Table structure for table `smd__comment`
--

CREATE TABLE `smd__comment` (
  `commentID` int(11) UNSIGNED NOT NULL,
  `objectID` int(11) UNSIGNED NOT NULL,
  `objectType` enum('post','postTemplate') NOT NULL,
  `userID` int(11) UNSIGNED DEFAULT NULL,
  `text` text NOT NULL,
  `createDate` timestamp NOT NULL DEFAULT CURRENT_TIMESTAMP
) ENGINE=InnoDB DEFAULT CHARSET=utf8;

--
-- Dumping data for table `smd__comment`
--

INSERT INTO `smd__comment` (`commentID`, `objectID`, `objectType`, `userID`, `text`, `createDate`) VALUES
(127, 10251, 'postTemplate', 13, 'test comment', '2019-01-15 08:34:22'),
(128, 10251, 'postTemplate', 13, 'test comment #2', '2019-01-15 12:23:53'),
(129, 10260, 'postTemplate', 13, 'test comment #1', '2019-01-15 14:26:57'),
(130, 10261, 'postTemplate', 13, 'test comment #1', '2019-01-15 17:00:42'),
(131, 10405, 'post', 13, 'test', '2019-01-21 08:47:55'),
(132, 10197, 'postTemplate', 14, 'Egy komment', '2019-01-21 12:37:27'),
(133, 10197, 'postTemplate', 14, 'Második komment!', '2019-01-21 12:38:17'),
(134, 10197, 'postTemplate', 14, 'Harmadik komment', '2019-01-21 12:39:52'),
(135, 10197, 'postTemplate', 14, 'Negyedik komment!', '2019-01-21 12:40:47'),
(136, 10197, 'postTemplate', 14, 'Ötödik komment', '2019-01-21 12:41:24'),
(137, 10197, 'postTemplate', 14, 'Ötödik komment', '2019-01-21 12:41:56'),
(138, 10197, 'postTemplate', 14, 'Ötödik komment', '2019-01-21 12:42:39'),
(139, 10197, 'postTemplate', 14, 'Hatodik komment', '2019-01-21 12:47:20'),
(140, 10197, 'postTemplate', 14, 'Hatodik komment', '2019-01-21 12:47:49'),
(142, 10381, 'post', 14, 'Komment teszt', '2019-01-22 10:15:43'),
(144, 10381, 'post', 14, 'Komment teszt', '2019-01-22 10:18:32'),
(145, 10381, 'post', 14, 'teszt kommentelés ide', '2019-01-22 10:23:45'),
(146, 10381, 'post', 14, 'Kommentelés teszt!', '2019-01-22 12:55:12'),
(147, 10306, 'postTemplate', 23, 'testcomment', '2019-01-28 09:26:24'),
(148, 10662, 'post', 21, 'Ez egy draft post', '2019-01-29 19:06:40'),
(149, 10662, 'post', 21, 'Ez egy draft post', '2019-01-29 19:06:45'),
(150, 10662, 'post', 21, 'Ez egy draft post', '2019-01-29 19:06:45'),
(151, 10662, 'post', 21, 'Kivancsi ', '2019-01-29 19:06:51'),
(152, 10662, 'post', 21, 'Kivancsi vagyok hogy ', '2019-01-29 19:06:57'),
(153, 10662, 'post', 21, 'Kivancsi vagyok hogy mi tortenik ha ', '2019-01-29 19:07:02'),
(154, 10662, 'post', 21, 'Kivancsi vagyok hogy mi tortenik ha a previewbol ', '2019-01-29 19:07:12'),
(155, 10662, 'post', 21, 'Kivancsi vagyok hogy mi tortenik ha a previewbol approveolom', '2019-01-29 19:07:17'),
(156, 10662, 'post', 21, 'Kivancsi vagyok hogy mi tortenik ha a previewbol approve-olom', '2019-01-29 19:07:21'),
(157, 10662, 'post', 23, 'commentonly', '2019-01-30 09:57:48'),
(158, 10662, 'post', 23, 'commentonly', '2019-01-30 09:57:48'),
(159, 10599, 'post', 23, 'testcomment', '2019-01-30 11:54:27'),
(160, 10582, 'post', 23, 'test', '2019-01-30 14:17:27'),
(161, 10471, 'post', 23, 'test', '2019-01-30 15:18:53'),
(162, 10247, 'post', 7, 'kommentelhetek', '2019-01-30 16:34:54'),
(169, 10709, 'post', 23, 'mi van akkor ha ide kommentelek', '2019-02-01 10:02:17'),
(170, 10281, 'post', 13, 'test comment', '2019-02-01 10:06:02'),
(175, 10247, 'post', 8, 'ló', '2019-02-01 13:52:10'),
(176, 10740, 'post', 13, 'edit-kor feltöltődnek a location-k :D', '2019-02-02 17:13:25'),
(177, 10789, 'post', 13, 'test comment', '2019-02-02 20:42:31'),
(178, 10789, 'post', 13, 'second test comment', '2019-02-02 20:46:15'),
(179, 10791, 'post', 23, 'afsrete', '2019-02-03 08:35:20'),
(180, 10793, 'post', 23, ':D :-D :-)\n', '2019-02-03 10:06:11'),
(181, 10197, 'postTemplate', 8, 'próba komment dashboardhoz', '2019-02-16 18:29:45'),
(182, 10197, 'postTemplate', 8, 'ideírom', '2019-02-17 07:46:28'),
(183, 10197, 'postTemplate', 8, 'tolok rá mégegyet', '2019-02-18 12:20:57'),
(184, 10197, 'postTemplate', 8, 'post komment', '2019-02-18 12:40:46'),
(185, 10793, 'post', 8, 'Na ez egy teszt', '2019-02-18 12:47:32'),
(186, 10861, 'post', 68, 'Nem teljesen jó', '2019-02-19 09:17:38'),
(187, 10884, 'post', 62, 'my comment for testing 1', '2019-02-27 13:35:45'),
(188, 10414, 'postTemplate', 69, 'commentről kapok már üzenetet?', '2019-02-27 16:58:46'),
(189, 10409, 'postTemplate', 68, 'Ezt ki kapja?', '2019-02-27 16:59:48'),
(190, 10771, 'post', 8, 'posttt kommentááá', '2019-02-28 13:05:29'),
(191, 10906, 'post', 13, 'test comment', '2019-02-28 13:06:54'),
(192, 10906, 'post', 13, 'again', '2019-02-28 13:07:44'),
(193, 10906, 'post', 14, 'Szia. Szabi!', '2019-02-28 13:08:37'),
(194, 10907, 'post', 69, 'komment', '2019-02-28 13:09:08'),
(195, 10907, 'post', 68, 'kommi', '2019-02-28 13:10:03'),
(196, 10906, 'post', 14, 'Szia. Szabi2!', '2019-02-28 13:10:14'),
(197, 10907, 'post', 68, 'most', '2019-02-28 13:10:17'),
(198, 10906, 'post', 14, 'Szia. Szabi2!', '2019-02-28 13:10:34'),
(199, 10906, 'post', 8, 'dnfh', '2019-02-28 13:10:34'),
(200, 10906, 'post', 14, 'Szia. Szabi2!', '2019-02-28 13:10:48'),
(201, 10197, 'postTemplate', 8, 'fdg', '2019-02-28 13:10:55'),
(202, 10907, 'post', 69, 'komment', '2019-02-28 13:11:09'),
(203, 10906, 'post', 14, 'Szia. Szabi2!', '2019-02-28 13:12:04'),
(204, 10863, 'post', 69, 'sgvsdvsd', '2019-02-28 13:12:08'),
(205, 10912, 'post', 14, 'asd', '2019-02-28 15:59:17'),
(206, 10913, 'post', 14, 'asd', '2019-02-28 16:00:27'),
(207, 10913, 'post', 14, 'asd', '2019-02-28 16:00:56'),
(208, 10913, 'post', 14, 'asd', '2019-02-28 16:02:19'),
(209, 10913, 'post', 14, 'asd', '2019-02-28 16:02:43'),
(210, 10913, 'post', 14, 'asd', '2019-02-28 16:02:55'),
(211, 10913, 'post', 14, 'Teszt', '2019-02-28 16:05:17'),
(212, 10913, 'post', 14, 'Teszt', '2019-02-28 16:07:19'),
(213, 10913, 'post', 14, 'Teszt2', '2019-02-28 16:09:52'),
(214, 10913, 'post', 14, 'tesztes', '2019-02-28 16:11:35'),
(272, 10887, 'post', 13, 'test comment', '2019-03-01 21:05:47'),
(273, 10887, 'post', 13, 'example comment', '2019-03-01 21:05:54'),
(274, 10887, 'post', 13, 'example comment again', '2019-03-01 21:06:02'),
(275, 10921, 'post', 13, 'test komment', '2019-03-04 07:43:54'),
(276, 10989, 'post', 13, 'test komment', '2019-03-04 07:46:00'),
(277, 10990, 'post', 13, 'test comment', '2019-03-04 07:51:39'),
(284, 10990, 'post', 14, 'test comment 2', '2019-03-04 15:39:56'),
(285, 10990, 'post', 14, 'test comment 2', '2019-03-04 15:41:34'),
(286, 10990, 'post', 14, 'test comment 2', '2019-03-04 15:51:01'),
(287, 10990, 'post', 14, 'test comment 2', '2019-03-04 15:52:10'),
(288, 10990, 'post', 14, 'test comment 2', '2019-03-04 15:59:04'),
(289, 10990, 'post', 14, 'test comment 3', '2019-03-04 16:03:09'),
(290, 10990, 'post', 14, 'test comment 3', '2019-03-04 16:03:47'),
(291, 11023, 'post', 62, 'commmmment', '2019-03-06 13:56:46'),
(292, 11024, 'post', 62, 'comment - Szabival-teszt', '2019-03-06 14:19:19'),
(293, 11024, 'post', 62, 'comment - Szabival-teszt', '2019-03-06 14:19:19'),
(294, 11024, 'post', 62, 'comment - Szabival-teszt', '2019-03-06 14:19:19'),
(295, 11024, 'post', 62, 'comment - Szabival-teszt', '2019-03-06 14:19:19'),
(296, 11024, 'post', 62, 'comment - Szabival-teszt', '2019-03-06 14:19:20'),
(297, 11024, 'post', 62, 'comment - Szabival-teszt', '2019-03-06 14:19:20'),
(298, 11024, 'post', 62, 'comment - Szabival-teszt', '2019-03-06 14:19:20'),
(299, 11024, 'post', 62, 'comment - Szabival-teszt', '2019-03-06 14:19:20'),
(300, 11024, 'post', 62, 'comment - Szabival-teszt', '2019-03-06 14:19:20'),
(301, 11024, 'post', 62, 'comment - Szabival-teszt', '2019-03-06 14:19:20'),
(302, 11024, 'post', 62, 'comment - Szabival-teszt', '2019-03-06 14:19:20'),
(303, 11024, 'post', 62, 'comment - Szabival-teszt', '2019-03-06 14:19:20'),
(304, 11024, 'post', 62, 'comment - Szabival-teszt', '2019-03-06 14:19:20'),
(305, 11024, 'post', 62, 'comment - Szabival-teszt', '2019-03-06 14:19:20'),
(306, 11024, 'post', 62, 'comment - Szabival-teszt', '2019-03-06 14:19:20'),
(307, 11024, 'post', 62, 'comment - Szabival-teszt', '2019-03-06 14:19:20'),
(308, 11024, 'post', 62, 'comment - Szabival-teszt', '2019-03-06 14:19:20'),
(309, 11024, 'post', 62, 'comment - Szabival-teszt', '2019-03-06 14:19:20'),
(310, 11024, 'post', 62, 'comment - Szabival-teszt', '2019-03-06 14:19:20'),
(311, 11024, 'post', 62, 'comment - Szabival-teszt', '2019-03-06 14:19:20'),
(312, 11024, 'post', 62, 'comment - Szabival-teszt', '2019-03-06 14:19:20'),
(313, 11024, 'post', 62, 'comment - Szabival-teszt', '2019-03-06 14:19:20'),
(314, 11024, 'post', 62, 'comment - Szabival-teszt', '2019-03-06 14:19:20'),
(315, 11024, 'post', 62, 'comment - Szabival-teszt', '2019-03-06 14:19:20'),
(316, 11024, 'post', 62, 'comment - Szabival-teszt', '2019-03-06 14:19:20'),
(337, 10199, 'postTemplate', 62, 'asd', '2019-03-22 12:21:13'),
(376, 12787, 'postTemplate', 117, 'Main copy is still missing', '2019-04-09 19:26:38'),
(377, 12790, 'postTemplate', 117, 'This is the first Comment', '2019-04-10 11:25:41'),
(378, 12788, 'postTemplate', 117, 'I decline this because', '2019-04-10 11:34:22'),
(402, 11623, 'post', 117, 'Comment', '2019-04-17 09:19:25'),
(403, 11959, 'post', 115, 'Test comment 1 ', '2019-04-17 09:31:25'),
(404, 11960, 'post', 115, 'Test comment 1 ', '2019-04-17 09:31:25'),
(405, 11961, 'post', 115, 'Test comment 1 ', '2019-04-17 09:31:25'),
(406, 11963, 'post', 115, 'This is a comment to test commenting first step in schedule manager', '2019-04-17 09:35:21'),
(407, 11963, 'post', 115, 'Okay thanks', '2019-04-17 09:36:23'),
(408, 11942, 'post', 117, 'comment', '2019-04-18 10:13:59'),
(409, 11808, 'post', 117, 'Comment', '2019-04-18 11:18:24'),
(415, 11943, 'post', 144, 'Test Comment', '2019-05-20 11:26:52'),
(417, 12600, 'post', 139, 'good', '2019-05-21 09:47:40'),
(418, 12600, 'post', 139, ':)', '2019-05-21 09:47:48'),
(419, 12600, 'post', 144, '1', '2019-05-21 13:38:10'),
(436, 14277, 'post', 117, 'Hey @Test Editor', '2019-09-04 13:38:33'),
(437, 14974, 'post', 222, 'Szevasz tesó!', '2019-09-23 08:40:07'),
(438, 14974, 'post', 222, 'Szevasz tesó!', '2019-09-23 08:41:59'),
(439, 16124, 'post', 222, 'cvadvsdv', '2019-11-12 11:20:13'),
(468, 17062, 'post', 222, 'In pharetra quis mauris per vel fusce dapibus laoreet quam, magnis vivamus sapien mi felis nulla fringilla aenean, dis odio cursus porttitor massa parturient purus pretium.', '2019-11-21 09:47:51'),
(469, 17063, 'post', 222, 'Hac metus proin erat cras curabitur consequat laoreet sollicitudin platea, ad vehicula aliquet commodo urna enim magnis netus integer bibendum, tempus fringilla efficitur porttitor eros sit id per.', '2019-11-21 09:47:52'),
(470, 20992, 'postTemplate', 222, 'Odio porttitor conubia magnis fermentum ultrices lacinia pharetra pretium tristique nec malesuada est, nascetur neque semper pellentesque ipsum augue a sit tellus inceptos.', '2019-11-21 09:51:54'),
(471, 20993, 'postTemplate', 222, 'Litora himenaeos nibh consectetur odio duis nunc non cubilia viverra, nullam a dolor metus turpis maximus ultrices vehicula sollicitudin, netus venenatis pretium ultricies elementum imperdiet adipiscing per.', '2019-11-21 09:51:54'),
(472, 17128, 'post', 222, 'Iaculis rutrum lectus habitasse finibus parturient molestie nec vulputate urna, hac dis torquent magna phasellus est ad fusce, sociosqu sodales sagittis orci tellus sapien ex mauris.', '2019-11-21 10:03:05'),
(473, 17129, 'post', 222, 'Lacinia massa suscipit rhoncus dapibus facilisis mauris hendrerit tellus, litora adipiscing arcu torquent et fames ac curae platea, turpis malesuada velit leo etiam suspendisse praesent.', '2019-11-21 10:03:06'),
(474, 21028, 'postTemplate', 222, 'Mauris nulla lacus pulvinar diam porta nunc ad euismod blandit vel viverra auctor, rutrum in elit tempus conubia sodales et nisi quam eros.', '2019-11-21 10:03:16'),
(475, 21029, 'postTemplate', 222, 'Imperdiet sodales porttitor pretium praesent porta, platea torquent eget dictum, mus tempus maximus pellentesque.', '2019-11-21 10:03:17'),
(508, 17041, 'post', 222, 'test comment', '2019-11-22 08:50:03'),
(510, 17875, 'post', 117, 'obfasdlfna', '2020-01-20 16:15:22'),
(511, 17876, 'post', 117, 'test2', '2020-01-20 16:20:50'),
(512, 17877, 'post', 117, 'test harare time', '2020-01-20 16:24:41'),
(513, 17876, 'post', 117, 'test time 2', '2020-01-20 16:26:48'),
(514, 17876, 'post', 117, 'test', '2020-01-20 16:27:26'),
(516, 17878, 'post', 117, 'los angeles time', '2020-01-20 16:34:58'),
(517, 17879, 'post', 117, 'How is this', '2020-01-20 16:47:33'),
(518, 17879, 'post', 117, 'time123', '2020-01-20 16:47:33'),
(523, 18919, 'post', 339, 'miez', '2020-01-28 12:58:30'),
(524, 18919, 'post', 339, 'miez2', '2020-01-28 13:01:23'),
(525, 18919, 'post', 339, 'miez3', '2020-01-28 13:05:02'),
(526, 18919, 'post', 339, 'miez4', '2020-01-28 13:05:52'),
(527, 18919, 'post', 339, 'miez5', '2020-01-28 13:08:45'),
(528, 18919, 'post', 345, 'miez6', '2020-01-28 13:22:01'),
(529, 18919, 'post', 339, 'miez7', '2020-01-28 13:23:55'),
(530, 18920, 'post', 345, 'micsoda', '2020-01-28 13:25:41'),
(531, 18920, 'post', 345, 'mi', '2020-01-28 13:26:08'),
(532, 18920, 'post', 345, 'mi', '2020-01-28 13:26:25'),
(533, 18920, 'post', 345, 'mi', '2020-01-28 13:49:49'),
(534, 18920, 'post', 345, 'mi', '2020-01-28 13:50:00'),
(535, 18920, 'post', 345, 'mi', '2020-01-28 13:53:57'),
(536, 18920, 'post', 345, 'a', '2020-01-28 14:20:32'),
(537, 18920, 'post', 345, 'pite', '2020-01-28 14:46:08'),
(538, 18920, 'post', 345, 'alma', '2020-01-28 15:02:15'),
(539, 24629, 'post', 222, 'Test comment for test post', '2020-02-12 15:11:38'),
(540, 24629, 'post', 222, '#2', '2020-02-12 15:12:19'),
(541, 24645, 'post', 222, 'adswda', '2020-02-18 08:55:26'),
(542, 24645, 'post', 222, 'dwa', '2020-02-18 08:55:30'),
(543, 24656, 'post', 222, 'test #1', '2020-02-18 09:16:12'),
(544, 24656, 'post', 222, 'test #2', '2020-02-18 09:16:16'),
(545, 24656, 'post', 222, 'test #3', '2020-02-18 09:16:21'),
(546, 24656, 'post', 222, 'test #4', '2020-02-18 09:16:33'),
(547, 24656, 'post', 222, 'test #5', '2020-02-18 09:17:13'),
(548, 24643, 'post', 222, 'kommentelek', '2020-02-18 09:24:48'),
(549, 24643, 'post', 222, 'kommentelek', '2020-02-18 09:25:32'),
(550, 24643, 'post', 222, '1', '2020-02-18 09:27:05'),
(551, 24643, 'post', 222, '2', '2020-02-18 09:27:08'),
(553, 24966, 'post', 141, 'what do you think?', '2020-03-03 12:44:12'),
(554, 24966, 'post', 141, 'hello', '2020-03-03 12:45:41'),
(555, 24966, 'post', 139, 'cool beans', '2020-03-03 12:48:45'),
(556, 24968, 'post', 141, 'test', '2020-03-03 15:58:38'),
(558, 25014, 'post', 117, 'test', '2020-03-06 11:45:53'),
(559, 25382, 'post', 117, 'Pls do another copy of this post!!! - test comment', '2020-03-10 15:34:35'),
(560, 25471, 'post', 141, 'good?', '2020-03-12 13:41:06'),
(561, 25518, 'post', 141, 'hey', '2020-03-13 11:28:36'),
(562, 25519, 'post', 139, 'yo', '2020-03-13 11:33:32'),
(563, 25520, 'post', 139, 'fantastico!', '2020-03-13 13:21:06'),
(564, 25631, 'post', 139, 'yqwdhg', '2020-03-13 15:50:03'),
(565, 25631, 'post', 139, 'sdvsvfsd', '2020-03-13 16:46:01'),
(566, 25631, 'post', 139, 'fantastico', '2020-03-13 16:52:52'),
(567, 25631, 'post', 139, 'lol', '2020-03-13 16:56:45'),
(568, 25642, 'post', 222, 'awsdaw', '2020-03-17 09:18:01'),
(569, 25642, 'post', 222, 'awdawdawd', '2020-03-17 09:57:13'),
(570, 25661, 'post', 139, 'yeah', '2020-03-19 11:13:16'),
(571, 31204, 'postTemplate', 139, 'hi', '2020-03-19 14:19:58'),
(572, 30999, 'postTemplate', 222, 'test', '2020-04-27 08:56:58'),
(573, 31306, 'postTemplate', 222, 'test comment', '2020-04-27 09:08:19'),
(574, 31311, 'postTemplate', 222, 'test copy comment', '2020-04-27 09:09:40'),
(576, 25779, 'post', 222, 'test', '2020-04-27 09:19:06'),
(577, 26021, 'post', 117, 'nice', '2020-05-18 13:43:40'),
(578, 26208, 'post', 117, 'we might need to change the video', '2020-05-19 23:38:05'),
(579, 26209, 'post', 117, 'Change the date', '2020-05-19 23:44:24'),
(580, 26209, 'post', 117, 'will do', '2020-05-19 23:45:31'),
(581, 31634, 'postTemplate', 222, '#first comment', '2020-07-29 12:14:13'),
(582, 25779, 'post', 222, 'fdhdfh', '2020-08-05 07:49:07'),
(589, 26786, 'post', 184, 'Testing comments- first comment on test post', '2020-08-17 13:48:40'),
(590, 26786, 'post', 184, 'And this is my second comment', '2020-08-17 13:48:53'),
(595, 26894, 'post', 222, 'Ez egy komment linkedin', '2020-09-01 13:36:16'),
(596, 26894, 'post', 222, 'Ez egy komment facebook', '2020-09-01 13:36:16'),
(597, 26895, 'post', 222, 'Ez egy komment linkedin', '2020-09-01 13:36:17'),
(598, 26895, 'post', 222, 'Ez egy komment facebook', '2020-09-01 13:36:17'),
(599, 26896, 'post', 222, 'Ez egy komment linkedin', '2020-09-01 13:36:17'),
(600, 26896, 'post', 222, 'Ez egy komment facebook', '2020-09-01 13:36:17'),
(601, 26897, 'post', 222, 'komment facebook', '2020-09-01 13:38:33'),
(602, 26898, 'post', 222, 'komment witter', '2020-09-01 13:38:33'),
(604, 31680, 'postTemplate', 426, 'Hagyok egy kommentet', '2020-11-26 11:03:48'),
(605, 31680, 'postTemplate', 354, 'Elvileg nem válaszolhatok rá.', '2020-11-26 11:58:22'),
(606, 27857, 'post', 427, 'Komment a készítőtől.', '2020-11-26 12:26:10'),
(607, 27857, 'post', 425, 'Én is komment', '2020-11-26 12:30:17'),
(608, 31699, 'postTemplate', 222, 'test comment', '2020-12-16 21:23:24');

-- --------------------------------------------------------

--
-- Table structure for table `smd__dashboard`
--

CREATE TABLE `smd__dashboard` (
  `dashboardID` int(11) UNSIGNED NOT NULL,
  `name` varchar(255) NOT NULL,
  `data` json DEFAULT NULL
) ENGINE=InnoDB DEFAULT CHARSET=utf8;

--
-- Dumping data for table `smd__dashboard`
--

INSERT INTO `smd__dashboard` (`dashboardID`, `name`, `data`) VALUES
(1, 'Csabi teszt dashboardja', '{\"widgets\": [{\"id\": \"9bfbd9bb-d1c2-d976-6179-7e0fb33d2a18\", \"name\": \"EzFasza.com clicks\", \"size\": {\"width\": 4, \"height\": 7}, \"type\": \"chart-widget\", \"metrics\": \"clicks\", \"position\": {\"x\": 0, \"y\": 0}, \"socialSiteID\": \"58\"}]}'),
(29, 'asd', '{\"widgets\": [{\"id\": \"ed69f900-20c6-a11d-50f5-fa34205ef452\", \"name\": \"asd\", \"size\": {\"width\": 4, \"height\": 5}, \"type\": \"text-widget\", \"position\": {\"x\": 1, \"y\": 0}}, {\"id\": \"674c830b-d4d1-1268-e724-096752bcda09\", \"name\": \"asdddda\", \"size\": {\"width\": 4, \"height\": 5}, \"type\": \"chart-widget\", \"metrics\": \"clicks\", \"position\": {\"x\": 7, \"y\": 0}, \"socialSiteID\": \"3\"}]}'),
(37, 'Test', '{\"widgets\": [{\"id\": \"97d70dc7-8681-4772-b6f4-2f9a43970a75\", \"name\": \"New York Video Views (Paid)\", \"size\": {\"width\": 4, \"height\": 7}, \"type\": \"chart-widget\", \"metrics\": \"views-videos-paid\", \"position\": {\"x\": 8, \"y\": 14}, \"socialSiteID\": \"54\"}, {\"id\": \"6503f506-c5bc-eee4-e4e9-bec712ac1a14\", \"name\": \"Like overall\", \"size\": {\"width\": 4, \"height\": 5}, \"type\": \"chart-widget\", \"metrics\": \"likes-overall\", \"position\": {\"x\": 4, \"y\": 0}, \"socialSiteID\": \"85\"}, {\"id\": \"c9ab1b50-5259-d738-8bbe-f67a0d1650be\", \"name\": \"New York Video Views (Organic)\", \"size\": {\"width\": 4, \"height\": 7}, \"type\": \"chart-widget\", \"metrics\": \"views-videos-organic\", \"position\": {\"x\": 8, \"y\": 0}, \"socialSiteID\": \"5\"}, {\"id\": \"d7bdd04d-615b-bd80-3048-f2860a01bd30\", \"name\": \"Likes Overview\", \"size\": {\"width\": 4, \"height\": 4}, \"type\": \"chart-widget\", \"metrics\": \"likes-overall\", \"position\": {\"x\": 0, \"y\": 7}, \"socialSiteID\": \"54\"}, {\"id\": \"138d4132-b4f2-77fc-9fad-9a834dd1b7eb\", \"name\": \"Top Post\", \"size\": {\"width\": 4, \"height\": 7}, \"type\": \"chart-widget\", \"metrics\": \"top-post-by-engagement\", \"position\": {\"x\": 0, \"y\": 0}, \"socialSiteID\": \"54\"}, {\"id\": \"f0c9df31-9032-8ca5-e22a-2bdde8160ff7\", \"name\": \"Top post by Impression\", \"size\": {\"width\": 4, \"height\": 7}, \"type\": \"chart-widget\", \"metrics\": \"top-post-by-impressions\", \"position\": {\"x\": 8, \"y\": 7}, \"socialSiteID\": \"54\"}, {\"id\": \"a3581255-de79-7df9-1d0b-5cf8aaeb5b44\", \"name\": \"Test\", \"size\": {\"width\": 4, \"height\": 9}, \"type\": \"text-widget\", \"content\": \"<p><img style=\\\"display: block; margin-left: auto; margin-right: auto;\\\" src=\\\"https://images.unsplash.com/photo-1518791841217-8f162f1e1131?ixlib=rb-1.2.1&amp;ixid=eyJhcHBfaWQiOjEyMDd9&amp;w=1000&amp;q=80\\\" width=\\\"463\\\" height=\\\"308\\\" /></p>\\n<p>&nbsp;</p>\\n<p style=\\\"text-align: center;\\\"><em><strong>Ez egy macska</strong></em></p>\\n<p style=\\\"text-align: center;\\\">&nbsp;</p>\\n<p style=\\\"text-align: center;\\\"><em><strong>dfgp&eacute;jhgkljdfhgldfkjghdfkljghlk dfjhgljkh dfkljhgjkldfhgl kdfhglkjdfh&nbsp; lkjhglkjdfh gljkdfh gkldfjklh glkdfh glkdfhjkl&nbsp;</strong></em></p>\", \"position\": {\"x\": 4, \"y\": 5}}, {\"id\": \"695dc306-d8bf-dd45-7404-2fbbc3f693d3\", \"name\": \"sdf\", \"size\": {\"width\": 4, \"height\": 5}, \"type\": \"text-widget\", \"content\": \"<h2 style=\\\"text-align: center;\\\">Like<strong> Overall</strong><strong><br /></strong></h2>\\n<p>&nbsp;</p>\\n<h1 style=\\\"text-align: center;\\\">0</h1>\", \"position\": {\"x\": 0, \"y\": 20}}, {\"id\": \"4e36723d-0534-2a16-425c-fb8c68a75b58\", \"name\": \"Error teszt\", \"size\": {\"width\": 4, \"height\": 5}, \"type\": \"chart-widget\", \"metrics\": \"views-pages\", \"position\": {\"x\": 4, \"y\": 20}, \"socialSiteID\": \"60\"}]}'),
(38, 'Dani dashboard', '{\"widgets\": [{\"id\": \"15a687bd-d7c3-0cfd-91ee-6af7e1d430ba\", \"name\": \"Teszt widget\", \"size\": {\"width\": 4, \"height\": 9}, \"type\": \"text-widget\", \"content\": \"<p>Ide &iacute;rok egy sz&ouml;veget</p>\\n<p><img src=\\\"https://vignette.wikia.nocookie.net/heroesofthestorm/images/1/18/Malthael_aspect_of_death_by_mr_jack-dbtjnal.jpg/revision/latest?cb=20180119180523\\\" width=\\\"500\\\" height=\\\"384\\\" /></p>\", \"position\": {\"x\": 4, \"y\": 0}}, {\"id\": \"7649bf81-3ff5-a8b2-ea88-f97392a2029a\", \"name\": \"Chart\", \"size\": {\"width\": 4, \"height\": 9}, \"type\": \"chart-widget\", \"metrics\": \"clicks\", \"position\": {\"x\": 0, \"y\": 0}, \"socialSiteID\": \"56\"}]}'),
(42, 'Dashboard dgdfg', '{\"widgets\": [{\"id\": \"dbdc7bb2-e049-41b7-1afe-b055df44c5ee\", \"name\": \"widget\", \"size\": {\"width\": 6, \"height\": 7}, \"type\": \"chart-widget\", \"metrics\": \"impression-overview\", \"position\": {\"x\": 0, \"y\": 0}, \"socialSiteID\": \"77\"}, {\"id\": \"33e12472-f7a5-f57a-6848-9bc66b89239c\", \"name\": \"Engagement Rate older\", \"size\": {\"width\": 6, \"height\": 7}, \"type\": \"chart-widget\", \"metrics\": \"engagement-engagement-rate\", \"position\": {\"x\": 6, \"y\": 0}, \"socialSiteID\": \"56\"}, {\"id\": \"64142555-b3e2-5988-ec69-07245301edc9\", \"name\": \"Chart widget 3\", \"size\": {\"width\": 12, \"height\": 7}, \"type\": \"chart-widget\", \"metrics\": \"engagement-engagement\", \"position\": {\"x\": 0, \"y\": 7}, \"socialSiteID\": \"56\"}]}'),
(44, 'first dashboard bla blab lab albal bal al al bal al abl', '{\"widgets\": [{\"id\": \"8acc4190-f251-06e9-de70-def0d672f193\", \"name\": \"firstwidgeeeeeeeeeeeeeeeeeeeeeeeeeeeeeeeet\", \"size\": {\"width\": 6, \"height\": 7}, \"type\": \"chart-widget\", \"metrics\": \"clicks\", \"position\": {\"x\": 6, \"y\": 0}, \"socialSiteID\": \"5\"}, {\"id\": \"59f8fa14-2fb2-b6de-3ede-80410e6d2156\", \"name\": \"puppy\", \"size\": {\"width\": 9, \"height\": 9}, \"type\": \"text-widget\", \"content\": \"<p><img src=\\\"https://www.cesarsway.com/sites/newcesarsway/files/styles/large_article_preview/public/All-about-puppies--Cesar%E2%80%99s-tips%2C-tricks-and-advice.jpg?itok=bi9xUvwe\\\" alt=\\\"K&Atilde;&copy;ptal&Atilde;&iexcl;lat a k&Atilde;&para;vetkez&Aring;re: &acirc;puppy&acirc;\\\" width=\\\"1052\\\" height=\\\"560\\\" /></p>\", \"position\": {\"x\": 0, \"y\": 0}}, {\"id\": \"a40e11cc-52c1-ec0c-e01d-cc79ddfbb2a1\", \"name\": \"ert\", \"size\": {\"width\": 8, \"height\": 10}, \"type\": \"chart-widget\", \"metrics\": \"clicks\", \"position\": {\"x\": 0, \"y\": 27}, \"socialSiteID\": \"5\"}, {\"id\": \"ff48f17e-1874-b425-788a-ce03317cac1c\", \"name\": \"text\", \"size\": {\"width\": 12, \"height\": 5}, \"type\": \"text-widget\", \"position\": {\"x\": 0, \"y\": 7}}, {\"id\": \"d8cf8eac-8a4e-1315-4561-2ac9f644a3c6\", \"name\": \"text\", \"size\": {\"width\": 4, \"height\": 5}, \"type\": \"text-widget\", \"position\": {\"x\": 8, \"y\": 25}}, {\"id\": \"eb32e7ec-2c6a-d71e-6aa4-5bd6a27f6479\", \"name\": \"text\", \"size\": {\"width\": 4, \"height\": 5}, \"type\": \"text-widget\", \"position\": {\"x\": 8, \"y\": 20}}, {\"id\": \"58de69f7-4914-cf1b-caa0-77ffaef97333\", \"name\": \"ddddd\", \"size\": {\"width\": 4, \"height\": 7}, \"type\": \"chart-widget\", \"metrics\": \"impression-total\", \"position\": {\"x\": 4, \"y\": 20}, \"socialSiteID\": \"127\"}, {\"id\": \"a16ffcb3-e7c4-2793-c220-40018f62991d\", \"name\": \"asd\", \"size\": {\"width\": 4, \"height\": 7}, \"type\": \"chart-widget\", \"position\": {\"x\": 0, \"y\": 20}}]}'),
(45, 'New ', '{\"widgets\": [{\"id\": \"ae671c89-b076-8bd5-d040-95a70c7acdfb\", \"name\": \"asdasd\", \"size\": {\"width\": 4, \"height\": 6}, \"type\": \"chart-widget\", \"content\": \"<h2 style=\\\"text-align: center;\\\"><h2 style=\\\"text-align: center;\\\"><strong>Like Overall</strong><strong><br></strong></h2><p>&nbsp;</p><h1 style=\\\"text-align: center;\\\"><i class=\\\"fa fa-thumbs-o-up m-r-10 text-primary\\\"></i>0</h1></div>\", \"metrics\": \"likes-overall\", \"position\": {\"x\": 0, \"y\": 0}, \"socialSiteID\": \"54\"}]}'),
(46, 'Due dash', '{\"widgets\": [{\"id\": \"d99522b2-0170-29e2-18cc-835e611302a8\", \"name\": \"chart teszt\", \"size\": {\"width\": 6, \"height\": 8}, \"type\": \"chart-widget\", \"metrics\": \"impression-overview\", \"position\": {\"x\": 0, \"y\": 0}, \"socialSiteID\": \"59\"}, {\"id\": \"2efd113f-00a3-cc46-d7a8-416c2a782cc5\", \"name\": \"mittudomén\", \"size\": {\"width\": 6, \"height\": 6}, \"type\": \"chart-widget\", \"metrics\": \"clicks\", \"position\": {\"x\": 0, \"y\": 14}, \"socialSiteID\": \"58\"}, {\"id\": \"4f9784a6-0881-77b7-9545-9b871f743d94\", \"name\": \"chart6\", \"size\": {\"width\": 6, \"height\": 7}, \"type\": \"chart-widget\", \"metrics\": \"engagement-engagement-rate\", \"position\": {\"x\": 6, \"y\": 0}, \"socialSiteID\": \"58\"}, {\"id\": \"2482fdf0-cf0b-1dcb-6362-4eb420a32a22\", \"name\": \"chart5\", \"size\": {\"width\": 6, \"height\": 6}, \"type\": \"chart-widget\", \"metrics\": \"impression-total\", \"position\": {\"x\": 6, \"y\": 14}, \"socialSiteID\": \"58\"}, {\"id\": \"70a379ea-f9d2-4612-8e04-963113822b1c\", \"name\": \"lkjlk\", \"size\": {\"width\": 6, \"height\": 7}, \"type\": \"chart-widget\", \"metrics\": \"impression-overview\", \"position\": {\"x\": 6, \"y\": 7}, \"socialSiteID\": \"58\"}, {\"id\": \"66b9b7ff-a30b-0853-26ac-b2002809ad0f\", \"name\": \"kllkl\", \"size\": {\"width\": 7, \"height\": 6}, \"type\": \"chart-widget\", \"metrics\": \"likes-growth\", \"position\": {\"x\": 0, \"y\": 26}, \"socialSiteID\": \"58\"}, {\"id\": \"0a2f701d-39b3-5f70-3b77-23d0999c6226\", \"name\": \"lklkkl\", \"size\": {\"width\": 6, \"height\": 6}, \"type\": \"chart-widget\", \"metrics\": \"likes-overall\", \"position\": {\"x\": 0, \"y\": 20}, \"socialSiteID\": \"58\"}, {\"id\": \"5ba37bd9-d3b7-0f7f-4ef3-22fad84e19f3\", \"name\": \"jzghj\", \"size\": {\"width\": 6, \"height\": 6}, \"type\": \"chart-widget\", \"metrics\": \"likes-overview\", \"position\": {\"x\": 6, \"y\": 20}, \"socialSiteID\": \"58\"}, {\"id\": \"4b68519a-cf1d-ade2-9542-2abbcae1c134\", \"name\": \"ioj\", \"type\": \"chart-widget\", \"metrics\": \"top-post-by-engagement\", \"position\": {\"x\": 0, \"y\": 32}, \"socialSiteID\": \"58\"}, {\"id\": \"8ecba5ac-a56d-7e88-3a4c-c8963c1f5cc7\", \"name\": \"asdf\", \"size\": {\"width\": 5, \"height\": 5}, \"type\": \"chart-widget\", \"metrics\": \"top-post-by-impressions\", \"position\": {\"x\": 7, \"y\": 26}, \"socialSiteID\": \"58\"}, {\"id\": \"c22429e2-e2e3-5974-5d7f-48b79c17cbd0\", \"name\": \"kjkj\", \"size\": {\"width\": 5, \"height\": 6}, \"type\": \"chart-widget\", \"metrics\": \"reach-overview\", \"position\": {\"x\": 7, \"y\": 31}, \"socialSiteID\": \"58\"}, {\"id\": \"f06f451b-5ad7-62a2-bdc8-a4a4505963c7\", \"name\": \"jjjj\", \"size\": {\"width\": 7, \"height\": 6}, \"type\": \"chart-widget\", \"metrics\": \"views-videos-organic\", \"position\": {\"x\": 0, \"y\": 37}, \"socialSiteID\": \"58\"}, {\"id\": \"ecb53e83-43a5-8042-f662-8b460bac6a21\", \"name\": \"jjj\", \"size\": {\"width\": 7, \"height\": 5}, \"type\": \"chart-widget\", \"metrics\": \"views-videos-paid\", \"position\": {\"x\": 0, \"y\": 43}, \"socialSiteID\": \"58\"}, {\"id\": \"ea6f3461-a21b-7102-98fa-f15bdd3975af\", \"name\": \"kep\", \"size\": {\"width\": 4, \"height\": 5}, \"type\": \"text-widget\", \"content\": \"<p><img src=\\\"https://camo.githubusercontent.com/26cadf2879bbefd13f3830f6ee64fa0b1ec9b38b/68747470733a2f2f662e636c6f75642e6769746875622e636f6d2f6173736574732f333036333037362f31363638372f36336161353031632d343834612d313165322d386438332d6630303266383661386431322e706e67\\\" alt=\\\"\\\" width=\\\"1440\\\" height=\\\"900\\\" /></p>\", \"position\": {\"x\": 2, \"y\": 48}}, {\"id\": \"1726d2b9-efbb-cf11-54dd-0535a26e6c20\", \"name\": \"df\", \"size\": {\"width\": 7, \"height\": 7}, \"type\": \"chart-widget\", \"metrics\": \"likes-growth\", \"position\": {\"x\": 1, \"y\": 53}, \"socialSiteID\": \"127\"}, {\"id\": \"666fc831-fdca-c097-cfa5-12021463c2c4\", \"name\": \"Example text\", \"type\": \"text-widget\", \"position\": {\"x\": 0, \"y\": 60}}, {\"id\": \"4c7da4d4-534d-2861-f8a7-1a02c6ffa74d\", \"name\": \"Example chart\", \"type\": \"chart-widget\", \"position\": {\"x\": 0, \"y\": 65}}]}'),
(47, 'ujdashboardom', '{\"widgets\": [{\"id\": \"ce82d499-aa4c-34db-782f-79be6b86b2d8\", \"name\": \"dd\", \"type\": \"chart-widget\", \"metrics\": \"top-post-by-engagement\", \"position\": {\"x\": 0, \"y\": 0}, \"socialSiteID\": \"5\"}]}'),
(48, 'ert', '{\"widgets\": [{\"id\": \"17cfa2f8-16f9-954e-57b9-882b0f705dc5\", \"name\": \"ertttre\", \"size\": {\"width\": 6, \"height\": 6}, \"type\": \"chart-widget\", \"metrics\": \"top-post-by-engagement\", \"position\": {\"x\": 0, \"y\": 0}, \"socialSiteID\": \"5\"}, {\"id\": \"b2c903ca-3703-e243-a28c-889dd721df2a\", \"name\": \"asd\", \"size\": {\"width\": 6, \"height\": 6}, \"type\": \"chart-widget\", \"metrics\": \"top-post-by-engagement\", \"position\": {\"x\": 6, \"y\": 0}, \"socialSiteID\": \"8\"}, {\"id\": \"60fbc1b3-4dc0-44be-bdb8-9a1297856995\", \"name\": \"asd\", \"size\": {\"width\": 12, \"height\": 7}, \"type\": \"chart-widget\", \"metrics\": \"likes-growth\", \"position\": {\"x\": 0, \"y\": 6}, \"socialSiteID\": \"22\"}, {\"id\": \"fd37e386-117d-b951-3416-6fd51e53439f\", \"name\": \"asd\", \"type\": \"text-widget\", \"position\": {\"x\": 0, \"y\": 13}}, {\"id\": \"3fc2d658-c4d9-e06c-124b-9856ab214e8f\", \"name\": \"nem jelenik meg semmi\", \"size\": {\"width\": 6, \"height\": 7}, \"type\": \"chart-widget\", \"metrics\": \"top-post-by-impressions\", \"position\": {\"x\": 0, \"y\": 18}, \"socialSiteID\": \"131\"}, {\"id\": \"f37706ce-1b81-a90c-d710-55f0d8775b17\", \"name\": \"asdddasdasd\", \"size\": {\"width\": 4, \"height\": 5}, \"type\": \"text-widget\", \"position\": {\"x\": 6, \"y\": 13}}, {\"id\": \"48951ada-f6e8-886d-713c-97a8f430c7d8\", \"name\": \"sss\", \"size\": {\"width\": 12, \"height\": 3}, \"type\": \"text-widget\", \"position\": {\"x\": 0, \"y\": 25}}, {\"id\": \"0ff246d8-20f8-1201-955f-d9bb80159df1\", \"name\": \"why\", \"size\": {\"width\": 12, \"height\": 5}, \"type\": \"text-widget\", \"content\": \"<p>ljhjlh</p>\", \"position\": {\"x\": 0, \"y\": 28}}]}'),
(49, 'Létrehozok', '{\"widgets\": [{\"id\": \"b334a1a0-9121-8e4b-faa1-720f9a5a52a0\", \"name\": \"Dani widget\", \"size\": {\"width\": 5, \"height\": 6}, \"type\": \"chart-widget\", \"metrics\": \"engagement-engagement\", \"position\": {\"x\": 5, \"y\": 0}, \"socialSiteID\": \"5\"}]}'),
(50, 'test', '{\"widgets\": [{\"id\": \"6780f55d-1b07-1d9f-c513-17d233e6a437\", \"name\": \"Reach\", \"size\": {\"width\": 4, \"height\": 7}, \"type\": \"chart-widget\", \"metrics\": \"engagement-engagement\", \"position\": {\"x\": 0, \"y\": 0}, \"socialSiteID\": \"5\"}]}'),
(54, 'Analytics', '{\"widgets\": [{\"id\": \"c2b8b9b9-5d21-cdc7-a7b2-3de4f20cbb56\", \"name\": \"Pageviews\", \"size\": {\"width\": 6, \"height\": 7}, \"type\": \"chart-widget\", \"metrics\": \"views-pages\", \"position\": {\"x\": 0, \"y\": 0}, \"socialSiteID\": \"125\"}, {\"id\": \"c8ac87b1-1132-1294-5ff9-e650a88fa27f\", \"name\": \"Clicks\", \"size\": {\"width\": 6, \"height\": 7}, \"type\": \"chart-widget\", \"metrics\": \"clicks\", \"position\": {\"x\": 6, \"y\": 0}, \"socialSiteID\": \"125\"}, {\"id\": \"c52defa3-31c9-dd23-6a57-50bb7b012d12\", \"name\": \"Engagement\", \"size\": {\"width\": 6, \"height\": 7}, \"type\": \"chart-widget\", \"metrics\": \"engagement-engagement\", \"position\": {\"x\": 0, \"y\": 7}, \"socialSiteID\": \"125\"}, {\"id\": \"b58f2ddb-8520-7c06-0b32-d155ec3242e1\", \"name\": \"Video\", \"size\": {\"width\": 6, \"height\": 7}, \"type\": \"chart-widget\", \"metrics\": \"views-videos-organic\", \"position\": {\"x\": 6, \"y\": 7}, \"socialSiteID\": \"125\"}]}'),
(55, 'Analytics Group', '{\"widgets\": [{\"id\": \"7ed430af-02af-1803-c47d-5d4131b26ac2\", \"name\": \"Chart\", \"size\": {\"width\": 6, \"height\": 7}, \"type\": \"chart-widget\", \"metrics\": \"engagement-engagement\", \"position\": {\"x\": 0, \"y\": 0}, \"socialSiteID\": \"126\"}, {\"id\": \"b4a35768-f900-dbaa-f036-fd4e15f1781c\", \"name\": \"Engagement rate\", \"size\": {\"width\": 6, \"height\": 7}, \"type\": \"chart-widget\", \"metrics\": \"engagement-engagement-rate\", \"position\": {\"x\": 6, \"y\": 0}, \"socialSiteID\": \"126\"}]}'),
(57, 'Testing', '{\"widgets\": [{\"id\": \"4c1d9f26-7b91-e38f-671e-22cda5d08ae6\", \"name\": \"#1\", \"type\": \"chart-widget\", \"position\": {\"x\": 0, \"y\": 0}}, {\"id\": \"716df4cd-8b5f-cd76-e990-1516a3d89dc3\", \"name\": \"Test\", \"size\": {\"width\": 4, \"height\": 5}, \"type\": \"text-widget\", \"position\": {\"x\": 4, \"y\": 0}}]}'),
(58, 'zgg', '{\"widgets\": [{\"id\": \"57173b6e-dd6b-9615-b00f-952ccd1efeb6\", \"name\": \"kk\", \"type\": \"chart-widget\", \"position\": {\"x\": 0, \"y\": 0}}]}'),
(65, 'asd', '{\"widgets\": [{\"id\": \"949eedf5-36da-cb46-dc65-7ae6a9142fe4\", \"name\": \"test\", \"type\": \"chart-widget\", \"position\": {\"x\": 0, \"y\": 0}}]}'),
(67, 'Test Dashboard', '{\"widgets\": [{\"id\": \"06ea05ff-fe09-475c-6cd8-3433f369a072\", \"name\": \"Beans Masters - London - Organic Video View\", \"size\": {\"width\": 12, \"height\": 5}, \"type\": \"chart-widget\", \"metrics\": \"views-videos-organic\", \"position\": {\"x\": 0, \"y\": 57}, \"dateRange\": {\"toDate\": \"2020-06-25T00:00:00.000Z\", \"fromDate\": \"2020-06-01T00:00:00.000Z\"}, \"socialSiteID\": \"521\", \"socialChannel\": \"facebook\"}, {\"id\": \"0d84efbc-b92d-9699-8699-a63f329f7158\", \"name\": \"Reach Overview\", \"size\": {\"width\": 6, \"height\": 6}, \"type\": \"chart-widget\", \"metrics\": \"reach-overview\", \"position\": {\"x\": 6, \"y\": 21}, \"dateRange\": {\"toDate\": \"2020-03-17T00:00:00.000Z\", \"fromDate\": \"2020-03-01T00:00:00.000Z\"}, \"socialSiteID\": \"234\", \"socialChannel\": \"facebook\"}, {\"id\": \"66a20f39-f74f-8592-03a4-c43e3c2dec72\", \"name\": \"Beans Master - New York - Impression Overview 01.02.2019 - 31.03.2019\", \"size\": {\"width\": 6, \"height\": 7}, \"type\": \"chart-widget\", \"metrics\": \"reach-overview\", \"position\": {\"x\": 6, \"y\": 7}, \"dateRange\": {\"toDate\": \"2019-12-13T00:00:00.000Z\", \"fromDate\": \"2019-12-01T00:00:00.000Z\"}, \"socialSiteID\": \"344\", \"socialChannel\": \"facebook\"}, {\"id\": \"fe067dff-eaae-5ccc-ac01-c34745a2cc61\", \"name\": \"Text widget\", \"size\": {\"width\": 7, \"height\": 7}, \"type\": \"text-widget\", \"content\": \"<p><img style=\\\"display: block; margin-left: auto; margin-right: auto;\\\" src=\\\"https://esemdee.com/wp-content/uploads/2019/03/esemdee-logo-dark.svg\\\" alt=\\\"Esemdee Logo\\\" width=\\\"426\\\" height=\\\"88\\\" /></p>\\n<p style=\\\"text-align: center;\\\"><strong><em>TEST</em></strong></p>\\n<p style=\\\"text-align: center;\\\">TEXT</p>\\n<p style=\\\"text-align: center;\\\">TEST</p>\\n<p style=\\\"text-align: center;\\\">TEXT</p>\\n<p style=\\\"text-align: center;\\\"><strong>TEST</strong></p>\\n<p style=\\\"text-align: center;\\\">TEXT</p>\\n<p style=\\\"text-align: center;\\\">TEST</p>\", \"metrics\": null, \"position\": {\"x\": 2, \"y\": 0}, \"dateRange\": {\"toDate\": \"2019-12-05T00:00:00.000Z\", \"fromDate\": \"2019-12-01T00:00:00.000Z\"}, \"socialSiteID\": null, \"socialChannel\": null}, {\"id\": \"6bf3100e-c20d-28fa-cf5d-6c54d771bf90\", \"name\": \"Like Growth - Feb 2020 - 1\", \"size\": {\"width\": 4, \"height\": 7}, \"type\": \"chart-widget\", \"metrics\": \"likes-growth\", \"position\": {\"x\": 8, \"y\": 14}, \"dateRange\": {\"toDate\": \"2020-04-02T22:00:00.000Z\", \"fromDate\": \"2020-03-04T23:00:00.000Z\"}, \"socialSiteID\": \"344\", \"socialChannel\": \"facebook\"}, {\"id\": \"0ef825fc-ea9a-0a56-8a3f-ecceffd82c24\", \"name\": \"Likes Overall - Jan 2020\", \"size\": {\"width\": 4, \"height\": 7}, \"type\": \"chart-widget\", \"metrics\": \"likes-overall\", \"position\": {\"x\": 0, \"y\": 27}, \"dateRange\": {\"toDate\": \"2020-01-31T00:00:00.000Z\", \"fromDate\": \"2020-01-01T00:00:00.000Z\"}, \"socialSiteID\": \"585\", \"socialChannel\": \"facebook\"}, {\"id\": \"ac5757ff-a9d3-f648-e907-3a31591fc7b2\", \"name\": \"Like Overview - Dec 2019\", \"size\": {\"width\": 6, \"height\": 7}, \"type\": \"chart-widget\", \"metrics\": \"impression-overview\", \"position\": {\"x\": 0, \"y\": 7}, \"dateRange\": {\"toDate\": \"2020-10-19T23:00:00.000Z\", \"fromDate\": \"2020-09-30T23:00:00.000Z\"}, \"socialSiteID\": \"344\", \"socialChannel\": null}, {\"id\": \"0d8d5098-e0c8-0a41-a036-bf46bda42d1e\", \"name\": \"huhihlnj\", \"size\": {\"width\": 4, \"height\": 7}, \"type\": \"text-widget\", \"content\": \"<p>:)</p>\", \"metrics\": null, \"position\": {\"x\": 4, \"y\": 14}, \"dateRange\": {\"toDate\": \"2020-10-26T00:00:00.000Z\", \"fromDate\": \"2020-10-01T00:00:00.000Z\"}, \"socialSiteID\": null, \"socialChannel\": null}, {\"id\": \"6f8451f0-94e9-6717-e60e-a6ad55d3c6ff\", \"name\": \"BM Stuttgart - Paid Video view\", \"size\": {\"width\": 8, \"height\": 7}, \"type\": \"chart-widget\", \"metrics\": \"views-videos-paid\", \"position\": {\"x\": 0, \"y\": 45}, \"dateRange\": {\"toDate\": \"2020-06-25T00:00:00.000Z\", \"fromDate\": \"2020-06-01T00:00:00.000Z\"}, \"socialSiteID\": \"235\", \"socialChannel\": \"facebook\"}, {\"id\": \"d4810f88-8164-eeb9-7ce9-d6e97c13d929\", \"name\": \"TEST 5\", \"size\": {\"width\": 4, \"height\": 5}, \"type\": \"chart-widget\", \"metrics\": \"clicks\", \"position\": {\"x\": 8, \"y\": 27}, \"dateRange\": {\"toDate\": \"2020-06-25T00:00:00.000Z\", \"fromDate\": \"2020-06-01T00:00:00.000Z\"}, \"socialSiteID\": \"234\", \"socialChannel\": \"facebook\"}, {\"id\": \"b604531c-2af8-39f6-5305-4f16f8c1cbe0\", \"name\": \"Page Views\", \"size\": {\"width\": 6, \"height\": 6}, \"type\": \"chart-widget\", \"metrics\": \"views-pages\", \"position\": {\"x\": 3, \"y\": 34}, \"dateRange\": {\"toDate\": \"2020-06-25T00:00:00.000Z\", \"fromDate\": \"2020-06-01T00:00:00.000Z\"}, \"socialSiteID\": \"234\", \"socialChannel\": \"facebook\"}, {\"id\": \"d059766e-8b9e-4e58-72af-d09375c5da08\", \"name\": \"Top posts by engagement\", \"size\": {\"width\": 4, \"height\": 4}, \"type\": \"chart-widget\", \"metrics\": \"top-post-by-engagement\", \"position\": {\"x\": 8, \"y\": 45}, \"dateRange\": {\"toDate\": \"2020-06-25T00:00:00.000Z\", \"fromDate\": \"2020-06-01T00:00:00.000Z\"}, \"socialSiteID\": \"521\", \"socialChannel\": \"facebook\"}, {\"id\": \"6da118cb-089e-e30b-ade6-f4ba0145e21e\", \"name\": \"Top post by impression\", \"size\": {\"width\": 6, \"height\": 5}, \"type\": \"chart-widget\", \"metrics\": \"top-post-by-impressions\", \"position\": {\"x\": 3, \"y\": 52}, \"dateRange\": {\"toDate\": \"2020-06-25T00:00:00.000Z\", \"fromDate\": \"2020-06-01T00:00:00.000Z\"}, \"socialSiteID\": \"344\", \"socialChannel\": \"facebook\"}, {\"id\": \"c79d8566-5274-2446-3352-a570c944aa98\", \"name\": \"Test data\", \"size\": {\"width\": 6, \"height\": 6}, \"type\": \"chart-widget\", \"metrics\": \"engagement-engagement-rate\", \"position\": {\"x\": 0, \"y\": 21}, \"dateRange\": {\"toDate\": \"2020-06-25T00:00:00.000Z\", \"fromDate\": \"2020-03-31T23:00:00.000Z\"}, \"socialSiteID\": \"235\", \"socialChannel\": \"facebook\"}, {\"id\": \"1caa67fb-eaf8-cb6e-404c-be60e1436119\", \"name\": \"Developer test (Clicks)\", \"size\": {\"width\": 6, \"height\": 5}, \"type\": \"chart-widget\", \"metrics\": \"clicks\", \"position\": {\"x\": 6, \"y\": 40}, \"dateRange\": {\"toDate\": \"2020-10-26T00:00:00.000Z\", \"fromDate\": \"2020-10-01T00:00:00.000Z\"}, \"socialSiteID\": \"344\", \"socialChannel\": \"facebook\"}]}'),
(69, 'Test Monthly Report', '{\"widgets\": [{\"id\": \"742944a8-fa48-f07b-6279-996405576727\", \"name\": \"Test Text Widget\", \"size\": {\"width\": 12, \"height\": 4}, \"type\": \"text-widget\", \"content\": \"<p><img style=\\\"display: block; margin-left: auto; margin-right: auto;\\\" src=\\\"https://esemdee.com/wp-content/uploads/2019/03/esemdee-logo-dark.svg\\\" alt=\\\"\\\" width=\\\"426\\\" height=\\\"88\\\" /></p>\\n<h1 style=\\\"text-align: center;\\\"><strong>Monthly Report&nbsp;</strong></h1>\\n<h2 style=\\\"text-align: center;\\\">APril 2019</h2>\", \"position\": {\"x\": 0, \"y\": 0}}, {\"id\": \"0bea517c-a209-a123-1062-a90fafeb3eb6\", \"name\": \"Reach Overview\", \"size\": {\"width\": 12, \"height\": 7}, \"type\": \"chart-widget\", \"metrics\": \"reach-overview\", \"position\": {\"x\": 0, \"y\": 4}, \"socialSiteID\": \"237\"}, {\"id\": \"bb1f25d7-341c-aac6-2caa-b82db7d18c18\", \"name\": \"test widget\", \"type\": \"text-widget\", \"position\": {\"x\": 0, \"y\": 11}}, {\"id\": \"9de3f0e7-66f3-2c54-0416-4dc138124119\", \"name\": \"Dani teszt\", \"type\": \"chart-widget\", \"metrics\": \"linkedin-followers-by-association\", \"position\": {\"x\": 0, \"y\": 16}, \"socialSiteID\": \"267\", \"socialChannel\": \"linkedIn\"}]}'),
(71, 'Test Dashboard 2', '{\"widgets\": [{\"id\": \"0343999a-739f-96e5-94b8-cc2161b8560e\", \"name\": \"Like growth - Esemdee\", \"size\": {\"width\": 6, \"height\": 7}, \"type\": \"chart-widget\", \"metrics\": \"likes-growth\", \"position\": {\"x\": 0, \"y\": 5}, \"socialSiteID\": \"234\"}, {\"id\": \"aa52f2ee-81ef-b5af-8dcd-395548cbedab\", \"name\": \"Beans Master - New York - Impression Overview\", \"size\": {\"width\": 5, \"height\": 7}, \"type\": \"chart-widget\", \"metrics\": \"impression-overview\", \"position\": {\"x\": 7, \"y\": 12}, \"dateRange\": {\"toDate\": \"2020-10-26T00:00:00.000Z\", \"fromDate\": \"2020-10-01T00:00:00.000Z\"}, \"socialSiteID\": \"194\", \"socialChannel\": \"facebook\"}, {\"id\": \"19ec45b8-ff76-fdc6-6cd0-bf17d18f55d5\", \"name\": \"Text Widget Test\", \"size\": {\"width\": 7, \"height\": 5}, \"type\": \"text-widget\", \"content\": \"<p><img style=\\\"display: block; margin-left: auto; margin-right: auto;\\\" src=\\\"https://esemdee.com/wp-content/uploads/2019/03/esemdee-logo-dark.svg\\\" alt=\\\"\\\" width=\\\"426\\\" height=\\\"88\\\" /></p>\\n<h1 style=\\\"text-align: center;\\\">Esemdee Monthly Report</h1>\\n<h3 style=\\\"text-align: center;\\\">April 2019</h3>\", \"position\": {\"x\": 0, \"y\": 0}}]}'),
(73, 'Test dasboard 1', '{\"widgets\": [{\"id\": \"671fbd84-30cb-10f4-38b6-58457d1a3332\", \"name\": \"March 2019 Reach Overview\", \"size\": {\"width\": 5, \"height\": 7}, \"type\": \"chart-widget\", \"metrics\": \"reach-overview\", \"position\": {\"x\": 4, \"y\": 0}, \"socialSiteID\": \"183\", \"socialChannel\": \"facebook\"}, {\"id\": \"163dae20-88c7-f67b-81f7-3e3582f6b057\", \"name\": \"Test text widget\", \"type\": \"text-widget\", \"position\": {\"x\": 0, \"y\": 7}}]}'),
(76, 'Test Facebook Chart', '{\"widgets\": [{\"id\": \"88539683-eca1-1dbc-7c7e-237d444f028b\", \"name\": \"Chart\", \"size\": {\"width\": 5, \"height\": 7}, \"type\": \"chart-widget\", \"metrics\": \"clicks\", \"position\": {\"x\": 0, \"y\": 45}, \"socialSiteID\": \"234\", \"socialChannel\": \"facebook\"}, {\"id\": \"c05cbfca-2fe4-b8e6-005d-ac54acd50b32\", \"name\": \"Chart\", \"size\": {\"width\": 5, \"height\": 7}, \"type\": \"chart-widget\", \"metrics\": \"engagement-engagement\", \"position\": {\"x\": 7, \"y\": 3}, \"socialSiteID\": \"352\", \"socialChannel\": \"facebook\"}, {\"id\": \"34d890c4-04b4-5311-04cd-a402e3b12b89\", \"name\": \"Chart\", \"size\": {\"width\": 6, \"height\": 7}, \"type\": \"chart-widget\", \"metrics\": \"linkedin-clicks-overview\", \"position\": {\"x\": 0, \"y\": 0}, \"socialSiteID\": \"351\", \"socialChannel\": \"facebook\"}, {\"id\": \"25a52935-85fe-a099-2c60-49a05d7735d9\", \"name\": \"Chart\", \"size\": {\"width\": 5, \"height\": 7}, \"type\": \"chart-widget\", \"metrics\": \"impression-total\", \"position\": {\"x\": 7, \"y\": 10}, \"socialSiteID\": \"234\", \"socialChannel\": \"facebook\"}, {\"id\": \"9dd03faf-bc62-1e80-8347-c71bc826c3e6\", \"name\": \"Chart\", \"size\": {\"width\": 5, \"height\": 7}, \"type\": \"chart-widget\", \"metrics\": \"impression-overview\", \"position\": {\"x\": 0, \"y\": 14}, \"socialSiteID\": \"234\", \"socialChannel\": \"facebook\"}, {\"id\": \"5bad8847-bc15-e40b-6f39-12ab3a129cef\", \"name\": \"Chart\", \"size\": {\"width\": 5, \"height\": 7}, \"type\": \"chart-widget\", \"metrics\": \"likes-growth\", \"position\": {\"x\": 7, \"y\": 17}, \"socialSiteID\": \"234\", \"socialChannel\": \"facebook\"}, {\"id\": \"3dec70db-7961-3534-a729-caf10ef4e811\", \"name\": \"Chart\", \"size\": {\"width\": 5, \"height\": 7}, \"type\": \"chart-widget\", \"metrics\": \"likes-overall\", \"position\": {\"x\": 0, \"y\": 21}, \"socialSiteID\": \"234\", \"socialChannel\": \"facebook\"}, {\"id\": \"3398add4-2a83-b87f-b377-336e91d970b4\", \"name\": \"Chart\", \"size\": {\"width\": 5, \"height\": 7}, \"type\": \"chart-widget\", \"metrics\": \"likes-overview\", \"position\": {\"x\": 7, \"y\": 24}, \"socialSiteID\": \"234\", \"socialChannel\": \"facebook\"}, {\"id\": \"b305edd3-44ca-63d8-3149-418e79ce8bf7\", \"name\": \"Chart\", \"size\": {\"width\": 5, \"height\": 7}, \"type\": \"chart-widget\", \"metrics\": \"top-post-by-engagement\", \"position\": {\"x\": 0, \"y\": 28}, \"socialSiteID\": \"234\", \"socialChannel\": \"facebook\"}, {\"id\": \"b19ea238-33ce-7b75-0c2e-b4a5905381a9\", \"name\": \"Chart\", \"size\": {\"width\": 5, \"height\": 7}, \"type\": \"chart-widget\", \"metrics\": \"clicks\", \"position\": {\"x\": 7, \"y\": 31}, \"dateRange\": {\"toDate\": \"2020-10-26T00:00:00.000Z\", \"fromDate\": \"2020-10-01T00:00:00.000Z\"}, \"socialSiteID\": \"344\", \"socialChannel\": \"facebook\"}, {\"id\": \"d287eca2-9e63-9569-c23a-5379396d6306\", \"name\": \"Chart\", \"size\": {\"width\": 5, \"height\": 7}, \"type\": \"chart-widget\", \"metrics\": \"reach-overview\", \"position\": {\"x\": 0, \"y\": 35}, \"socialSiteID\": \"234\", \"socialChannel\": \"facebook\"}, {\"id\": \"bf55f51b-d301-20e1-9c81-d19f8fe0fa36\", \"name\": \"Chart\", \"size\": {\"width\": 5, \"height\": 7}, \"type\": \"chart-widget\", \"metrics\": \"views-pages\", \"position\": {\"x\": 7, \"y\": 38}, \"socialSiteID\": \"234\", \"socialChannel\": \"facebook\"}, {\"id\": \"c8acfd91-21cb-3ae4-8cec-ff902f7ace8b\", \"name\": \"Chart1\", \"size\": {\"width\": 5, \"height\": 7}, \"type\": \"chart-widget\", \"metrics\": \"views-videos-organic\", \"position\": {\"x\": 0, \"y\": 42}, \"socialSiteID\": \"234\", \"socialChannel\": \"facebook\"}, {\"id\": \"b17c4085-da6a-61e8-9fbb-0762f3424d07\", \"name\": \"Chart\", \"size\": {\"width\": 5, \"height\": 7}, \"type\": \"chart-widget\", \"metrics\": \"views-videos-paid\", \"position\": {\"x\": 7, \"y\": 45}, \"socialSiteID\": \"234\", \"socialChannel\": \"facebook\"}, {\"id\": \"7a8a19c8-6f1a-748c-05e2-fbc4d3cd9ef1\", \"name\": \"Text\", \"size\": {\"width\": 12, \"height\": 3}, \"type\": \"text-widget\", \"content\": \"<p style=\\\"text-align: center;\\\"><strong>All charts</strong></p>\", \"position\": {\"x\": 0, \"y\": 0}}, {\"id\": \"fd14a0a5-8840-8693-e975-c2b7766bd878\", \"name\": \"asdd\", \"size\": {\"width\": 2, \"height\": 49}, \"type\": \"text-widget\", \"content\": \"<p>:)</p>\", \"position\": {\"x\": 5, \"y\": 3}}, {\"id\": \"ee1cae40-7193-f729-2835-3a9954adffb4\", \"name\": \"n\", \"size\": {\"width\": 5, \"height\": 7}, \"type\": \"chart-widget\", \"metrics\": \"likes-growth\", \"position\": {\"x\": 0, \"y\": 52}, \"socialSiteID\": \"234\", \"socialChannel\": \"facebook\"}]}'),
(80, 'test', '{\"widgets\": [{\"id\": \"7f7cb360-9ae3-1944-704d-ef8e22ed6397\", \"name\": \"text\", \"size\": {\"width\": 5, \"height\": 2}, \"type\": \"text-widget\", \"content\": \"<p>tesxt</p>\", \"position\": {\"x\": 0, \"y\": 0}}, {\"id\": \"025d7714-1d1a-8a9a-2636-9eb04b079eba\", \"name\": \"like overall\", \"size\": {\"width\": 4, \"height\": 6}, \"type\": \"chart-widget\", \"metrics\": \"likes-overall\", \"position\": {\"x\": 0, \"y\": 0}, \"socialSiteID\": \"234\", \"socialChannel\": \"facebook\"}, {\"id\": \"0ce01033-fd9a-bcee-e727-a20a89b801e4\", \"name\": \"text\", \"size\": {\"width\": 8, \"height\": 1}, \"type\": \"text-widget\", \"content\": \"<p>test</p>\", \"position\": {\"x\": 2, \"y\": 10}}, {\"id\": \"335f60e5-c574-b43c-6820-3978ae91a675\", \"name\": \"test\", \"size\": {\"width\": 4, \"height\": 6}, \"type\": \"chart-widget\", \"metrics\": \"likes-overall\", \"position\": {\"x\": 8, \"y\": 0}, \"socialSiteID\": \"234\", \"socialChannel\": \"facebook\"}, {\"id\": \"29716ffe-d519-8b56-73c8-a55b8a834400\", \"name\": \"Tset\", \"size\": {\"width\": 4, \"height\": 5}, \"type\": \"chart-widget\", \"metrics\": \"likes-overall\", \"position\": {\"x\": 4, \"y\": 1}, \"socialSiteID\": \"235\", \"socialChannel\": \"facebook\"}, {\"id\": \"249e96dd-c554-949b-2cfa-3122aa2af87b\", \"name\": \"Ytyt\", \"size\": {\"width\": 12, \"height\": 4}, \"type\": \"text-widget\", \"content\": \"<p>Test</p>\\n<p>&nbsp;</p>\\n<p>Test</p>\\n<h3>Hi</h3>\\n<h1>:)</h1>\\n<p><a href=\\\"https://esemdee.com/\\\">esemdee</a></p>\", \"position\": {\"x\": 0, \"y\": 5}, \"socialChannel\": \"facebook\"}, {\"id\": \"dfe8fcb7-54ce-e6b1-96ae-1ad423f35eb8\", \"name\": \"Like\", \"size\": {\"width\": 9, \"height\": 5}, \"type\": \"chart-widget\", \"metrics\": \"clicks\", \"position\": {\"x\": 0, \"y\": 13}, \"socialSiteID\": \"234\", \"socialChannel\": \"facebook\"}]}'),
(89, 'LinkedIn Charts', '{\"widgets\": [{\"id\": \"8ca590f7-36d8-3226-72ff-45979fdb859e\", \"name\": \"x\", \"size\": {\"width\": 5, \"height\": 7}, \"type\": \"chart-widget\", \"metrics\": \"linkedin-clicks-overview\", \"position\": {\"x\": 0, \"y\": 0}, \"socialSiteID\": \"351\", \"socialChannel\": \"linkedIn\"}, {\"id\": \"aacdbcd0-95b3-b44f-e9eb-396d88540277\", \"name\": \"x\", \"size\": {\"width\": 5, \"height\": 7}, \"type\": \"chart-widget\", \"metrics\": \"linkedin-clicks-by-page-type\", \"position\": {\"x\": 6, \"y\": 0}, \"socialSiteID\": \"351\", \"socialChannel\": \"linkedIn\"}, {\"id\": \"4c9718a4-6805-7428-2cfd-ad3885db8996\", \"name\": \"x\", \"size\": {\"width\": 5, \"height\": 7}, \"type\": \"chart-widget\", \"metrics\": \"linkedin-followers-by-association\", \"position\": {\"x\": 0, \"y\": 7}, \"socialSiteID\": \"351\", \"socialChannel\": \"linkedIn\"}, {\"id\": \"e950126e-0f0d-3a4d-5faa-1e0bc06e875a\", \"name\": \"x\", \"size\": {\"width\": 5, \"height\": 7}, \"type\": \"chart-widget\", \"metrics\": \"linkedin-followers-by-function\", \"position\": {\"x\": 6, \"y\": 7}, \"socialSiteID\": \"351\", \"socialChannel\": \"linkedIn\"}, {\"id\": \"4cc02402-47a0-9734-b9c8-5c3f499f0304\", \"name\": \"x\", \"size\": {\"width\": 5, \"height\": 7}, \"type\": \"chart-widget\", \"metrics\": \"linkedin-followers-by-seniority\", \"position\": {\"x\": 0, \"y\": 14}, \"socialSiteID\": \"351\", \"socialChannel\": \"linkedIn\"}, {\"id\": \"87f28604-43b2-34e3-e6d0-c1ef5e2c3e9a\", \"name\": \"x\", \"size\": {\"width\": 5, \"height\": 7}, \"type\": \"chart-widget\", \"metrics\": \"linkedin-followers-by-staff-count-range\", \"position\": {\"x\": 6, \"y\": 14}, \"socialSiteID\": \"351\", \"socialChannel\": \"linkedIn\"}, {\"id\": \"92f5dd4f-9fe4-0220-2f4c-7f058b83bced\", \"name\": \"x\", \"size\": {\"width\": 5, \"height\": 7}, \"type\": \"chart-widget\", \"metrics\": \"linkedin-followers-growth\", \"position\": {\"x\": 0, \"y\": 21}, \"socialSiteID\": \"351\", \"socialChannel\": \"linkedIn\"}, {\"id\": \"95b8abd9-4b7b-a6cb-9e90-26e2d3331533\", \"name\": \"x\", \"size\": {\"width\": 5, \"height\": 7}, \"type\": \"chart-widget\", \"metrics\": \"linkedin-organic-followers-growth\", \"position\": {\"x\": 6, \"y\": 21}, \"socialSiteID\": \"351\", \"socialChannel\": \"linkedIn\"}, {\"id\": \"ab185e42-0180-a8bc-76f9-8348339d06bf\", \"name\": \"x\", \"size\": {\"width\": 5, \"height\": 7}, \"type\": \"chart-widget\", \"metrics\": \"linkedin-paid-followers-growth\", \"position\": {\"x\": 0, \"y\": 28}, \"socialSiteID\": \"351\", \"socialChannel\": \"linkedIn\"}, {\"id\": \"53c78edf-a0ec-69bb-dc98-43c44672cb05\", \"name\": \"x\", \"size\": {\"width\": 5, \"height\": 7}, \"type\": \"chart-widget\", \"metrics\": \"linkedin-impressions-total\", \"position\": {\"x\": 6, \"y\": 28}, \"socialSiteID\": \"351\", \"socialChannel\": \"linkedIn\"}, {\"id\": \"5920c391-e9fe-f0e6-4404-bcf3ffa4c2aa\", \"name\": \"x\", \"size\": {\"width\": 5, \"height\": 7}, \"type\": \"chart-widget\", \"metrics\": \"linkedin-impressions-unique\", \"position\": {\"x\": 0, \"y\": 35}, \"socialSiteID\": \"351\", \"socialChannel\": \"linkedIn\"}, {\"id\": \"ccc6f378-e8c6-1ab4-11d2-bfa310a83f6a\", \"name\": \"x\", \"size\": {\"width\": 5, \"height\": 7}, \"type\": \"chart-widget\", \"metrics\": \"linkedin-interactions-click-count\", \"position\": {\"x\": 6, \"y\": 35}, \"socialSiteID\": \"351\", \"socialChannel\": \"linkedIn\"}, {\"id\": \"e356eb57-8bb3-c7bd-8df0-3b890815f3cb\", \"name\": \"x\", \"size\": {\"width\": 5, \"height\": 7}, \"type\": \"chart-widget\", \"metrics\": \"linkedin-interactions-comment-count\", \"position\": {\"x\": 0, \"y\": 42}, \"socialSiteID\": \"351\", \"socialChannel\": \"linkedIn\"}, {\"id\": \"df0c85bf-e118-6892-bb0e-23e3ba615555\", \"name\": \"x\", \"size\": {\"width\": 5, \"height\": 7}, \"type\": \"chart-widget\", \"metrics\": \"linkedin-interactions-like-count\", \"position\": {\"x\": 6, \"y\": 42}, \"socialSiteID\": \"351\", \"socialChannel\": \"linkedIn\"}, {\"id\": \"51c2641a-4d47-9024-9596-46266e2bb42f\", \"name\": \"x\", \"size\": {\"width\": 5, \"height\": 7}, \"type\": \"chart-widget\", \"metrics\": \"linkedin-interactions-share-count\", \"position\": {\"x\": 0, \"y\": 49}, \"socialSiteID\": \"351\", \"socialChannel\": \"linkedIn\"}, {\"id\": \"9054029c-c08d-2c93-da67-3b4b17882c78\", \"name\": \"x\", \"size\": {\"width\": 5, \"height\": 7}, \"type\": \"chart-widget\", \"metrics\": \"linkedin-interactions-engagement\", \"position\": {\"x\": 6, \"y\": 49}, \"socialSiteID\": \"351\", \"socialChannel\": \"linkedIn\"}, {\"id\": \"1978bc02-c9ff-5392-a4a3-b2b603929027\", \"name\": \"x\", \"size\": {\"width\": 5, \"height\": 7}, \"type\": \"chart-widget\", \"metrics\": \"linkedin-interactions-mentions\", \"position\": {\"x\": 0, \"y\": 56}, \"socialSiteID\": \"351\", \"socialChannel\": \"linkedIn\"}, {\"id\": \"92f7b369-3201-b01d-feb4-38d31dc63ae9\", \"name\": \"x\", \"size\": {\"width\": 5, \"height\": 7}, \"type\": \"chart-widget\", \"metrics\": \"linkedin-overview\", \"position\": {\"x\": 6, \"y\": 56}, \"socialSiteID\": \"351\", \"socialChannel\": \"linkedIn\"}, {\"id\": \"d2be222f-a4cd-608a-ea71-a20108c4cf74\", \"name\": \"x\", \"size\": {\"width\": 5, \"height\": 7}, \"type\": \"chart-widget\", \"metrics\": \"linkedin-interactions-overview\", \"position\": {\"x\": 0, \"y\": 63}, \"socialSiteID\": \"351\", \"socialChannel\": \"linkedIn\"}, {\"id\": \"1ea38424-0edc-480b-d418-6d8b378f67da\", \"name\": \"x\", \"size\": {\"width\": 5, \"height\": 7}, \"type\": \"chart-widget\", \"metrics\": \"linkedin-followers-overview\", \"position\": {\"x\": 6, \"y\": 63}, \"socialSiteID\": \"351\", \"socialChannel\": \"linkedIn\"}, {\"id\": \"6b80ba8c-47be-1e43-2626-8e29926a5b63\", \"name\": \"x\", \"size\": {\"width\": 5, \"height\": 7}, \"type\": \"chart-widget\", \"metrics\": \"linkedin-impressions-overview\", \"position\": {\"x\": 0, \"y\": 70}, \"socialSiteID\": \"351\", \"socialChannel\": \"linkedIn\"}, {\"id\": \"7cd83b49-c769-86c8-69a6-aa97f4486dde\", \"name\": \"x\", \"size\": {\"width\": 5, \"height\": 7}, \"type\": \"chart-widget\", \"metrics\": \"linkedin-page-views-overview\", \"position\": {\"x\": 6, \"y\": 70}, \"socialSiteID\": \"351\", \"socialChannel\": \"linkedIn\"}, {\"id\": \"65754af8-3fc6-335d-ccea-7d03cb8c3ea5\", \"name\": \"x\", \"size\": {\"width\": 5, \"height\": 7}, \"type\": \"chart-widget\", \"metrics\": \"linkedin-page-views-by-country\", \"position\": {\"x\": 0, \"y\": 77}, \"socialSiteID\": \"351\", \"socialChannel\": \"linkedIn\"}, {\"id\": \"4edc36f0-5fe5-cf01-3af8-ebbbc1354559\", \"name\": \"x\", \"size\": {\"width\": 5, \"height\": 7}, \"type\": \"chart-widget\", \"metrics\": \"linkedin-page-views-by-function\", \"position\": {\"x\": 6, \"y\": 77}, \"socialSiteID\": \"351\", \"socialChannel\": \"linkedIn\"}, {\"id\": \"374bdd5e-6cf4-0cb5-1ef0-d284308e3b3c\", \"name\": \"x\", \"size\": {\"width\": 5, \"height\": 7}, \"type\": \"chart-widget\", \"metrics\": \"linkedin-page-views-by-industry\", \"position\": {\"x\": 0, \"y\": 84}, \"socialSiteID\": \"351\", \"socialChannel\": \"linkedIn\"}, {\"id\": \"01984a2e-d1fc-73f8-2fbb-a5a6419d488f\", \"name\": \"x\", \"size\": {\"width\": 5, \"height\": 7}, \"type\": \"chart-widget\", \"metrics\": \"linkedin-page-views-by-platform\", \"position\": {\"x\": 6, \"y\": 84}, \"socialSiteID\": \"351\", \"socialChannel\": \"linkedIn\"}, {\"id\": \"e998274a-89a2-26cd-2e14-06780f71466e\", \"name\": \"x\", \"size\": {\"width\": 5, \"height\": 7}, \"type\": \"chart-widget\", \"metrics\": \"linkedin-page-views-by-region\", \"position\": {\"x\": 0, \"y\": 91}, \"socialSiteID\": \"351\", \"socialChannel\": \"linkedIn\"}, {\"id\": \"a1bf0c7a-d5ae-a97d-f2ea-75be39b54ade\", \"name\": \"x\", \"size\": {\"width\": 5, \"height\": 7}, \"type\": \"chart-widget\", \"metrics\": \"linkedin-page-views-by-seniority\", \"position\": {\"x\": 6, \"y\": 91}, \"socialSiteID\": \"351\", \"socialChannel\": \"linkedIn\"}, {\"id\": \"67547311-cc78-a6ae-ff26-1fa3a19ee2ee\", \"name\": \"x\", \"size\": {\"width\": 5, \"height\": 7}, \"type\": \"chart-widget\", \"metrics\": \"linkedin-page-views-by-staff-count-range\", \"position\": {\"x\": 0, \"y\": 98}, \"socialSiteID\": \"351\", \"socialChannel\": \"linkedIn\"}]}'),
(91, 'test', '{\"widgets\": [{\"id\": \"8f40e134-6ffa-fcfc-d7e3-f6dae2c97063\", \"name\": \".\", \"size\": {\"width\": 5, \"height\": 7}, \"type\": \"chart-widget\", \"metrics\": \"likes-growth\", \"position\": {\"x\": 0, \"y\": 0}, \"socialSiteID\": \"234\", \"socialChannel\": \"facebook\"}, {\"id\": \"bde80771-9977-4e2c-6800-f82ecfc9bedc\", \"name\": \".\", \"size\": {\"width\": 4, \"height\": 5}, \"type\": \"text-widget\", \"content\": \"<h1>Test<strong> 123&nbsp;<em>abc&nbsp;</em></strong></h1>\\n<p>&nbsp;</p>\\n<p>&nbsp;</p>\\n<p><span style=\\\"text-decoration: line-through;\\\"><strong><em>TesT</em></strong></span></p>\", \"position\": {\"x\": 6, \"y\": 0}, \"socialSiteID\": null}]}'),
(92, '.', '{\"widgets\": [{\"id\": \"52bce98c-3d8c-44a2-704d-e89283f340c2\", \"name\": \"`\", \"size\": {\"width\": 5, \"height\": 8}, \"type\": \"chart-widget\", \"content\": \"<h2 style=\\\"text-align: center;\\\"><h2 style=\\\"text-align: center;\\\"><strong>Like Overall</strong><strong><br></strong></h2><p>&nbsp;</p><h1 style=\\\"text-align: center;\\\"><i class=\\\"fa fa-thumbs-o-up m-r-10 text-primary\\\"></i>0</h1></div>\", \"metrics\": \"views-pages\", \"position\": {\"x\": 0, \"y\": 0}, \"socialSiteID\": \"234\", \"socialChannel\": \"facebook\"}, {\"id\": \"bcb0b3a2-9cf5-0faa-a327-955dc2dde2c5\", \"name\": \"`\", \"size\": {\"width\": 4, \"height\": 8}, \"type\": \"text-widget\", \"content\": \"<p>rg</p>\\n<p>&nbsp;</p>\\n<p><span style=\\\"text-decoration: underline;\\\">ergerg</span></p>\\n<p>&nbsp;</p>\\n<h1><span style=\\\"text-decoration: underline;\\\">ergerg\\\\</span></h1>\\n<p>&nbsp;</p>\\n<div><em><span style=\\\"text-decoration: underline;\\\">ergerg<strong>ergergergerg</strong></span></em></div>\\n<div>&nbsp;</div>\\n<div><em><span style=\\\"text-decoration: underline;\\\"><strong>ergerg</strong></span></em></div>\\n<div>&nbsp;</div>\\n<div style=\\\"text-align: center;\\\"><em><span style=\\\"text-decoration: underline;\\\"><strong>ergerg</strong></span></em></div>\\n<div style=\\\"text-align: center;\\\">&nbsp;</div>\\n<div style=\\\"text-align: right;\\\"><em><span style=\\\"text-decoration: underline;\\\"><strong>ergerg</strong></span></em></div>\\n<div style=\\\"text-align: right;\\\">&nbsp;</div>\\n<div style=\\\"text-align: right;\\\"><em><span style=\\\"text-decoration: underline;\\\"><strong>ergre</strong></span></em></div>\", \"position\": {\"x\": 7, \"y\": 0}, \"socialSiteID\": null}]}'),
(93, '`', '{\"widgets\": [{\"id\": \"1f3d8dfa-8030-55e6-4cc5-8b3b333ddcbd\", \"name\": \"`\", \"size\": {\"width\": 6, \"height\": 9}, \"type\": \"chart-widget\", \"metrics\": \"impression-total\", \"position\": {\"x\": 0, \"y\": 0}, \"socialSiteID\": \"242\", \"socialChannel\": \"facebook\"}, {\"id\": \"05c9d09a-502c-065a-f64b-91ded47b1348\", \"name\": \"`\", \"size\": {\"width\": 6, \"height\": 8}, \"type\": \"text-widget\", \"content\": \"<p>qwd</p>\\n<p>&nbsp;</p>\\n<p>&nbsp;</p>\\n<p>wqd</p>\\n<p>&nbsp;</p>\\n<p><strong>qwd</strong></p>\\n<p>&nbsp;</p>\\n<p>&nbsp;</p>\\n<p style=\\\"text-align: right;\\\"><strong>qwdqwd</strong></p>\", \"position\": {\"x\": 6, \"y\": 0}, \"socialSiteID\": null}]}'),
(103, '...', '{\"widgets\": [{\"id\": \"6edb2075-f4a6-d227-3af0-ea2acb21537b\", \"name\": \"123\", \"type\": \"text-widget\", \"position\": {\"x\": 0, \"y\": 0}}]}'),
(105, 'Testing', '{\"widgets\": [{\"id\": \"8e385251-f4ce-a50a-9fff-90c77a59f069\", \"name\": \"SMD Teszt - Clicks\", \"size\": {\"width\": 7, \"height\": 2}, \"type\": \"chart-widget\", \"metrics\": \"clicks\", \"position\": {\"x\": 0, \"y\": 15}, \"dateRange\": {\"toDate\": \"2019-10-21T00:00:00.000Z\", \"fromDate\": \"2019-09-07T22:00:00.000Z\"}, \"socialSiteID\": \"475\", \"socialChannel\": \"facebook\"}, {\"id\": \"cfe90e10-548b-04c7-1ba5-4f05459e6ab3\", \"name\": \"SMD Test - Views\", \"size\": {\"width\": 12, \"height\": 3}, \"type\": \"chart-widget\", \"metrics\": \"likes-growth\", \"position\": {\"x\": 0, \"y\": 12}, \"dateRange\": {\"toDate\": \"2019-10-21T00:00:00.000Z\", \"fromDate\": \"2019-08-30T22:00:00.000Z\"}, \"socialSiteID\": \"475\", \"socialChannel\": \"facebook\"}, {\"id\": \"ea48a677-a166-ad02-daf3-26903885c7ea\", \"name\": \"SMD Test - Engagement\", \"size\": {\"width\": 2, \"height\": 4}, \"type\": \"chart-widget\", \"metrics\": \"engagement-engagement\", \"position\": {\"x\": 0, \"y\": 5}, \"socialSiteID\": \"475\", \"socialChannel\": \"facebook\"}, {\"id\": \"89fc5950-6db9-b76a-16aa-8f12cd8edac3\", \"name\": \"SMD Test - Reach\", \"size\": {\"width\": 4, \"height\": 5}, \"type\": \"chart-widget\", \"metrics\": \"reach-overview\", \"position\": {\"x\": 0, \"y\": 0}, \"dateRange\": {\"toDate\": \"2019-11-05T23:00:00.000Z\", \"fromDate\": \"2019-09-01T22:00:00.000Z\"}, \"socialSiteID\": \"475\", \"socialChannel\": null}, {\"id\": \"2d1a2bdc-7b42-6155-2ca6-4673cb1b5386\", \"name\": \"Test Text Widget\", \"size\": {\"width\": 1, \"height\": 3}, \"type\": \"text-widget\", \"content\": \"<h1 style=\\\"text-align: center;\\\">Test TEXT Widget by Szabi</h1>\\n<p>&nbsp;</p>\\n<p style=\\\"margin: 0px 0px 15px; padding: 0px; text-align: justify; font-family: \'Open Sans\', Arial, sans-serif;\\\">Lorem ipsum dolor sit amet, consectetur adipiscing elit. Integer bibendum ex vitae risus varius commodo. Nullam pretium tortor lorem, et rhoncus ex euismod ac. Quisque convallis urna quis ante consectetur elementum eget sit amet metus. Donec accumsan sit amet nisl sit amet suscipit. Nunc blandit lorem vitae purus rutrum, a ultricies est lacinia. Proin aliquet consectetur congue. Phasellus porta nisl et gravida consectetur. Class aptent taciti sociosqu ad litora torquent per conubia nostra, per inceptos himenaeos. Aenean porta nec risus ac lobortis. Praesent imperdiet sit amet massa vitae fringilla. Donec dignissim dapibus ex nec pellentesque. Nunc finibus mattis est, a rutrum massa scelerisque eget. Class aptent taciti sociosqu ad litora torquent per conubia nostra, per inceptos himenaeos. Suspendisse molestie nisi nec leo aliquam, at cursus ligula efficitur. Donec facilisis, velit vel feugiat blandit, turpis sapien aliquet leo, at rutrum tellus enim vel magna.</p>\\n<p style=\\\"margin: 0px 0px 15px; padding: 0px; text-align: justify; font-family: \'Open Sans\', Arial, sans-serif;\\\">Nulla elementum urna eu urna ullamcorper, volutpat efficitur diam ornare. Etiam ut lacus sed nisl maximus fringilla. Praesent quis enim quis diam aliquam pulvinar. Sed in dapibus massa, eu tempor lorem. Sed sagittis justo tortor, sed luctus urna convallis id. Vestibulum vitae diam urna. In vitae sapien vitae est aliquet commodo in ac augue. Vestibulum ante ipsum primis in faucibus orci luctus et ultrices posuere cubilia Curae; Morbi semper finibus efficitur. Fusce eget odio elementum, eleifend erat ac, rhoncus nibh. Duis efficitur lobortis odio ut volutpat. Nulla elementum quam dolor, ut convallis leo gravida et. In porttitor ut justo non condimentum. Aenean arcu magna, dignissim ac sapien non, egestas fermentum orci. Integer eget gravida nunc. Sed vehicula, massa nec iaculis posuere, dolor mauris malesuada ex, nec scelerisque libero est ac dolor.</p>\\n<div style=\\\"display: none;\\\">&nbsp;</div>\", \"metrics\": null, \"position\": {\"x\": 3, \"y\": 5}, \"dateRange\": {\"toDate\": \"2019-11-05T00:00:00.000Z\", \"fromDate\": \"2019-11-01T00:00:00.000Z\"}, \"socialSiteID\": null, \"socialChannel\": null}, {\"id\": \"4000b2c7-7d12-caad-9024-de0e2362b37d\", \"name\": \"gsdh\", \"size\": {\"width\": 3, \"height\": 5}, \"type\": \"chart-widget\", \"position\": {\"x\": 9, \"y\": 3}}, {\"id\": \"32426358-33ee-7c44-77c2-953a660be43f\", \"name\": \"dfbdfhg\", \"size\": {\"width\": 4, \"height\": 3}, \"type\": \"chart-widget\", \"metrics\": \"reach-overview\", \"position\": {\"x\": 7, \"y\": 0}, \"dateRange\": {\"toDate\": \"2020-10-26T00:00:00.000Z\", \"fromDate\": \"2020-10-01T00:00:00.000Z\"}, \"socialSiteID\": \"575\", \"socialChannel\": \"facebook\"}, {\"id\": \"5459a4f7-310d-140f-988d-8b5aa056c7b6\", \"name\": \"asd\", \"size\": {\"width\": 3, \"height\": 3}, \"type\": \"chart-widget\", \"position\": {\"x\": 4, \"y\": 0}}, {\"id\": \"9c6e15c0-d40a-1c45-01ba-270df65613be\", \"name\": \"Impressions\", \"size\": {\"width\": 5, \"height\": 4}, \"type\": \"chart-widget\", \"metrics\": \"impression-overview\", \"position\": {\"x\": 7, \"y\": 8}, \"dateRange\": {\"toDate\": \"2020-10-21T00:00:00.000Z\", \"fromDate\": \"2020-10-01T00:00:00.000Z\"}, \"socialSiteID\": \"575\", \"socialChannel\": \"facebook\"}]}'),
(110, 'teszt', '{\"widgets\": []}');
INSERT INTO `smd__dashboard` (`dashboardID`, `name`, `data`) VALUES
(114, 'SMD Test Editor User Dashboard #1', '{\"widgets\": [{\"id\": \"14c4ff1a-a810-1e79-c88e-83f6b2b3f1ee\", \"name\": \"SMD Clicks\", \"size\": {\"width\": 4, \"height\": 7}, \"type\": \"chart-widget\", \"metrics\": \"clicks\", \"position\": {\"x\": 0, \"y\": 0}, \"dateRange\": {\"toDate\": \"2019-10-22T00:00:00.000Z\", \"fromDate\": \"2019-08-31T22:00:00.000Z\"}, \"socialSiteID\": \"475\", \"socialChannel\": null}]}'),
(115, 'Bemutató 2', '{\"widgets\": [{\"id\": \"4e8dd517-d353-bd9e-8f54-a6e96d5c207a\", \"name\": \"Teszt widget\", \"size\": {\"width\": 7, \"height\": 5}, \"type\": \"text-widget\", \"content\": \"<p>Ezt akarom ide bele&iacute;rni</p>\", \"metrics\": null, \"position\": {\"x\": 5, \"y\": 5}, \"dateRange\": {\"toDate\": \"2019-07-31T00:00:00.000Z\", \"fromDate\": \"2019-07-01T00:00:00.000Z\"}, \"socialSiteID\": null, \"socialChannel\": null}, {\"id\": \"e714e9bb-e35b-db38-673c-43cf0335f241\", \"name\": \"Másik teszt\", \"size\": {\"width\": 8, \"height\": 5}, \"type\": \"chart-widget\", \"metrics\": \"impression-total\", \"position\": {\"x\": 0, \"y\": 0}, \"dateRange\": {\"toDate\": \"2019-07-31T00:00:00.000Z\", \"fromDate\": \"2019-07-01T00:00:00.000Z\"}, \"socialSiteID\": \"477\", \"socialChannel\": \"facebook\"}, {\"id\": \"200cdc20-a005-e812-94d5-1c4322394f11\", \"name\": \"[TEST] Like Growth\", \"size\": {\"width\": 5, \"height\": 6}, \"type\": \"chart-widget\", \"metrics\": \"likes-growth\", \"position\": {\"x\": 7, \"y\": 14}, \"dateRange\": {\"toDate\": \"2020-10-26T00:00:00.000Z\", \"fromDate\": \"2020-10-01T00:00:00.000Z\"}, \"socialSiteID\": \"520\", \"socialChannel\": \"facebook\"}, {\"id\": \"686e1bfd-54c0-fb89-67a6-1e87bdebeea9\", \"name\": \"[TEST] Random Text\", \"size\": {\"width\": 4, \"height\": 4}, \"type\": \"text-widget\", \"position\": {\"x\": 4, \"y\": 0}}]}'),
(116, 'dashboard', '{\"widgets\": []}'),
(117, 'test2', '{\"widgets\": []}'),
(118, 'CRUD', '{\"widgets\": [{\"id\": \"e68480d5-e5cf-ae23-d11f-7455d760fa24\", \"name\": \"1\", \"size\": {\"width\": 12, \"height\": 7}, \"type\": \"chart-widget\", \"metrics\": \"engagement-engagement\", \"position\": {\"x\": 0, \"y\": 4}, \"dateRange\": {\"toDate\": \"2019-12-05T00:00:00.000Z\", \"fromDate\": \"2019-12-01T00:00:00.000Z\"}, \"socialSiteID\": \"234\", \"socialChannel\": \"facebook\"}, {\"id\": \"d50cb16e-b2a8-85fa-83a7-7ceee8178618\", \"name\": \"1\", \"size\": {\"width\": 4, \"height\": 4}, \"type\": \"text-widget\", \"content\": \"<p>123123</p>\", \"metrics\": null, \"position\": {\"x\": 3, \"y\": 0}, \"dateRange\": {\"toDate\": \"2019-12-05T00:00:00.000Z\", \"fromDate\": \"2019-12-01T00:00:00.000Z\"}, \"socialSiteID\": null, \"socialChannel\": null}]}'),
(119, 'Analyst Test Dashboard', '{\"widgets\": []}'),
(120, 'Test Analyst', '{\"widgets\": []}'),
(121, 'Test', '{\"widgets\": []}'),
(122, 'Test 2', '{\"widgets\": []}'),
(123, 'Test 3', '{\"widgets\": []}'),
(124, 'Test 4', '{\"widgets\": []}'),
(125, 'Test 5', '{\"widgets\": []}'),
(126, 'Test 6', '{\"widgets\": []}'),
(127, 'Test 7', '{\"widgets\": []}'),
(128, 'Test 8', '{\"widgets\": []}'),
(129, 'Test 9', '{\"widgets\": []}'),
(130, 'Test 10', '{\"widgets\": []}'),
(131, 'Test 11', '{\"widgets\": []}'),
(132, 'Test 12', '{\"widgets\": []}'),
(133, 'Test 13', '{\"widgets\": []}'),
(134, 'Test 14', '{\"widgets\": []}'),
(135, 'Link McDonalds', '{\"widgets\": [{\"id\": \"abaa8371-5d40-3c09-ebe9-cc61221966be\", \"name\": \"Followers\", \"size\": {\"width\": 6, \"height\": 7}, \"type\": \"chart-widget\", \"metrics\": \"reach-overview\", \"position\": {\"x\": 0, \"y\": 0}, \"dateRange\": {\"toDate\": \"2020-09-25T00:00:00.000Z\", \"fromDate\": \"2020-09-01T00:00:00.000Z\"}, \"socialSiteID\": \"516\", \"socialChannel\": \"facebook\"}]}');

-- --------------------------------------------------------

--
-- Table structure for table `smd__dashboard_has_users`
--

CREATE TABLE `smd__dashboard_has_users` (
  `dashboardID` int(11) UNSIGNED NOT NULL,
  `userID` int(11) UNSIGNED NOT NULL,
  `type` enum('owner','user') NOT NULL DEFAULT 'user',
  `permissions` set('view','edit','delete') NOT NULL DEFAULT 'view'
) ENGINE=InnoDB DEFAULT CHARSET=utf8;

--
-- Dumping data for table `smd__dashboard_has_users`
--

INSERT INTO `smd__dashboard_has_users` (`dashboardID`, `userID`, `type`, `permissions`) VALUES
(1, 14, 'owner', 'view,edit,delete'),
(29, 62, 'owner', 'view,edit,delete'),
(37, 13, 'owner', 'view,edit,delete'),
(38, 69, 'owner', 'view,edit,delete'),
(42, 68, 'owner', 'view,edit,delete'),
(44, 62, 'owner', 'view,edit,delete'),
(45, 13, 'owner', 'view,edit,delete'),
(46, 8, 'owner', 'view,edit,delete'),
(47, 8, 'owner', 'view,edit,delete'),
(48, 62, 'owner', 'view,edit,delete'),
(49, 7, 'owner', 'view,edit,delete'),
(50, 18, 'owner', 'view,edit,delete'),
(58, 68, 'owner', 'view,edit,delete'),
(67, 117, 'owner', 'view,edit,delete'),
(67, 139, 'user', 'view'),
(67, 140, 'user', 'view'),
(67, 141, 'user', 'view'),
(67, 142, 'user', 'view'),
(67, 144, 'user', 'view'),
(67, 274, 'user', 'view,delete'),
(69, 115, 'owner', 'view,edit,delete'),
(71, 117, 'owner', 'view,edit,delete'),
(73, 115, 'owner', 'view,edit,delete'),
(76, 117, 'owner', 'view,edit,delete'),
(80, 117, 'owner', 'view,edit,delete'),
(89, 117, 'owner', 'view,edit,delete'),
(91, 144, 'owner', 'view,edit,delete'),
(92, 142, 'owner', 'view,edit,delete'),
(93, 139, 'owner', 'view,edit,delete'),
(103, 118, 'owner', 'view,edit,delete'),
(105, 222, 'owner', 'view,edit,delete'),
(105, 242, 'user', 'view'),
(105, 278, 'user', 'view'),
(105, 293, 'user', 'edit'),
(105, 294, 'user', 'view,edit,delete'),
(105, 295, 'user', 'delete'),
(105, 307, 'user', 'view,edit,delete'),
(105, 322, 'user', 'view,delete'),
(105, 332, 'user', 'view'),
(110, 222, 'owner', 'view,edit,delete'),
(110, 242, 'user', 'view'),
(110, 278, 'user', 'view'),
(110, 294, 'user', 'delete'),
(110, 295, 'user', 'edit,delete'),
(110, 322, 'user', 'view,edit,delete'),
(110, 332, 'user', 'view'),
(114, 222, 'user', 'edit'),
(114, 242, 'owner', 'view,edit,delete'),
(115, 222, 'owner', 'view,edit,delete'),
(116, 222, 'owner', 'view,edit,delete'),
(116, 242, 'user', 'view'),
(116, 278, 'user', 'view'),
(116, 295, 'user', 'edit,delete'),
(116, 322, 'user', 'edit,delete'),
(117, 144, 'owner', 'view,edit,delete'),
(118, 117, 'owner', 'view,edit,delete'),
(118, 139, 'user', 'view'),
(118, 140, 'user', 'view,edit,delete'),
(118, 141, 'user', 'view'),
(118, 142, 'user', 'view'),
(118, 144, 'user', 'view'),
(118, 274, 'user', 'view'),
(119, 332, 'owner', 'view,edit,delete'),
(120, 332, 'owner', 'view,edit,delete'),
(121, 332, 'owner', 'view,edit,delete'),
(122, 332, 'owner', 'view,edit,delete'),
(123, 332, 'owner', 'view,edit,delete'),
(124, 332, 'owner', 'view,edit,delete'),
(125, 332, 'owner', 'view,edit,delete'),
(126, 332, 'owner', 'view,edit,delete'),
(127, 332, 'owner', 'view,edit,delete'),
(128, 332, 'owner', 'view,edit,delete'),
(129, 332, 'owner', 'view,edit,delete'),
(130, 332, 'owner', 'view,edit,delete'),
(131, 332, 'owner', 'view,edit,delete'),
(132, 332, 'owner', 'view,edit,delete'),
(133, 332, 'owner', 'view,edit,delete'),
(134, 332, 'owner', 'view,edit,delete'),
(135, 117, 'owner', 'view,edit,delete');

-- --------------------------------------------------------

--
-- Table structure for table `smd__default_role`
--

CREATE TABLE `smd__default_role` (
  `defaultRoleID` varchar(64) NOT NULL,
  `name` varchar(64) DEFAULT NULL,
  `description` varchar(100) DEFAULT NULL,
  `status` enum('active','inactive') NOT NULL DEFAULT 'inactive',
  `admin` enum('yes','no') NOT NULL DEFAULT 'no'
) ENGINE=InnoDB DEFAULT CHARSET=utf8;

--
-- Dumping data for table `smd__default_role`
--

INSERT INTO `smd__default_role` (`defaultRoleID`, `name`, `description`, `status`, `admin`) VALUES
('admin', 'Admin', 'smd.admin.description', 'active', 'yes'),
('analyst', 'Analyst', 'smd.analyst.description', 'active', 'no'),
('approver', 'smd.approver.name', 'smd.approver.description', 'active', 'yes'),
('client', 'smd.client.name', 'smd.client.description', 'active', 'no'),
('creator', 'smd.creator.name', 'smd.creator.description', 'active', 'no'),
('editor', 'smd.editor.name', 'smd.editor.description', 'active', 'no'),
('posuere.1572340736', 'facilisis', 'Amet laoreet senectus ac feugiat sodales nulla metus, orci integer ante adipiscing quis parturient, ', 'inactive', 'yes'),
('superAdmin', 'Super Admin', 'smd.superAdmin.description', 'active', 'yes');

-- --------------------------------------------------------

--
-- Table structure for table `smd__default_role_has_resources`
--

CREATE TABLE `smd__default_role_has_resources` (
  `defaultRoleID` varchar(64) NOT NULL,
  `resourceID` varchar(100) NOT NULL
) ENGINE=InnoDB DEFAULT CHARSET=utf8;

--
-- Dumping data for table `smd__default_role_has_resources`
--

INSERT INTO `smd__default_role_has_resources` (`defaultRoleID`, `resourceID`) VALUES
('admin', 'analytics.analytics.activitiesByOrganizations'),
('admin', 'analytics.analytics.activitiesByTeamMembers'),
('admin', 'analytics.analytics.interactions'),
('admin', 'analytics.analytics.mentions'),
('admin', 'analytics.analytics.organizationGraphData'),
('admin', 'analytics.analytics.pageClicks'),
('admin', 'analytics.analytics.pageEngagement'),
('admin', 'analytics.analytics.pageEngagementRate'),
('admin', 'analytics.analytics.pageImpressions'),
('admin', 'analytics.analytics.pageLikeGrowth'),
('admin', 'analytics.analytics.pageLikeOverview'),
('admin', 'analytics.analytics.pageOverallLikes'),
('admin', 'analytics.analytics.pagePostComments'),
('admin', 'analytics.analytics.pagePostEngagement'),
('admin', 'analytics.analytics.pagePostLikes'),
('admin', 'analytics.analytics.pagePostShares'),
('admin', 'analytics.analytics.pageReach'),
('admin', 'analytics.analytics.pageVideoViews'),
('admin', 'analytics.analytics.pageViews'),
('admin', 'analytics.analytics.topPostsByEngagement'),
('admin', 'analytics.analytics.topPostsByImpression'),
('admin', 'analytics.dashboard.create'),
('admin', 'analytics.dashboard.dashboards'),
('admin', 'analytics.dashboard.delete'),
('admin', 'analytics.dashboard.modify'),
('admin', 'auth.activity.list'),
('admin', 'auth.user.changePassword'),
('admin', 'auth.user.create'),
('admin', 'auth.user.delete'),
('admin', 'auth.user.twoFactor'),
('admin', 'auth.user.update'),
('admin', 'auth.user.users'),
('admin', 'carousel.create'),
('admin', 'carousel.item.list'),
('admin', 'carousel.remove'),
('admin', 'carousel.update'),
('admin', 'core.tag.list'),
('admin', 'core.tag.remove'),
('admin', 'organization.media.fileDelete'),
('admin', 'organization.media.fileUpdate'),
('admin', 'organization.media.fileUpload'),
('admin', 'organization.media.listTags'),
('admin', 'organization.media.mediaList'),
('admin', 'organization.organization.organizations'),
('admin', 'organization.organization.organizationTree'),
('admin', 'organization.organization.update'),
('admin', 'organization.role.create'),
('admin', 'organization.role.groupDelete'),
('admin', 'organization.role.groupModify'),
('admin', 'organization.role.list'),
('admin', 'organization.role.update'),
('admin', 'post.autoFeed.createPostTime'),
('admin', 'post.autoFeed.order'),
('admin', 'post.autoFeed.postTimes'),
('admin', 'post.autoFeed.removePostTime'),
('admin', 'post.autoFeed.settings.list'),
('admin', 'post.autoFeed.settings.update'),
('admin', 'post.autoFeed.update'),
('admin', 'post.autoFeedPreset.bulkDelete'),
('admin', 'post.autoFeedPreset.create'),
('admin', 'post.autoFeedPreset.list'),
('admin', 'post.autoFeedPreset.remove'),
('admin', 'post.autoFeedPreset.update'),
('admin', 'post.category.categories'),
('admin', 'post.category.create'),
('admin', 'post.category.remove'),
('admin', 'post.category.update'),
('admin', 'post.comment.comment'),
('admin', 'post.comment.comments'),
('admin', 'post.post.approvement'),
('admin', 'post.post.create'),
('admin', 'post.post.instantPost'),
('admin', 'post.post.posts'),
('admin', 'post.post.remove'),
('admin', 'post.post.status'),
('admin', 'post.post.statuses'),
('admin', 'post.post.update'),
('admin', 'post.template.bulkCreate'),
('admin', 'post.template.create'),
('admin', 'post.template.remove'),
('admin', 'post.template.status'),
('admin', 'post.template.templates'),
('admin', 'post.template.update'),
('admin', 'rss.feed.bulkCreate'),
('admin', 'rss.feed.bulkDelete'),
('admin', 'rss.feed.list'),
('admin', 'rss.feed.load'),
('admin', 'rss.feed.remove'),
('admin', 'rss.feed.update'),
('admin', 'rss.group.bulkDelete'),
('admin', 'rss.group.create'),
('admin', 'rss.group.feeds'),
('admin', 'rss.group.list'),
('admin', 'rss.group.remove'),
('admin', 'rss.group.update'),
('admin', 'rss.savedPost.create'),
('admin', 'rss.savedPost.list'),
('admin', 'rss.savedPost.remove'),
('admin', 'social.site.create'),
('admin', 'social.site.list'),
('admin', 'social.site.remove'),
('admin', 'social.site.update'),
('analyst', 'analytics.analytics.activitiesByOrganizations'),
('analyst', 'analytics.analytics.activitiesByTeamMembers'),
('analyst', 'analytics.analytics.interactions'),
('analyst', 'analytics.analytics.mentions'),
('analyst', 'analytics.analytics.organizationGraphData'),
('analyst', 'analytics.analytics.pageClicks'),
('analyst', 'analytics.analytics.pageEngagement'),
('analyst', 'analytics.analytics.pageEngagementRate'),
('analyst', 'analytics.analytics.pageImpressions'),
('analyst', 'analytics.analytics.pageLikeGrowth'),
('analyst', 'analytics.analytics.pageLikeOverview'),
('analyst', 'analytics.analytics.pageOverallLikes'),
('analyst', 'analytics.analytics.pagePostComments'),
('analyst', 'analytics.analytics.pagePostEngagement'),
('analyst', 'analytics.analytics.pagePostLikes'),
('analyst', 'analytics.analytics.pagePostShares'),
('analyst', 'analytics.analytics.pageReach'),
('analyst', 'analytics.analytics.pageVideoViews'),
('analyst', 'analytics.analytics.pageViews'),
('analyst', 'analytics.analytics.topPostsByEngagement'),
('analyst', 'analytics.analytics.topPostsByImpression'),
('analyst', 'analytics.dashboard.create'),
('analyst', 'analytics.dashboard.dashboards'),
('analyst', 'analytics.dashboard.modify'),
('analyst', 'analytics.dashboard.share'),
('analyst', 'auth.activity.list'),
('analyst', 'auth.user.twoFactor'),
('analyst', 'core.tag.list'),
('analyst', 'organization.media.listTags'),
('analyst', 'organization.media.mediaList'),
('analyst', 'organization.organization.organizationTree'),
('analyst', 'post.comment.comment'),
('analyst', 'post.comment.comments'),
('analyst', 'post.post.posts'),
('analyst', 'post.post.statuses'),
('analyst', 'post.template.templates'),
('approver', 'analytics.analytics.activitiesByOrganizations'),
('approver', 'analytics.analytics.activitiesByTeamMembers'),
('approver', 'analytics.analytics.interactions'),
('approver', 'analytics.analytics.mentions'),
('approver', 'analytics.analytics.organizationGraphData'),
('approver', 'analytics.analytics.pageClicks'),
('approver', 'analytics.analytics.pageEngagement'),
('approver', 'analytics.analytics.pageEngagementRate'),
('approver', 'analytics.analytics.pageImpressions'),
('approver', 'analytics.analytics.pageLikeGrowth'),
('approver', 'analytics.analytics.pageLikeOverview'),
('approver', 'analytics.analytics.pageOverallLikes'),
('approver', 'analytics.analytics.pagePostComments'),
('approver', 'analytics.analytics.pagePostEngagement'),
('approver', 'analytics.analytics.pagePostLikes'),
('approver', 'analytics.analytics.pagePostShares'),
('approver', 'analytics.analytics.pageReach'),
('approver', 'analytics.analytics.pageVideoViews'),
('approver', 'analytics.analytics.pageViews'),
('approver', 'analytics.analytics.topPostsByEngagement'),
('approver', 'analytics.analytics.topPostsByImpression'),
('approver', 'analytics.dashboard.create'),
('approver', 'analytics.dashboard.dashboards'),
('approver', 'analytics.dashboard.modify'),
('approver', 'auth.activity.list'),
('approver', 'auth.user.changePassword'),
('approver', 'auth.user.twoFactor'),
('approver', 'carousel.create'),
('approver', 'carousel.update'),
('approver', 'core.tag.list'),
('approver', 'organization.media.fileUpdate'),
('approver', 'organization.media.fileUpload'),
('approver', 'organization.media.listTags'),
('approver', 'organization.media.mediaList'),
('approver', 'post.autoFeed.createPostTime'),
('approver', 'post.autoFeed.order'),
('approver', 'post.autoFeed.postTimes'),
('approver', 'post.autoFeed.settings.list'),
('approver', 'post.autoFeed.settings.update'),
('approver', 'post.autoFeed.update'),
('approver', 'post.autoFeedPreset.create'),
('approver', 'post.autoFeedPreset.list'),
('approver', 'post.autoFeedPreset.update'),
('approver', 'post.category.create'),
('approver', 'post.category.update'),
('approver', 'post.comment.comment'),
('approver', 'post.comment.comments'),
('approver', 'post.post.approvement'),
('approver', 'post.post.create'),
('approver', 'post.post.instantPost'),
('approver', 'post.post.posts'),
('approver', 'post.post.status'),
('approver', 'post.post.statuses'),
('approver', 'post.post.update'),
('approver', 'post.template.create'),
('approver', 'post.template.status'),
('approver', 'post.template.templates'),
('approver', 'post.template.update'),
('approver', 'social.site.list'),
('approver', 'social.site.timezones'),
('client', 'analytics.analytics.activitiesByOrganizations'),
('client', 'analytics.analytics.activitiesByTeamMembers'),
('client', 'analytics.analytics.interactions'),
('client', 'analytics.analytics.mentions'),
('client', 'analytics.analytics.organizationGraphData'),
('client', 'analytics.analytics.pageClicks'),
('client', 'analytics.analytics.pageEngagement'),
('client', 'analytics.analytics.pageEngagementRate'),
('client', 'analytics.analytics.pageImpressions'),
('client', 'analytics.analytics.pageLikeGrowth'),
('client', 'analytics.analytics.pageLikeOverview'),
('client', 'analytics.analytics.pageOverallLikes'),
('client', 'analytics.analytics.pagePostComments'),
('client', 'analytics.analytics.pagePostEngagement'),
('client', 'analytics.analytics.pagePostLikes'),
('client', 'analytics.analytics.pagePostShares'),
('client', 'analytics.analytics.pageReach'),
('client', 'analytics.analytics.pageVideoViews'),
('client', 'analytics.analytics.pageViews'),
('client', 'analytics.analytics.topPostsByEngagement'),
('client', 'analytics.analytics.topPostsByImpression'),
('client', 'analytics.dashboard.dashboards'),
('client', 'auth.user.twoFactor'),
('client', 'auth.user.verifyTwoFactor'),
('client', 'core.tag.list'),
('client', 'post.comment.comment'),
('client', 'post.comment.comments'),
('client', 'post.post.approvement'),
('client', 'post.post.posts'),
('client', 'post.post.status'),
('client', 'post.post.statuses'),
('creator', 'auth.activity.list'),
('creator', 'auth.user.twoFactor'),
('creator', 'core.tag.list'),
('creator', 'organization.media.listTags'),
('creator', 'organization.media.mediaList'),
('creator', 'organization.organization.organizations'),
('creator', 'post.category.categories'),
('creator', 'post.comment.comment'),
('creator', 'post.comment.comments'),
('creator', 'post.post.create'),
('creator', 'post.post.posts'),
('creator', 'post.post.statuses'),
('creator', 'post.template.templates'),
('creator', 'social.site.list'),
('editor', 'analytics.analytics.activitiesByOrganizations'),
('editor', 'analytics.analytics.activitiesByTeamMembers'),
('editor', 'analytics.analytics.interactions'),
('editor', 'analytics.analytics.mentions'),
('editor', 'analytics.analytics.organizationGraphData'),
('editor', 'analytics.analytics.pageClicks'),
('editor', 'analytics.analytics.pageEngagement'),
('editor', 'analytics.analytics.pageEngagementRate'),
('editor', 'analytics.analytics.pageImpressions'),
('editor', 'analytics.analytics.pageLikeGrowth'),
('editor', 'analytics.analytics.pageLikeOverview'),
('editor', 'analytics.analytics.pageOverallLikes'),
('editor', 'analytics.analytics.pagePostComments'),
('editor', 'analytics.analytics.pagePostEngagement'),
('editor', 'analytics.analytics.pagePostLikes'),
('editor', 'analytics.analytics.pagePostShares'),
('editor', 'analytics.analytics.pageReach'),
('editor', 'analytics.analytics.pageVideoViews'),
('editor', 'analytics.analytics.pageViews'),
('editor', 'analytics.analytics.topPostsByEngagement'),
('editor', 'analytics.analytics.topPostsByImpression'),
('editor', 'analytics.dashboard.create'),
('editor', 'analytics.dashboard.dashboards'),
('editor', 'analytics.dashboard.modify'),
('editor', 'auth.activity.list'),
('editor', 'auth.user.changePassword'),
('editor', 'auth.user.twoFactor'),
('editor', 'carousel.create'),
('editor', 'carousel.update'),
('editor', 'core.tag.list'),
('editor', 'organization.media.fileUpdate'),
('editor', 'organization.media.fileUpload'),
('editor', 'organization.media.listTags'),
('editor', 'organization.media.mediaList'),
('editor', 'post.autoFeed.createPostTime'),
('editor', 'post.autoFeed.order'),
('editor', 'post.autoFeed.postTimes'),
('editor', 'post.autoFeed.settings.list'),
('editor', 'post.autoFeed.settings.update'),
('editor', 'post.autoFeed.update'),
('editor', 'post.autoFeedPreset.create'),
('editor', 'post.autoFeedPreset.list'),
('editor', 'post.autoFeedPreset.update'),
('editor', 'post.category.create'),
('editor', 'post.category.update'),
('editor', 'post.comment.comment'),
('editor', 'post.comment.comments'),
('editor', 'post.post.create'),
('editor', 'post.post.posts'),
('editor', 'post.post.statuses'),
('editor', 'post.post.update'),
('editor', 'post.template.create'),
('editor', 'post.template.templates'),
('editor', 'post.template.update'),
('editor', 'social.site.list'),
('editor', 'social.site.timezones'),
('posuere.1572340736', 'analytics.analytics.interactions'),
('posuere.1572340736', 'analytics.analytics.pageClicks'),
('posuere.1572340736', 'analytics.analytics.pageEngagement'),
('posuere.1572340736', 'analytics.analytics.pageEngagementRate'),
('posuere.1572340736', 'analytics.analytics.pageImpressions'),
('posuere.1572340736', 'analytics.analytics.pageLikeGrowth'),
('posuere.1572340736', 'analytics.analytics.pageLikeOverview'),
('posuere.1572340736', 'analytics.analytics.pagePostComments'),
('posuere.1572340736', 'analytics.analytics.pagePostShares'),
('posuere.1572340736', 'analytics.analytics.pageViews'),
('posuere.1572340736', 'analytics.analytics.topPostsByEngagement'),
('posuere.1572340736', 'analytics.analytics.topPostsByImpression'),
('posuere.1572340736', 'analytics.dashboard.dashboards'),
('posuere.1572340736', 'analytics.dashboard.delete'),
('posuere.1572340736', 'analytics.dashboard.modify'),
('posuere.1572340736', 'auth.activity.list'),
('posuere.1572340736', 'auth.user.changePassword'),
('posuere.1572340736', 'auth.user.delete'),
('posuere.1572340736', 'auth.user.twoFactor'),
('posuere.1572340736', 'auth.user.update'),
('posuere.1572340736', 'background.administration.bitlyTokenEdit'),
('posuere.1572340736', 'background.administration.partnerDelete'),
('posuere.1572340736', 'carousel.remove'),
('posuere.1572340736', 'carousel.update'),
('posuere.1572340736', 'organization.media.fileUpdate'),
('posuere.1572340736', 'organization.media.listTags'),
('posuere.1572340736', 'organization.media.mediaList'),
('posuere.1572340736', 'organization.organization.organizationTree'),
('posuere.1572340736', 'organization.organization.remove'),
('posuere.1572340736', 'organization.role.groupModify'),
('posuere.1572340736', 'organization.role.update'),
('posuere.1572340736', 'post.autoFeed.createPostTime'),
('posuere.1572340736', 'post.autoFeed.order'),
('posuere.1572340736', 'post.autoFeed.postTimes'),
('posuere.1572340736', 'post.autoFeed.settings.update'),
('posuere.1572340736', 'post.category.create'),
('posuere.1572340736', 'post.category.remove'),
('posuere.1572340736', 'post.comment.comment'),
('posuere.1572340736', 'post.comment.comments'),
('posuere.1572340736', 'post.post.approvement'),
('posuere.1572340736', 'post.post.instantPost'),
('posuere.1572340736', 'post.post.remove'),
('posuere.1572340736', 'post.post.status'),
('posuere.1572340736', 'post.post.update'),
('posuere.1572340736', 'post.template.create'),
('posuere.1572340736', 'post.template.remove'),
('posuere.1572340736', 'post.template.status'),
('posuere.1572340736', 'post.template.templates'),
('posuere.1572340736', 'post.template.update'),
('posuere.1572340736', 'social.site.create'),
('posuere.1572340736', 'social.site.timezones'),
('superAdmin', 'analytics.analytics.activitiesByOrganizations'),
('superAdmin', 'analytics.analytics.activitiesByTeamMembers'),
('superAdmin', 'analytics.analytics.interactions'),
('superAdmin', 'analytics.analytics.mentions'),
('superAdmin', 'analytics.analytics.organizationGraphData'),
('superAdmin', 'analytics.analytics.pageClicks'),
('superAdmin', 'analytics.analytics.pageEngagement'),
('superAdmin', 'analytics.analytics.pageEngagementRate'),
('superAdmin', 'analytics.analytics.pageImpressions'),
('superAdmin', 'analytics.analytics.pageLikeGrowth'),
('superAdmin', 'analytics.analytics.pageLikeOverview'),
('superAdmin', 'analytics.analytics.pageOverallLikes'),
('superAdmin', 'analytics.analytics.pagePostComments'),
('superAdmin', 'analytics.analytics.pagePostEngagement'),
('superAdmin', 'analytics.analytics.pagePostLikes'),
('superAdmin', 'analytics.analytics.pagePostShares'),
('superAdmin', 'analytics.analytics.pageReach'),
('superAdmin', 'analytics.analytics.pageVideoViews'),
('superAdmin', 'analytics.analytics.pageViews'),
('superAdmin', 'analytics.analytics.topPostsByEngagement'),
('superAdmin', 'analytics.analytics.topPostsByImpression'),
('superAdmin', 'analytics.dashboard.create'),
('superAdmin', 'analytics.dashboard.dashboards'),
('superAdmin', 'analytics.dashboard.delete'),
('superAdmin', 'analytics.dashboard.modify'),
('superAdmin', 'analytics.dashboard.share'),
('superAdmin', 'auth.activity.list'),
('superAdmin', 'auth.media.bulkExtract'),
('superAdmin', 'auth.user.changePassword'),
('superAdmin', 'auth.user.create'),
('superAdmin', 'auth.user.delete'),
('superAdmin', 'auth.user.resendActivation'),
('superAdmin', 'auth.user.twoFactor'),
('superAdmin', 'auth.user.update'),
('superAdmin', 'auth.user.users'),
('superAdmin', 'background.administration.bitlyTokenEdit'),
('superAdmin', 'background.administration.partnerDelete'),
('superAdmin', 'background.administration.partnerLogoEdit'),
('superAdmin', 'carousel.create'),
('superAdmin', 'carousel.item.list'),
('superAdmin', 'carousel.remove'),
('superAdmin', 'carousel.update'),
('superAdmin', 'core.tag.list'),
('superAdmin', 'core.tag.remove'),
('superAdmin', 'hashtag.collection.bulkDelete'),
('superAdmin', 'hashtag.collection.create'),
('superAdmin', 'hashtag.collection.list'),
('superAdmin', 'hashtag.collection.remove'),
('superAdmin', 'hashtag.collection.update'),
('superAdmin', 'hashtag.tag.bulkCreate'),
('superAdmin', 'hashtag.tag.bulkDelete'),
('superAdmin', 'hashtag.tag.list'),
('superAdmin', 'hashtag.tag.remove'),
('superAdmin', 'hashtag.tag.update'),
('superAdmin', 'organization.media.fileDelete'),
('superAdmin', 'organization.media.fileUpdate'),
('superAdmin', 'organization.media.fileUpload'),
('superAdmin', 'organization.media.listTags'),
('superAdmin', 'organization.media.mediaList'),
('superAdmin', 'organization.organization.create'),
('superAdmin', 'organization.organization.organizations'),
('superAdmin', 'organization.organization.organizationTree'),
('superAdmin', 'organization.organization.remove'),
('superAdmin', 'organization.organization.update'),
('superAdmin', 'organization.role.create'),
('superAdmin', 'organization.role.groupDelete'),
('superAdmin', 'organization.role.groupModify'),
('superAdmin', 'organization.role.list'),
('superAdmin', 'organization.role.update'),
('superAdmin', 'post.autoFeed.createPostTime'),
('superAdmin', 'post.autoFeed.order'),
('superAdmin', 'post.autoFeed.postTimes'),
('superAdmin', 'post.autoFeed.removePostTime'),
('superAdmin', 'post.autoFeed.settings.list'),
('superAdmin', 'post.autoFeed.settings.update'),
('superAdmin', 'post.autoFeed.update'),
('superAdmin', 'post.autoFeedPreset.bulkDelete'),
('superAdmin', 'post.autoFeedPreset.create'),
('superAdmin', 'post.autoFeedPreset.list'),
('superAdmin', 'post.autoFeedPreset.remove'),
('superAdmin', 'post.autoFeedPreset.update'),
('superAdmin', 'post.category.categories'),
('superAdmin', 'post.category.create'),
('superAdmin', 'post.category.remove'),
('superAdmin', 'post.category.update'),
('superAdmin', 'post.comment.comment'),
('superAdmin', 'post.comment.comments'),
('superAdmin', 'post.post.approvement'),
('superAdmin', 'post.post.bulkCreate'),
('superAdmin', 'post.post.create'),
('superAdmin', 'post.post.instantPost'),
('superAdmin', 'post.post.posts'),
('superAdmin', 'post.post.remove'),
('superAdmin', 'post.post.status'),
('superAdmin', 'post.post.statuses'),
('superAdmin', 'post.post.update'),
('superAdmin', 'post.template.bulkCreate'),
('superAdmin', 'post.template.create'),
('superAdmin', 'post.template.remove'),
('superAdmin', 'post.template.status'),
('superAdmin', 'post.template.templates'),
('superAdmin', 'post.template.update'),
('superAdmin', 'rss.feed.bulkCreate'),
('superAdmin', 'rss.feed.bulkDelete'),
('superAdmin', 'rss.feed.list'),
('superAdmin', 'rss.feed.load'),
('superAdmin', 'rss.feed.remove'),
('superAdmin', 'rss.feed.update'),
('superAdmin', 'rss.group.bulkDelete'),
('superAdmin', 'rss.group.create'),
('superAdmin', 'rss.group.feeds'),
('superAdmin', 'rss.group.list'),
('superAdmin', 'rss.group.remove'),
('superAdmin', 'rss.group.update'),
('superAdmin', 'rss.savedPost.create'),
('superAdmin', 'rss.savedPost.list'),
('superAdmin', 'rss.savedPost.remove'),
('superAdmin', 'social.site.create'),
('superAdmin', 'social.site.list'),
('superAdmin', 'social.site.remove'),
('superAdmin', 'social.site.update');

-- --------------------------------------------------------

--
-- Table structure for table `smd__email_queue`
--

CREATE TABLE `smd__email_queue` (
  `emailQueueID` int(11) UNSIGNED NOT NULL,
  `from` varchar(64) DEFAULT NULL,
  `fromName` varchar(64) DEFAULT NULL,
  `to` varchar(64) NOT NULL,
  `toName` varchar(64) NOT NULL,
  `subject` varchar(255) NOT NULL,
  `content` longtext CHARACTER SET utf8mb4 NOT NULL,
  `createDate` timestamp NOT NULL DEFAULT CURRENT_TIMESTAMP,
  `sent` timestamp NULL DEFAULT NULL,
  `attempt` int(11) UNSIGNED DEFAULT NULL,
  `maxAttempts` int(11) UNSIGNED NOT NULL DEFAULT '3',
  `lastAttempt` timestamp NULL DEFAULT NULL
) ENGINE=InnoDB DEFAULT CHARSET=utf8;

--
-- Dumping data for table `smd__email_queue`
--

INSERT INTO `smd__email_queue` (`emailQueueID`, `from`, `fromName`, `to`, `toName`, `subject`, `content`, `createDate`, `sent`, `attempt`, `maxAttempts`, `lastAttempt`) VALUES
(4, NULL, NULL, 'csaba.varga@w5labs.com', 'Testing Admin', 'Testing Admin, Testing Admin has approved your post', '\n<!doctype html>\n<html xmlns=\"http://www.w3.org/1999/xhtml\">\n\n    <head>\n        <title> </title>\n        <!--[if !mso]><!-- -->\n        <meta http-equiv=\"X-UA-Compatible\" content=\"IE=edge\">\n        <!--<![endif]-->\n        <meta http-equiv=\"Content-Type\" content=\"text/html; charset=UTF-8\">\n        <meta name=\"viewport\" content=\"width=device-width, initial-scale=1\">\n        <style type=\"text/css\">\n            #outlook a {\n                padding: 0;\n            }\n\n            .ReadMsgBody {\n                width: 100%;\n            }\n\n            .ExternalClass {\n                width: 100%;\n            }\n\n            .ExternalClass * {\n                line-height: 100%;\n            }\n\n            body {\n                margin: 0;\n                padding: 0;\n                -webkit-text-size-adjust: 100%;\n                -ms-text-size-adjust: 100%;\n            }\n\n            table,\n            td {\n                border-collapse: collapse;\n                mso-table-lspace: 0pt;\n                mso-table-rspace: 0pt;\n            }\n\n            img {\n                border: 0;\n                height: auto;\n                line-height: 100%;\n                outline: none;\n                text-decoration: none;\n                -ms-interpolation-mode: bicubic;\n            }\n\n            p {\n                display: block;\n                margin: 13px 0;\n            }\n        </style>\n        <!--[if !mso]><!-->\n        <style type=\"text/css\">\n            @media only screen and (max-width:480px) {\n                @-ms-viewport {\n                    width: 320px;\n                }\n                @viewport {\n                    width: 320px;\n                }\n            }\n        </style>\n        <!--<![endif]-->\n        <!--[if mso]>\n        <xml>\n            <o:OfficeDocumentSettings>\n                <o:AllowPNG/>\n                <o:PixelsPerInch>96</o:PixelsPerInch>\n            </o:OfficeDocumentSettings>\n        </xml>\n        <![endif]-->\n        <!--[if lte mso 11]>\n        <style type=\"text/css\">\n            .outlook-group-fix { width:100% !important; }\n        </style>\n        <![endif]-->\n        <!--[if !mso]><!-->\n        <link href=\"https://fonts.googleapis.com/css?family=Ubuntu:300,400,500,700\" rel=\"stylesheet\" type=\"text/css\">\n        <style type=\"text/css\">\n            @import url(https://fonts.googleapis.com/css?family=Ubuntu:300,400,500,700);\n        </style>\n        <!--<![endif]-->\n        <style type=\"text/css\">\n            @media only screen and (min-width:480px) {\n                .mj-column-per-50 {\n                    width: 50% !important;\n                    max-width: 50%;\n                }\n                .mj-column-per-100 {\n                    width: 100% !important;\n                    max-width: 100%;\n                }\n                .mj-column-per-33 {\n                    width: 33.333% !important;\n                    max-width: 33.333%;\n                }\n            }\n        </style>\n        <style type=\"text/css\">\n            @media only screen and (max-width:480px) {\n                table.full-width-mobile {\n                    width: 100% !important;\n                }\n                td.full-width-mobile {\n                    width: auto !important;\n                }\n            }\n        </style>\n    </head>\n\n    <body style=\"background-color:#eee;\">\n        <div style=\"background-color:#eee;\">\n            <!--[if mso | IE]>\n            <table\n                    align=\"center\" border=\"0\" cellpadding=\"0\" cellspacing=\"0\" class=\"\" style=\"width:600px;\" width=\"600\"\n            >\n                <tr>\n                    <td style=\"line-height:0px;font-size:0px;mso-line-height-rule:exactly;\">\n            <![endif]-->\n            <div style=\"background:#28315E;background-color:#28315E;Margin:0px auto;max-width:600px;\">\n                <table align=\"center\" border=\"0\" cellpadding=\"0\" cellspacing=\"0\" role=\"presentation\" style=\"background:#28315E;background-color:#28315E;width:100%;\">\n                    <tbody>\n                        <tr>\n                            <td style=\"direction:ltr;font-size:0px;padding:30px 20px;text-align:center;vertical-align:top;\">\n                                <!--[if mso | IE]>\n                                <table role=\"presentation\" border=\"0\" cellpadding=\"0\" cellspacing=\"0\">\n\n                                    <tr>\n\n                                        <td\n                                                class=\"\" style=\"vertical-align:top;width:280px;\"\n                                        >\n                                <![endif]-->\n                                <div class=\"mj-column-per-50 outlook-group-fix\" style=\"font-size:13px;text-align:left;direction:ltr;display:inline-block;vertical-align:top;width:100%;\">\n                                    <table border=\"0\" cellpadding=\"0\" cellspacing=\"0\" role=\"presentation\" style=\"vertical-align:top;\" width=\"100%\">\n                                        <tr>\n                                            <td align=\"left\" style=\"font-size:0px;padding:10px 25px;word-break:break-word;\">\n                                                <table align=\"left\" border=\"0\" cellpadding=\"0\" cellspacing=\"0\" role=\"presentation\" style=\"border-collapse:collapse;border-spacing:0px;\">\n                                                    <tbody>\n                                                        <tr>\n                                                            <td style=\"width:150px;\"> <img height=\"auto\" src=\"https://i.ibb.co/Drp8rfs/esemde-logo-full.png\" style=\"border:0;display:block;outline:none;text-decoration:none;height:auto;width:100%;\" width=\"150\" /> </td>\n                                                        </tr>\n                                                    </tbody>\n                                                </table>\n                                            </td>\n                                        </tr>\n                                    </table>\n                                </div>\n                                <!--[if mso | IE]>\n                                </td>\n\n                                <td\n                                        class=\"\" style=\"vertical-align:top;width:280px;\"\n                                >\n                                <![endif]-->\n                                <div class=\"mj-column-per-50 outlook-group-fix\" style=\"font-size:13px;text-align:left;direction:ltr;display:inline-block;vertical-align:top;width:100%;\">\n                                    <table border=\"0\" cellpadding=\"0\" cellspacing=\"0\" role=\"presentation\" width=\"100%\">\n                                        <tbody>\n                                            <tr>\n                                                <td style=\"vertical-align:top;padding-top:7px;\">\n                                                    <table border=\"0\" cellpadding=\"0\" cellspacing=\"0\" role=\"presentation\" style=\"\" width=\"100%\">\n                                                        <tr>\n                                                            <td align=\"right\" style=\"font-size:0px;padding:10px 25px;word-break:break-word;\">\n                                                                <div style=\"font-family:Ubuntu, Helvetica, Arial, sans-serif;font-size:20px;line-height:1;text-align:right;color:#fff;\">Template Status Change</div>\n                                                            </td>\n                                                        </tr>\n                                                    </table>\n                                                </td>\n                                            </tr>\n                                        </tbody>\n                                    </table>\n                                </div>\n                                <!--[if mso | IE]>\n                                </td>\n\n                                </tr>\n\n                                </table>\n                                <![endif]-->\n                            </td>\n                        </tr>\n                    </tbody>\n                </table>\n            </div>\n            <!--[if mso | IE]>\n            </td>\n            </tr>\n            </table>\n\n            <table\n                    align=\"center\" border=\"0\" cellpadding=\"0\" cellspacing=\"0\" class=\"\" style=\"width:600px;\" width=\"600\"\n            >\n                <tr>\n                    <td style=\"line-height:0px;font-size:0px;mso-line-height-rule:exactly;\">\n            <![endif]-->\n            <div style=\"background:#fff;background-color:#fff;Margin:0px auto;max-width:600px;\">\n                <table align=\"center\" border=\"0\" cellpadding=\"0\" cellspacing=\"0\" role=\"presentation\" style=\"background:#fff;background-color:#fff;width:100%;\">\n                    <tbody>\n                        <tr>\n                            <td style=\"direction:ltr;font-size:0px;padding:20px 0;text-align:center;vertical-align:top;\">\n                                <!--[if mso | IE]>\n                                <table role=\"presentation\" border=\"0\" cellpadding=\"0\" cellspacing=\"0\">\n\n                                    <tr>\n\n                                        <td\n                                                class=\"\" style=\"vertical-align:top;width:600px;\"\n                                        >\n                                <![endif]-->\n                                <div class=\"mj-column-per-100 outlook-group-fix\" style=\"font-size:13px;text-align:left;direction:ltr;display:inline-block;vertical-align:top;width:100%;\">\n                                    <table border=\"0\" cellpadding=\"0\" cellspacing=\"0\" role=\"presentation\" style=\"vertical-align:top;\" width=\"100%\">\n                                        <tr>\n                                            <td align=\"center\" style=\"font-size:0px;padding:10px 25px;padding-top:40px;word-break:break-word;\">\n                                                <div style=\"font-family:Ubuntu, Helvetica, Arial, sans-serif;font-size:13px;line-height:30px;text-align:center;color:#000000;\">\n                                                    <h3>Testing Admin has approved your post template</h3>\n                                                    <p>Post template copy: \n\n\n\nCUstom teszt\n\n</p>\n                                                    <p style=\"font-size:18px\">Click <a href=\"https://smd.w5/template-manager?templateID=22123\" target=\"_blank\">here</a> to view.</p>\n                                                    <p style=\"font-size:16px;\">Getting too much email from daniel.erdei@w5labs.com?\n                                                        <a href=\"https://smd.w5/profile/settings\" target=\"_blank\">You can unsubscribe</a></p>\n                                                </div>\n                                            </td>\n                                        </tr>\n                                    </table>\n                                </div>\n                                <!--[if mso | IE]>\n                                </td>\n\n                                </tr>\n\n                                </table>\n                                <![endif]-->\n                            </td>\n                        </tr>\n                    </tbody>\n                </table>\n            </div>\n            <!--[if mso | IE]>\n            </td>\n            </tr>\n            </table>\n\n            <table\n                    align=\"center\" border=\"0\" cellpadding=\"0\" cellspacing=\"0\" class=\"\" style=\"width:600px;\" width=\"600\"\n            >\n                <tr>\n                    <td style=\"line-height:0px;font-size:0px;mso-line-height-rule:exactly;\">\n            <![endif]-->\n            <div style=\"background:#28315E;background-color:#28315E;Margin:0px auto;max-width:600px;\">\n                <table align=\"center\" border=\"0\" cellpadding=\"0\" cellspacing=\"0\" role=\"presentation\" style=\"background:#28315E;background-color:#28315E;width:100%;\">\n                    <tbody>\n                        <tr>\n                            <td style=\"direction:ltr;font-size:0px;padding:20px 0;text-align:center;vertical-align:top;\">\n                                <!--[if mso | IE]>\n                                <table role=\"presentation\" border=\"0\" cellpadding=\"0\" cellspacing=\"0\">\n\n                                    <tr>\n\n                                        <td\n                                                class=\"\" style=\"vertical-align:top;width:199.998px;\"\n                                        >\n                                <![endif]-->\n                                <div class=\"mj-column-per-33 outlook-group-fix\" style=\"font-size:13px;text-align:left;direction:ltr;display:inline-block;vertical-align:top;width:100%;\">\n                                    <table border=\"0\" cellpadding=\"0\" cellspacing=\"0\" role=\"presentation\" style=\"vertical-align:top;\" width=\"100%\">\n                                        <tr>\n                                            <td align=\"center\" style=\"font-size:0px;padding:10px 25px;word-break:break-word;\">\n                                                <div style=\"font-family:Ubuntu, Helvetica, Arial, sans-serif;font-size:13px;line-height:1;text-align:center;color:#fff;\"> Email: <a href=\"mailto:support@esemdee.com\" style=\"color:#fff;\">support@esemdee.com</a> </div>\n                                            </td>\n                                        </tr>\n                                    </table>\n                                </div>\n                                <!--[if mso | IE]>\n                                </td>\n\n                                <td\n                                        class=\"\" style=\"vertical-align:top;width:199.998px;\"\n                                >\n                                <![endif]-->\n                                <div class=\"mj-column-per-33 outlook-group-fix\" style=\"font-size:13px;text-align:left;direction:ltr;display:inline-block;vertical-align:top;width:100%;\">\n                                    <table border=\"0\" cellpadding=\"0\" cellspacing=\"0\" role=\"presentation\" style=\"vertical-align:top;\" width=\"100%\">\n                                        <tr>\n                                            <td align=\"center\" style=\"font-size:0px;padding:10px 25px;word-break:break-word;\">\n                                                <div style=\"font-family:Ubuntu, Helvetica, Arial, sans-serif;font-size:13px;line-height:1;text-align:center;color:#fff;\"> Tel: <a href=\"tel:+44 (0) 118 848 7000\" style=\"color:#fff;\">+44 (0) 118 848 7000</a> </div>\n                                            </td>\n                                        </tr>\n                                    </table>\n                                </div>\n                                <!--[if mso | IE]>\n                                </td>\n\n                                <td\n                                        class=\"\" style=\"vertical-align:top;width:199.998px;\"\n                                >\n                                <![endif]-->\n                                <div class=\"mj-column-per-33 outlook-group-fix\" style=\"font-size:13px;text-align:left;direction:ltr;display:inline-block;vertical-align:top;width:100%;\">\n                                    <table border=\"0\" cellpadding=\"0\" cellspacing=\"0\" role=\"presentation\" style=\"vertical-align:top;\" width=\"100%\">\n                                        <tr>\n                                            <td align=\"center\" style=\"font-size:0px;padding:10px 25px;word-break:break-word;\">\n                                                <div style=\"font-family:Ubuntu, Helvetica, Arial, sans-serif;font-size:13px;line-height:18px;text-align:center;color:#fff;\"> Address: <a href=\"\" style=\"color:#fff;\">S.M. Directions\n                                                        200 Brook Drive\n                                                        Green Park\n                                                        Reading, Berkshire\n                                                        RG2 6UB\n                                                        The United Kingdom</a> </div>\n                                            </td>\n                                        </tr>\n                                    </table>\n                                </div>\n                                <!--[if mso | IE]>\n                                </td>\n\n                                <td\n                                        class=\"\" style=\"vertical-align:top;width:600px;\"\n                                >\n                                <![endif]-->\n                                <div class=\"mj-column-per-100 outlook-group-fix\" style=\"font-size:13px;text-align:left;direction:ltr;display:inline-block;vertical-align:top;width:100%;\">\n                                    <table border=\"0\" cellpadding=\"0\" cellspacing=\"0\" role=\"presentation\" style=\"vertical-align:top;\" width=\"100%\">\n                                        <tr>\n                                            <td align=\"center\" style=\"font-size:0px;padding:10px 25px;padding-top:15px;padding-bottom:0;word-break:break-word;\">\n                                                <div style=\"font-family:Ubuntu, Helvetica, Arial, sans-serif;font-size:13px;line-height:1;text-align:center;color:#fff;\"> &copy; 2019 smd </div>\n                                            </td>\n                                        </tr>\n                                    </table>\n                                </div>\n                                <!--[if mso | IE]>\n                                </td>\n\n                                </tr>\n\n                                </table>\n                                <![endif]-->\n                            </td>\n                        </tr>\n                    </tbody>\n                </table>\n            </div>\n            <!--[if mso | IE]>\n            </td>\n            </tr>\n            </table>\n            <![endif]-->\n        </div>\n    </body>\n\n</html>\n', '2020-01-15 13:07:45', '2020-01-15 15:02:45', NULL, 3, NULL),
(5, NULL, NULL, 'pinter.szabolcs@w5labs.com', 'Testing Admin', 'Testing Admin, Testing Admin has approved your post', '\n<!doctype html>\n<html xmlns=\"http://www.w3.org/1999/xhtml\">\n\n    <head>\n        <title> </title>\n        <!--[if !mso]><!-- -->\n        <meta http-equiv=\"X-UA-Compatible\" content=\"IE=edge\">\n        <!--<![endif]-->\n        <meta http-equiv=\"Content-Type\" content=\"text/html; charset=UTF-8\">\n        <meta name=\"viewport\" content=\"width=device-width, initial-scale=1\">\n        <style type=\"text/css\">\n            #outlook a {\n                padding: 0;\n            }\n\n            .ReadMsgBody {\n                width: 100%;\n            }\n\n            .ExternalClass {\n                width: 100%;\n            }\n\n            .ExternalClass * {\n                line-height: 100%;\n            }\n\n            body {\n                margin: 0;\n                padding: 0;\n                -webkit-text-size-adjust: 100%;\n                -ms-text-size-adjust: 100%;\n            }\n\n            table,\n            td {\n                border-collapse: collapse;\n                mso-table-lspace: 0pt;\n                mso-table-rspace: 0pt;\n            }\n\n            img {\n                border: 0;\n                height: auto;\n                line-height: 100%;\n                outline: none;\n                text-decoration: none;\n                -ms-interpolation-mode: bicubic;\n            }\n\n            p {\n                display: block;\n                margin: 13px 0;\n            }\n        </style>\n        <!--[if !mso]><!-->\n        <style type=\"text/css\">\n            @media only screen and (max-width:480px) {\n                @-ms-viewport {\n                    width: 320px;\n                }\n                @viewport {\n                    width: 320px;\n                }\n            }\n        </style>\n        <!--<![endif]-->\n        <!--[if mso]>\n        <xml>\n            <o:OfficeDocumentSettings>\n                <o:AllowPNG/>\n                <o:PixelsPerInch>96</o:PixelsPerInch>\n            </o:OfficeDocumentSettings>\n        </xml>\n        <![endif]-->\n        <!--[if lte mso 11]>\n        <style type=\"text/css\">\n            .outlook-group-fix { width:100% !important; }\n        </style>\n        <![endif]-->\n        <!--[if !mso]><!-->\n        <link href=\"https://fonts.googleapis.com/css?family=Ubuntu:300,400,500,700\" rel=\"stylesheet\" type=\"text/css\">\n        <style type=\"text/css\">\n            @import url(https://fonts.googleapis.com/css?family=Ubuntu:300,400,500,700);\n        </style>\n        <!--<![endif]-->\n        <style type=\"text/css\">\n            @media only screen and (min-width:480px) {\n                .mj-column-per-50 {\n                    width: 50% !important;\n                    max-width: 50%;\n                }\n                .mj-column-per-100 {\n                    width: 100% !important;\n                    max-width: 100%;\n                }\n                .mj-column-per-33 {\n                    width: 33.333% !important;\n                    max-width: 33.333%;\n                }\n            }\n        </style>\n        <style type=\"text/css\">\n            @media only screen and (max-width:480px) {\n                table.full-width-mobile {\n                    width: 100% !important;\n                }\n                td.full-width-mobile {\n                    width: auto !important;\n                }\n            }\n        </style>\n    </head>\n\n    <body style=\"background-color:#eee;\">\n        <div style=\"background-color:#eee;\">\n            <!--[if mso | IE]>\n            <table\n                    align=\"center\" border=\"0\" cellpadding=\"0\" cellspacing=\"0\" class=\"\" style=\"width:600px;\" width=\"600\"\n            >\n                <tr>\n                    <td style=\"line-height:0px;font-size:0px;mso-line-height-rule:exactly;\">\n            <![endif]-->\n            <div style=\"background:#28315E;background-color:#28315E;Margin:0px auto;max-width:600px;\">\n                <table align=\"center\" border=\"0\" cellpadding=\"0\" cellspacing=\"0\" role=\"presentation\" style=\"background:#28315E;background-color:#28315E;width:100%;\">\n                    <tbody>\n                        <tr>\n                            <td style=\"direction:ltr;font-size:0px;padding:30px 20px;text-align:center;vertical-align:top;\">\n                                <!--[if mso | IE]>\n                                <table role=\"presentation\" border=\"0\" cellpadding=\"0\" cellspacing=\"0\">\n\n                                    <tr>\n\n                                        <td\n                                                class=\"\" style=\"vertical-align:top;width:280px;\"\n                                        >\n                                <![endif]-->\n                                <div class=\"mj-column-per-50 outlook-group-fix\" style=\"font-size:13px;text-align:left;direction:ltr;display:inline-block;vertical-align:top;width:100%;\">\n                                    <table border=\"0\" cellpadding=\"0\" cellspacing=\"0\" role=\"presentation\" style=\"vertical-align:top;\" width=\"100%\">\n                                        <tr>\n                                            <td align=\"left\" style=\"font-size:0px;padding:10px 25px;word-break:break-word;\">\n                                                <table align=\"left\" border=\"0\" cellpadding=\"0\" cellspacing=\"0\" role=\"presentation\" style=\"border-collapse:collapse;border-spacing:0px;\">\n                                                    <tbody>\n                                                        <tr>\n                                                            <td style=\"width:150px;\"> <img height=\"auto\" src=\"https://i.ibb.co/Drp8rfs/esemde-logo-full.png\" style=\"border:0;display:block;outline:none;text-decoration:none;height:auto;width:100%;\" width=\"150\" /> </td>\n                                                        </tr>\n                                                    </tbody>\n                                                </table>\n                                            </td>\n                                        </tr>\n                                    </table>\n                                </div>\n                                <!--[if mso | IE]>\n                                </td>\n\n                                <td\n                                        class=\"\" style=\"vertical-align:top;width:280px;\"\n                                >\n                                <![endif]-->\n                                <div class=\"mj-column-per-50 outlook-group-fix\" style=\"font-size:13px;text-align:left;direction:ltr;display:inline-block;vertical-align:top;width:100%;\">\n                                    <table border=\"0\" cellpadding=\"0\" cellspacing=\"0\" role=\"presentation\" width=\"100%\">\n                                        <tbody>\n                                            <tr>\n                                                <td style=\"vertical-align:top;padding-top:7px;\">\n                                                    <table border=\"0\" cellpadding=\"0\" cellspacing=\"0\" role=\"presentation\" style=\"\" width=\"100%\">\n                                                        <tr>\n                                                            <td align=\"right\" style=\"font-size:0px;padding:10px 25px;word-break:break-word;\">\n                                                                <div style=\"font-family:Ubuntu, Helvetica, Arial, sans-serif;font-size:20px;line-height:1;text-align:right;color:#fff;\">Template Status Change</div>\n                                                            </td>\n                                                        </tr>\n                                                    </table>\n                                                </td>\n                                            </tr>\n                                        </tbody>\n                                    </table>\n                                </div>\n                                <!--[if mso | IE]>\n                                </td>\n\n                                </tr>\n\n                                </table>\n                                <![endif]-->\n                            </td>\n                        </tr>\n                    </tbody>\n                </table>\n            </div>\n            <!--[if mso | IE]>\n            </td>\n            </tr>\n            </table>\n\n            <table\n                    align=\"center\" border=\"0\" cellpadding=\"0\" cellspacing=\"0\" class=\"\" style=\"width:600px;\" width=\"600\"\n            >\n                <tr>\n                    <td style=\"line-height:0px;font-size:0px;mso-line-height-rule:exactly;\">\n            <![endif]-->\n            <div style=\"background:#fff;background-color:#fff;Margin:0px auto;max-width:600px;\">\n                <table align=\"center\" border=\"0\" cellpadding=\"0\" cellspacing=\"0\" role=\"presentation\" style=\"background:#fff;background-color:#fff;width:100%;\">\n                    <tbody>\n                        <tr>\n                            <td style=\"direction:ltr;font-size:0px;padding:20px 0;text-align:center;vertical-align:top;\">\n                                <!--[if mso | IE]>\n                                <table role=\"presentation\" border=\"0\" cellpadding=\"0\" cellspacing=\"0\">\n\n                                    <tr>\n\n                                        <td\n                                                class=\"\" style=\"vertical-align:top;width:600px;\"\n                                        >\n                                <![endif]-->\n                                <div class=\"mj-column-per-100 outlook-group-fix\" style=\"font-size:13px;text-align:left;direction:ltr;display:inline-block;vertical-align:top;width:100%;\">\n                                    <table border=\"0\" cellpadding=\"0\" cellspacing=\"0\" role=\"presentation\" style=\"vertical-align:top;\" width=\"100%\">\n                                        <tr>\n                                            <td align=\"center\" style=\"font-size:0px;padding:10px 25px;padding-top:40px;word-break:break-word;\">\n                                                <div style=\"font-family:Ubuntu, Helvetica, Arial, sans-serif;font-size:13px;line-height:30px;text-align:center;color:#000000;\">\n                                                    <h3>Testing Admin has approved your post template</h3>\n                                                    <p>Post template copy: \n\n\n\nCUstom teszt\n\n</p>\n                                                    <p style=\"font-size:18px\">Click <a href=\"https://smd.w5/template-manager?templateID=22123\" target=\"_blank\">here</a> to view.</p>\n                                                    <p style=\"font-size:16px;\">Getting too much email from daniel.erdei@w5labs.com?\n                                                        <a href=\"https://smd.w5/profile/settings\" target=\"_blank\">You can unsubscribe</a></p>\n                                                </div>\n                                            </td>\n                                        </tr>\n                                    </table>\n                                </div>\n                                <!--[if mso | IE]>\n                                </td>\n\n                                </tr>\n\n                                </table>\n                                <![endif]-->\n                            </td>\n                        </tr>\n                    </tbody>\n                </table>\n            </div>\n            <!--[if mso | IE]>\n            </td>\n            </tr>\n            </table>\n\n            <table\n                    align=\"center\" border=\"0\" cellpadding=\"0\" cellspacing=\"0\" class=\"\" style=\"width:600px;\" width=\"600\"\n            >\n                <tr>\n                    <td style=\"line-height:0px;font-size:0px;mso-line-height-rule:exactly;\">\n            <![endif]-->\n            <div style=\"background:#28315E;background-color:#28315E;Margin:0px auto;max-width:600px;\">\n                <table align=\"center\" border=\"0\" cellpadding=\"0\" cellspacing=\"0\" role=\"presentation\" style=\"background:#28315E;background-color:#28315E;width:100%;\">\n                    <tbody>\n                        <tr>\n                            <td style=\"direction:ltr;font-size:0px;padding:20px 0;text-align:center;vertical-align:top;\">\n                                <!--[if mso | IE]>\n                                <table role=\"presentation\" border=\"0\" cellpadding=\"0\" cellspacing=\"0\">\n\n                                    <tr>\n\n                                        <td\n                                                class=\"\" style=\"vertical-align:top;width:199.998px;\"\n                                        >\n                                <![endif]-->\n                                <div class=\"mj-column-per-33 outlook-group-fix\" style=\"font-size:13px;text-align:left;direction:ltr;display:inline-block;vertical-align:top;width:100%;\">\n                                    <table border=\"0\" cellpadding=\"0\" cellspacing=\"0\" role=\"presentation\" style=\"vertical-align:top;\" width=\"100%\">\n                                        <tr>\n                                            <td align=\"center\" style=\"font-size:0px;padding:10px 25px;word-break:break-word;\">\n                                                <div style=\"font-family:Ubuntu, Helvetica, Arial, sans-serif;font-size:13px;line-height:1;text-align:center;color:#fff;\"> Email: <a href=\"mailto:support@esemdee.com\" style=\"color:#fff;\">support@esemdee.com</a> </div>\n                                            </td>\n                                        </tr>\n                                    </table>\n                                </div>\n                                <!--[if mso | IE]>\n                                </td>\n\n                                <td\n                                        class=\"\" style=\"vertical-align:top;width:199.998px;\"\n                                >\n                                <![endif]-->\n                                <div class=\"mj-column-per-33 outlook-group-fix\" style=\"font-size:13px;text-align:left;direction:ltr;display:inline-block;vertical-align:top;width:100%;\">\n                                    <table border=\"0\" cellpadding=\"0\" cellspacing=\"0\" role=\"presentation\" style=\"vertical-align:top;\" width=\"100%\">\n                                        <tr>\n                                            <td align=\"center\" style=\"font-size:0px;padding:10px 25px;word-break:break-word;\">\n                                                <div style=\"font-family:Ubuntu, Helvetica, Arial, sans-serif;font-size:13px;line-height:1;text-align:center;color:#fff;\"> Tel: <a href=\"tel:+44 (0) 118 848 7000\" style=\"color:#fff;\">+44 (0) 118 848 7000</a> </div>\n                                            </td>\n                                        </tr>\n                                    </table>\n                                </div>\n                                <!--[if mso | IE]>\n                                </td>\n\n                                <td\n                                        class=\"\" style=\"vertical-align:top;width:199.998px;\"\n                                >\n                                <![endif]-->\n                                <div class=\"mj-column-per-33 outlook-group-fix\" style=\"font-size:13px;text-align:left;direction:ltr;display:inline-block;vertical-align:top;width:100%;\">\n                                    <table border=\"0\" cellpadding=\"0\" cellspacing=\"0\" role=\"presentation\" style=\"vertical-align:top;\" width=\"100%\">\n                                        <tr>\n                                            <td align=\"center\" style=\"font-size:0px;padding:10px 25px;word-break:break-word;\">\n                                                <div style=\"font-family:Ubuntu, Helvetica, Arial, sans-serif;font-size:13px;line-height:18px;text-align:center;color:#fff;\"> Address: <a href=\"\" style=\"color:#fff;\">S.M. Directions\n                                                        200 Brook Drive\n                                                        Green Park\n                                                        Reading, Berkshire\n                                                        RG2 6UB\n                                                        The United Kingdom</a> </div>\n                                            </td>\n                                        </tr>\n                                    </table>\n                                </div>\n                                <!--[if mso | IE]>\n                                </td>\n\n                                <td\n                                        class=\"\" style=\"vertical-align:top;width:600px;\"\n                                >\n                                <![endif]-->\n                                <div class=\"mj-column-per-100 outlook-group-fix\" style=\"font-size:13px;text-align:left;direction:ltr;display:inline-block;vertical-align:top;width:100%;\">\n                                    <table border=\"0\" cellpadding=\"0\" cellspacing=\"0\" role=\"presentation\" style=\"vertical-align:top;\" width=\"100%\">\n                                        <tr>\n                                            <td align=\"center\" style=\"font-size:0px;padding:10px 25px;padding-top:15px;padding-bottom:0;word-break:break-word;\">\n                                                <div style=\"font-family:Ubuntu, Helvetica, Arial, sans-serif;font-size:13px;line-height:1;text-align:center;color:#fff;\"> &copy; 2019 smd </div>\n                                            </td>\n                                        </tr>\n                                    </table>\n                                </div>\n                                <!--[if mso | IE]>\n                                </td>\n\n                                </tr>\n\n                                </table>\n                                <![endif]-->\n                            </td>\n                        </tr>\n                    </tbody>\n                </table>\n            </div>\n            <!--[if mso | IE]>\n            </td>\n            </tr>\n            </table>\n            <![endif]-->\n        </div>\n    </body>\n\n</html>\n', '2020-01-16 08:02:00', '2020-01-16 08:03:00', NULL, 3, NULL);
INSERT INTO `smd__email_queue` (`emailQueueID`, `from`, `fromName`, `to`, `toName`, `subject`, `content`, `createDate`, `sent`, `attempt`, `maxAttempts`, `lastAttempt`) VALUES
(6, NULL, NULL, 'pinter.szabolcs@w5labs.com', 'Testing Admin', 'Post not published', '<!doctype html>\n<html xmlns=\"http://www.w3.org/1999/xhtml\">\n\n    <head>\n        <title> </title>\n        <!--[if !mso]><!-- -->\n        <meta http-equiv=\"X-UA-Compatible\" content=\"IE=edge\">\n        <!--<![endif]-->\n        <meta http-equiv=\"Content-Type\" content=\"text/html; charset=UTF-8\">\n        <meta name=\"viewport\" content=\"width=device-width, initial-scale=1\">\n        <style type=\"text/css\">\n            #outlook a {\n                padding: 0;\n            }\n\n            .ReadMsgBody {\n                width: 100%;\n            }\n\n            .ExternalClass {\n                width: 100%;\n            }\n\n            .ExternalClass * {\n                line-height: 100%;\n            }\n\n            body {\n                margin: 0;\n                padding: 0;\n                -webkit-text-size-adjust: 100%;\n                -ms-text-size-adjust: 100%;\n            }\n\n            table,\n            td {\n                border-collapse: collapse;\n                mso-table-lspace: 0pt;\n                mso-table-rspace: 0pt;\n            }\n\n            img {\n                border: 0;\n                height: auto;\n                line-height: 100%;\n                outline: none;\n                text-decoration: none;\n                -ms-interpolation-mode: bicubic;\n            }\n\n            p {\n                display: block;\n                margin: 13px 0;\n            }\n        </style>\n        <!--[if !mso]><!-->\n        <style type=\"text/css\">\n            @media only screen and (max-width:480px) {\n                @-ms-viewport {\n                    width: 320px;\n                }\n                @viewport {\n                    width: 320px;\n                }\n            }\n        </style>\n        <!--<![endif]-->\n        <!--[if mso]>\n        <xml>\n            <o:OfficeDocumentSettings>\n                <o:AllowPNG/>\n                <o:PixelsPerInch>96</o:PixelsPerInch>\n            </o:OfficeDocumentSettings>\n        </xml>\n        <![endif]-->\n        <!--[if lte mso 11]>\n        <style type=\"text/css\">\n            .outlook-group-fix { width:100% !important; }\n        </style>\n        <![endif]-->\n        <!--[if !mso]><!-->\n        <link href=\"https://fonts.googleapis.com/css?family=Ubuntu:300,400,500,700\" rel=\"stylesheet\" type=\"text/css\">\n        <style type=\"text/css\">\n            @import url(https://fonts.googleapis.com/css?family=Ubuntu:300,400,500,700);\n        </style>\n        <!--<![endif]-->\n        <style type=\"text/css\">\n            @media only screen and (min-width:480px) {\n                .mj-column-per-50 {\n                    width: 50% !important;\n                    max-width: 50%;\n                }\n                .mj-column-per-100 {\n                    width: 100% !important;\n                    max-width: 100%;\n                }\n                .mj-column-per-33 {\n                    width: 33.333% !important;\n                    max-width: 33.333%;\n                }\n            }\n        </style>\n        <style type=\"text/css\">\n            @media only screen and (max-width:480px) {\n                table.full-width-mobile {\n                    width: 100% !important;\n                }\n                td.full-width-mobile {\n                    width: auto !important;\n                }\n            }\n        </style>\n    </head>\n\n    <body style=\"background-color:#eee;\">\n        <div style=\"background-color:#eee;\">\n            <!--[if mso | IE]>\n            <table\n                    align=\"center\" border=\"0\" cellpadding=\"0\" cellspacing=\"0\" class=\"\" style=\"width:600px;\" width=\"600\"\n            >\n                <tr>\n                    <td style=\"line-height:0px;font-size:0px;mso-line-height-rule:exactly;\">\n            <![endif]-->\n            <div style=\"background:#28315E;background-color:#28315E;Margin:0px auto;max-width:600px;\">\n                <table align=\"center\" border=\"0\" cellpadding=\"0\" cellspacing=\"0\" role=\"presentation\" style=\"background:#28315E;background-color:#28315E;width:100%;\">\n                    <tbody>\n                        <tr>\n                            <td style=\"direction:ltr;font-size:0px;padding:30px 20px;text-align:center;vertical-align:top;\">\n                                <!--[if mso | IE]>\n                                <table role=\"presentation\" border=\"0\" cellpadding=\"0\" cellspacing=\"0\">\n\n                                    <tr>\n\n                                        <td\n                                                class=\"\" style=\"vertical-align:top;width:280px;\"\n                                        >\n                                <![endif]-->\n                                <div class=\"mj-column-per-50 outlook-group-fix\" style=\"font-size:13px;text-align:left;direction:ltr;display:inline-block;vertical-align:top;width:100%;\">\n                                    <table border=\"0\" cellpadding=\"0\" cellspacing=\"0\" role=\"presentation\" style=\"vertical-align:top;\" width=\"100%\">\n                                        <tr>\n                                            <td align=\"left\" style=\"font-size:0px;padding:10px 25px;word-break:break-word;\">\n                                                <table align=\"left\" border=\"0\" cellpadding=\"0\" cellspacing=\"0\" role=\"presentation\" style=\"border-collapse:collapse;border-spacing:0px;\">\n                                                    <tbody>\n                                                        <tr>\n                                                            <td style=\"width:150px;\"> <img height=\"auto\" src=\"https://i.ibb.co/Drp8rfs/esemde-logo-full.png\" style=\"border:0;display:block;outline:none;text-decoration:none;height:auto;width:100%;\" width=\"150\" /> </td>\n                                                        </tr>\n                                                    </tbody>\n                                                </table>\n                                            </td>\n                                        </tr>\n                                    </table>\n                                </div>\n                                <!--[if mso | IE]>\n                                </td>\n\n                                <td\n                                        class=\"\" style=\"vertical-align:top;width:280px;\"\n                                >\n                                <![endif]-->\n                                <div class=\"mj-column-per-50 outlook-group-fix\" style=\"font-size:13px;text-align:left;direction:ltr;display:inline-block;vertical-align:top;width:100%;\">\n                                    <table border=\"0\" cellpadding=\"0\" cellspacing=\"0\" role=\"presentation\" width=\"100%\">\n                                        <tbody>\n                                            <tr>\n                                                <td style=\"vertical-align:top;padding-top:7px;\">\n                                                    <table border=\"0\" cellpadding=\"0\" cellspacing=\"0\" role=\"presentation\" style=\"\" width=\"100%\">\n                                                        <tr>\n                                                            <td align=\"right\" style=\"font-size:0px;padding:10px 25px;word-break:break-word;\">\n                                                                <div style=\"font-family:Ubuntu, Helvetica, Arial, sans-serif;font-size:20px;line-height:1;text-align:right;color:#fff;\">Post Error</div>\n                                                            </td>\n                                                        </tr>\n                                                    </table>\n                                                </td>\n                                            </tr>\n                                        </tbody>\n                                    </table>\n                                </div>\n                                <!--[if mso | IE]>\n                                </td>\n\n                                </tr>\n\n                                </table>\n                                <![endif]-->\n                            </td>\n                        </tr>\n                    </tbody>\n                </table>\n            </div>\n            <!--[if mso | IE]>\n            </td>\n            </tr>\n            </table>\n\n            <table\n                    align=\"center\" border=\"0\" cellpadding=\"0\" cellspacing=\"0\" class=\"\" style=\"width:600px;\" width=\"600\"\n            >\n                <tr>\n                    <td style=\"line-height:0px;font-size:0px;mso-line-height-rule:exactly;\">\n            <![endif]-->\n            <div style=\"background:#fff;background-color:#fff;Margin:0px auto;max-width:600px;\">\n                <table align=\"center\" border=\"0\" cellpadding=\"0\" cellspacing=\"0\" role=\"presentation\" style=\"background:#fff;background-color:#fff;width:100%;\">\n                    <tbody>\n                        <tr>\n                            <td style=\"direction:ltr;font-size:0px;padding:20px 0;text-align:center;vertical-align:top;\">\n                                <!--[if mso | IE]>\n                                <table role=\"presentation\" border=\"0\" cellpadding=\"0\" cellspacing=\"0\">\n\n                                    <tr>\n\n                                        <td\n                                                class=\"\" style=\"vertical-align:top;width:600px;\"\n                                        >\n                                <![endif]-->\n                                <div class=\"mj-column-per-100 outlook-group-fix\" style=\"font-size:13px;text-align:left;direction:ltr;display:inline-block;vertical-align:top;width:100%;\">\n                                    <table border=\"0\" cellpadding=\"0\" cellspacing=\"0\" role=\"presentation\" style=\"vertical-align:top;\" width=\"100%\">\n                                        <tr>\n                                            <td align=\"center\" style=\"font-size:0px;padding:10px 25px;padding-top:40px;word-break:break-word;\">\n                                                <div style=\"font-family:Ubuntu, Helvetica, Arial, sans-serif;font-size:13px;line-height:30px;text-align:center;color:#000000;\">\n                                                    <h3>There was an unknown problem while publishing your Facebook post scheduled. \n                                                        This might be a technical issue and our team will be notified but for now please publish your post\n                                                        directly on Facebook.</h3>\n                                                    <p>Post copy: http://index.hu\nhibát szeretnék</p>\n                                                    <p>Affected site: SMD Teszt</p>\n                                                    <p style=\"font-size:16px;\">Getting too much email from daniel.erdei@w5labs.com?\n                                                        <a href=\"https://smd.dev.w5host.com/profile/settings\" target=\"_blank\">You can unsubscribe</a></p>\n                                                </div>\n                                            </td>\n                                        </tr>\n                                    </table>\n                                </div>\n                                <!--[if mso | IE]>\n                                </td>\n\n                                </tr>\n\n                                </table>\n                                <![endif]-->\n                            </td>\n                        </tr>\n                    </tbody>\n                </table>\n            </div>\n            <!--[if mso | IE]>\n            </td>\n            </tr>\n            </table>\n\n            <table\n                    align=\"center\" border=\"0\" cellpadding=\"0\" cellspacing=\"0\" class=\"\" style=\"width:600px;\" width=\"600\"\n            >\n                <tr>\n                    <td style=\"line-height:0px;font-size:0px;mso-line-height-rule:exactly;\">\n            <![endif]-->\n            <div style=\"background:#28315E;background-color:#28315E;Margin:0px auto;max-width:600px;\">\n                <table align=\"center\" border=\"0\" cellpadding=\"0\" cellspacing=\"0\" role=\"presentation\" style=\"background:#28315E;background-color:#28315E;width:100%;\">\n                    <tbody>\n                        <tr>\n                            <td style=\"direction:ltr;font-size:0px;padding:20px 0;text-align:center;vertical-align:top;\">\n                                <!--[if mso | IE]>\n                                <table role=\"presentation\" border=\"0\" cellpadding=\"0\" cellspacing=\"0\">\n\n                                    <tr>\n\n                                        <td\n                                                class=\"\" style=\"vertical-align:top;width:199.998px;\"\n                                        >\n                                <![endif]-->\n                                <div class=\"mj-column-per-33 outlook-group-fix\" style=\"font-size:13px;text-align:left;direction:ltr;display:inline-block;vertical-align:top;width:100%;\">\n                                    <table border=\"0\" cellpadding=\"0\" cellspacing=\"0\" role=\"presentation\" style=\"vertical-align:top;\" width=\"100%\">\n                                        <tr>\n                                            <td align=\"center\" style=\"font-size:0px;padding:10px 25px;word-break:break-word;\">\n                                                <div style=\"font-family:Ubuntu, Helvetica, Arial, sans-serif;font-size:13px;line-height:1;text-align:center;color:#fff;\"> Email: <a href=\"mailto:support@esemdee.com\" style=\"color:#fff;\">support@esemdee.com</a> </div>\n                                            </td>\n                                        </tr>\n                                    </table>\n                                </div>\n                                <!--[if mso | IE]>\n                                </td>\n\n                                <td\n                                        class=\"\" style=\"vertical-align:top;width:199.998px;\"\n                                >\n                                <![endif]-->\n                                <div class=\"mj-column-per-33 outlook-group-fix\" style=\"font-size:13px;text-align:left;direction:ltr;display:inline-block;vertical-align:top;width:100%;\">\n                                    <table border=\"0\" cellpadding=\"0\" cellspacing=\"0\" role=\"presentation\" style=\"vertical-align:top;\" width=\"100%\">\n                                        <tr>\n                                            <td align=\"center\" style=\"font-size:0px;padding:10px 25px;word-break:break-word;\">\n                                                <div style=\"font-family:Ubuntu, Helvetica, Arial, sans-serif;font-size:13px;line-height:1;text-align:center;color:#fff;\"> Tel: <a href=\"tel:+44 (0) 118 848 7000\" style=\"color:#fff;\">+44 (0) 118 848 7000</a> </div>\n                                            </td>\n                                        </tr>\n                                    </table>\n                                </div>\n                                <!--[if mso | IE]>\n                                </td>\n\n                                <td\n                                        class=\"\" style=\"vertical-align:top;width:199.998px;\"\n                                >\n                                <![endif]-->\n                                <div class=\"mj-column-per-33 outlook-group-fix\" style=\"font-size:13px;text-align:left;direction:ltr;display:inline-block;vertical-align:top;width:100%;\">\n                                    <table border=\"0\" cellpadding=\"0\" cellspacing=\"0\" role=\"presentation\" style=\"vertical-align:top;\" width=\"100%\">\n                                        <tr>\n                                            <td align=\"center\" style=\"font-size:0px;padding:10px 25px;word-break:break-word;\">\n                                                <div style=\"font-family:Ubuntu, Helvetica, Arial, sans-serif;font-size:13px;line-height:18px;text-align:center;color:#fff;\"> Address: <a href=\"\" style=\"color:#fff;\">S.M. Directions\n                                                        200 Brook Drive\n                                                        Green Park\n                                                        Reading, Berkshire\n                                                        RG2 6UB\n                                                        The United Kingdom</a> </div>\n                                            </td>\n                                        </tr>\n                                    </table>\n                                </div>\n                                <!--[if mso | IE]>\n                                </td>\n\n                                <td\n                                        class=\"\" style=\"vertical-align:top;width:600px;\"\n                                >\n                                <![endif]-->\n                                <div class=\"mj-column-per-100 outlook-group-fix\" style=\"font-size:13px;text-align:left;direction:ltr;display:inline-block;vertical-align:top;width:100%;\">\n                                    <table border=\"0\" cellpadding=\"0\" cellspacing=\"0\" role=\"presentation\" style=\"vertical-align:top;\" width=\"100%\">\n                                        <tr>\n                                            <td align=\"center\" style=\"font-size:0px;padding:10px 25px;padding-top:15px;padding-bottom:0;word-break:break-word;\">\n                                                <div style=\"font-family:Ubuntu, Helvetica, Arial, sans-serif;font-size:13px;line-height:1;text-align:center;color:#fff;\"> &copy; 2019 smd </div>\n                                            </td>\n                                        </tr>\n                                    </table>\n                                </div>\n                                <!--[if mso | IE]>\n                                </td>\n\n                                </tr>\n\n                                </table>\n                                <![endif]-->\n                            </td>\n                        </tr>\n                    </tbody>\n                </table>\n            </div>\n            <!--[if mso | IE]>\n            </td>\n            </tr>\n            </table>\n            <![endif]-->\n        </div>\n    </body>\n\n</html>', '2020-01-16 10:04:15', '2020-01-16 10:04:31', NULL, 3, NULL),
(7, NULL, NULL, 'csaba.varga@w5labs.com', 'Csaba Varga', 'Csaba Varga your partner will be deleted', '\n<!doctype html>\n<html xmlns=\"http://www.w3.org/1999/xhtml\">\n\n    <head>\n        <title> </title>\n        <!--[if !mso]><!-- -->\n        <meta http-equiv=\"X-UA-Compatible\" content=\"IE=edge\">\n        <!--<![endif]-->\n        <meta http-equiv=\"Content-Type\" content=\"text/html; charset=UTF-8\">\n        <meta name=\"viewport\" content=\"width=device-width, initial-scale=1\">\n        <style type=\"text/css\">\n            #outlook a {\n                padding: 0;\n            }\n\n            .ReadMsgBody {\n                width: 100%;\n            }\n\n            .ExternalClass {\n                width: 100%;\n            }\n\n            .ExternalClass * {\n                line-height: 100%;\n            }\n\n            body {\n                margin: 0;\n                padding: 0;\n                -webkit-text-size-adjust: 100%;\n                -ms-text-size-adjust: 100%;\n            }\n\n            table,\n            td {\n                border-collapse: collapse;\n                mso-table-lspace: 0pt;\n                mso-table-rspace: 0pt;\n            }\n\n            img {\n                border: 0;\n                height: auto;\n                line-height: 100%;\n                outline: none;\n                text-decoration: none;\n                -ms-interpolation-mode: bicubic;\n            }\n\n            p {\n                display: block;\n                margin: 13px 0;\n            }\n        </style>\n        <!--[if !mso]><!-->\n        <style type=\"text/css\">\n            @media only screen and (max-width:480px) {\n                @-ms-viewport {\n                    width: 320px;\n                }\n                @viewport {\n                    width: 320px;\n                }\n            }\n        </style>\n        <!--<![endif]-->\n        <!--[if mso]>\n        <xml>\n            <o:OfficeDocumentSettings>\n                <o:AllowPNG/>\n                <o:PixelsPerInch>96</o:PixelsPerInch>\n            </o:OfficeDocumentSettings>\n        </xml>\n        <![endif]-->\n        <!--[if lte mso 11]>\n        <style type=\"text/css\">\n            .outlook-group-fix { width:100% !important; }\n        </style>\n        <![endif]-->\n        <!--[if !mso]><!-->\n        <link href=\"https://fonts.googleapis.com/css?family=Ubuntu:300,400,500,700\" rel=\"stylesheet\" type=\"text/css\">\n        <style type=\"text/css\">\n            @import url(https://fonts.googleapis.com/css?family=Ubuntu:300,400,500,700);\n        </style>\n        <!--<![endif]-->\n        <style type=\"text/css\">\n            @media only screen and (min-width:480px) {\n                .mj-column-per-50 {\n                    width: 50% !important;\n                    max-width: 50%;\n                }\n                .mj-column-per-100 {\n                    width: 100% !important;\n                    max-width: 100%;\n                }\n                .mj-column-per-33 {\n                    width: 33.333% !important;\n                    max-width: 33.333%;\n                }\n            }\n        </style>\n        <style type=\"text/css\">\n            @media only screen and (max-width:480px) {\n                table.full-width-mobile {\n                    width: 100% !important;\n                }\n                td.full-width-mobile {\n                    width: auto !important;\n                }\n            }\n        </style>\n    </head>\n\n    <body style=\"background-color:#eee;\">\n        <div style=\"background-color:#eee;\">\n            <!--[if mso | IE]>\n            <table\n                    align=\"center\" border=\"0\" cellpadding=\"0\" cellspacing=\"0\" class=\"\" style=\"width:600px;\" width=\"600\"\n            >\n                <tr>\n                    <td style=\"line-height:0px;font-size:0px;mso-line-height-rule:exactly;\">\n            <![endif]-->\n            <div style=\"background:#28315E;background-color:#28315E;Margin:0px auto;max-width:600px;\">\n                <table align=\"center\" border=\"0\" cellpadding=\"0\" cellspacing=\"0\" role=\"presentation\" style=\"background:#28315E;background-color:#28315E;width:100%;\">\n                    <tbody>\n                        <tr>\n                            <td style=\"direction:ltr;font-size:0px;padding:30px 20px;text-align:center;vertical-align:top;\">\n                                <!--[if mso | IE]>\n                                <table role=\"presentation\" border=\"0\" cellpadding=\"0\" cellspacing=\"0\">\n\n                                    <tr>\n\n                                        <td\n                                                class=\"\" style=\"vertical-align:top;width:280px;\"\n                                        >\n                                <![endif]-->\n                                <div class=\"mj-column-per-50 outlook-group-fix\" style=\"font-size:13px;text-align:left;direction:ltr;display:inline-block;vertical-align:top;width:100%;\">\n                                    <table border=\"0\" cellpadding=\"0\" cellspacing=\"0\" role=\"presentation\" style=\"vertical-align:top;\" width=\"100%\">\n                                        <tr>\n                                            <td align=\"left\" style=\"font-size:0px;padding:10px 25px;word-break:break-word;\">\n                                                <table align=\"left\" border=\"0\" cellpadding=\"0\" cellspacing=\"0\" role=\"presentation\" style=\"border-collapse:collapse;border-spacing:0px;\">\n                                                    <tbody>\n                                                        <tr>\n                                                            <td style=\"width:150px;\"> <img height=\"auto\" src=\"https://i.ibb.co/Drp8rfs/esemde-logo-full.png\" style=\"border:0;display:block;outline:none;text-decoration:none;height:auto;width:100%;\" width=\"150\" /> </td>\n                                                        </tr>\n                                                    </tbody>\n                                                </table>\n                                            </td>\n                                        </tr>\n                                    </table>\n                                </div>\n                                <!--[if mso | IE]>\n                                </td>\n\n                                <td\n                                        class=\"\" style=\"vertical-align:top;width:280px;\"\n                                >\n                                <![endif]-->\n                                <div class=\"mj-column-per-50 outlook-group-fix\" style=\"font-size:13px;text-align:left;direction:ltr;display:inline-block;vertical-align:top;width:100%;\">\n                                    <table border=\"0\" cellpadding=\"0\" cellspacing=\"0\" role=\"presentation\" width=\"100%\">\n                                        <tbody>\n                                            <tr>\n                                                <td style=\"vertical-align:top;padding-top:7px;\">\n                                                    <table border=\"0\" cellpadding=\"0\" cellspacing=\"0\" role=\"presentation\" style=\"\" width=\"100%\">\n                                                        <tr>\n                                                            <td align=\"right\" style=\"font-size:0px;padding:10px 25px;word-break:break-word;\">\n                                                                <div style=\"font-family:Ubuntu, Helvetica, Arial, sans-serif;font-size:22px;line-height:1;text-align:right;color:#fff;\"> Partner delete </div>\n                                                            </td>\n                                                        </tr>\n                                                    </table>\n                                                </td>\n                                            </tr>\n                                        </tbody>\n                                    </table>\n                                </div>\n                                <!--[if mso | IE]>\n                                </td>\n\n                                </tr>\n\n                                </table>\n                                <![endif]-->\n                            </td>\n                        </tr>\n                    </tbody>\n                </table>\n            </div>\n            <!--[if mso | IE]>\n            </td>\n            </tr>\n            </table>\n\n            <table\n                    align=\"center\" border=\"0\" cellpadding=\"0\" cellspacing=\"0\" class=\"\" style=\"width:600px;\" width=\"600\"\n            >\n                <tr>\n                    <td style=\"line-height:0px;font-size:0px;mso-line-height-rule:exactly;\">\n            <![endif]-->\n            <div style=\"background:#fff;background-color:#fff;Margin:0px auto;max-width:600px;\">\n                <table align=\"center\" border=\"0\" cellpadding=\"0\" cellspacing=\"0\" role=\"presentation\" style=\"background:#fff;background-color:#fff;width:100%;\">\n                    <tbody>\n                        <tr>\n                            <td style=\"direction:ltr;font-size:0px;padding:20px 0;text-align:center;vertical-align:top;\">\n                                <!--[if mso | IE]>\n                                <table role=\"presentation\" border=\"0\" cellpadding=\"0\" cellspacing=\"0\">\n\n                                    <tr>\n\n                                        <td\n                                                class=\"\" style=\"vertical-align:top;width:600px;\"\n                                        >\n                                <![endif]-->\n                                <div class=\"mj-column-per-100 outlook-group-fix\" style=\"font-size:13px;text-align:left;direction:ltr;display:inline-block;vertical-align:top;width:100%;\">\n                                    <table border=\"0\" cellpadding=\"0\" cellspacing=\"0\" role=\"presentation\" style=\"vertical-align:top;\" width=\"100%\">\n                                        <tr>\n                                            <td align=\"center\" style=\"font-size:0px;padding:10px 25px;padding-top:40px;word-break:break-word;\">\n                                                <div style=\"font-family:Ubuntu, Helvetica, Arial, sans-serif;font-size:13px;line-height:30px;text-align:center;color:#000000;\">\n                                                    <h1>Dear  csaba.varga@w5labs.com</h1>\n                                                    <p style=\"font-size:18px\">Csaba Varga requested to delete your partner and it will be deleted at 2020-02-04. If you want to keep the partner, please click the link below. </p>\n                                                    <p>https://smd.w5/profile</p>\n                                                </div>\n                                            </td>\n                                        </tr>\n                                        <tr>\n                                            <td align=\"center\" vertical-align=\"middle\" style=\"font-size:0px;padding:10px 25px;padding-top:30px;padding-bottom:40px;word-break:break-word;\">\n                                                <table align=\"center\" border=\"0\" cellpadding=\"0\" cellspacing=\"0\" role=\"presentation\" style=\"border-collapse:separate;line-height:100%;\">\n                                                    <tr>\n                                                        <td align=\"center\" bgcolor=\"#3FCFFF\" role=\"presentation\" style=\"border:none;border-radius:3px;cursor:auto;height:45px;padding:10px 25px;\" valign=\"middle\">\n                                                            <a href=\"https://smd.w5/profile\" style=\"background:#3FCFFF;color:#ffffff;font-family:Ubuntu, Helvetica, Arial, sans-serif;font-size:24px;font-weight:normal;line-height:120%;Margin:0;text-decoration:none;text-transform:none;\" target=\"_blank\">\n                                                                My profile                                                            </a>\n                                                        </td>\n                                                    </tr>\n                                                </table>\n                                            </td>\n                                        </tr>\n                                    </table>\n                                </div>\n                                <!--[if mso | IE]>\n                                </td>\n\n                                </tr>\n\n                                </table>\n                                <![endif]-->\n                            </td>\n                        </tr>\n                    </tbody>\n                </table>\n            </div>\n            <!--[if mso | IE]>\n            </td>\n            </tr>\n            </table>\n\n            <table\n                    align=\"center\" border=\"0\" cellpadding=\"0\" cellspacing=\"0\" class=\"\" style=\"width:600px;\" width=\"600\"\n            >\n                <tr>\n                    <td style=\"line-height:0px;font-size:0px;mso-line-height-rule:exactly;\">\n            <![endif]-->\n            <div style=\"background:#28315E;background-color:#28315E;Margin:0px auto;max-width:600px;\">\n                <table align=\"center\" border=\"0\" cellpadding=\"0\" cellspacing=\"0\" role=\"presentation\" style=\"background:#28315E;background-color:#28315E;width:100%;\">\n                    <tbody>\n                        <tr>\n                            <td style=\"direction:ltr;font-size:0px;padding:20px 0;text-align:center;vertical-align:top;\">\n                                <!--[if mso | IE]>\n                                <table role=\"presentation\" border=\"0\" cellpadding=\"0\" cellspacing=\"0\">\n\n                                    <tr>\n\n                                        <td\n                                                class=\"\" style=\"vertical-align:top;width:199.998px;\"\n                                        >\n                                <![endif]-->\n                                <div class=\"mj-column-per-33 outlook-group-fix\" style=\"font-size:13px;text-align:left;direction:ltr;display:inline-block;vertical-align:top;width:100%;\">\n                                    <table border=\"0\" cellpadding=\"0\" cellspacing=\"0\" role=\"presentation\" style=\"vertical-align:top;\" width=\"100%\">\n                                        <tr>\n                                            <td align=\"center\" style=\"font-size:0px;padding:10px 25px;word-break:break-word;\">\n                                                <div style=\"font-family:Ubuntu, Helvetica, Arial, sans-serif;font-size:13px;line-height:1;text-align:center;color:#fff;\"> Email: <a href=\"mailto:support@esemdee.com\" style=\"color:#fff;\">support@esemdee.com</a> </div>\n                                            </td>\n                                        </tr>\n                                    </table>\n                                </div>\n                                <!--[if mso | IE]>\n                                </td>\n\n                                <td\n                                        class=\"\" style=\"vertical-align:top;width:199.998px;\"\n                                >\n                                <![endif]-->\n                                <div class=\"mj-column-per-33 outlook-group-fix\" style=\"font-size:13px;text-align:left;direction:ltr;display:inline-block;vertical-align:top;width:100%;\">\n                                    <table border=\"0\" cellpadding=\"0\" cellspacing=\"0\" role=\"presentation\" style=\"vertical-align:top;\" width=\"100%\">\n                                        <tr>\n                                            <td align=\"center\" style=\"font-size:0px;padding:10px 25px;word-break:break-word;\">\n                                                <div style=\"font-family:Ubuntu, Helvetica, Arial, sans-serif;font-size:13px;line-height:1;text-align:center;color:#fff;\"> Tel: <a href=\"tel:+44 (0) 118 848 7000\" style=\"color:#fff;\">+44 (0) 118 848 7000</a> </div>\n                                            </td>\n                                        </tr>\n                                    </table>\n                                </div>\n                                <!--[if mso | IE]>\n                                </td>\n\n                                <td\n                                        class=\"\" style=\"vertical-align:top;width:199.998px;\"\n                                >\n                                <![endif]-->\n                                <div class=\"mj-column-per-33 outlook-group-fix\" style=\"font-size:13px;text-align:left;direction:ltr;display:inline-block;vertical-align:top;width:100%;\">\n                                    <table border=\"0\" cellpadding=\"0\" cellspacing=\"0\" role=\"presentation\" style=\"vertical-align:top;\" width=\"100%\">\n                                        <tr>\n                                            <td align=\"center\" style=\"font-size:0px;padding:10px 25px;word-break:break-word;\">\n                                                <div style=\"font-family:Ubuntu, Helvetica, Arial, sans-serif;font-size:13px;line-height:18px;text-align:center;color:#fff;\"> Address: <a href=\"\" style=\"color:#fff;\">S.M. Directions\n                                                        200 Brook Drive\n                                                        Green Park\n                                                        Reading, Berkshire\n                                                        RG2 6UB\n                                                        The United Kingdom</a> </div>\n                                            </td>\n                                        </tr>\n                                    </table>\n                                </div>\n                                <!--[if mso | IE]>\n                                </td>\n\n                                <td\n                                        class=\"\" style=\"vertical-align:top;width:600px;\"\n                                >\n                                <![endif]-->\n                                <div class=\"mj-column-per-100 outlook-group-fix\" style=\"font-size:13px;text-align:left;direction:ltr;display:inline-block;vertical-align:top;width:100%;\">\n                                    <table border=\"0\" cellpadding=\"0\" cellspacing=\"0\" role=\"presentation\" style=\"vertical-align:top;\" width=\"100%\">\n                                        <tr>\n                                            <td align=\"center\" style=\"font-size:0px;padding:10px 25px;padding-top:15px;padding-bottom:0;word-break:break-word;\">\n                                                <div style=\"font-family:Ubuntu, Helvetica, Arial, sans-serif;font-size:13px;line-height:1;text-align:center;color:#fff;\"> &copy; 2019 smd </div>\n                                            </td>\n                                        </tr>\n                                    </table>\n                                </div>\n                                <!--[if mso | IE]>\n                                </td>\n\n                                </tr>\n\n                                </table>\n                                <![endif]-->\n                            </td>\n                        </tr>\n                    </tbody>\n                </table>\n            </div>\n            <!--[if mso | IE]>\n            </td>\n            </tr>\n            </table>\n            <![endif]-->\n        </div>\n    </body>\n\n</html>\n', '2020-01-28 09:31:15', '2020-01-28 09:31:45', NULL, 3, NULL);
INSERT INTO `smd__email_queue` (`emailQueueID`, `from`, `fromName`, `to`, `toName`, `subject`, `content`, `createDate`, `sent`, `attempt`, `maxAttempts`, `lastAttempt`) VALUES
(8, NULL, NULL, 'csaba.varga@w5labs.com', 'Csaba Varga', '%userFullName%, %currentUserFullName% has commented on his %objectType%', '<!doctype html>\n<html xmlns=\"http://www.w3.org/1999/xhtml\">\n\n    <head>\n        <title> </title>\n        <!--[if !mso]><!-- -->\n        <meta http-equiv=\"X-UA-Compatible\" content=\"IE=edge\">\n        <!--<![endif]-->\n        <meta http-equiv=\"Content-Type\" content=\"text/html; charset=UTF-8\">\n        <meta name=\"viewport\" content=\"width=device-width, initial-scale=1\">\n        <style type=\"text/css\">\n            #outlook a {\n                padding: 0;\n            }\n\n            .ReadMsgBody {\n                width: 100%;\n            }\n\n            .ExternalClass {\n                width: 100%;\n            }\n\n            .ExternalClass * {\n                line-height: 100%;\n            }\n\n            body {\n                margin: 0;\n                padding: 0;\n                -webkit-text-size-adjust: 100%;\n                -ms-text-size-adjust: 100%;\n            }\n\n            table,\n            td {\n                border-collapse: collapse;\n                mso-table-lspace: 0pt;\n                mso-table-rspace: 0pt;\n            }\n\n            img {\n                border: 0;\n                height: auto;\n                line-height: 100%;\n                outline: none;\n                text-decoration: none;\n                -ms-interpolation-mode: bicubic;\n            }\n\n            p {\n                display: block;\n                margin: 13px 0;\n            }\n        </style>\n        <!--[if !mso]><!-->\n        <style type=\"text/css\">\n            @media only screen and (max-width:480px) {\n                @-ms-viewport {\n                    width: 320px;\n                }\n                @viewport {\n                    width: 320px;\n                }\n            }\n        </style>\n        <!--<![endif]-->\n        <!--[if mso]>\n        <xml>\n            <o:OfficeDocumentSettings>\n                <o:AllowPNG/>\n                <o:PixelsPerInch>96</o:PixelsPerInch>\n            </o:OfficeDocumentSettings>\n        </xml>\n        <![endif]-->\n        <!--[if lte mso 11]>\n        <style type=\"text/css\">\n            .outlook-group-fix { width:100% !important; }\n        </style>\n        <![endif]-->\n        <!--[if !mso]><!-->\n        <link href=\"https://fonts.googleapis.com/css?family=Ubuntu:300,400,500,700\" rel=\"stylesheet\" type=\"text/css\">\n        <style type=\"text/css\">\n            @import url(https://fonts.googleapis.com/css?family=Ubuntu:300,400,500,700);\n        </style>\n        <!--<![endif]-->\n        <style type=\"text/css\">\n            @media only screen and (min-width:480px) {\n                .mj-column-per-50 {\n                    width: 50% !important;\n                    max-width: 50%;\n                }\n                .mj-column-per-100 {\n                    width: 100% !important;\n                    max-width: 100%;\n                }\n                .mj-column-per-33 {\n                    width: 33.333% !important;\n                    max-width: 33.333%;\n                }\n            }\n        </style>\n        <style type=\"text/css\">\n            @media only screen and (max-width:480px) {\n                table.full-width-mobile {\n                    width: 100% !important;\n                }\n                td.full-width-mobile {\n                    width: auto !important;\n                }\n            }\n        </style>\n    </head>\n\n    <body style=\"background-color:#eee;\">\n        <div style=\"background-color:#eee;\">\n            <!--[if mso | IE]>\n            <table\n                    align=\"center\" border=\"0\" cellpadding=\"0\" cellspacing=\"0\" class=\"\" style=\"width:600px;\" width=\"600\"\n            >\n                <tr>\n                    <td style=\"line-height:0px;font-size:0px;mso-line-height-rule:exactly;\">\n            <![endif]-->\n            <div style=\"background:#28315E;background-color:#28315E;Margin:0px auto;max-width:600px;\">\n                <table align=\"center\" border=\"0\" cellpadding=\"0\" cellspacing=\"0\" role=\"presentation\" style=\"background:#28315E;background-color:#28315E;width:100%;\">\n                    <tbody>\n                        <tr>\n                            <td style=\"direction:ltr;font-size:0px;padding:30px 20px;text-align:center;vertical-align:top;\">\n                                <!--[if mso | IE]>\n                                <table role=\"presentation\" border=\"0\" cellpadding=\"0\" cellspacing=\"0\">\n\n                                    <tr>\n\n                                        <td\n                                                class=\"\" style=\"vertical-align:top;width:280px;\"\n                                        >\n                                <![endif]-->\n                                <div class=\"mj-column-per-50 outlook-group-fix\" style=\"font-size:13px;text-align:left;direction:ltr;display:inline-block;vertical-align:top;width:100%;\">\n                                    <table border=\"0\" cellpadding=\"0\" cellspacing=\"0\" role=\"presentation\" style=\"vertical-align:top;\" width=\"100%\">\n                                        <tr>\n                                            <td align=\"left\" style=\"font-size:0px;padding:10px 25px;word-break:break-word;\">\n                                                <table align=\"left\" border=\"0\" cellpadding=\"0\" cellspacing=\"0\" role=\"presentation\" style=\"border-collapse:collapse;border-spacing:0px;\">\n                                                    <tbody>\n                                                        <tr>\n                                                            <td style=\"width:150px;\"> <img height=\"auto\" src=\"https://i.ibb.co/Drp8rfs/esemde-logo-full.png\" style=\"border:0;display:block;outline:none;text-decoration:none;height:auto;width:100%;\" width=\"150\" /> </td>\n                                                        </tr>\n                                                    </tbody>\n                                                </table>\n                                            </td>\n                                        </tr>\n                                    </table>\n                                </div>\n                                <!--[if mso | IE]>\n                                </td>\n\n                                <td\n                                        class=\"\" style=\"vertical-align:top;width:280px;\"\n                                >\n                                <![endif]-->\n                                <div class=\"mj-column-per-50 outlook-group-fix\" style=\"font-size:13px;text-align:left;direction:ltr;display:inline-block;vertical-align:top;width:100%;\">\n                                    <table border=\"0\" cellpadding=\"0\" cellspacing=\"0\" role=\"presentation\" width=\"100%\">\n                                        <tbody>\n                                            <tr>\n                                                <td style=\"vertical-align:top;padding-top:7px;\">\n                                                    <table border=\"0\" cellpadding=\"0\" cellspacing=\"0\" role=\"presentation\" style=\"\" width=\"100%\">\n                                                        <tr>\n                                                            <td align=\"right\" style=\"font-size:0px;padding:10px 25px;word-break:break-word;\">\n                                                                <div style=\"font-family:Ubuntu, Helvetica, Arial, sans-serif;font-size:22px;line-height:1;text-align:right;color:#fff;\">Comment</div>\n                                                            </td>\n                                                        </tr>\n                                                    </table>\n                                                </td>\n                                            </tr>\n                                        </tbody>\n                                    </table>\n                                </div>\n                                <!--[if mso | IE]>\n                                </td>\n\n                                </tr>\n\n                                </table>\n                                <![endif]-->\n                            </td>\n                        </tr>\n                    </tbody>\n                </table>\n            </div>\n            <!--[if mso | IE]>\n            </td>\n            </tr>\n            </table>\n\n            <table\n                    align=\"center\" border=\"0\" cellpadding=\"0\" cellspacing=\"0\" class=\"\" style=\"width:600px;\" width=\"600\"\n            >\n                <tr>\n                    <td style=\"line-height:0px;font-size:0px;mso-line-height-rule:exactly;\">\n            <![endif]-->\n            <div style=\"background:#fff;background-color:#fff;Margin:0px auto;max-width:600px;\">\n                <table align=\"center\" border=\"0\" cellpadding=\"0\" cellspacing=\"0\" role=\"presentation\" style=\"background:#fff;background-color:#fff;width:100%;\">\n                    <tbody>\n                        <tr>\n                            <td style=\"direction:ltr;font-size:0px;padding:20px 0;text-align:center;vertical-align:top;\">\n                                <!--[if mso | IE]>\n                                <table role=\"presentation\" border=\"0\" cellpadding=\"0\" cellspacing=\"0\">\n\n                                    <tr>\n\n                                        <td\n                                                class=\"\" style=\"vertical-align:top;width:600px;\"\n                                        >\n                                <![endif]-->\n                                <div class=\"mj-column-per-100 outlook-group-fix\" style=\"font-size:13px;text-align:left;direction:ltr;display:inline-block;vertical-align:top;width:100%;\">\n                                    <table border=\"0\" cellpadding=\"0\" cellspacing=\"0\" role=\"presentation\" style=\"vertical-align:top;\" width=\"100%\">\n                                        <tr>\n                                            <td align=\"center\" style=\"font-size:0px;padding:10px 25px;padding-top:40px;word-break:break-word;\">\n                                                <div style=\"font-family:Ubuntu, Helvetica, Arial, sans-serif;font-size:13px;line-height:30px;text-align:center;color:#000000;\">\n                                                    <h3>DeleteRequest Aladár has commented on his post: \"a\".</h3>\n                                                    <p style=\"font-size:18px\">Click <a href=\"https://smd.w5/post-list?status=waitingForApproval&postID=18920\" target=\"_blank\">here</a> to reply.</p>\n                                                    <p style=\"font-size:16px;\">\n                                                        Getting too much email from csaba.varga@w5labs.com? <a href=\"https://smd.w5/profile/settings\" target=\"_blank\">You can unsubscribe</a>\n                                                    </p>\n                                                </div>\n                                            </td>\n                                        </tr>\n                                    </table>\n                                </div>\n                                <!--[if mso | IE]>\n                                </td>\n\n                                </tr>\n\n                                </table>\n                                <![endif]-->\n                            </td>\n                        </tr>\n                    </tbody>\n                </table>\n            </div>\n            <!--[if mso | IE]>\n            </td>\n            </tr>\n            </table>\n\n            <table\n                    align=\"center\" border=\"0\" cellpadding=\"0\" cellspacing=\"0\" class=\"\" style=\"width:600px;\" width=\"600\"\n            >\n                <tr>\n                    <td style=\"line-height:0px;font-size:0px;mso-line-height-rule:exactly;\">\n            <![endif]-->\n            <div style=\"background:#28315E;background-color:#28315E;Margin:0px auto;max-width:600px;\">\n                <table align=\"center\" border=\"0\" cellpadding=\"0\" cellspacing=\"0\" role=\"presentation\" style=\"background:#28315E;background-color:#28315E;width:100%;\">\n                    <tbody>\n                        <tr>\n                            <td style=\"direction:ltr;font-size:0px;padding:20px 0;text-align:center;vertical-align:top;\">\n                                <!--[if mso | IE]>\n                                <table role=\"presentation\" border=\"0\" cellpadding=\"0\" cellspacing=\"0\">\n\n                                    <tr>\n\n                                        <td\n                                                class=\"\" style=\"vertical-align:top;width:199.998px;\"\n                                        >\n                                <![endif]-->\n                                <div class=\"mj-column-per-33 outlook-group-fix\" style=\"font-size:13px;text-align:left;direction:ltr;display:inline-block;vertical-align:top;width:100%;\">\n                                    <table border=\"0\" cellpadding=\"0\" cellspacing=\"0\" role=\"presentation\" style=\"vertical-align:top;\" width=\"100%\">\n                                        <tr>\n                                            <td align=\"center\" style=\"font-size:0px;padding:10px 25px;word-break:break-word;\">\n                                                <div style=\"font-family:Ubuntu, Helvetica, Arial, sans-serif;font-size:13px;line-height:1;text-align:center;color:#fff;\"> Email: <a href=\"mailto:support@esemdee.com\" style=\"color:#fff;\">support@esemdee.com</a> </div>\n                                            </td>\n                                        </tr>\n                                    </table>\n                                </div>\n                                <!--[if mso | IE]>\n                                </td>\n\n                                <td\n                                        class=\"\" style=\"vertical-align:top;width:199.998px;\"\n                                >\n                                <![endif]-->\n                                <div class=\"mj-column-per-33 outlook-group-fix\" style=\"font-size:13px;text-align:left;direction:ltr;display:inline-block;vertical-align:top;width:100%;\">\n                                    <table border=\"0\" cellpadding=\"0\" cellspacing=\"0\" role=\"presentation\" style=\"vertical-align:top;\" width=\"100%\">\n                                        <tr>\n                                            <td align=\"center\" style=\"font-size:0px;padding:10px 25px;word-break:break-word;\">\n                                                <div style=\"font-family:Ubuntu, Helvetica, Arial, sans-serif;font-size:13px;line-height:1;text-align:center;color:#fff;\"> Tel: <a href=\"tel:+44 (0) 118 848 7000\" style=\"color:#fff;\">+44 (0) 118 848 7000</a> </div>\n                                            </td>\n                                        </tr>\n                                    </table>\n                                </div>\n                                <!--[if mso | IE]>\n                                </td>\n\n                                <td\n                                        class=\"\" style=\"vertical-align:top;width:199.998px;\"\n                                >\n                                <![endif]-->\n                                <div class=\"mj-column-per-33 outlook-group-fix\" style=\"font-size:13px;text-align:left;direction:ltr;display:inline-block;vertical-align:top;width:100%;\">\n                                    <table border=\"0\" cellpadding=\"0\" cellspacing=\"0\" role=\"presentation\" style=\"vertical-align:top;\" width=\"100%\">\n                                        <tr>\n                                            <td align=\"center\" style=\"font-size:0px;padding:10px 25px;word-break:break-word;\">\n                                                <div style=\"font-family:Ubuntu, Helvetica, Arial, sans-serif;font-size:13px;line-height:18px;text-align:center;color:#fff;\"> Address: <a href=\"\" style=\"color:#fff;\">S.M. Directions\n                                                        200 Brook Drive\n                                                        Green Park\n                                                        Reading, Berkshire\n                                                        RG2 6UB\n                                                        The United Kingdom\n                                                    </a> </div>\n                                            </td>\n                                        </tr>\n                                    </table>\n                                </div>\n                                <!--[if mso | IE]>\n                                </td>\n\n                                <td\n                                        class=\"\" style=\"vertical-align:top;width:600px;\"\n                                >\n                                <![endif]-->\n                                <div class=\"mj-column-per-100 outlook-group-fix\" style=\"font-size:13px;text-align:left;direction:ltr;display:inline-block;vertical-align:top;width:100%;\">\n                                    <table border=\"0\" cellpadding=\"0\" cellspacing=\"0\" role=\"presentation\" style=\"vertical-align:top;\" width=\"100%\">\n                                        <tr>\n                                            <td align=\"center\" style=\"font-size:0px;padding:10px 25px;padding-top:15px;padding-bottom:0;word-break:break-word;\">\n                                                <div style=\"font-family:Ubuntu, Helvetica, Arial, sans-serif;font-size:13px;line-height:1;text-align:center;color:#fff;\"> &copy; 2019 smd </div>\n                                            </td>\n                                        </tr>\n                                    </table>\n                                </div>\n                                <!--[if mso | IE]>\n                                </td>\n\n                                </tr>\n\n                                </table>\n                                <![endif]-->\n                            </td>\n                        </tr>\n                    </tbody>\n                </table>\n            </div>\n            <!--[if mso | IE]>\n            </td>\n            </tr>\n            </table>\n            <![endif]-->\n        </div>\n    </body>\n\n</html>', '2020-01-28 14:23:45', '2020-01-28 14:27:01', NULL, 3, NULL),
(9, NULL, NULL, 'csaba.varga@w5labs.com', 'Csaba Varga', '%userFullName%, %currentUserFullName% has commented on his %objectType%', '<!doctype html>\n<html xmlns=\"http://www.w3.org/1999/xhtml\">\n\n    <head>\n        <title> </title>\n        <!--[if !mso]><!-- -->\n        <meta http-equiv=\"X-UA-Compatible\" content=\"IE=edge\">\n        <!--<![endif]-->\n        <meta http-equiv=\"Content-Type\" content=\"text/html; charset=UTF-8\">\n        <meta name=\"viewport\" content=\"width=device-width, initial-scale=1\">\n        <style type=\"text/css\">\n            #outlook a {\n                padding: 0;\n            }\n\n            .ReadMsgBody {\n                width: 100%;\n            }\n\n            .ExternalClass {\n                width: 100%;\n            }\n\n            .ExternalClass * {\n                line-height: 100%;\n            }\n\n            body {\n                margin: 0;\n                padding: 0;\n                -webkit-text-size-adjust: 100%;\n                -ms-text-size-adjust: 100%;\n            }\n\n            table,\n            td {\n                border-collapse: collapse;\n                mso-table-lspace: 0pt;\n                mso-table-rspace: 0pt;\n            }\n\n            img {\n                border: 0;\n                height: auto;\n                line-height: 100%;\n                outline: none;\n                text-decoration: none;\n                -ms-interpolation-mode: bicubic;\n            }\n\n            p {\n                display: block;\n                margin: 13px 0;\n            }\n        </style>\n        <!--[if !mso]><!-->\n        <style type=\"text/css\">\n            @media only screen and (max-width:480px) {\n                @-ms-viewport {\n                    width: 320px;\n                }\n                @viewport {\n                    width: 320px;\n                }\n            }\n        </style>\n        <!--<![endif]-->\n        <!--[if mso]>\n        <xml>\n            <o:OfficeDocumentSettings>\n                <o:AllowPNG/>\n                <o:PixelsPerInch>96</o:PixelsPerInch>\n            </o:OfficeDocumentSettings>\n        </xml>\n        <![endif]-->\n        <!--[if lte mso 11]>\n        <style type=\"text/css\">\n            .outlook-group-fix { width:100% !important; }\n        </style>\n        <![endif]-->\n        <!--[if !mso]><!-->\n        <link href=\"https://fonts.googleapis.com/css?family=Ubuntu:300,400,500,700\" rel=\"stylesheet\" type=\"text/css\">\n        <style type=\"text/css\">\n            @import url(https://fonts.googleapis.com/css?family=Ubuntu:300,400,500,700);\n        </style>\n        <!--<![endif]-->\n        <style type=\"text/css\">\n            @media only screen and (min-width:480px) {\n                .mj-column-per-50 {\n                    width: 50% !important;\n                    max-width: 50%;\n                }\n                .mj-column-per-100 {\n                    width: 100% !important;\n                    max-width: 100%;\n                }\n                .mj-column-per-33 {\n                    width: 33.333% !important;\n                    max-width: 33.333%;\n                }\n            }\n        </style>\n        <style type=\"text/css\">\n            @media only screen and (max-width:480px) {\n                table.full-width-mobile {\n                    width: 100% !important;\n                }\n                td.full-width-mobile {\n                    width: auto !important;\n                }\n            }\n        </style>\n    </head>\n\n    <body style=\"background-color:#eee;\">\n        <div style=\"background-color:#eee;\">\n            <!--[if mso | IE]>\n            <table\n                    align=\"center\" border=\"0\" cellpadding=\"0\" cellspacing=\"0\" class=\"\" style=\"width:600px;\" width=\"600\"\n            >\n                <tr>\n                    <td style=\"line-height:0px;font-size:0px;mso-line-height-rule:exactly;\">\n            <![endif]-->\n            <div style=\"background:#28315E;background-color:#28315E;Margin:0px auto;max-width:600px;\">\n                <table align=\"center\" border=\"0\" cellpadding=\"0\" cellspacing=\"0\" role=\"presentation\" style=\"background:#28315E;background-color:#28315E;width:100%;\">\n                    <tbody>\n                        <tr>\n                            <td style=\"direction:ltr;font-size:0px;padding:30px 20px;text-align:center;vertical-align:top;\">\n                                <!--[if mso | IE]>\n                                <table role=\"presentation\" border=\"0\" cellpadding=\"0\" cellspacing=\"0\">\n\n                                    <tr>\n\n                                        <td\n                                                class=\"\" style=\"vertical-align:top;width:280px;\"\n                                        >\n                                <![endif]-->\n                                <div class=\"mj-column-per-50 outlook-group-fix\" style=\"font-size:13px;text-align:left;direction:ltr;display:inline-block;vertical-align:top;width:100%;\">\n                                    <table border=\"0\" cellpadding=\"0\" cellspacing=\"0\" role=\"presentation\" style=\"vertical-align:top;\" width=\"100%\">\n                                        <tr>\n                                            <td align=\"left\" style=\"font-size:0px;padding:10px 25px;word-break:break-word;\">\n                                                <table align=\"left\" border=\"0\" cellpadding=\"0\" cellspacing=\"0\" role=\"presentation\" style=\"border-collapse:collapse;border-spacing:0px;\">\n                                                    <tbody>\n                                                        <tr>\n                                                            <td style=\"width:150px;\"> <img height=\"auto\" src=\"https://i.ibb.co/Drp8rfs/esemde-logo-full.png\" style=\"border:0;display:block;outline:none;text-decoration:none;height:auto;width:100%;\" width=\"150\" /> </td>\n                                                        </tr>\n                                                    </tbody>\n                                                </table>\n                                            </td>\n                                        </tr>\n                                    </table>\n                                </div>\n                                <!--[if mso | IE]>\n                                </td>\n\n                                <td\n                                        class=\"\" style=\"vertical-align:top;width:280px;\"\n                                >\n                                <![endif]-->\n                                <div class=\"mj-column-per-50 outlook-group-fix\" style=\"font-size:13px;text-align:left;direction:ltr;display:inline-block;vertical-align:top;width:100%;\">\n                                    <table border=\"0\" cellpadding=\"0\" cellspacing=\"0\" role=\"presentation\" width=\"100%\">\n                                        <tbody>\n                                            <tr>\n                                                <td style=\"vertical-align:top;padding-top:7px;\">\n                                                    <table border=\"0\" cellpadding=\"0\" cellspacing=\"0\" role=\"presentation\" style=\"\" width=\"100%\">\n                                                        <tr>\n                                                            <td align=\"right\" style=\"font-size:0px;padding:10px 25px;word-break:break-word;\">\n                                                                <div style=\"font-family:Ubuntu, Helvetica, Arial, sans-serif;font-size:22px;line-height:1;text-align:right;color:#fff;\">Comment</div>\n                                                            </td>\n                                                        </tr>\n                                                    </table>\n                                                </td>\n                                            </tr>\n                                        </tbody>\n                                    </table>\n                                </div>\n                                <!--[if mso | IE]>\n                                </td>\n\n                                </tr>\n\n                                </table>\n                                <![endif]-->\n                            </td>\n                        </tr>\n                    </tbody>\n                </table>\n            </div>\n            <!--[if mso | IE]>\n            </td>\n            </tr>\n            </table>\n\n            <table\n                    align=\"center\" border=\"0\" cellpadding=\"0\" cellspacing=\"0\" class=\"\" style=\"width:600px;\" width=\"600\"\n            >\n                <tr>\n                    <td style=\"line-height:0px;font-size:0px;mso-line-height-rule:exactly;\">\n            <![endif]-->\n            <div style=\"background:#fff;background-color:#fff;Margin:0px auto;max-width:600px;\">\n                <table align=\"center\" border=\"0\" cellpadding=\"0\" cellspacing=\"0\" role=\"presentation\" style=\"background:#fff;background-color:#fff;width:100%;\">\n                    <tbody>\n                        <tr>\n                            <td style=\"direction:ltr;font-size:0px;padding:20px 0;text-align:center;vertical-align:top;\">\n                                <!--[if mso | IE]>\n                                <table role=\"presentation\" border=\"0\" cellpadding=\"0\" cellspacing=\"0\">\n\n                                    <tr>\n\n                                        <td\n                                                class=\"\" style=\"vertical-align:top;width:600px;\"\n                                        >\n                                <![endif]-->\n                                <div class=\"mj-column-per-100 outlook-group-fix\" style=\"font-size:13px;text-align:left;direction:ltr;display:inline-block;vertical-align:top;width:100%;\">\n                                    <table border=\"0\" cellpadding=\"0\" cellspacing=\"0\" role=\"presentation\" style=\"vertical-align:top;\" width=\"100%\">\n                                        <tr>\n                                            <td align=\"center\" style=\"font-size:0px;padding:10px 25px;padding-top:40px;word-break:break-word;\">\n                                                <div style=\"font-family:Ubuntu, Helvetica, Arial, sans-serif;font-size:13px;line-height:30px;text-align:center;color:#000000;\">\n                                                    <h3>DeleteRequest Aladár has commented on his post: \"a\".</h3>\n                                                    <p style=\"font-size:18px\">Click <a href=\"https://smd.w5/post-list?status=waitingForApproval&postID=18920\" target=\"_blank\">here</a> to reply.</p>\n                                                    <p style=\"font-size:16px;\">\n                                                        Getting too much email from csaba.varga@w5labs.com? <a href=\"https://smd.w5/profile/settings\" target=\"_blank\">You can unsubscribe</a>\n                                                    </p>\n                                                </div>\n                                            </td>\n                                        </tr>\n                                    </table>\n                                </div>\n                                <!--[if mso | IE]>\n                                </td>\n\n                                </tr>\n\n                                </table>\n                                <![endif]-->\n                            </td>\n                        </tr>\n                    </tbody>\n                </table>\n            </div>\n            <!--[if mso | IE]>\n            </td>\n            </tr>\n            </table>\n\n            <table\n                    align=\"center\" border=\"0\" cellpadding=\"0\" cellspacing=\"0\" class=\"\" style=\"width:600px;\" width=\"600\"\n            >\n                <tr>\n                    <td style=\"line-height:0px;font-size:0px;mso-line-height-rule:exactly;\">\n            <![endif]-->\n            <div style=\"background:#28315E;background-color:#28315E;Margin:0px auto;max-width:600px;\">\n                <table align=\"center\" border=\"0\" cellpadding=\"0\" cellspacing=\"0\" role=\"presentation\" style=\"background:#28315E;background-color:#28315E;width:100%;\">\n                    <tbody>\n                        <tr>\n                            <td style=\"direction:ltr;font-size:0px;padding:20px 0;text-align:center;vertical-align:top;\">\n                                <!--[if mso | IE]>\n                                <table role=\"presentation\" border=\"0\" cellpadding=\"0\" cellspacing=\"0\">\n\n                                    <tr>\n\n                                        <td\n                                                class=\"\" style=\"vertical-align:top;width:199.998px;\"\n                                        >\n                                <![endif]-->\n                                <div class=\"mj-column-per-33 outlook-group-fix\" style=\"font-size:13px;text-align:left;direction:ltr;display:inline-block;vertical-align:top;width:100%;\">\n                                    <table border=\"0\" cellpadding=\"0\" cellspacing=\"0\" role=\"presentation\" style=\"vertical-align:top;\" width=\"100%\">\n                                        <tr>\n                                            <td align=\"center\" style=\"font-size:0px;padding:10px 25px;word-break:break-word;\">\n                                                <div style=\"font-family:Ubuntu, Helvetica, Arial, sans-serif;font-size:13px;line-height:1;text-align:center;color:#fff;\"> Email: <a href=\"mailto:support@esemdee.com\" style=\"color:#fff;\">support@esemdee.com</a> </div>\n                                            </td>\n                                        </tr>\n                                    </table>\n                                </div>\n                                <!--[if mso | IE]>\n                                </td>\n\n                                <td\n                                        class=\"\" style=\"vertical-align:top;width:199.998px;\"\n                                >\n                                <![endif]-->\n                                <div class=\"mj-column-per-33 outlook-group-fix\" style=\"font-size:13px;text-align:left;direction:ltr;display:inline-block;vertical-align:top;width:100%;\">\n                                    <table border=\"0\" cellpadding=\"0\" cellspacing=\"0\" role=\"presentation\" style=\"vertical-align:top;\" width=\"100%\">\n                                        <tr>\n                                            <td align=\"center\" style=\"font-size:0px;padding:10px 25px;word-break:break-word;\">\n                                                <div style=\"font-family:Ubuntu, Helvetica, Arial, sans-serif;font-size:13px;line-height:1;text-align:center;color:#fff;\"> Tel: <a href=\"tel:+44 (0) 118 848 7000\" style=\"color:#fff;\">+44 (0) 118 848 7000</a> </div>\n                                            </td>\n                                        </tr>\n                                    </table>\n                                </div>\n                                <!--[if mso | IE]>\n                                </td>\n\n                                <td\n                                        class=\"\" style=\"vertical-align:top;width:199.998px;\"\n                                >\n                                <![endif]-->\n                                <div class=\"mj-column-per-33 outlook-group-fix\" style=\"font-size:13px;text-align:left;direction:ltr;display:inline-block;vertical-align:top;width:100%;\">\n                                    <table border=\"0\" cellpadding=\"0\" cellspacing=\"0\" role=\"presentation\" style=\"vertical-align:top;\" width=\"100%\">\n                                        <tr>\n                                            <td align=\"center\" style=\"font-size:0px;padding:10px 25px;word-break:break-word;\">\n                                                <div style=\"font-family:Ubuntu, Helvetica, Arial, sans-serif;font-size:13px;line-height:18px;text-align:center;color:#fff;\"> Address: <a href=\"\" style=\"color:#fff;\">S.M. Directions\n                                                        200 Brook Drive\n                                                        Green Park\n                                                        Reading, Berkshire\n                                                        RG2 6UB\n                                                        The United Kingdom\n                                                    </a> </div>\n                                            </td>\n                                        </tr>\n                                    </table>\n                                </div>\n                                <!--[if mso | IE]>\n                                </td>\n\n                                <td\n                                        class=\"\" style=\"vertical-align:top;width:600px;\"\n                                >\n                                <![endif]-->\n                                <div class=\"mj-column-per-100 outlook-group-fix\" style=\"font-size:13px;text-align:left;direction:ltr;display:inline-block;vertical-align:top;width:100%;\">\n                                    <table border=\"0\" cellpadding=\"0\" cellspacing=\"0\" role=\"presentation\" style=\"vertical-align:top;\" width=\"100%\">\n                                        <tr>\n                                            <td align=\"center\" style=\"font-size:0px;padding:10px 25px;padding-top:15px;padding-bottom:0;word-break:break-word;\">\n                                                <div style=\"font-family:Ubuntu, Helvetica, Arial, sans-serif;font-size:13px;line-height:1;text-align:center;color:#fff;\"> &copy; 2019 smd </div>\n                                            </td>\n                                        </tr>\n                                    </table>\n                                </div>\n                                <!--[if mso | IE]>\n                                </td>\n\n                                </tr>\n\n                                </table>\n                                <![endif]-->\n                            </td>\n                        </tr>\n                    </tbody>\n                </table>\n            </div>\n            <!--[if mso | IE]>\n            </td>\n            </tr>\n            </table>\n            <![endif]-->\n        </div>\n    </body>\n\n</html>', '2020-01-28 14:29:15', '2020-01-28 14:31:30', NULL, 3, NULL);
INSERT INTO `smd__email_queue` (`emailQueueID`, `from`, `fromName`, `to`, `toName`, `subject`, `content`, `createDate`, `sent`, `attempt`, `maxAttempts`, `lastAttempt`) VALUES
(10, NULL, NULL, 'csaba.varga@w5labs.com', 'Csaba Varga', '%userFullName%, %currentUserFullName% has commented on his %objectType%', '<!doctype html>\n<html xmlns=\"http://www.w3.org/1999/xhtml\">\n\n    <head>\n        <title> </title>\n        <!--[if !mso]><!-- -->\n        <meta http-equiv=\"X-UA-Compatible\" content=\"IE=edge\">\n        <!--<![endif]-->\n        <meta http-equiv=\"Content-Type\" content=\"text/html; charset=UTF-8\">\n        <meta name=\"viewport\" content=\"width=device-width, initial-scale=1\">\n        <style type=\"text/css\">\n            #outlook a {\n                padding: 0;\n            }\n\n            .ReadMsgBody {\n                width: 100%;\n            }\n\n            .ExternalClass {\n                width: 100%;\n            }\n\n            .ExternalClass * {\n                line-height: 100%;\n            }\n\n            body {\n                margin: 0;\n                padding: 0;\n                -webkit-text-size-adjust: 100%;\n                -ms-text-size-adjust: 100%;\n            }\n\n            table,\n            td {\n                border-collapse: collapse;\n                mso-table-lspace: 0pt;\n                mso-table-rspace: 0pt;\n            }\n\n            img {\n                border: 0;\n                height: auto;\n                line-height: 100%;\n                outline: none;\n                text-decoration: none;\n                -ms-interpolation-mode: bicubic;\n            }\n\n            p {\n                display: block;\n                margin: 13px 0;\n            }\n        </style>\n        <!--[if !mso]><!-->\n        <style type=\"text/css\">\n            @media only screen and (max-width:480px) {\n                @-ms-viewport {\n                    width: 320px;\n                }\n                @viewport {\n                    width: 320px;\n                }\n            }\n        </style>\n        <!--<![endif]-->\n        <!--[if mso]>\n        <xml>\n            <o:OfficeDocumentSettings>\n                <o:AllowPNG/>\n                <o:PixelsPerInch>96</o:PixelsPerInch>\n            </o:OfficeDocumentSettings>\n        </xml>\n        <![endif]-->\n        <!--[if lte mso 11]>\n        <style type=\"text/css\">\n            .outlook-group-fix { width:100% !important; }\n        </style>\n        <![endif]-->\n        <!--[if !mso]><!-->\n        <link href=\"https://fonts.googleapis.com/css?family=Ubuntu:300,400,500,700\" rel=\"stylesheet\" type=\"text/css\">\n        <style type=\"text/css\">\n            @import url(https://fonts.googleapis.com/css?family=Ubuntu:300,400,500,700);\n        </style>\n        <!--<![endif]-->\n        <style type=\"text/css\">\n            @media only screen and (min-width:480px) {\n                .mj-column-per-50 {\n                    width: 50% !important;\n                    max-width: 50%;\n                }\n                .mj-column-per-100 {\n                    width: 100% !important;\n                    max-width: 100%;\n                }\n                .mj-column-per-33 {\n                    width: 33.333% !important;\n                    max-width: 33.333%;\n                }\n            }\n        </style>\n        <style type=\"text/css\">\n            @media only screen and (max-width:480px) {\n                table.full-width-mobile {\n                    width: 100% !important;\n                }\n                td.full-width-mobile {\n                    width: auto !important;\n                }\n            }\n        </style>\n    </head>\n\n    <body style=\"background-color:#eee;\">\n        <div style=\"background-color:#eee;\">\n            <!--[if mso | IE]>\n            <table\n                    align=\"center\" border=\"0\" cellpadding=\"0\" cellspacing=\"0\" class=\"\" style=\"width:600px;\" width=\"600\"\n            >\n                <tr>\n                    <td style=\"line-height:0px;font-size:0px;mso-line-height-rule:exactly;\">\n            <![endif]-->\n            <div style=\"background:#28315E;background-color:#28315E;Margin:0px auto;max-width:600px;\">\n                <table align=\"center\" border=\"0\" cellpadding=\"0\" cellspacing=\"0\" role=\"presentation\" style=\"background:#28315E;background-color:#28315E;width:100%;\">\n                    <tbody>\n                        <tr>\n                            <td style=\"direction:ltr;font-size:0px;padding:30px 20px;text-align:center;vertical-align:top;\">\n                                <!--[if mso | IE]>\n                                <table role=\"presentation\" border=\"0\" cellpadding=\"0\" cellspacing=\"0\">\n\n                                    <tr>\n\n                                        <td\n                                                class=\"\" style=\"vertical-align:top;width:280px;\"\n                                        >\n                                <![endif]-->\n                                <div class=\"mj-column-per-50 outlook-group-fix\" style=\"font-size:13px;text-align:left;direction:ltr;display:inline-block;vertical-align:top;width:100%;\">\n                                    <table border=\"0\" cellpadding=\"0\" cellspacing=\"0\" role=\"presentation\" style=\"vertical-align:top;\" width=\"100%\">\n                                        <tr>\n                                            <td align=\"left\" style=\"font-size:0px;padding:10px 25px;word-break:break-word;\">\n                                                <table align=\"left\" border=\"0\" cellpadding=\"0\" cellspacing=\"0\" role=\"presentation\" style=\"border-collapse:collapse;border-spacing:0px;\">\n                                                    <tbody>\n                                                        <tr>\n                                                            <td style=\"width:150px;\"> <img height=\"auto\" src=\"https://i.ibb.co/Drp8rfs/esemde-logo-full.png\" style=\"border:0;display:block;outline:none;text-decoration:none;height:auto;width:100%;\" width=\"150\" /> </td>\n                                                        </tr>\n                                                    </tbody>\n                                                </table>\n                                            </td>\n                                        </tr>\n                                    </table>\n                                </div>\n                                <!--[if mso | IE]>\n                                </td>\n\n                                <td\n                                        class=\"\" style=\"vertical-align:top;width:280px;\"\n                                >\n                                <![endif]-->\n                                <div class=\"mj-column-per-50 outlook-group-fix\" style=\"font-size:13px;text-align:left;direction:ltr;display:inline-block;vertical-align:top;width:100%;\">\n                                    <table border=\"0\" cellpadding=\"0\" cellspacing=\"0\" role=\"presentation\" width=\"100%\">\n                                        <tbody>\n                                            <tr>\n                                                <td style=\"vertical-align:top;padding-top:7px;\">\n                                                    <table border=\"0\" cellpadding=\"0\" cellspacing=\"0\" role=\"presentation\" style=\"\" width=\"100%\">\n                                                        <tr>\n                                                            <td align=\"right\" style=\"font-size:0px;padding:10px 25px;word-break:break-word;\">\n                                                                <div style=\"font-family:Ubuntu, Helvetica, Arial, sans-serif;font-size:22px;line-height:1;text-align:right;color:#fff;\">Comment</div>\n                                                            </td>\n                                                        </tr>\n                                                    </table>\n                                                </td>\n                                            </tr>\n                                        </tbody>\n                                    </table>\n                                </div>\n                                <!--[if mso | IE]>\n                                </td>\n\n                                </tr>\n\n                                </table>\n                                <![endif]-->\n                            </td>\n                        </tr>\n                    </tbody>\n                </table>\n            </div>\n            <!--[if mso | IE]>\n            </td>\n            </tr>\n            </table>\n\n            <table\n                    align=\"center\" border=\"0\" cellpadding=\"0\" cellspacing=\"0\" class=\"\" style=\"width:600px;\" width=\"600\"\n            >\n                <tr>\n                    <td style=\"line-height:0px;font-size:0px;mso-line-height-rule:exactly;\">\n            <![endif]-->\n            <div style=\"background:#fff;background-color:#fff;Margin:0px auto;max-width:600px;\">\n                <table align=\"center\" border=\"0\" cellpadding=\"0\" cellspacing=\"0\" role=\"presentation\" style=\"background:#fff;background-color:#fff;width:100%;\">\n                    <tbody>\n                        <tr>\n                            <td style=\"direction:ltr;font-size:0px;padding:20px 0;text-align:center;vertical-align:top;\">\n                                <!--[if mso | IE]>\n                                <table role=\"presentation\" border=\"0\" cellpadding=\"0\" cellspacing=\"0\">\n\n                                    <tr>\n\n                                        <td\n                                                class=\"\" style=\"vertical-align:top;width:600px;\"\n                                        >\n                                <![endif]-->\n                                <div class=\"mj-column-per-100 outlook-group-fix\" style=\"font-size:13px;text-align:left;direction:ltr;display:inline-block;vertical-align:top;width:100%;\">\n                                    <table border=\"0\" cellpadding=\"0\" cellspacing=\"0\" role=\"presentation\" style=\"vertical-align:top;\" width=\"100%\">\n                                        <tr>\n                                            <td align=\"center\" style=\"font-size:0px;padding:10px 25px;padding-top:40px;word-break:break-word;\">\n                                                <div style=\"font-family:Ubuntu, Helvetica, Arial, sans-serif;font-size:13px;line-height:30px;text-align:center;color:#000000;\">\n                                                    <h3>DeleteRequest Aladár has commented on his post: \"a\".</h3>\n                                                    <p style=\"font-size:18px\">Click <a href=\"https://smd.w5/post-list?status=waitingForApproval&postID=18920\" target=\"_blank\">here</a> to reply.</p>\n                                                    <p style=\"font-size:16px;\">\n                                                        Getting too much email from csaba.varga@w5labs.com? <a href=\"https://smd.w5/profile/settings\" target=\"_blank\">You can unsubscribe</a>\n                                                    </p>\n                                                </div>\n                                            </td>\n                                        </tr>\n                                    </table>\n                                </div>\n                                <!--[if mso | IE]>\n                                </td>\n\n                                </tr>\n\n                                </table>\n                                <![endif]-->\n                            </td>\n                        </tr>\n                    </tbody>\n                </table>\n            </div>\n            <!--[if mso | IE]>\n            </td>\n            </tr>\n            </table>\n\n            <table\n                    align=\"center\" border=\"0\" cellpadding=\"0\" cellspacing=\"0\" class=\"\" style=\"width:600px;\" width=\"600\"\n            >\n                <tr>\n                    <td style=\"line-height:0px;font-size:0px;mso-line-height-rule:exactly;\">\n            <![endif]-->\n            <div style=\"background:#28315E;background-color:#28315E;Margin:0px auto;max-width:600px;\">\n                <table align=\"center\" border=\"0\" cellpadding=\"0\" cellspacing=\"0\" role=\"presentation\" style=\"background:#28315E;background-color:#28315E;width:100%;\">\n                    <tbody>\n                        <tr>\n                            <td style=\"direction:ltr;font-size:0px;padding:20px 0;text-align:center;vertical-align:top;\">\n                                <!--[if mso | IE]>\n                                <table role=\"presentation\" border=\"0\" cellpadding=\"0\" cellspacing=\"0\">\n\n                                    <tr>\n\n                                        <td\n                                                class=\"\" style=\"vertical-align:top;width:199.998px;\"\n                                        >\n                                <![endif]-->\n                                <div class=\"mj-column-per-33 outlook-group-fix\" style=\"font-size:13px;text-align:left;direction:ltr;display:inline-block;vertical-align:top;width:100%;\">\n                                    <table border=\"0\" cellpadding=\"0\" cellspacing=\"0\" role=\"presentation\" style=\"vertical-align:top;\" width=\"100%\">\n                                        <tr>\n                                            <td align=\"center\" style=\"font-size:0px;padding:10px 25px;word-break:break-word;\">\n                                                <div style=\"font-family:Ubuntu, Helvetica, Arial, sans-serif;font-size:13px;line-height:1;text-align:center;color:#fff;\"> Email: <a href=\"mailto:support@esemdee.com\" style=\"color:#fff;\">support@esemdee.com</a> </div>\n                                            </td>\n                                        </tr>\n                                    </table>\n                                </div>\n                                <!--[if mso | IE]>\n                                </td>\n\n                                <td\n                                        class=\"\" style=\"vertical-align:top;width:199.998px;\"\n                                >\n                                <![endif]-->\n                                <div class=\"mj-column-per-33 outlook-group-fix\" style=\"font-size:13px;text-align:left;direction:ltr;display:inline-block;vertical-align:top;width:100%;\">\n                                    <table border=\"0\" cellpadding=\"0\" cellspacing=\"0\" role=\"presentation\" style=\"vertical-align:top;\" width=\"100%\">\n                                        <tr>\n                                            <td align=\"center\" style=\"font-size:0px;padding:10px 25px;word-break:break-word;\">\n                                                <div style=\"font-family:Ubuntu, Helvetica, Arial, sans-serif;font-size:13px;line-height:1;text-align:center;color:#fff;\"> Tel: <a href=\"tel:+44 (0) 118 848 7000\" style=\"color:#fff;\">+44 (0) 118 848 7000</a> </div>\n                                            </td>\n                                        </tr>\n                                    </table>\n                                </div>\n                                <!--[if mso | IE]>\n                                </td>\n\n                                <td\n                                        class=\"\" style=\"vertical-align:top;width:199.998px;\"\n                                >\n                                <![endif]-->\n                                <div class=\"mj-column-per-33 outlook-group-fix\" style=\"font-size:13px;text-align:left;direction:ltr;display:inline-block;vertical-align:top;width:100%;\">\n                                    <table border=\"0\" cellpadding=\"0\" cellspacing=\"0\" role=\"presentation\" style=\"vertical-align:top;\" width=\"100%\">\n                                        <tr>\n                                            <td align=\"center\" style=\"font-size:0px;padding:10px 25px;word-break:break-word;\">\n                                                <div style=\"font-family:Ubuntu, Helvetica, Arial, sans-serif;font-size:13px;line-height:18px;text-align:center;color:#fff;\"> Address: <a href=\"\" style=\"color:#fff;\">S.M. Directions\n                                                        200 Brook Drive\n                                                        Green Park\n                                                        Reading, Berkshire\n                                                        RG2 6UB\n                                                        The United Kingdom\n                                                    </a> </div>\n                                            </td>\n                                        </tr>\n                                    </table>\n                                </div>\n                                <!--[if mso | IE]>\n                                </td>\n\n                                <td\n                                        class=\"\" style=\"vertical-align:top;width:600px;\"\n                                >\n                                <![endif]-->\n                                <div class=\"mj-column-per-100 outlook-group-fix\" style=\"font-size:13px;text-align:left;direction:ltr;display:inline-block;vertical-align:top;width:100%;\">\n                                    <table border=\"0\" cellpadding=\"0\" cellspacing=\"0\" role=\"presentation\" style=\"vertical-align:top;\" width=\"100%\">\n                                        <tr>\n                                            <td align=\"center\" style=\"font-size:0px;padding:10px 25px;padding-top:15px;padding-bottom:0;word-break:break-word;\">\n                                                <div style=\"font-family:Ubuntu, Helvetica, Arial, sans-serif;font-size:13px;line-height:1;text-align:center;color:#fff;\"> &copy; 2019 smd </div>\n                                            </td>\n                                        </tr>\n                                    </table>\n                                </div>\n                                <!--[if mso | IE]>\n                                </td>\n\n                                </tr>\n\n                                </table>\n                                <![endif]-->\n                            </td>\n                        </tr>\n                    </tbody>\n                </table>\n            </div>\n            <!--[if mso | IE]>\n            </td>\n            </tr>\n            </table>\n            <![endif]-->\n        </div>\n    </body>\n\n</html>', '2020-01-28 14:31:30', '2020-01-28 14:43:01', NULL, 3, NULL),
(13, NULL, NULL, 'csaba.varga@w5labs.com', 'Csaba Varga', 'Csaba Varga, DeleteRequest Aladár has commented on his Post', '<!doctype html>\n<html xmlns=\"http://www.w3.org/1999/xhtml\">\n\n    <head>\n        <title> </title>\n        <!--[if !mso]><!-- -->\n        <meta http-equiv=\"X-UA-Compatible\" content=\"IE=edge\">\n        <!--<![endif]-->\n        <meta http-equiv=\"Content-Type\" content=\"text/html; charset=UTF-8\">\n        <meta name=\"viewport\" content=\"width=device-width, initial-scale=1\">\n        <style type=\"text/css\">\n            #outlook a {\n                padding: 0;\n            }\n\n            .ReadMsgBody {\n                width: 100%;\n            }\n\n            .ExternalClass {\n                width: 100%;\n            }\n\n            .ExternalClass * {\n                line-height: 100%;\n            }\n\n            body {\n                margin: 0;\n                padding: 0;\n                -webkit-text-size-adjust: 100%;\n                -ms-text-size-adjust: 100%;\n            }\n\n            table,\n            td {\n                border-collapse: collapse;\n                mso-table-lspace: 0pt;\n                mso-table-rspace: 0pt;\n            }\n\n            img {\n                border: 0;\n                height: auto;\n                line-height: 100%;\n                outline: none;\n                text-decoration: none;\n                -ms-interpolation-mode: bicubic;\n            }\n\n            p {\n                display: block;\n                margin: 13px 0;\n            }\n        </style>\n        <!--[if !mso]><!-->\n        <style type=\"text/css\">\n            @media only screen and (max-width:480px) {\n                @-ms-viewport {\n                    width: 320px;\n                }\n                @viewport {\n                    width: 320px;\n                }\n            }\n        </style>\n        <!--<![endif]-->\n        <!--[if mso]>\n        <xml>\n            <o:OfficeDocumentSettings>\n                <o:AllowPNG/>\n                <o:PixelsPerInch>96</o:PixelsPerInch>\n            </o:OfficeDocumentSettings>\n        </xml>\n        <![endif]-->\n        <!--[if lte mso 11]>\n        <style type=\"text/css\">\n            .outlook-group-fix { width:100% !important; }\n        </style>\n        <![endif]-->\n        <!--[if !mso]><!-->\n        <link href=\"https://fonts.googleapis.com/css?family=Ubuntu:300,400,500,700\" rel=\"stylesheet\" type=\"text/css\">\n        <style type=\"text/css\">\n            @import url(https://fonts.googleapis.com/css?family=Ubuntu:300,400,500,700);\n        </style>\n        <!--<![endif]-->\n        <style type=\"text/css\">\n            @media only screen and (min-width:480px) {\n                .mj-column-per-50 {\n                    width: 50% !important;\n                    max-width: 50%;\n                }\n                .mj-column-per-100 {\n                    width: 100% !important;\n                    max-width: 100%;\n                }\n                .mj-column-per-33 {\n                    width: 33.333% !important;\n                    max-width: 33.333%;\n                }\n            }\n        </style>\n        <style type=\"text/css\">\n            @media only screen and (max-width:480px) {\n                table.full-width-mobile {\n                    width: 100% !important;\n                }\n                td.full-width-mobile {\n                    width: auto !important;\n                }\n            }\n        </style>\n    </head>\n\n    <body style=\"background-color:#eee;\">\n        <div style=\"background-color:#eee;\">\n            <!--[if mso | IE]>\n            <table\n                    align=\"center\" border=\"0\" cellpadding=\"0\" cellspacing=\"0\" class=\"\" style=\"width:600px;\" width=\"600\"\n            >\n                <tr>\n                    <td style=\"line-height:0px;font-size:0px;mso-line-height-rule:exactly;\">\n            <![endif]-->\n            <div style=\"background:#28315E;background-color:#28315E;Margin:0px auto;max-width:600px;\">\n                <table align=\"center\" border=\"0\" cellpadding=\"0\" cellspacing=\"0\" role=\"presentation\" style=\"background:#28315E;background-color:#28315E;width:100%;\">\n                    <tbody>\n                        <tr>\n                            <td style=\"direction:ltr;font-size:0px;padding:30px 20px;text-align:center;vertical-align:top;\">\n                                <!--[if mso | IE]>\n                                <table role=\"presentation\" border=\"0\" cellpadding=\"0\" cellspacing=\"0\">\n\n                                    <tr>\n\n                                        <td\n                                                class=\"\" style=\"vertical-align:top;width:280px;\"\n                                        >\n                                <![endif]-->\n                                <div class=\"mj-column-per-50 outlook-group-fix\" style=\"font-size:13px;text-align:left;direction:ltr;display:inline-block;vertical-align:top;width:100%;\">\n                                    <table border=\"0\" cellpadding=\"0\" cellspacing=\"0\" role=\"presentation\" style=\"vertical-align:top;\" width=\"100%\">\n                                        <tr>\n                                            <td align=\"left\" style=\"font-size:0px;padding:10px 25px;word-break:break-word;\">\n                                                <table align=\"left\" border=\"0\" cellpadding=\"0\" cellspacing=\"0\" role=\"presentation\" style=\"border-collapse:collapse;border-spacing:0px;\">\n                                                    <tbody>\n                                                        <tr>\n                                                            <td style=\"width:150px;\"> <img height=\"auto\" src=\"https://i.ibb.co/Drp8rfs/esemde-logo-full.png\" style=\"border:0;display:block;outline:none;text-decoration:none;height:auto;width:100%;\" width=\"150\" /> </td>\n                                                        </tr>\n                                                    </tbody>\n                                                </table>\n                                            </td>\n                                        </tr>\n                                    </table>\n                                </div>\n                                <!--[if mso | IE]>\n                                </td>\n\n                                <td\n                                        class=\"\" style=\"vertical-align:top;width:280px;\"\n                                >\n                                <![endif]-->\n                                <div class=\"mj-column-per-50 outlook-group-fix\" style=\"font-size:13px;text-align:left;direction:ltr;display:inline-block;vertical-align:top;width:100%;\">\n                                    <table border=\"0\" cellpadding=\"0\" cellspacing=\"0\" role=\"presentation\" width=\"100%\">\n                                        <tbody>\n                                            <tr>\n                                                <td style=\"vertical-align:top;padding-top:7px;\">\n                                                    <table border=\"0\" cellpadding=\"0\" cellspacing=\"0\" role=\"presentation\" style=\"\" width=\"100%\">\n                                                        <tr>\n                                                            <td align=\"right\" style=\"font-size:0px;padding:10px 25px;word-break:break-word;\">\n                                                                <div style=\"font-family:Ubuntu, Helvetica, Arial, sans-serif;font-size:22px;line-height:1;text-align:right;color:#fff;\">Comment</div>\n                                                            </td>\n                                                        </tr>\n                                                    </table>\n                                                </td>\n                                            </tr>\n                                        </tbody>\n                                    </table>\n                                </div>\n                                <!--[if mso | IE]>\n                                </td>\n\n                                </tr>\n\n                                </table>\n                                <![endif]-->\n                            </td>\n                        </tr>\n                    </tbody>\n                </table>\n            </div>\n            <!--[if mso | IE]>\n            </td>\n            </tr>\n            </table>\n\n            <table\n                    align=\"center\" border=\"0\" cellpadding=\"0\" cellspacing=\"0\" class=\"\" style=\"width:600px;\" width=\"600\"\n            >\n                <tr>\n                    <td style=\"line-height:0px;font-size:0px;mso-line-height-rule:exactly;\">\n            <![endif]-->\n            <div style=\"background:#fff;background-color:#fff;Margin:0px auto;max-width:600px;\">\n                <table align=\"center\" border=\"0\" cellpadding=\"0\" cellspacing=\"0\" role=\"presentation\" style=\"background:#fff;background-color:#fff;width:100%;\">\n                    <tbody>\n                        <tr>\n                            <td style=\"direction:ltr;font-size:0px;padding:20px 0;text-align:center;vertical-align:top;\">\n                                <!--[if mso | IE]>\n                                <table role=\"presentation\" border=\"0\" cellpadding=\"0\" cellspacing=\"0\">\n\n                                    <tr>\n\n                                        <td\n                                                class=\"\" style=\"vertical-align:top;width:600px;\"\n                                        >\n                                <![endif]-->\n                                <div class=\"mj-column-per-100 outlook-group-fix\" style=\"font-size:13px;text-align:left;direction:ltr;display:inline-block;vertical-align:top;width:100%;\">\n                                    <table border=\"0\" cellpadding=\"0\" cellspacing=\"0\" role=\"presentation\" style=\"vertical-align:top;\" width=\"100%\">\n                                        <tr>\n                                            <td align=\"center\" style=\"font-size:0px;padding:10px 25px;padding-top:40px;word-break:break-word;\">\n                                                <div style=\"font-family:Ubuntu, Helvetica, Arial, sans-serif;font-size:13px;line-height:30px;text-align:center;color:#000000;\">\n                                                    <h3>DeleteRequest Aladár has commented on his post: \"alma\".</h3>\n                                                    <p style=\"font-size:18px\">Click <a href=\"https://smd.w5/post-list?status=waitingForApproval&postID=18920\" target=\"_blank\">here</a> to reply.</p>\n                                                    <p style=\"font-size:16px;\">\n                                                        Getting too much email from csaba.varga@w5labs.com? <a href=\"https://smd.w5/profile/settings\" target=\"_blank\">You can unsubscribe</a>\n                                                    </p>\n                                                </div>\n                                            </td>\n                                        </tr>\n                                    </table>\n                                </div>\n                                <!--[if mso | IE]>\n                                </td>\n\n                                </tr>\n\n                                </table>\n                                <![endif]-->\n                            </td>\n                        </tr>\n                    </tbody>\n                </table>\n            </div>\n            <!--[if mso | IE]>\n            </td>\n            </tr>\n            </table>\n\n            <table\n                    align=\"center\" border=\"0\" cellpadding=\"0\" cellspacing=\"0\" class=\"\" style=\"width:600px;\" width=\"600\"\n            >\n                <tr>\n                    <td style=\"line-height:0px;font-size:0px;mso-line-height-rule:exactly;\">\n            <![endif]-->\n            <div style=\"background:#28315E;background-color:#28315E;Margin:0px auto;max-width:600px;\">\n                <table align=\"center\" border=\"0\" cellpadding=\"0\" cellspacing=\"0\" role=\"presentation\" style=\"background:#28315E;background-color:#28315E;width:100%;\">\n                    <tbody>\n                        <tr>\n                            <td style=\"direction:ltr;font-size:0px;padding:20px 0;text-align:center;vertical-align:top;\">\n                                <!--[if mso | IE]>\n                                <table role=\"presentation\" border=\"0\" cellpadding=\"0\" cellspacing=\"0\">\n\n                                    <tr>\n\n                                        <td\n                                                class=\"\" style=\"vertical-align:top;width:199.998px;\"\n                                        >\n                                <![endif]-->\n                                <div class=\"mj-column-per-33 outlook-group-fix\" style=\"font-size:13px;text-align:left;direction:ltr;display:inline-block;vertical-align:top;width:100%;\">\n                                    <table border=\"0\" cellpadding=\"0\" cellspacing=\"0\" role=\"presentation\" style=\"vertical-align:top;\" width=\"100%\">\n                                        <tr>\n                                            <td align=\"center\" style=\"font-size:0px;padding:10px 25px;word-break:break-word;\">\n                                                <div style=\"font-family:Ubuntu, Helvetica, Arial, sans-serif;font-size:13px;line-height:1;text-align:center;color:#fff;\"> Email: <a href=\"mailto:support@esemdee.com\" style=\"color:#fff;\">support@esemdee.com</a> </div>\n                                            </td>\n                                        </tr>\n                                    </table>\n                                </div>\n                                <!--[if mso | IE]>\n                                </td>\n\n                                <td\n                                        class=\"\" style=\"vertical-align:top;width:199.998px;\"\n                                >\n                                <![endif]-->\n                                <div class=\"mj-column-per-33 outlook-group-fix\" style=\"font-size:13px;text-align:left;direction:ltr;display:inline-block;vertical-align:top;width:100%;\">\n                                    <table border=\"0\" cellpadding=\"0\" cellspacing=\"0\" role=\"presentation\" style=\"vertical-align:top;\" width=\"100%\">\n                                        <tr>\n                                            <td align=\"center\" style=\"font-size:0px;padding:10px 25px;word-break:break-word;\">\n                                                <div style=\"font-family:Ubuntu, Helvetica, Arial, sans-serif;font-size:13px;line-height:1;text-align:center;color:#fff;\"> Tel: <a href=\"tel:+44 (0) 118 848 7000\" style=\"color:#fff;\">+44 (0) 118 848 7000</a> </div>\n                                            </td>\n                                        </tr>\n                                    </table>\n                                </div>\n                                <!--[if mso | IE]>\n                                </td>\n\n                                <td\n                                        class=\"\" style=\"vertical-align:top;width:199.998px;\"\n                                >\n                                <![endif]-->\n                                <div class=\"mj-column-per-33 outlook-group-fix\" style=\"font-size:13px;text-align:left;direction:ltr;display:inline-block;vertical-align:top;width:100%;\">\n                                    <table border=\"0\" cellpadding=\"0\" cellspacing=\"0\" role=\"presentation\" style=\"vertical-align:top;\" width=\"100%\">\n                                        <tr>\n                                            <td align=\"center\" style=\"font-size:0px;padding:10px 25px;word-break:break-word;\">\n                                                <div style=\"font-family:Ubuntu, Helvetica, Arial, sans-serif;font-size:13px;line-height:18px;text-align:center;color:#fff;\"> Address: <a href=\"\" style=\"color:#fff;\">S.M. Directions\n                                                        200 Brook Drive\n                                                        Green Park\n                                                        Reading, Berkshire\n                                                        RG2 6UB\n                                                        The United Kingdom\n                                                    </a> </div>\n                                            </td>\n                                        </tr>\n                                    </table>\n                                </div>\n                                <!--[if mso | IE]>\n                                </td>\n\n                                <td\n                                        class=\"\" style=\"vertical-align:top;width:600px;\"\n                                >\n                                <![endif]-->\n                                <div class=\"mj-column-per-100 outlook-group-fix\" style=\"font-size:13px;text-align:left;direction:ltr;display:inline-block;vertical-align:top;width:100%;\">\n                                    <table border=\"0\" cellpadding=\"0\" cellspacing=\"0\" role=\"presentation\" style=\"vertical-align:top;\" width=\"100%\">\n                                        <tr>\n                                            <td align=\"center\" style=\"font-size:0px;padding:10px 25px;padding-top:15px;padding-bottom:0;word-break:break-word;\">\n                                                <div style=\"font-family:Ubuntu, Helvetica, Arial, sans-serif;font-size:13px;line-height:1;text-align:center;color:#fff;\"> &copy; 2019 smd </div>\n                                            </td>\n                                        </tr>\n                                    </table>\n                                </div>\n                                <!--[if mso | IE]>\n                                </td>\n\n                                </tr>\n\n                                </table>\n                                <![endif]-->\n                            </td>\n                        </tr>\n                    </tbody>\n                </table>\n            </div>\n            <!--[if mso | IE]>\n            </td>\n            </tr>\n            </table>\n            <![endif]-->\n        </div>\n    </body>\n\n</html>', '2020-01-29 08:03:15', '2020-01-29 08:12:30', NULL, 3, NULL);
INSERT INTO `smd__email_queue` (`emailQueueID`, `from`, `fromName`, `to`, `toName`, `subject`, `content`, `createDate`, `sent`, `attempt`, `maxAttempts`, `lastAttempt`) VALUES
(14, NULL, NULL, 'deleterequestaladar@w5labs.com', 'DeleteRequest Aladár', 'DeleteRequest Aladár, Csaba Varga has not approved your post', '\n<!doctype html>\n<html xmlns=\"http://www.w3.org/1999/xhtml\">\n\n    <head>\n        <title> </title>\n        <!--[if !mso]><!-- -->\n        <meta http-equiv=\"X-UA-Compatible\" content=\"IE=edge\">\n        <!--<![endif]-->\n        <meta http-equiv=\"Content-Type\" content=\"text/html; charset=UTF-8\">\n        <meta name=\"viewport\" content=\"width=device-width, initial-scale=1\">\n        <style type=\"text/css\">\n            #outlook a {\n                padding: 0;\n            }\n\n            .ReadMsgBody {\n                width: 100%;\n            }\n\n            .ExternalClass {\n                width: 100%;\n            }\n\n            .ExternalClass * {\n                line-height: 100%;\n            }\n\n            body {\n                margin: 0;\n                padding: 0;\n                -webkit-text-size-adjust: 100%;\n                -ms-text-size-adjust: 100%;\n            }\n\n            table,\n            td {\n                border-collapse: collapse;\n                mso-table-lspace: 0pt;\n                mso-table-rspace: 0pt;\n            }\n\n            img {\n                border: 0;\n                height: auto;\n                line-height: 100%;\n                outline: none;\n                text-decoration: none;\n                -ms-interpolation-mode: bicubic;\n            }\n\n            p {\n                display: block;\n                margin: 13px 0;\n            }\n        </style>\n        <!--[if !mso]><!-->\n        <style type=\"text/css\">\n            @media only screen and (max-width:480px) {\n                @-ms-viewport {\n                    width: 320px;\n                }\n                @viewport {\n                    width: 320px;\n                }\n            }\n        </style>\n        <!--<![endif]-->\n        <!--[if mso]>\n        <xml>\n            <o:OfficeDocumentSettings>\n                <o:AllowPNG/>\n                <o:PixelsPerInch>96</o:PixelsPerInch>\n            </o:OfficeDocumentSettings>\n        </xml>\n        <![endif]-->\n        <!--[if lte mso 11]>\n        <style type=\"text/css\">\n            .outlook-group-fix { width:100% !important; }\n        </style>\n        <![endif]-->\n        <!--[if !mso]><!-->\n        <link href=\"https://fonts.googleapis.com/css?family=Ubuntu:300,400,500,700\" rel=\"stylesheet\" type=\"text/css\">\n        <style type=\"text/css\">\n            @import url(https://fonts.googleapis.com/css?family=Ubuntu:300,400,500,700);\n        </style>\n        <!--<![endif]-->\n        <style type=\"text/css\">\n            @media only screen and (min-width:480px) {\n                .mj-column-per-50 {\n                    width: 50% !important;\n                    max-width: 50%;\n                }\n                .mj-column-per-100 {\n                    width: 100% !important;\n                    max-width: 100%;\n                }\n                .mj-column-per-33 {\n                    width: 33.333% !important;\n                    max-width: 33.333%;\n                }\n            }\n        </style>\n        <style type=\"text/css\">\n            @media only screen and (max-width:480px) {\n                table.full-width-mobile {\n                    width: 100% !important;\n                }\n                td.full-width-mobile {\n                    width: auto !important;\n                }\n            }\n        </style>\n    </head>\n\n    <body style=\"background-color:#eee;\">\n        <div style=\"background-color:#eee;\">\n            <!--[if mso | IE]>\n            <table\n                    align=\"center\" border=\"0\" cellpadding=\"0\" cellspacing=\"0\" class=\"\" style=\"width:600px;\" width=\"600\"\n            >\n                <tr>\n                    <td style=\"line-height:0px;font-size:0px;mso-line-height-rule:exactly;\">\n            <![endif]-->\n            <div style=\"background:#28315E;background-color:#28315E;Margin:0px auto;max-width:600px;\">\n                <table align=\"center\" border=\"0\" cellpadding=\"0\" cellspacing=\"0\" role=\"presentation\" style=\"background:#28315E;background-color:#28315E;width:100%;\">\n                    <tbody>\n                        <tr>\n                            <td style=\"direction:ltr;font-size:0px;padding:30px 20px;text-align:center;vertical-align:top;\">\n                                <!--[if mso | IE]>\n                                <table role=\"presentation\" border=\"0\" cellpadding=\"0\" cellspacing=\"0\">\n\n                                    <tr>\n\n                                        <td\n                                                class=\"\" style=\"vertical-align:top;width:280px;\"\n                                        >\n                                <![endif]-->\n                                <div class=\"mj-column-per-50 outlook-group-fix\" style=\"font-size:13px;text-align:left;direction:ltr;display:inline-block;vertical-align:top;width:100%;\">\n                                    <table border=\"0\" cellpadding=\"0\" cellspacing=\"0\" role=\"presentation\" style=\"vertical-align:top;\" width=\"100%\">\n                                        <tr>\n                                            <td align=\"left\" style=\"font-size:0px;padding:10px 25px;word-break:break-word;\">\n                                                <table align=\"left\" border=\"0\" cellpadding=\"0\" cellspacing=\"0\" role=\"presentation\" style=\"border-collapse:collapse;border-spacing:0px;\">\n                                                    <tbody>\n                                                        <tr>\n                                                            <td style=\"width:150px;\"> <img height=\"auto\" src=\"https://i.ibb.co/Drp8rfs/esemde-logo-full.png\" style=\"border:0;display:block;outline:none;text-decoration:none;height:auto;width:100%;\" width=\"150\" /> </td>\n                                                        </tr>\n                                                    </tbody>\n                                                </table>\n                                            </td>\n                                        </tr>\n                                    </table>\n                                </div>\n                                <!--[if mso | IE]>\n                                </td>\n\n                                <td\n                                        class=\"\" style=\"vertical-align:top;width:280px;\"\n                                >\n                                <![endif]-->\n                                <div class=\"mj-column-per-50 outlook-group-fix\" style=\"font-size:13px;text-align:left;direction:ltr;display:inline-block;vertical-align:top;width:100%;\">\n                                    <table border=\"0\" cellpadding=\"0\" cellspacing=\"0\" role=\"presentation\" width=\"100%\">\n                                        <tbody>\n                                            <tr>\n                                                <td style=\"vertical-align:top;padding-top:7px;\">\n                                                    <table border=\"0\" cellpadding=\"0\" cellspacing=\"0\" role=\"presentation\" style=\"\" width=\"100%\">\n                                                        <tr>\n                                                            <td align=\"right\" style=\"font-size:0px;padding:10px 25px;word-break:break-word;\">\n                                                                <div style=\"font-family:Ubuntu, Helvetica, Arial, sans-serif;font-size:22px;line-height:1;text-align:right;color:#fff;\">Post Status Change</div>\n                                                            </td>\n                                                        </tr>\n                                                    </table>\n                                                </td>\n                                            </tr>\n                                        </tbody>\n                                    </table>\n                                </div>\n                                <!--[if mso | IE]>\n                                </td>\n\n                                </tr>\n\n                                </table>\n                                <![endif]-->\n                            </td>\n                        </tr>\n                    </tbody>\n                </table>\n            </div>\n            <!--[if mso | IE]>\n            </td>\n            </tr>\n            </table>\n\n            <table\n                    align=\"center\" border=\"0\" cellpadding=\"0\" cellspacing=\"0\" class=\"\" style=\"width:600px;\" width=\"600\"\n            >\n                <tr>\n                    <td style=\"line-height:0px;font-size:0px;mso-line-height-rule:exactly;\">\n            <![endif]-->\n            <div style=\"background:#fff;background-color:#fff;Margin:0px auto;max-width:600px;\">\n                <table align=\"center\" border=\"0\" cellpadding=\"0\" cellspacing=\"0\" role=\"presentation\" style=\"background:#fff;background-color:#fff;width:100%;\">\n                    <tbody>\n                        <tr>\n                            <td style=\"direction:ltr;font-size:0px;padding:20px 0;text-align:center;vertical-align:top;\">\n                                <!--[if mso | IE]>\n                                <table role=\"presentation\" border=\"0\" cellpadding=\"0\" cellspacing=\"0\">\n\n                                    <tr>\n\n                                        <td\n                                                class=\"\" style=\"vertical-align:top;width:600px;\"\n                                        >\n                                <![endif]-->\n                                <div class=\"mj-column-per-100 outlook-group-fix\" style=\"font-size:13px;text-align:left;direction:ltr;display:inline-block;vertical-align:top;width:100%;\">\n                                    <table border=\"0\" cellpadding=\"0\" cellspacing=\"0\" role=\"presentation\" style=\"vertical-align:top;\" width=\"100%\">\n                                        <tr>\n                                            <td align=\"center\" style=\"font-size:0px;padding:10px 25px;padding-top:40px;word-break:break-word;\">\n                                                <div style=\"font-family:Ubuntu, Helvetica, Arial, sans-serif;font-size:13px;line-height:30px;text-align:center;color:#000000;\">\n                                                    <h3>Csaba Varga has not approved your post.</h3>\n                                                    <p>Post copy: \"adwdaw\"</p>\n                                                    <p style=\"font-size:18px\">Click <a href=\"https://smd.w5/post-list?status=notApproved&postID=18921\" target=\"_blank\">here</a> to view.</p>\n                                                    <p style=\"font-size:16px;\">Getting too much email from csaba.varga@w5labs.com?\n                                                        <a href=\"https://smd.w5/profile/settings\" target=\"_blank\">You can unsubscribe</a></p>\n                                                </div>\n                                            </td>\n                                        </tr>\n                                    </table>\n                                </div>\n                                <!--[if mso | IE]>\n                                </td>\n\n                                </tr>\n\n                                </table>\n                                <![endif]-->\n                            </td>\n                        </tr>\n                    </tbody>\n                </table>\n            </div>\n            <!--[if mso | IE]>\n            </td>\n            </tr>\n            </table>\n\n            <table\n                    align=\"center\" border=\"0\" cellpadding=\"0\" cellspacing=\"0\" class=\"\" style=\"width:600px;\" width=\"600\"\n            >\n                <tr>\n                    <td style=\"line-height:0px;font-size:0px;mso-line-height-rule:exactly;\">\n            <![endif]-->\n            <div style=\"background:#28315E;background-color:#28315E;Margin:0px auto;max-width:600px;\">\n                <table align=\"center\" border=\"0\" cellpadding=\"0\" cellspacing=\"0\" role=\"presentation\" style=\"background:#28315E;background-color:#28315E;width:100%;\">\n                    <tbody>\n                        <tr>\n                            <td style=\"direction:ltr;font-size:0px;padding:20px 0;text-align:center;vertical-align:top;\">\n                                <!--[if mso | IE]>\n                                <table role=\"presentation\" border=\"0\" cellpadding=\"0\" cellspacing=\"0\">\n\n                                    <tr>\n\n                                        <td\n                                                class=\"\" style=\"vertical-align:top;width:199.998px;\"\n                                        >\n                                <![endif]-->\n                                <div class=\"mj-column-per-33 outlook-group-fix\" style=\"font-size:13px;text-align:left;direction:ltr;display:inline-block;vertical-align:top;width:100%;\">\n                                    <table border=\"0\" cellpadding=\"0\" cellspacing=\"0\" role=\"presentation\" style=\"vertical-align:top;\" width=\"100%\">\n                                        <tr>\n                                            <td align=\"center\" style=\"font-size:0px;padding:10px 25px;word-break:break-word;\">\n                                                <div style=\"font-family:Ubuntu, Helvetica, Arial, sans-serif;font-size:13px;line-height:1;text-align:center;color:#fff;\"> Email: <a href=\"mailto:support@esemdee.com\" style=\"color:#fff;\">support@esemdee.com</a> </div>\n                                            </td>\n                                        </tr>\n                                    </table>\n                                </div>\n                                <!--[if mso | IE]>\n                                </td>\n\n                                <td\n                                        class=\"\" style=\"vertical-align:top;width:199.998px;\"\n                                >\n                                <![endif]-->\n                                <div class=\"mj-column-per-33 outlook-group-fix\" style=\"font-size:13px;text-align:left;direction:ltr;display:inline-block;vertical-align:top;width:100%;\">\n                                    <table border=\"0\" cellpadding=\"0\" cellspacing=\"0\" role=\"presentation\" style=\"vertical-align:top;\" width=\"100%\">\n                                        <tr>\n                                            <td align=\"center\" style=\"font-size:0px;padding:10px 25px;word-break:break-word;\">\n                                                <div style=\"font-family:Ubuntu, Helvetica, Arial, sans-serif;font-size:13px;line-height:1;text-align:center;color:#fff;\"> Tel: <a href=\"tel:+44 (0) 118 848 7000\" style=\"color:#fff;\">+44 (0) 118 848 7000</a> </div>\n                                            </td>\n                                        </tr>\n                                    </table>\n                                </div>\n                                <!--[if mso | IE]>\n                                </td>\n\n                                <td\n                                        class=\"\" style=\"vertical-align:top;width:199.998px;\"\n                                >\n                                <![endif]-->\n                                <div class=\"mj-column-per-33 outlook-group-fix\" style=\"font-size:13px;text-align:left;direction:ltr;display:inline-block;vertical-align:top;width:100%;\">\n                                    <table border=\"0\" cellpadding=\"0\" cellspacing=\"0\" role=\"presentation\" style=\"vertical-align:top;\" width=\"100%\">\n                                        <tr>\n                                            <td align=\"center\" style=\"font-size:0px;padding:10px 25px;word-break:break-word;\">\n                                                <div style=\"font-family:Ubuntu, Helvetica, Arial, sans-serif;font-size:13px;line-height:18px;text-align:center;color:#fff;\"> Address: <a href=\"\" style=\"color:#fff;\">S.M. Directions\n                                                        200 Brook Drive\n                                                        Green Park\n                                                        Reading, Berkshire\n                                                        RG2 6UB\n                                                        The United Kingdom</a> </div>\n                                            </td>\n                                        </tr>\n                                    </table>\n                                </div>\n                                <!--[if mso | IE]>\n                                </td>\n\n                                <td\n                                        class=\"\" style=\"vertical-align:top;width:600px;\"\n                                >\n                                <![endif]-->\n                                <div class=\"mj-column-per-100 outlook-group-fix\" style=\"font-size:13px;text-align:left;direction:ltr;display:inline-block;vertical-align:top;width:100%;\">\n                                    <table border=\"0\" cellpadding=\"0\" cellspacing=\"0\" role=\"presentation\" style=\"vertical-align:top;\" width=\"100%\">\n                                        <tr>\n                                            <td align=\"center\" style=\"font-size:0px;padding:10px 25px;padding-top:15px;padding-bottom:0;word-break:break-word;\">\n                                                <div style=\"font-family:Ubuntu, Helvetica, Arial, sans-serif;font-size:13px;line-height:1;text-align:center;color:#fff;\"> &copy; 2019 smd </div>\n                                            </td>\n                                        </tr>\n                                    </table>\n                                </div>\n                                <!--[if mso | IE]>\n                                </td>\n\n                                </tr>\n\n                                </table>\n                                <![endif]-->\n                            </td>\n                        </tr>\n                    </tbody>\n                </table>\n            </div>\n            <!--[if mso | IE]>\n            </td>\n            </tr>\n            </table>\n            <![endif]-->\n        </div>\n    </body>\n\n</html>\n', '2020-01-29 08:40:30', NULL, 3, 3, '2020-01-29 08:45:30'),
(15, NULL, NULL, 'csaba.varga@w5labs.com', 'Csaba Varga', 'Csaba Varga, 5 posts are awaiting for your approval', '<!doctype html>\n<html xmlns=\"http://www.w3.org/1999/xhtml\">\n\n    <head>\n        <title> </title>\n        <!--[if !mso]><!-- -->\n        <meta http-equiv=\"X-UA-Compatible\" content=\"IE=edge\">\n        <!--<![endif]-->\n        <meta http-equiv=\"Content-Type\" content=\"text/html; charset=UTF-8\">\n        <meta name=\"viewport\" content=\"width=device-width, initial-scale=1\">\n        <style type=\"text/css\">\n            #outlook a {\n                padding: 0;\n            }\n\n            .ReadMsgBody {\n                width: 100%;\n            }\n\n            .ExternalClass {\n                width: 100%;\n            }\n\n            .ExternalClass * {\n                line-height: 100%;\n            }\n\n            body {\n                margin: 0;\n                padding: 0;\n                -webkit-text-size-adjust: 100%;\n                -ms-text-size-adjust: 100%;\n            }\n\n            table,\n            td {\n                border-collapse: collapse;\n                mso-table-lspace: 0pt;\n                mso-table-rspace: 0pt;\n            }\n\n            img {\n                border: 0;\n                height: auto;\n                line-height: 100%;\n                outline: none;\n                text-decoration: none;\n                -ms-interpolation-mode: bicubic;\n            }\n\n            p {\n                display: block;\n                margin: 13px 0;\n            }\n        </style>\n        <!--[if !mso]><!-->\n        <style type=\"text/css\">\n            @media only screen and (max-width:480px) {\n                @-ms-viewport {\n                    width: 320px;\n                }\n                @viewport {\n                    width: 320px;\n                }\n            }\n        </style>\n        <!--<![endif]-->\n        <!--[if mso]>\n        <xml>\n            <o:OfficeDocumentSettings>\n                <o:AllowPNG/>\n                <o:PixelsPerInch>96</o:PixelsPerInch>\n            </o:OfficeDocumentSettings>\n        </xml>\n        <![endif]-->\n        <!--[if lte mso 11]>\n        <style type=\"text/css\">\n            .outlook-group-fix { width:100% !important; }\n        </style>\n        <![endif]-->\n        <!--[if !mso]><!-->\n        <link href=\"https://fonts.googleapis.com/css?family=Ubuntu:300,400,500,700\" rel=\"stylesheet\" type=\"text/css\">\n        <style type=\"text/css\">\n            @import url(https://fonts.googleapis.com/css?family=Ubuntu:300,400,500,700);\n        </style>\n        <!--<![endif]-->\n        <style type=\"text/css\">\n            @media only screen and (min-width:480px) {\n                .mj-column-per-50 {\n                    width: 50% !important;\n                    max-width: 50%;\n                }\n                .mj-column-per-100 {\n                    width: 100% !important;\n                    max-width: 100%;\n                }\n                .mj-column-per-33 {\n                    width: 33.333% !important;\n                    max-width: 33.333%;\n                }\n            }\n        </style>\n        <style type=\"text/css\">\n            @media only screen and (max-width:480px) {\n                table.full-width-mobile {\n                    width: 100% !important;\n                }\n                td.full-width-mobile {\n                    width: auto !important;\n                }\n            }\n        </style>\n    </head>\n\n    <body style=\"background-color:#eee;\">\n        <div style=\"background-color:#eee;\">\n            <!--[if mso | IE]>\n            <table\n                    align=\"center\" border=\"0\" cellpadding=\"0\" cellspacing=\"0\" class=\"\" style=\"width:600px;\" width=\"600\"\n            >\n                <tr>\n                    <td style=\"line-height:0px;font-size:0px;mso-line-height-rule:exactly;\">\n            <![endif]-->\n            <div style=\"background:#28315E;background-color:#28315E;Margin:0px auto;max-width:600px;\">\n                <table align=\"center\" border=\"0\" cellpadding=\"0\" cellspacing=\"0\" role=\"presentation\" style=\"background:#28315E;background-color:#28315E;width:100%;\">\n                    <tbody>\n                        <tr>\n                            <td style=\"direction:ltr;font-size:0px;padding:30px 20px;text-align:center;vertical-align:top;\">\n                                <!--[if mso | IE]>\n                                <table role=\"presentation\" border=\"0\" cellpadding=\"0\" cellspacing=\"0\">\n\n                                    <tr>\n\n                                        <td\n                                                class=\"\" style=\"vertical-align:top;width:280px;\"\n                                        >\n                                <![endif]-->\n                                <div class=\"mj-column-per-50 outlook-group-fix\" style=\"font-size:13px;text-align:left;direction:ltr;display:inline-block;vertical-align:top;width:100%;\">\n                                    <table border=\"0\" cellpadding=\"0\" cellspacing=\"0\" role=\"presentation\" style=\"vertical-align:top;\" width=\"100%\">\n                                        <tr>\n                                            <td align=\"left\" style=\"font-size:0px;padding:10px 25px;word-break:break-word;\">\n                                                <table align=\"left\" border=\"0\" cellpadding=\"0\" cellspacing=\"0\" role=\"presentation\" style=\"border-collapse:collapse;border-spacing:0px;\">\n                                                    <tbody>\n                                                        <tr>\n                                                            <td style=\"width:150px;\"> <img height=\"auto\" src=\"https://i.ibb.co/Drp8rfs/esemde-logo-full.png\" style=\"border:0;display:block;outline:none;text-decoration:none;height:auto;width:100%;\" width=\"150\" /> </td>\n                                                        </tr>\n                                                    </tbody>\n                                                </table>\n                                            </td>\n                                        </tr>\n                                    </table>\n                                </div>\n                                <!--[if mso | IE]>\n                                </td>\n\n                                <td\n                                        class=\"\" style=\"vertical-align:top;width:280px;\"\n                                >\n                                <![endif]-->\n                                <div class=\"mj-column-per-50 outlook-group-fix\" style=\"font-size:13px;text-align:left;direction:ltr;display:inline-block;vertical-align:top;width:100%;\">\n                                    <table border=\"0\" cellpadding=\"0\" cellspacing=\"0\" role=\"presentation\" width=\"100%\">\n                                        <tbody>\n                                            <tr>\n                                                <td style=\"vertical-align:top;padding-top:7px;\">\n                                                    <table border=\"0\" cellpadding=\"0\" cellspacing=\"0\" role=\"presentation\" style=\"\" width=\"100%\">\n                                                        <tr>\n                                                            <td align=\"right\" style=\"font-size:0px;padding:10px 25px;word-break:break-word;\">\n                                                                <div style=\"font-family:Ubuntu, Helvetica, Arial, sans-serif;font-size:20px;line-height:1;text-align:right;color:#fff;\">Post Approval</div>\n                                                            </td>\n                                                        </tr>\n                                                    </table>\n                                                </td>\n                                            </tr>\n                                        </tbody>\n                                    </table>\n                                </div>\n                                <!--[if mso | IE]>\n                                </td>\n\n                                </tr>\n\n                                </table>\n                                <![endif]-->\n                            </td>\n                        </tr>\n                    </tbody>\n                </table>\n            </div>\n            <!--[if mso | IE]>\n            </td>\n            </tr>\n            </table>\n\n            <table\n                    align=\"center\" border=\"0\" cellpadding=\"0\" cellspacing=\"0\" class=\"\" style=\"width:600px;\" width=\"600\"\n            >\n                <tr>\n                    <td style=\"line-height:0px;font-size:0px;mso-line-height-rule:exactly;\">\n            <![endif]-->\n            <div style=\"background:#fff;background-color:#fff;Margin:0px auto;max-width:600px;\">\n                <table align=\"center\" border=\"0\" cellpadding=\"0\" cellspacing=\"0\" role=\"presentation\" style=\"background:#fff;background-color:#fff;width:100%;\">\n                    <tbody>\n                        <tr>\n                            <td style=\"direction:ltr;font-size:0px;padding:20px 0;text-align:center;vertical-align:top;\">\n                                <!--[if mso | IE]>\n                                <table role=\"presentation\" border=\"0\" cellpadding=\"0\" cellspacing=\"0\">\n\n                                    <tr>\n\n                                        <td\n                                                class=\"\" style=\"vertical-align:top;width:600px;\"\n                                        >\n                                <![endif]-->\n                                <div class=\"mj-column-per-100 outlook-group-fix\" style=\"font-size:13px;text-align:left;direction:ltr;display:inline-block;vertical-align:top;width:100%;\">\n                                    <table border=\"0\" cellpadding=\"0\" cellspacing=\"0\" role=\"presentation\" style=\"vertical-align:top;\" width=\"100%\">\n                                        <tr>\n                                            <td align=\"center\" style=\"font-size:0px;padding:10px 25px;padding-top:40px;word-break:break-word;\">\n                                                <div style=\"font-family:Ubuntu, Helvetica, Arial, sans-serif;font-size:13px;line-height:30px;text-align:center;color:#000000;\">\n                                                    <h3>DeleteRequest Aladár is awaiting your approval on 5 posts:</h3>\n                                                    <ul>\n                                                                                                                    <li>Facebook : 5</li>\n                                                                                                            </ul>\n                                                    <p>Post copy: adwawddaw</p>\n                                                    <p style=\"font-size:18px\">Click <a href=\"https://smd.w5/post-list?status=waitingForApproval\" target=\"_blank\">here</a> to login and approve.</p>\n                                                    <p style=\"font-size:16px;\">Getting too much email from csaba.varga@w5labs.com?\n                                                        <a href=\"https://smd.w5/profile/settings\" target=\"_blank\">You can unsubscribe</a></p>\n                                                </div>\n                                            </td>\n                                        </tr>\n                                    </table>\n                                </div>\n                                <!--[if mso | IE]>\n                                </td>\n\n                                </tr>\n\n                                </table>\n                                <![endif]-->\n                            </td>\n                        </tr>\n                    </tbody>\n                </table>\n            </div>\n            <!--[if mso | IE]>\n            </td>\n            </tr>\n            </table>\n\n            <table\n                    align=\"center\" border=\"0\" cellpadding=\"0\" cellspacing=\"0\" class=\"\" style=\"width:600px;\" width=\"600\"\n            >\n                <tr>\n                    <td style=\"line-height:0px;font-size:0px;mso-line-height-rule:exactly;\">\n            <![endif]-->\n            <div style=\"background:#28315E;background-color:#28315E;Margin:0px auto;max-width:600px;\">\n                <table align=\"center\" border=\"0\" cellpadding=\"0\" cellspacing=\"0\" role=\"presentation\" style=\"background:#28315E;background-color:#28315E;width:100%;\">\n                    <tbody>\n                        <tr>\n                            <td style=\"direction:ltr;font-size:0px;padding:20px 0;text-align:center;vertical-align:top;\">\n                                <!--[if mso | IE]>\n                                <table role=\"presentation\" border=\"0\" cellpadding=\"0\" cellspacing=\"0\">\n\n                                    <tr>\n\n                                        <td\n                                                class=\"\" style=\"vertical-align:top;width:199.998px;\"\n                                        >\n                                <![endif]-->\n                                <div class=\"mj-column-per-33 outlook-group-fix\" style=\"font-size:13px;text-align:left;direction:ltr;display:inline-block;vertical-align:top;width:100%;\">\n                                    <table border=\"0\" cellpadding=\"0\" cellspacing=\"0\" role=\"presentation\" style=\"vertical-align:top;\" width=\"100%\">\n                                        <tr>\n                                            <td align=\"center\" style=\"font-size:0px;padding:10px 25px;word-break:break-word;\">\n                                                <div style=\"font-family:Ubuntu, Helvetica, Arial, sans-serif;font-size:13px;line-height:1;text-align:center;color:#fff;\"> Email: <a href=\"mailto:support@esemdee.com\" style=\"color:#fff;\">support@esemdee.com</a> </div>\n                                            </td>\n                                        </tr>\n                                    </table>\n                                </div>\n                                <!--[if mso | IE]>\n                                </td>\n\n                                <td\n                                        class=\"\" style=\"vertical-align:top;width:199.998px;\"\n                                >\n                                <![endif]-->\n                                <div class=\"mj-column-per-33 outlook-group-fix\" style=\"font-size:13px;text-align:left;direction:ltr;display:inline-block;vertical-align:top;width:100%;\">\n                                    <table border=\"0\" cellpadding=\"0\" cellspacing=\"0\" role=\"presentation\" style=\"vertical-align:top;\" width=\"100%\">\n                                        <tr>\n                                            <td align=\"center\" style=\"font-size:0px;padding:10px 25px;word-break:break-word;\">\n                                                <div style=\"font-family:Ubuntu, Helvetica, Arial, sans-serif;font-size:13px;line-height:1;text-align:center;color:#fff;\"> Tel: <a href=\"tel:+44 (0) 118 848 7000\" style=\"color:#fff;\">+44 (0) 118 848 7000</a> </div>\n                                            </td>\n                                        </tr>\n                                    </table>\n                                </div>\n                                <!--[if mso | IE]>\n                                </td>\n\n                                <td\n                                        class=\"\" style=\"vertical-align:top;width:199.998px;\"\n                                >\n                                <![endif]-->\n                                <div class=\"mj-column-per-33 outlook-group-fix\" style=\"font-size:13px;text-align:left;direction:ltr;display:inline-block;vertical-align:top;width:100%;\">\n                                    <table border=\"0\" cellpadding=\"0\" cellspacing=\"0\" role=\"presentation\" style=\"vertical-align:top;\" width=\"100%\">\n                                        <tr>\n                                            <td align=\"center\" style=\"font-size:0px;padding:10px 25px;word-break:break-word;\">\n                                                <div style=\"font-family:Ubuntu, Helvetica, Arial, sans-serif;font-size:13px;line-height:18px;text-align:center;color:#fff;\"> Address: <a href=\"\" style=\"color:#fff;\">S.M. Directions\n                                                        200 Brook Drive\n                                                        Green Park\n                                                        Reading, Berkshire\n                                                        RG2 6UB\n                                                        The United Kingdom</a> </div>\n                                            </td>\n                                        </tr>\n                                    </table>\n                                </div>\n                                <!--[if mso | IE]>\n                                </td>\n\n                                <td\n                                        class=\"\" style=\"vertical-align:top;width:600px;\"\n                                >\n                                <![endif]-->\n                                <div class=\"mj-column-per-100 outlook-group-fix\" style=\"font-size:13px;text-align:left;direction:ltr;display:inline-block;vertical-align:top;width:100%;\">\n                                    <table border=\"0\" cellpadding=\"0\" cellspacing=\"0\" role=\"presentation\" style=\"vertical-align:top;\" width=\"100%\">\n                                        <tr>\n                                            <td align=\"center\" style=\"font-size:0px;padding:10px 25px;padding-top:15px;padding-bottom:0;word-break:break-word;\">\n                                                <div style=\"font-family:Ubuntu, Helvetica, Arial, sans-serif;font-size:13px;line-height:1;text-align:center;color:#fff;\"> &copy; 2019 smd </div>\n                                            </td>\n                                        </tr>\n                                    </table>\n                                </div>\n                                <!--[if mso | IE]>\n                                </td>\n\n                                </tr>\n\n                                </table>\n                                <![endif]-->\n                            </td>\n                        </tr>\n                    </tbody>\n                </table>\n            </div>\n            <!--[if mso | IE]>\n            </td>\n            </tr>\n            </table>\n            <![endif]-->\n        </div>\n    </body>\n\n</html>', '2020-01-29 09:36:30', '2020-01-29 09:38:15', NULL, 3, NULL);
INSERT INTO `smd__email_queue` (`emailQueueID`, `from`, `fromName`, `to`, `toName`, `subject`, `content`, `createDate`, `sent`, `attempt`, `maxAttempts`, `lastAttempt`) VALUES
(16, NULL, NULL, 'deleterequestaladar@w5labs.com', 'DeleteRequest Aladár', 'DeleteRequest Aladár, Csaba Varga has approved your post', '\n<!doctype html>\n<html xmlns=\"http://www.w3.org/1999/xhtml\">\n\n    <head>\n        <title> </title>\n        <!--[if !mso]><!-- -->\n        <meta http-equiv=\"X-UA-Compatible\" content=\"IE=edge\">\n        <!--<![endif]-->\n        <meta http-equiv=\"Content-Type\" content=\"text/html; charset=UTF-8\">\n        <meta name=\"viewport\" content=\"width=device-width, initial-scale=1\">\n        <style type=\"text/css\">\n            #outlook a {\n                padding: 0;\n            }\n\n            .ReadMsgBody {\n                width: 100%;\n            }\n\n            .ExternalClass {\n                width: 100%;\n            }\n\n            .ExternalClass * {\n                line-height: 100%;\n            }\n\n            body {\n                margin: 0;\n                padding: 0;\n                -webkit-text-size-adjust: 100%;\n                -ms-text-size-adjust: 100%;\n            }\n\n            table,\n            td {\n                border-collapse: collapse;\n                mso-table-lspace: 0pt;\n                mso-table-rspace: 0pt;\n            }\n\n            img {\n                border: 0;\n                height: auto;\n                line-height: 100%;\n                outline: none;\n                text-decoration: none;\n                -ms-interpolation-mode: bicubic;\n            }\n\n            p {\n                display: block;\n                margin: 13px 0;\n            }\n        </style>\n        <!--[if !mso]><!-->\n        <style type=\"text/css\">\n            @media only screen and (max-width:480px) {\n                @-ms-viewport {\n                    width: 320px;\n                }\n                @viewport {\n                    width: 320px;\n                }\n            }\n        </style>\n        <!--<![endif]-->\n        <!--[if mso]>\n        <xml>\n            <o:OfficeDocumentSettings>\n                <o:AllowPNG/>\n                <o:PixelsPerInch>96</o:PixelsPerInch>\n            </o:OfficeDocumentSettings>\n        </xml>\n        <![endif]-->\n        <!--[if lte mso 11]>\n        <style type=\"text/css\">\n            .outlook-group-fix { width:100% !important; }\n        </style>\n        <![endif]-->\n        <!--[if !mso]><!-->\n        <link href=\"https://fonts.googleapis.com/css?family=Ubuntu:300,400,500,700\" rel=\"stylesheet\" type=\"text/css\">\n        <style type=\"text/css\">\n            @import url(https://fonts.googleapis.com/css?family=Ubuntu:300,400,500,700);\n        </style>\n        <!--<![endif]-->\n        <style type=\"text/css\">\n            @media only screen and (min-width:480px) {\n                .mj-column-per-50 {\n                    width: 50% !important;\n                    max-width: 50%;\n                }\n                .mj-column-per-100 {\n                    width: 100% !important;\n                    max-width: 100%;\n                }\n                .mj-column-per-33 {\n                    width: 33.333% !important;\n                    max-width: 33.333%;\n                }\n            }\n        </style>\n        <style type=\"text/css\">\n            @media only screen and (max-width:480px) {\n                table.full-width-mobile {\n                    width: 100% !important;\n                }\n                td.full-width-mobile {\n                    width: auto !important;\n                }\n            }\n        </style>\n    </head>\n\n    <body style=\"background-color:#eee;\">\n        <div style=\"background-color:#eee;\">\n            <!--[if mso | IE]>\n            <table\n                    align=\"center\" border=\"0\" cellpadding=\"0\" cellspacing=\"0\" class=\"\" style=\"width:600px;\" width=\"600\"\n            >\n                <tr>\n                    <td style=\"line-height:0px;font-size:0px;mso-line-height-rule:exactly;\">\n            <![endif]-->\n            <div style=\"background:#28315E;background-color:#28315E;Margin:0px auto;max-width:600px;\">\n                <table align=\"center\" border=\"0\" cellpadding=\"0\" cellspacing=\"0\" role=\"presentation\" style=\"background:#28315E;background-color:#28315E;width:100%;\">\n                    <tbody>\n                        <tr>\n                            <td style=\"direction:ltr;font-size:0px;padding:30px 20px;text-align:center;vertical-align:top;\">\n                                <!--[if mso | IE]>\n                                <table role=\"presentation\" border=\"0\" cellpadding=\"0\" cellspacing=\"0\">\n\n                                    <tr>\n\n                                        <td\n                                                class=\"\" style=\"vertical-align:top;width:280px;\"\n                                        >\n                                <![endif]-->\n                                <div class=\"mj-column-per-50 outlook-group-fix\" style=\"font-size:13px;text-align:left;direction:ltr;display:inline-block;vertical-align:top;width:100%;\">\n                                    <table border=\"0\" cellpadding=\"0\" cellspacing=\"0\" role=\"presentation\" style=\"vertical-align:top;\" width=\"100%\">\n                                        <tr>\n                                            <td align=\"left\" style=\"font-size:0px;padding:10px 25px;word-break:break-word;\">\n                                                <table align=\"left\" border=\"0\" cellpadding=\"0\" cellspacing=\"0\" role=\"presentation\" style=\"border-collapse:collapse;border-spacing:0px;\">\n                                                    <tbody>\n                                                        <tr>\n                                                            <td style=\"width:150px;\"> <img height=\"auto\" src=\"https://i.ibb.co/Drp8rfs/esemde-logo-full.png\" style=\"border:0;display:block;outline:none;text-decoration:none;height:auto;width:100%;\" width=\"150\" /> </td>\n                                                        </tr>\n                                                    </tbody>\n                                                </table>\n                                            </td>\n                                        </tr>\n                                    </table>\n                                </div>\n                                <!--[if mso | IE]>\n                                </td>\n\n                                <td\n                                        class=\"\" style=\"vertical-align:top;width:280px;\"\n                                >\n                                <![endif]-->\n                                <div class=\"mj-column-per-50 outlook-group-fix\" style=\"font-size:13px;text-align:left;direction:ltr;display:inline-block;vertical-align:top;width:100%;\">\n                                    <table border=\"0\" cellpadding=\"0\" cellspacing=\"0\" role=\"presentation\" width=\"100%\">\n                                        <tbody>\n                                            <tr>\n                                                <td style=\"vertical-align:top;padding-top:7px;\">\n                                                    <table border=\"0\" cellpadding=\"0\" cellspacing=\"0\" role=\"presentation\" style=\"\" width=\"100%\">\n                                                        <tr>\n                                                            <td align=\"right\" style=\"font-size:0px;padding:10px 25px;word-break:break-word;\">\n                                                                <div style=\"font-family:Ubuntu, Helvetica, Arial, sans-serif;font-size:20px;line-height:1;text-align:right;color:#fff;\">Template Status Change</div>\n                                                            </td>\n                                                        </tr>\n                                                    </table>\n                                                </td>\n                                            </tr>\n                                        </tbody>\n                                    </table>\n                                </div>\n                                <!--[if mso | IE]>\n                                </td>\n\n                                </tr>\n\n                                </table>\n                                <![endif]-->\n                            </td>\n                        </tr>\n                    </tbody>\n                </table>\n            </div>\n            <!--[if mso | IE]>\n            </td>\n            </tr>\n            </table>\n\n            <table\n                    align=\"center\" border=\"0\" cellpadding=\"0\" cellspacing=\"0\" class=\"\" style=\"width:600px;\" width=\"600\"\n            >\n                <tr>\n                    <td style=\"line-height:0px;font-size:0px;mso-line-height-rule:exactly;\">\n            <![endif]-->\n            <div style=\"background:#fff;background-color:#fff;Margin:0px auto;max-width:600px;\">\n                <table align=\"center\" border=\"0\" cellpadding=\"0\" cellspacing=\"0\" role=\"presentation\" style=\"background:#fff;background-color:#fff;width:100%;\">\n                    <tbody>\n                        <tr>\n                            <td style=\"direction:ltr;font-size:0px;padding:20px 0;text-align:center;vertical-align:top;\">\n                                <!--[if mso | IE]>\n                                <table role=\"presentation\" border=\"0\" cellpadding=\"0\" cellspacing=\"0\">\n\n                                    <tr>\n\n                                        <td\n                                                class=\"\" style=\"vertical-align:top;width:600px;\"\n                                        >\n                                <![endif]-->\n                                <div class=\"mj-column-per-100 outlook-group-fix\" style=\"font-size:13px;text-align:left;direction:ltr;display:inline-block;vertical-align:top;width:100%;\">\n                                    <table border=\"0\" cellpadding=\"0\" cellspacing=\"0\" role=\"presentation\" style=\"vertical-align:top;\" width=\"100%\">\n                                        <tr>\n                                            <td align=\"center\" style=\"font-size:0px;padding:10px 25px;padding-top:40px;word-break:break-word;\">\n                                                <div style=\"font-family:Ubuntu, Helvetica, Arial, sans-serif;font-size:13px;line-height:30px;text-align:center;color:#000000;\">\n                                                    <h3>Csaba Varga has approved your post template</h3>\n                                                    <p>Post template copy: \n\n\n\nadawd\n\n</p>\n                                                    <p style=\"font-size:18px\">Click <a href=\"https://smd.w5/template-manager?templateID=27705\" target=\"_blank\">here</a> to view.</p>\n                                                    <p style=\"font-size:16px;\">Getting too much email from daniel.erdei@w5labs.com?\n                                                        <a href=\"https://smd.w5/profile/settings\" target=\"_blank\">You can unsubscribe</a></p>\n                                                </div>\n                                            </td>\n                                        </tr>\n                                    </table>\n                                </div>\n                                <!--[if mso | IE]>\n                                </td>\n\n                                </tr>\n\n                                </table>\n                                <![endif]-->\n                            </td>\n                        </tr>\n                    </tbody>\n                </table>\n            </div>\n            <!--[if mso | IE]>\n            </td>\n            </tr>\n            </table>\n\n            <table\n                    align=\"center\" border=\"0\" cellpadding=\"0\" cellspacing=\"0\" class=\"\" style=\"width:600px;\" width=\"600\"\n            >\n                <tr>\n                    <td style=\"line-height:0px;font-size:0px;mso-line-height-rule:exactly;\">\n            <![endif]-->\n            <div style=\"background:#28315E;background-color:#28315E;Margin:0px auto;max-width:600px;\">\n                <table align=\"center\" border=\"0\" cellpadding=\"0\" cellspacing=\"0\" role=\"presentation\" style=\"background:#28315E;background-color:#28315E;width:100%;\">\n                    <tbody>\n                        <tr>\n                            <td style=\"direction:ltr;font-size:0px;padding:20px 0;text-align:center;vertical-align:top;\">\n                                <!--[if mso | IE]>\n                                <table role=\"presentation\" border=\"0\" cellpadding=\"0\" cellspacing=\"0\">\n\n                                    <tr>\n\n                                        <td\n                                                class=\"\" style=\"vertical-align:top;width:199.998px;\"\n                                        >\n                                <![endif]-->\n                                <div class=\"mj-column-per-33 outlook-group-fix\" style=\"font-size:13px;text-align:left;direction:ltr;display:inline-block;vertical-align:top;width:100%;\">\n                                    <table border=\"0\" cellpadding=\"0\" cellspacing=\"0\" role=\"presentation\" style=\"vertical-align:top;\" width=\"100%\">\n                                        <tr>\n                                            <td align=\"center\" style=\"font-size:0px;padding:10px 25px;word-break:break-word;\">\n                                                <div style=\"font-family:Ubuntu, Helvetica, Arial, sans-serif;font-size:13px;line-height:1;text-align:center;color:#fff;\"> Email: <a href=\"mailto:support@esemdee.com\" style=\"color:#fff;\">support@esemdee.com</a> </div>\n                                            </td>\n                                        </tr>\n                                    </table>\n                                </div>\n                                <!--[if mso | IE]>\n                                </td>\n\n                                <td\n                                        class=\"\" style=\"vertical-align:top;width:199.998px;\"\n                                >\n                                <![endif]-->\n                                <div class=\"mj-column-per-33 outlook-group-fix\" style=\"font-size:13px;text-align:left;direction:ltr;display:inline-block;vertical-align:top;width:100%;\">\n                                    <table border=\"0\" cellpadding=\"0\" cellspacing=\"0\" role=\"presentation\" style=\"vertical-align:top;\" width=\"100%\">\n                                        <tr>\n                                            <td align=\"center\" style=\"font-size:0px;padding:10px 25px;word-break:break-word;\">\n                                                <div style=\"font-family:Ubuntu, Helvetica, Arial, sans-serif;font-size:13px;line-height:1;text-align:center;color:#fff;\"> Tel: <a href=\"tel:+44 (0) 118 848 7000\" style=\"color:#fff;\">+44 (0) 118 848 7000</a> </div>\n                                            </td>\n                                        </tr>\n                                    </table>\n                                </div>\n                                <!--[if mso | IE]>\n                                </td>\n\n                                <td\n                                        class=\"\" style=\"vertical-align:top;width:199.998px;\"\n                                >\n                                <![endif]-->\n                                <div class=\"mj-column-per-33 outlook-group-fix\" style=\"font-size:13px;text-align:left;direction:ltr;display:inline-block;vertical-align:top;width:100%;\">\n                                    <table border=\"0\" cellpadding=\"0\" cellspacing=\"0\" role=\"presentation\" style=\"vertical-align:top;\" width=\"100%\">\n                                        <tr>\n                                            <td align=\"center\" style=\"font-size:0px;padding:10px 25px;word-break:break-word;\">\n                                                <div style=\"font-family:Ubuntu, Helvetica, Arial, sans-serif;font-size:13px;line-height:18px;text-align:center;color:#fff;\"> Address: <a href=\"\" style=\"color:#fff;\">S.M. Directions\n                                                        200 Brook Drive\n                                                        Green Park\n                                                        Reading, Berkshire\n                                                        RG2 6UB\n                                                        The United Kingdom</a> </div>\n                                            </td>\n                                        </tr>\n                                    </table>\n                                </div>\n                                <!--[if mso | IE]>\n                                </td>\n\n                                <td\n                                        class=\"\" style=\"vertical-align:top;width:600px;\"\n                                >\n                                <![endif]-->\n                                <div class=\"mj-column-per-100 outlook-group-fix\" style=\"font-size:13px;text-align:left;direction:ltr;display:inline-block;vertical-align:top;width:100%;\">\n                                    <table border=\"0\" cellpadding=\"0\" cellspacing=\"0\" role=\"presentation\" style=\"vertical-align:top;\" width=\"100%\">\n                                        <tr>\n                                            <td align=\"center\" style=\"font-size:0px;padding:10px 25px;padding-top:15px;padding-bottom:0;word-break:break-word;\">\n                                                <div style=\"font-family:Ubuntu, Helvetica, Arial, sans-serif;font-size:13px;line-height:1;text-align:center;color:#fff;\"> &copy; 2019 smd </div>\n                                            </td>\n                                        </tr>\n                                    </table>\n                                </div>\n                                <!--[if mso | IE]>\n                                </td>\n\n                                </tr>\n\n                                </table>\n                                <![endif]-->\n                            </td>\n                        </tr>\n                    </tbody>\n                </table>\n            </div>\n            <!--[if mso | IE]>\n            </td>\n            </tr>\n            </table>\n            <![endif]-->\n        </div>\n    </body>\n\n</html>\n', '2020-01-29 12:33:30', NULL, 3, 3, '2020-12-07 12:20:30'),
(17, NULL, NULL, 'csaba.varga@w5labs.com', 'Csaba Varga', 'Csaba Varga, Csaba Varga has approved your template', '\n<!doctype html>\n<html xmlns=\"http://www.w3.org/1999/xhtml\">\n\n    <head>\n        <title> </title>\n        <!--[if !mso]><!-- -->\n        <meta http-equiv=\"X-UA-Compatible\" content=\"IE=edge\">\n        <!--<![endif]-->\n        <meta http-equiv=\"Content-Type\" content=\"text/html; charset=UTF-8\">\n        <meta name=\"viewport\" content=\"width=device-width, initial-scale=1\">\n        <style type=\"text/css\">\n            #outlook a {\n                padding: 0;\n            }\n\n            .ReadMsgBody {\n                width: 100%;\n            }\n\n            .ExternalClass {\n                width: 100%;\n            }\n\n            .ExternalClass * {\n                line-height: 100%;\n            }\n\n            body {\n                margin: 0;\n                padding: 0;\n                -webkit-text-size-adjust: 100%;\n                -ms-text-size-adjust: 100%;\n            }\n\n            table,\n            td {\n                border-collapse: collapse;\n                mso-table-lspace: 0pt;\n                mso-table-rspace: 0pt;\n            }\n\n            img {\n                border: 0;\n                height: auto;\n                line-height: 100%;\n                outline: none;\n                text-decoration: none;\n                -ms-interpolation-mode: bicubic;\n            }\n\n            p {\n                display: block;\n                margin: 13px 0;\n            }\n        </style>\n        <!--[if !mso]><!-->\n        <style type=\"text/css\">\n            @media only screen and (max-width:480px) {\n                @-ms-viewport {\n                    width: 320px;\n                }\n                @viewport {\n                    width: 320px;\n                }\n            }\n        </style>\n        <!--<![endif]-->\n        <!--[if mso]>\n        <xml>\n            <o:OfficeDocumentSettings>\n                <o:AllowPNG/>\n                <o:PixelsPerInch>96</o:PixelsPerInch>\n            </o:OfficeDocumentSettings>\n        </xml>\n        <![endif]-->\n        <!--[if lte mso 11]>\n        <style type=\"text/css\">\n            .outlook-group-fix { width:100% !important; }\n        </style>\n        <![endif]-->\n        <!--[if !mso]><!-->\n        <link href=\"https://fonts.googleapis.com/css?family=Ubuntu:300,400,500,700\" rel=\"stylesheet\" type=\"text/css\">\n        <style type=\"text/css\">\n            @import url(https://fonts.googleapis.com/css?family=Ubuntu:300,400,500,700);\n        </style>\n        <!--<![endif]-->\n        <style type=\"text/css\">\n            @media only screen and (min-width:480px) {\n                .mj-column-per-50 {\n                    width: 50% !important;\n                    max-width: 50%;\n                }\n                .mj-column-per-100 {\n                    width: 100% !important;\n                    max-width: 100%;\n                }\n                .mj-column-per-33 {\n                    width: 33.333% !important;\n                    max-width: 33.333%;\n                }\n            }\n        </style>\n        <style type=\"text/css\">\n            @media only screen and (max-width:480px) {\n                table.full-width-mobile {\n                    width: 100% !important;\n                }\n                td.full-width-mobile {\n                    width: auto !important;\n                }\n            }\n        </style>\n    </head>\n\n    <body style=\"background-color:#eee;\">\n        <div style=\"background-color:#eee;\">\n            <!--[if mso | IE]>\n            <table\n                    align=\"center\" border=\"0\" cellpadding=\"0\" cellspacing=\"0\" class=\"\" style=\"width:600px;\" width=\"600\"\n            >\n                <tr>\n                    <td style=\"line-height:0px;font-size:0px;mso-line-height-rule:exactly;\">\n            <![endif]-->\n            <div style=\"background:#28315E;background-color:#28315E;Margin:0px auto;max-width:600px;\">\n                <table align=\"center\" border=\"0\" cellpadding=\"0\" cellspacing=\"0\" role=\"presentation\" style=\"background:#28315E;background-color:#28315E;width:100%;\">\n                    <tbody>\n                        <tr>\n                            <td style=\"direction:ltr;font-size:0px;padding:30px 20px;text-align:center;vertical-align:top;\">\n                                <!--[if mso | IE]>\n                                <table role=\"presentation\" border=\"0\" cellpadding=\"0\" cellspacing=\"0\">\n\n                                    <tr>\n\n                                        <td\n                                                class=\"\" style=\"vertical-align:top;width:280px;\"\n                                        >\n                                <![endif]-->\n                                <div class=\"mj-column-per-50 outlook-group-fix\" style=\"font-size:13px;text-align:left;direction:ltr;display:inline-block;vertical-align:top;width:100%;\">\n                                    <table border=\"0\" cellpadding=\"0\" cellspacing=\"0\" role=\"presentation\" style=\"vertical-align:top;\" width=\"100%\">\n                                        <tr>\n                                            <td align=\"left\" style=\"font-size:0px;padding:10px 25px;word-break:break-word;\">\n                                                <table align=\"left\" border=\"0\" cellpadding=\"0\" cellspacing=\"0\" role=\"presentation\" style=\"border-collapse:collapse;border-spacing:0px;\">\n                                                    <tbody>\n                                                        <tr>\n                                                            <td style=\"width:150px;\"> <img height=\"auto\" src=\"https://i.ibb.co/Drp8rfs/esemde-logo-full.png\" style=\"border:0;display:block;outline:none;text-decoration:none;height:auto;width:100%;\" width=\"150\" /> </td>\n                                                        </tr>\n                                                    </tbody>\n                                                </table>\n                                            </td>\n                                        </tr>\n                                    </table>\n                                </div>\n                                <!--[if mso | IE]>\n                                </td>\n\n                                <td\n                                        class=\"\" style=\"vertical-align:top;width:280px;\"\n                                >\n                                <![endif]-->\n                                <div class=\"mj-column-per-50 outlook-group-fix\" style=\"font-size:13px;text-align:left;direction:ltr;display:inline-block;vertical-align:top;width:100%;\">\n                                    <table border=\"0\" cellpadding=\"0\" cellspacing=\"0\" role=\"presentation\" width=\"100%\">\n                                        <tbody>\n                                            <tr>\n                                                <td style=\"vertical-align:top;padding-top:7px;\">\n                                                    <table border=\"0\" cellpadding=\"0\" cellspacing=\"0\" role=\"presentation\" style=\"\" width=\"100%\">\n                                                        <tr>\n                                                            <td align=\"right\" style=\"font-size:0px;padding:10px 25px;word-break:break-word;\">\n                                                                <div style=\"font-family:Ubuntu, Helvetica, Arial, sans-serif;font-size:20px;line-height:1;text-align:right;color:#fff;\">Template Status Change</div>\n                                                            </td>\n                                                        </tr>\n                                                    </table>\n                                                </td>\n                                            </tr>\n                                        </tbody>\n                                    </table>\n                                </div>\n                                <!--[if mso | IE]>\n                                </td>\n\n                                </tr>\n\n                                </table>\n                                <![endif]-->\n                            </td>\n                        </tr>\n                    </tbody>\n                </table>\n            </div>\n            <!--[if mso | IE]>\n            </td>\n            </tr>\n            </table>\n\n            <table\n                    align=\"center\" border=\"0\" cellpadding=\"0\" cellspacing=\"0\" class=\"\" style=\"width:600px;\" width=\"600\"\n            >\n                <tr>\n                    <td style=\"line-height:0px;font-size:0px;mso-line-height-rule:exactly;\">\n            <![endif]-->\n            <div style=\"background:#fff;background-color:#fff;Margin:0px auto;max-width:600px;\">\n                <table align=\"center\" border=\"0\" cellpadding=\"0\" cellspacing=\"0\" role=\"presentation\" style=\"background:#fff;background-color:#fff;width:100%;\">\n                    <tbody>\n                        <tr>\n                            <td style=\"direction:ltr;font-size:0px;padding:20px 0;text-align:center;vertical-align:top;\">\n                                <!--[if mso | IE]>\n                                <table role=\"presentation\" border=\"0\" cellpadding=\"0\" cellspacing=\"0\">\n\n                                    <tr>\n\n                                        <td\n                                                class=\"\" style=\"vertical-align:top;width:600px;\"\n                                        >\n                                <![endif]-->\n                                <div class=\"mj-column-per-100 outlook-group-fix\" style=\"font-size:13px;text-align:left;direction:ltr;display:inline-block;vertical-align:top;width:100%;\">\n                                    <table border=\"0\" cellpadding=\"0\" cellspacing=\"0\" role=\"presentation\" style=\"vertical-align:top;\" width=\"100%\">\n                                        <tr>\n                                            <td align=\"center\" style=\"font-size:0px;padding:10px 25px;padding-top:40px;word-break:break-word;\">\n                                                <div style=\"font-family:Ubuntu, Helvetica, Arial, sans-serif;font-size:13px;line-height:30px;text-align:center;color:#000000;\">\n                                                    <h3>Csaba Varga has approved your post template</h3>\n                                                    <p>Post template copy: \n\n\n\nteszt\n\n</p>\n                                                    <p style=\"font-size:18px\">Click <a href=\"https://smd.w5/template-manager?templateID=27706\" target=\"_blank\">here</a> to view.</p>\n                                                    <p style=\"font-size:16px;\">Getting too much email from daniel.erdei@w5labs.com?\n                                                        <a href=\"https://smd.w5/profile/settings\" target=\"_blank\">You can unsubscribe</a></p>\n                                                </div>\n                                            </td>\n                                        </tr>\n                                    </table>\n                                </div>\n                                <!--[if mso | IE]>\n                                </td>\n\n                                </tr>\n\n                                </table>\n                                <![endif]-->\n                            </td>\n                        </tr>\n                    </tbody>\n                </table>\n            </div>\n            <!--[if mso | IE]>\n            </td>\n            </tr>\n            </table>\n\n            <table\n                    align=\"center\" border=\"0\" cellpadding=\"0\" cellspacing=\"0\" class=\"\" style=\"width:600px;\" width=\"600\"\n            >\n                <tr>\n                    <td style=\"line-height:0px;font-size:0px;mso-line-height-rule:exactly;\">\n            <![endif]-->\n            <div style=\"background:#28315E;background-color:#28315E;Margin:0px auto;max-width:600px;\">\n                <table align=\"center\" border=\"0\" cellpadding=\"0\" cellspacing=\"0\" role=\"presentation\" style=\"background:#28315E;background-color:#28315E;width:100%;\">\n                    <tbody>\n                        <tr>\n                            <td style=\"direction:ltr;font-size:0px;padding:20px 0;text-align:center;vertical-align:top;\">\n                                <!--[if mso | IE]>\n                                <table role=\"presentation\" border=\"0\" cellpadding=\"0\" cellspacing=\"0\">\n\n                                    <tr>\n\n                                        <td\n                                                class=\"\" style=\"vertical-align:top;width:199.998px;\"\n                                        >\n                                <![endif]-->\n                                <div class=\"mj-column-per-33 outlook-group-fix\" style=\"font-size:13px;text-align:left;direction:ltr;display:inline-block;vertical-align:top;width:100%;\">\n                                    <table border=\"0\" cellpadding=\"0\" cellspacing=\"0\" role=\"presentation\" style=\"vertical-align:top;\" width=\"100%\">\n                                        <tr>\n                                            <td align=\"center\" style=\"font-size:0px;padding:10px 25px;word-break:break-word;\">\n                                                <div style=\"font-family:Ubuntu, Helvetica, Arial, sans-serif;font-size:13px;line-height:1;text-align:center;color:#fff;\"> Email: <a href=\"mailto:support@esemdee.com\" style=\"color:#fff;\">support@esemdee.com</a> </div>\n                                            </td>\n                                        </tr>\n                                    </table>\n                                </div>\n                                <!--[if mso | IE]>\n                                </td>\n\n                                <td\n                                        class=\"\" style=\"vertical-align:top;width:199.998px;\"\n                                >\n                                <![endif]-->\n                                <div class=\"mj-column-per-33 outlook-group-fix\" style=\"font-size:13px;text-align:left;direction:ltr;display:inline-block;vertical-align:top;width:100%;\">\n                                    <table border=\"0\" cellpadding=\"0\" cellspacing=\"0\" role=\"presentation\" style=\"vertical-align:top;\" width=\"100%\">\n                                        <tr>\n                                            <td align=\"center\" style=\"font-size:0px;padding:10px 25px;word-break:break-word;\">\n                                                <div style=\"font-family:Ubuntu, Helvetica, Arial, sans-serif;font-size:13px;line-height:1;text-align:center;color:#fff;\"> Tel: <a href=\"tel:+44 (0) 118 848 7000\" style=\"color:#fff;\">+44 (0) 118 848 7000</a> </div>\n                                            </td>\n                                        </tr>\n                                    </table>\n                                </div>\n                                <!--[if mso | IE]>\n                                </td>\n\n                                <td\n                                        class=\"\" style=\"vertical-align:top;width:199.998px;\"\n                                >\n                                <![endif]-->\n                                <div class=\"mj-column-per-33 outlook-group-fix\" style=\"font-size:13px;text-align:left;direction:ltr;display:inline-block;vertical-align:top;width:100%;\">\n                                    <table border=\"0\" cellpadding=\"0\" cellspacing=\"0\" role=\"presentation\" style=\"vertical-align:top;\" width=\"100%\">\n                                        <tr>\n                                            <td align=\"center\" style=\"font-size:0px;padding:10px 25px;word-break:break-word;\">\n                                                <div style=\"font-family:Ubuntu, Helvetica, Arial, sans-serif;font-size:13px;line-height:18px;text-align:center;color:#fff;\"> Address: <a href=\"\" style=\"color:#fff;\">S.M. Directions\n                                                        200 Brook Drive\n                                                        Green Park\n                                                        Reading, Berkshire\n                                                        RG2 6UB\n                                                        The United Kingdom</a> </div>\n                                            </td>\n                                        </tr>\n                                    </table>\n                                </div>\n                                <!--[if mso | IE]>\n                                </td>\n\n                                <td\n                                        class=\"\" style=\"vertical-align:top;width:600px;\"\n                                >\n                                <![endif]-->\n                                <div class=\"mj-column-per-100 outlook-group-fix\" style=\"font-size:13px;text-align:left;direction:ltr;display:inline-block;vertical-align:top;width:100%;\">\n                                    <table border=\"0\" cellpadding=\"0\" cellspacing=\"0\" role=\"presentation\" style=\"vertical-align:top;\" width=\"100%\">\n                                        <tr>\n                                            <td align=\"center\" style=\"font-size:0px;padding:10px 25px;padding-top:15px;padding-bottom:0;word-break:break-word;\">\n                                                <div style=\"font-family:Ubuntu, Helvetica, Arial, sans-serif;font-size:13px;line-height:1;text-align:center;color:#fff;\"> &copy; 2019 smd </div>\n                                            </td>\n                                        </tr>\n                                    </table>\n                                </div>\n                                <!--[if mso | IE]>\n                                </td>\n\n                                </tr>\n\n                                </table>\n                                <![endif]-->\n                            </td>\n                        </tr>\n                    </tbody>\n                </table>\n            </div>\n            <!--[if mso | IE]>\n            </td>\n            </tr>\n            </table>\n            <![endif]-->\n        </div>\n    </body>\n\n</html>\n', '2020-01-29 12:38:00', '2020-01-29 12:38:30', NULL, 3, NULL);
