INSERT INTO `cms__file_static` (`fileID`, `mime`, `size`, `realPath`, `data`, `type`, `organizationID`, `previewFileID`, `socialChannel`, `systemType`) VALUES
(27242, 'image/png', 52834, '4/000/272/42.png', '{\"ratio\": \"1073:819\", \"width\": 1280, \"height\": 977, \"originalName\": \"Accountancy_Book Keeping.png\"}', 'image', 308, NULL, NULL, 'branded'),
(27243, 'image/jpeg', 154124, '4/000/272/43.jpg', '{\"ratio\": \"16:9\", \"width\": 1280, \"height\": 720, \"originalName\": \"Accountancy_Business Growth.jpg\"}', 'image', 308, NULL, NULL, 'branded'),
(27244, 'image/png', 127259, '4/000/272/44.png', '{\"ratio\": \"1280:853\", \"width\": 1280, \"height\": 853, \"originalName\": \"Accountancy_Business Plans.png\"}', 'image', 308, NULL, NULL, 'branded'),
(27245, 'image/jpeg', 222207, '4/000/272/45.jpg', '{\"ratio\": \"5:3\", \"width\": 1280, \"height\": 768, \"originalName\": \"Accountancy_Company Formation.jpg\"}', 'image', 308, NULL, NULL, 'branded'),
(27246, 'image/jpeg', 141619, '4/000/272/46.jpg', '{\"ratio\": \"256:181\", \"width\": 1280, \"height\": 905, \"originalName\": \"Accountancy_Employee Remuneration Planning.jpg\"}', 'image', 308, NULL, NULL, 'branded'),
(27247, 'image/png', 215066, '4/000/272/47.png', '{\"ratio\": \"1:1\", \"width\": 1280, \"height\": 1280, \"originalName\": \"Accountancy_Financial Services.png\"}', 'image', 308, NULL, NULL, 'branded'),
(27248, 'image/jpeg', 146395, '4/000/272/48.jpg', '{\"ratio\": \"640:427\", \"width\": 1280, \"height\": 854, \"originalName\": \"Accountancy_Inheritance Tax Planning.jpg\"}', 'image', 308, NULL, NULL, 'branded'),
(27249, 'image/jpeg', 127546, '4/000/272/49.jpg', '{\"ratio\": \"1280:847\", \"width\": 1280, \"height\": 847, \"originalName\": \"Accountancy_Management Accounts & Information.jpg\"}', 'image', 308, NULL, NULL, 'branded'),
(27250, 'image/jpeg', 71996, '4/000/272/50.jpg', '{\"ratio\": \"1280:937\", \"width\": 1280, \"height\": 937, \"originalName\": \"Accountancy_Payroll & Paye Returns.jpg\"}', 'image', 308, NULL, NULL, 'branded'),
(27251, 'image/jpeg', 73186, '4/000/272/51.jpg', '{\"ratio\": \"320:213\", \"width\": 640, \"height\": 426, \"originalName\": \"Accountancy_Personal Tax.jpg\"}', 'image', 308, NULL, NULL, 'branded'),
(27252, 'image/jpeg', 121022, '4/000/272/52.jpg', '{\"ratio\": \"160:113\", \"width\": 1280, \"height\": 904, \"originalName\": \"Accountancy_Property Tax.jpg\"}', 'image', 308, NULL, NULL, 'branded'),
(27253, 'image/jpeg', 81727, '4/000/272/53.jpg', '{\"ratio\": \"16:9\", \"width\": 1280, \"height\": 720, \"originalName\": \"Accountancy_Raising Finance.jpg\"}', 'image', 308, NULL, NULL, 'branded'),
(27254, 'image/jpeg', 198291, '4/000/272/54.jpg', '{\"ratio\": \"1280:853\", \"width\": 1280, \"height\": 853, \"originalName\": \"Accountancy_Strategic Planning.jpg\"}', 'image', 308, NULL, NULL, 'branded'),
(27255, 'image/jpeg', 453176, '4/000/272/55.jpg', '{\"ratio\": \"256:181\", \"width\": 1280, \"height\": 905, \"originalName\": \"Accountancy_Tax Disputes.jpg\"}', 'image', 308, NULL, NULL, 'branded'),
(27256, 'image/jpeg', 135307, '4/000/272/56.jpg', '{\"ratio\": \"320:243\", \"width\": 1280, \"height\": 972, \"originalName\": \"Accountancy_Tax Enquiries & Investigations.jpg\"}', 'image', 308, NULL, NULL, 'branded'),
(27257, 'image/jpeg', 54468, '4/000/272/57.jpg', '{\"ratio\": \"1280:811\", \"width\": 1280, \"height\": 811, \"originalName\": \"Accountancy_Trusts.jpg\"}', 'image', 308, NULL, NULL, 'branded'),
(27258, 'image/jpeg', 72886, '4/000/272/58.jpg', '{\"ratio\": \"256:165\", \"width\": 1280, \"height\": 825, \"originalName\": \"Accountancy_VAT Healthcheck.jpg\"}', 'image', 308, NULL, NULL, 'branded'),
(27259, 'image/jpeg', 241778, '4/000/272/59.jpg', '{\"ratio\": \"128:85\", \"width\": 1280, \"height\": 850, \"originalName\": \"Accountancy_VAT Planning & Disputes.jpg\"}', 'image', 308, NULL, NULL, 'branded'),
(27260, 'image/jpeg', 187227, '4/000/272/60.jpg', '{\"ratio\": \"640:253\", \"width\": 1280, \"height\": 506, \"originalName\": \"Accountancy_Business Valuation.jpg\"}', 'image', 308, NULL, NULL, 'branded'),
(27261, 'image/jpeg', 189984, '4/000/272/61.jpg', '{\"ratio\": \"128:57\", \"width\": 1280, \"height\": 570, \"originalName\": \"Accountancy_Employment Status.jpg\"}', 'image', 308, NULL, NULL, 'branded'),
(27262, 'image/jpeg', 100986, '4/000/272/62.jpg', '{\"ratio\": \"1280:743\", \"width\": 1280, \"height\": 743, \"originalName\": \"Accountancy_Tax Investigation Fee Protection.jpg\"}', 'image', 308, NULL, NULL, 'branded'),
(27263, 'image/jpeg', 466601, '4/000/272/63.jpg', '{\"ratio\": \"160:87\", \"width\": 1280, \"height\": 696, \"originalName\": \"Accountancy_Paye Healthcheck.jpg\"}', 'image', 308, NULL, NULL, 'branded'),
(27264, 'image/png', 164530, '4/000/272/64.png', '{\"ratio\": \"1:1\", \"width\": 1280, \"height\": 1280, \"originalName\": \"Accountancy_Contractors & IR35.png\"}', 'image', 308, NULL, NULL, 'branded'),
(27265, 'image/jpeg', 152617, '4/000/272/65.jpg', '{\"ratio\": \"1280:853\", \"width\": 1280, \"height\": 853, \"originalName\": \"Accountancy_Financial Accounting.jpg\"}', 'image', 308, NULL, NULL, 'branded'),
(27266, 'image/jpeg', 101623, '4/000/272/66.jpg', '{\"ratio\": \"1280:847\", \"width\": 1280, \"height\": 847, \"originalName\": \"Accountancy_Business Accounting Services.jpg\"}', 'image', 308, NULL, NULL, 'branded'),
(27267, 'image/jpeg', 166742, '4/000/272/67.jpg', '{\"ratio\": \"1280:847\", \"width\": 1280, \"height\": 847, \"originalName\": \"Accountancy_Accounting & Auditing Services.jpg\"}', 'image', 308, NULL, NULL, 'branded'),
(27268, 'image/jpeg', 160714, '4/000/272/68.jpg', '{\"ratio\": \"1280:853\", \"width\": 1280, \"height\": 853, \"originalName\": \"Accountancy_Foreign Asset Reporting.jpg\"}', 'image', 308, NULL, NULL, 'branded'),
(27269, 'image/jpeg', 241778, '4/000/272/69.jpg', '{\"ratio\": \"128:85\", \"width\": 1280, \"height\": 850, \"originalName\": \"Accountancy_Managerial Accounting.jpg\"}', 'image', 308, NULL, NULL, 'branded'),
(27270, 'image/jpeg', 195331, '4/000/272/70.jpg', '{\"ratio\": \"1280:853\", \"width\": 1280, \"height\": 853, \"originalName\": \"Accountancy_Tax Accounting.jpg\"}', 'image', 308, NULL, NULL, 'branded'),
(27271, 'image/jpeg', 33029, '4/000/272/71.jpg', '{\"ratio\": \"640:471\", \"width\": 1280, \"height\": 942, \"originalName\": \"Accountancy_Forensic Accounting.jpg\"}', 'image', 308, NULL, NULL, 'branded'),
(27272, 'image/jpeg', 45298, '4/000/272/72.jpg', '{\"ratio\": \"640:327\", \"width\": 1280, \"height\": 654, \"originalName\": \"Accountancy_Cost Accounting.jpg\"}', 'image', 308, NULL, NULL, 'branded'),
(27273, 'image/jpeg', 134413, '4/000/272/73.jpg', '{\"ratio\": \"1280:853\", \"width\": 1280, \"height\": 853, \"originalName\": \"Accountancy_Accounting Consultant.jpg\"}', 'image', 308, NULL, NULL, 'branded'),
(27274, 'image/jpeg', 105760, '4/000/272/74.jpg', '{\"ratio\": \"160:107\", \"width\": 1280, \"height\": 856, \"originalName\": \"Accountancy_Fiduciary Accounting.jpg\"}', 'image', 308, NULL, NULL, 'branded'),
(27275, 'image/jpeg', 69322, '4/000/272/75.jpg', '{\"ratio\": \"256:165\", \"width\": 1280, \"height\": 825, \"originalName\": \"Accountancy_Expenses Account.jpg\"}', 'image', 308, NULL, NULL, 'branded'),
(27276, 'image/jpeg', 129948, '4/000/272/76.jpg', '{\"ratio\": \"8:5\", \"width\": 1280, \"height\": 800, \"originalName\": \"Accountancy_Revenue & Income.jpg\"}', 'image', 308, NULL, NULL, 'branded'),
(27277, 'image/jpeg', 189344, '4/000/272/77.jpg', '{\"ratio\": \"1280:853\", \"width\": 1280, \"height\": 853, \"originalName\": \"Accountancy_Liabilities Account.jpg\"}', 'image', 308, NULL, NULL, 'branded'),
(27278, 'image/jpeg', 71300, '4/000/272/78.jpg', '{\"ratio\": \"160:107\", \"width\": 1280, \"height\": 856, \"originalName\": \"Accountancy_Equity Account.jpg\"}', 'image', 308, NULL, NULL, 'branded'),
(27279, 'image/jpeg', 241778, '4/000/272/79.jpg', '{\"ratio\": \"128:85\", \"width\": 1280, \"height\": 850, \"originalName\": \"Accountancy_Income & Expenditure Account.jpg\"}', 'image', 308, NULL, NULL, 'branded'),
(27280, 'image/jpeg', 98170, '4/000/272/80.jpg', '{\"ratio\": \"1280:743\", \"width\": 1280, \"height\": 743, \"originalName\": \"Accountancy_Classification of Accounts.jpg\"}', 'image', 308, NULL, NULL, 'branded'),
(27281, 'image/jpeg', 189439, '4/000/272/81.jpg', '{\"ratio\": \"1280:853\", \"width\": 1280, \"height\": 853, \"originalName\": \"Accountancy_Accrual Based Accounting.jpg\"}', 'image', 308, NULL, NULL, 'branded'),
(27282, 'image/jpeg', 149014, '4/000/272/82.jpg', '{\"ratio\": \"1280:853\", \"width\": 1280, \"height\": 853, \"originalName\": \"Accountancy_Customer Profitability Analysis.jpg\"}', 'image', 308, NULL, NULL, 'branded'),
(27283, 'image/jpeg', 418794, '4/000/272/83.jpg', '{\"ratio\": \"5:3\", \"width\": 1280, \"height\": 768, \"originalName\": \"Accountancy_Cost Accounting (2).jpg\"}', 'image', 308, NULL, NULL, 'branded'),
(27284, 'image/jpeg', 195587, '4/000/272/84.jpg', '{\"ratio\": \"256:239\", \"width\": 1280, \"height\": 1195, \"originalName\": \"Accountancy_Accounting Software.jpg\"}', 'image', 308, NULL, NULL, 'branded'),
(27285, 'image/jpeg', 166346, '4/000/272/85.jpg', '{\"ratio\": \"1280:853\", \"width\": 1280, \"height\": 853, \"originalName\": \"Accountancy_Accounts Preparation.jpg\"}', 'image', 308, NULL, NULL, 'branded'),
(27286, 'image/jpeg', 64337, '4/000/272/86.jpg', '{\"ratio\": \"320:243\", \"width\": 1280, \"height\": 972, \"originalName\": \"Accountancy_Audits.jpg\"}', 'image', 308, NULL, NULL, 'branded'),
(27287, 'image/png', 52834, '4/000/272/87.png', '{\"ratio\": \"1073:819\", \"width\": 1280, \"height\": 977, \"originalName\": \"Accountancy_Book Keeping.png\"}', 'image', 308, NULL, NULL, 'branded'),
(27288, 'image/jpeg', 154124, '4/000/272/88.jpg', '{\"ratio\": \"16:9\", \"width\": 1280, \"height\": 720, \"originalName\": \"Accountancy_Business Growth.jpg\"}', 'image', 308, NULL, NULL, 'branded'),
(27289, 'image/png', 127259, '4/000/272/89.png', '{\"ratio\": \"1280:853\", \"width\": 1280, \"height\": 853, \"originalName\": \"Accountancy_Business Plans.png\"}', 'image', 308, NULL, NULL, 'branded'),
(27290, 'image/jpeg', 222207, '4/000/272/90.jpg', '{\"ratio\": \"5:3\", \"width\": 1280, \"height\": 768, \"originalName\": \"Accountancy_Company Formation.jpg\"}', 'image', 308, NULL, NULL, 'branded'),
(27291, 'image/jpeg', 141619, '4/000/272/91.jpg', '{\"ratio\": \"256:181\", \"width\": 1280, \"height\": 905, \"originalName\": \"Accountancy_Employee Remuneration Planning.jpg\"}', 'image', 308, NULL, NULL, 'branded'),
(27292, 'image/png', 215066, '4/000/272/92.png', '{\"ratio\": \"1:1\", \"width\": 1280, \"height\": 1280, \"originalName\": \"Accountancy_Financial Services.png\"}', 'image', 308, NULL, NULL, 'branded'),
(27293, 'image/jpeg', 146395, '4/000/272/93.jpg', '{\"ratio\": \"640:427\", \"width\": 1280, \"height\": 854, \"originalName\": \"Accountancy_Inheritance Tax Planning.jpg\"}', 'image', 308, NULL, NULL, 'branded'),
(27294, 'image/jpeg', 127546, '4/000/272/94.jpg', '{\"ratio\": \"1280:847\", \"width\": 1280, \"height\": 847, \"originalName\": \"Accountancy_Management Accounts & Information.jpg\"}', 'image', 308, NULL, NULL, 'branded'),
(27295, 'image/jpeg', 71996, '4/000/272/95.jpg', '{\"ratio\": \"1280:937\", \"width\": 1280, \"height\": 937, \"originalName\": \"Accountancy_Payroll & Paye Returns.jpg\"}', 'image', 308, NULL, NULL, 'branded'),
(27296, 'image/jpeg', 73186, '4/000/272/96.jpg', '{\"ratio\": \"320:213\", \"width\": 640, \"height\": 426, \"originalName\": \"Accountancy_Personal Tax.jpg\"}', 'image', 308, NULL, NULL, 'branded'),
(27297, 'image/jpeg', 121022, '4/000/272/97.jpg', '{\"ratio\": \"160:113\", \"width\": 1280, \"height\": 904, \"originalName\": \"Accountancy_Property Tax.jpg\"}', 'image', 308, NULL, NULL, 'branded'),
(27298, 'image/jpeg', 81727, '4/000/272/98.jpg', '{\"ratio\": \"16:9\", \"width\": 1280, \"height\": 720, \"originalName\": \"Accountancy_Raising Finance.jpg\"}', 'image', 308, NULL, NULL, 'branded'),
(27299, 'image/jpeg', 198291, '4/000/272/99.jpg', '{\"ratio\": \"1280:853\", \"width\": 1280, \"height\": 853, \"originalName\": \"Accountancy_Strategic Planning.jpg\"}', 'image', 308, NULL, NULL, 'branded'),
(27300, 'image/jpeg', 453176, '4/000/273/00.jpg', '{\"ratio\": \"256:181\", \"width\": 1280, \"height\": 905, \"originalName\": \"Accountancy_Tax Disputes.jpg\"}', 'image', 308, NULL, NULL, 'branded'),
(27301, 'image/jpeg', 135307, '4/000/273/01.jpg', '{\"ratio\": \"320:243\", \"width\": 1280, \"height\": 972, \"originalName\": \"Accountancy_Tax Enquiries & Investigations.jpg\"}', 'image', 308, NULL, NULL, 'branded'),
(27302, 'image/jpeg', 54468, '4/000/273/02.jpg', '{\"ratio\": \"1280:811\", \"width\": 1280, \"height\": 811, \"originalName\": \"Accountancy_Trusts.jpg\"}', 'image', 308, NULL, NULL, 'branded'),
(27303, 'image/jpeg', 72886, '4/000/273/03.jpg', '{\"ratio\": \"256:165\", \"width\": 1280, \"height\": 825, \"originalName\": \"Accountancy_VAT Healthcheck.jpg\"}', 'image', 308, NULL, NULL, 'branded'),
(27304, 'image/jpeg', 241778, '4/000/273/04.jpg', '{\"ratio\": \"128:85\", \"width\": 1280, \"height\": 850, \"originalName\": \"Accountancy_VAT Planning & Disputes.jpg\"}', 'image', 308, NULL, NULL, 'branded'),
(27305, 'image/jpeg', 187227, '4/000/273/05.jpg', '{\"ratio\": \"640:253\", \"width\": 1280, \"height\": 506, \"originalName\": \"Accountancy_Business Valuation.jpg\"}', 'image', 308, NULL, NULL, 'branded'),
(27306, 'image/jpeg', 189984, '4/000/273/06.jpg', '{\"ratio\": \"128:57\", \"width\": 1280, \"height\": 570, \"originalName\": \"Accountancy_Employment Status.jpg\"}', 'image', 308, NULL, NULL, 'branded'),
(27307, 'image/jpeg', 100986, '4/000/273/07.jpg', '{\"ratio\": \"1280:743\", \"width\": 1280, \"height\": 743, \"originalName\": \"Accountancy_Tax Investigation Fee Protection.jpg\"}', 'image', 308, NULL, NULL, 'branded'),
(27308, 'image/jpeg', 466601, '4/000/273/08.jpg', '{\"ratio\": \"160:87\", \"width\": 1280, \"height\": 696, \"originalName\": \"Accountancy_Paye Healthcheck.jpg\"}', 'image', 308, NULL, NULL, 'branded'),
(27309, 'image/png', 164530, '4/000/273/09.png', '{\"ratio\": \"1:1\", \"width\": 1280, \"height\": 1280, \"originalName\": \"Accountancy_Contractors & IR35.png\"}', 'image', 308, NULL, NULL, 'branded'),
(27310, 'image/jpeg', 152617, '4/000/273/10.jpg', '{\"ratio\": \"1280:853\", \"width\": 1280, \"height\": 853, \"originalName\": \"Accountancy_Financial Accounting.jpg\"}', 'image', 308, NULL, NULL, 'branded'),
(27311, 'image/jpeg', 101623, '4/000/273/11.jpg', '{\"ratio\": \"1280:847\", \"width\": 1280, \"height\": 847, \"originalName\": \"Accountancy_Business Accounting Services.jpg\"}', 'image', 308, NULL, NULL, 'branded'),
(27312, 'image/jpeg', 166742, '4/000/273/12.jpg', '{\"ratio\": \"1280:847\", \"width\": 1280, \"height\": 847, \"originalName\": \"Accountancy_Accounting & Auditing Services.jpg\"}', 'image', 308, NULL, NULL, 'branded'),
(27313, 'image/jpeg', 160714, '4/000/273/13.jpg', '{\"ratio\": \"1280:853\", \"width\": 1280, \"height\": 853, \"originalName\": \"Accountancy_Foreign Asset Reporting.jpg\"}', 'image', 308, NULL, NULL, 'branded'),
(27314, 'image/jpeg', 241778, '4/000/273/14.jpg', '{\"ratio\": \"128:85\", \"width\": 1280, \"height\": 850, \"originalName\": \"Accountancy_Managerial Accounting.jpg\"}', 'image', 308, NULL, NULL, 'branded'),
(27315, 'image/jpeg', 195331, '4/000/273/15.jpg', '{\"ratio\": \"1280:853\", \"width\": 1280, \"height\": 853, \"originalName\": \"Accountancy_Tax Accounting.jpg\"}', 'image', 308, NULL, NULL, 'branded'),
(27316, 'image/jpeg', 33029, '4/000/273/16.jpg', '{\"ratio\": \"640:471\", \"width\": 1280, \"height\": 942, \"originalName\": \"Accountancy_Forensic Accounting.jpg\"}', 'image', 308, NULL, NULL, 'branded'),
(27317, 'image/jpeg', 45298, '4/000/273/17.jpg', '{\"ratio\": \"640:327\", \"width\": 1280, \"height\": 654, \"originalName\": \"Accountancy_Cost Accounting.jpg\"}', 'image', 308, NULL, NULL, 'branded'),
(27318, 'image/jpeg', 134413, '4/000/273/18.jpg', '{\"ratio\": \"1280:853\", \"width\": 1280, \"height\": 853, \"originalName\": \"Accountancy_Accounting Consultant.jpg\"}', 'image', 308, NULL, NULL, 'branded'),
(27319, 'image/jpeg', 105760, '4/000/273/19.jpg', '{\"ratio\": \"160:107\", \"width\": 1280, \"height\": 856, \"originalName\": \"Accountancy_Fiduciary Accounting.jpg\"}', 'image', 308, NULL, NULL, 'branded'),
(27320, 'image/jpeg', 69322, '4/000/273/20.jpg', '{\"ratio\": \"256:165\", \"width\": 1280, \"height\": 825, \"originalName\": \"Accountancy_Expenses Account.jpg\"}', 'image', 308, NULL, NULL, 'branded'),
(27321, 'image/jpeg', 129948, '4/000/273/21.jpg', '{\"ratio\": \"8:5\", \"width\": 1280, \"height\": 800, \"originalName\": \"Accountancy_Revenue & Income.jpg\"}', 'image', 308, NULL, NULL, 'branded'),
(27322, 'image/jpeg', 189344, '4/000/273/22.jpg', '{\"ratio\": \"1280:853\", \"width\": 1280, \"height\": 853, \"originalName\": \"Accountancy_Liabilities Account.jpg\"}', 'image', 308, NULL, NULL, 'branded'),
(27323, 'image/jpeg', 71300, '4/000/273/23.jpg', '{\"ratio\": \"160:107\", \"width\": 1280, \"height\": 856, \"originalName\": \"Accountancy_Equity Account.jpg\"}', 'image', 308, NULL, NULL, 'branded'),
(27324, 'image/jpeg', 241778, '4/000/273/24.jpg', '{\"ratio\": \"128:85\", \"width\": 1280, \"height\": 850, \"originalName\": \"Accountancy_Income & Expenditure Account.jpg\"}', 'image', 308, NULL, NULL, 'branded'),
(27325, 'image/jpeg', 98170, '4/000/273/25.jpg', '{\"ratio\": \"1280:743\", \"width\": 1280, \"height\": 743, \"originalName\": \"Accountancy_Classification of Accounts.jpg\"}', 'image', 308, NULL, NULL, 'branded'),
(27326, 'image/jpeg', 189439, '4/000/273/26.jpg', '{\"ratio\": \"1280:853\", \"width\": 1280, \"height\": 853, \"originalName\": \"Accountancy_Accrual Based Accounting.jpg\"}', 'image', 308, NULL, NULL, 'branded'),
(27327, 'image/jpeg', 149014, '4/000/273/27.jpg', '{\"ratio\": \"1280:853\", \"width\": 1280, \"height\": 853, \"originalName\": \"Accountancy_Customer Profitability Analysis.jpg\"}', 'image', 308, NULL, NULL, 'branded'),
(27328, 'image/jpeg', 418794, '4/000/273/28.jpg', '{\"ratio\": \"5:3\", \"width\": 1280, \"height\": 768, \"originalName\": \"Accountancy_Cost Accounting (2).jpg\"}', 'image', 308, NULL, NULL, 'branded'),
(27329, 'image/jpeg', 195587, '4/000/273/29.jpg', '{\"ratio\": \"256:239\", \"width\": 1280, \"height\": 1195, \"originalName\": \"Accountancy_Accounting Software.jpg\"}', 'image', 308, NULL, NULL, 'branded'),
(27330, 'image/jpeg', 166346, '4/000/273/30.jpg', '{\"ratio\": \"1280:853\", \"width\": 1280, \"height\": 853, \"originalName\": \"Accountancy_Accounts Preparation.jpg\"}', 'image', 308, NULL, NULL, 'branded'),
(27331, 'image/jpeg', 64337, '4/000/273/31.jpg', '{\"ratio\": \"320:243\", \"width\": 1280, \"height\": 972, \"originalName\": \"Accountancy_Audits.jpg\"}', 'image', 308, NULL, NULL, 'branded'),
(27332, 'image/png', 52834, '4/000/273/32.png', '{\"ratio\": \"1073:819\", \"width\": 1280, \"height\": 977, \"originalName\": \"Accountancy_Book Keeping.png\"}', 'image', 308, NULL, NULL, 'branded'),
(27333, 'image/jpeg', 154124, '4/000/273/33.jpg', '{\"ratio\": \"16:9\", \"width\": 1280, \"height\": 720, \"originalName\": \"Accountancy_Business Growth.jpg\"}', 'image', 308, NULL, NULL, 'branded'),
(27334, 'image/png', 127259, '4/000/273/34.png', '{\"ratio\": \"1280:853\", \"width\": 1280, \"height\": 853, \"originalName\": \"Accountancy_Business Plans.png\"}', 'image', 308, NULL, NULL, 'branded'),
(27335, 'image/jpeg', 222207, '4/000/273/35.jpg', '{\"ratio\": \"5:3\", \"width\": 1280, \"height\": 768, \"originalName\": \"Accountancy_Company Formation.jpg\"}', 'image', 308, NULL, NULL, 'branded'),
(27336, 'image/jpeg', 141619, '4/000/273/36.jpg', '{\"ratio\": \"256:181\", \"width\": 1280, \"height\": 905, \"originalName\": \"Accountancy_Employee Remuneration Planning.jpg\"}', 'image', 308, NULL, NULL, 'branded'),
(27337, 'image/png', 215066, '4/000/273/37.png', '{\"ratio\": \"1:1\", \"width\": 1280, \"height\": 1280, \"originalName\": \"Accountancy_Financial Services.png\"}', 'image', 308, NULL, NULL, 'branded'),
(27338, 'image/jpeg', 146395, '4/000/273/38.jpg', '{\"ratio\": \"640:427\", \"width\": 1280, \"height\": 854, \"originalName\": \"Accountancy_Inheritance Tax Planning.jpg\"}', 'image', 308, NULL, NULL, 'branded'),
(27339, 'image/jpeg', 127546, '4/000/273/39.jpg', '{\"ratio\": \"1280:847\", \"width\": 1280, \"height\": 847, \"originalName\": \"Accountancy_Management Accounts & Information.jpg\"}', 'image', 308, NULL, NULL, 'branded'),
(27340, 'image/jpeg', 71996, '4/000/273/40.jpg', '{\"ratio\": \"1280:937\", \"width\": 1280, \"height\": 937, \"originalName\": \"Accountancy_Payroll & Paye Returns.jpg\"}', 'image', 308, NULL, NULL, 'branded'),
(27341, 'image/jpeg', 73186, '4/000/273/41.jpg', '{\"ratio\": \"320:213\", \"width\": 640, \"height\": 426, \"originalName\": \"Accountancy_Personal Tax.jpg\"}', 'image', 308, NULL, NULL, 'branded'),
(27342, 'image/jpeg', 121022, '4/000/273/42.jpg', '{\"ratio\": \"160:113\", \"width\": 1280, \"height\": 904, \"originalName\": \"Accountancy_Property Tax.jpg\"}', 'image', 308, NULL, NULL, 'branded'),
(27343, 'image/jpeg', 81727, '4/000/273/43.jpg', '{\"ratio\": \"16:9\", \"width\": 1280, \"height\": 720, \"originalName\": \"Accountancy_Raising Finance.jpg\"}', 'image', 308, NULL, NULL, 'branded'),
(27344, 'image/jpeg', 198291, '4/000/273/44.jpg', '{\"ratio\": \"1280:853\", \"width\": 1280, \"height\": 853, \"originalName\": \"Accountancy_Strategic Planning.jpg\"}', 'image', 308, NULL, NULL, 'branded'),
(27345, 'image/jpeg', 453176, '4/000/273/45.jpg', '{\"ratio\": \"256:181\", \"width\": 1280, \"height\": 905, \"originalName\": \"Accountancy_Tax Disputes.jpg\"}', 'image', 308, NULL, NULL, 'branded'),
(27346, 'image/jpeg', 135307, '4/000/273/46.jpg', '{\"ratio\": \"320:243\", \"width\": 1280, \"height\": 972, \"originalName\": \"Accountancy_Tax Enquiries & Investigations.jpg\"}', 'image', 308, NULL, NULL, 'branded'),
(27347, 'image/jpeg', 54468, '4/000/273/47.jpg', '{\"ratio\": \"1280:811\", \"width\": 1280, \"height\": 811, \"originalName\": \"Accountancy_Trusts.jpg\"}', 'image', 308, NULL, NULL, 'branded'),
(27348, 'image/jpeg', 72886, '4/000/273/48.jpg', '{\"ratio\": \"256:165\", \"width\": 1280, \"height\": 825, \"originalName\": \"Accountancy_VAT Healthcheck.jpg\"}', 'image', 308, NULL, NULL, 'branded'),
(27349, 'image/jpeg', 241778, '4/000/273/49.jpg', '{\"ratio\": \"128:85\", \"width\": 1280, \"height\": 850, \"originalName\": \"Accountancy_VAT Planning & Disputes.jpg\"}', 'image', 308, NULL, NULL, 'branded'),
(27350, 'image/jpeg', 187227, '4/000/273/50.jpg', '{\"ratio\": \"640:253\", \"width\": 1280, \"height\": 506, \"originalName\": \"Accountancy_Business Valuation.jpg\"}', 'image', 308, NULL, NULL, 'branded'),
(27351, 'image/jpeg', 189984, '4/000/273/51.jpg', '{\"ratio\": \"128:57\", \"width\": 1280, \"height\": 570, \"originalName\": \"Accountancy_Employment Status.jpg\"}', 'image', 308, NULL, NULL, 'branded'),
(27352, 'image/jpeg', 100986, '4/000/273/52.jpg', '{\"ratio\": \"1280:743\", \"width\": 1280, \"height\": 743, \"originalName\": \"Accountancy_Tax Investigation Fee Protection.jpg\"}', 'image', 308, NULL, NULL, 'branded'),
(27353, 'image/jpeg', 466601, '4/000/273/53.jpg', '{\"ratio\": \"160:87\", \"width\": 1280, \"height\": 696, \"originalName\": \"Accountancy_Paye Healthcheck.jpg\"}', 'image', 308, NULL, NULL, 'branded'),
(27354, 'image/png', 164530, '4/000/273/54.png', '{\"ratio\": \"1:1\", \"width\": 1280, \"height\": 1280, \"originalName\": \"Accountancy_Contractors & IR35.png\"}', 'image', 308, NULL, NULL, 'branded'),
(27355, 'image/jpeg', 64085, '4/000/273/55.jpg', '{\"ratio\": \"16:9\", \"width\": 720, \"height\": 405, \"originalName\": \"83922374_556452958627897_7015748216666718208_n.jpg\"}', 'video', 188, NULL, NULL, 'custom'),
(27356, 'image/jpeg', 64085, '4/000/273/56.jpg', '{\"ratio\": \"16:9\", \"width\": 720, \"height\": 405, \"originalName\": \"83922374_556452958627897_7015748216666718208_n.jpg\"}', 'video', 321, NULL, NULL, 'custom'),
(27357, 'image/jpeg', 26724, '4/000/273/57.jpg', '{\"ratio\": \"16:9\", \"width\": 720, \"height\": 405, \"originalName\": \"87409774_702176976981085_7572620967457849344_o.jpg\"}', 'image', 364, NULL, NULL, 'custom'),
(27358, 'image/jpeg', 26724, '4/000/273/58.jpg', '{\"ratio\": \"16:9\", \"width\": 720, \"height\": 405, \"originalName\": \"87409774_702176976981085_7572620967457849344_o.jpg\"}', 'image', 308, NULL, NULL, 'custom'),
(27359, 'image/jpeg', 26724, '4/000/273/59.jpg', '{\"ratio\": \"16:9\", \"width\": 720, \"height\": 405, \"originalName\": \"87167252_796073064234964_5605515148342067200_o.jpg\"}', 'image', 308, NULL, NULL, 'custom'),
(27360, 'image/jpeg', 115614, '4/000/273/60.jpeg', '{\"ratio\": \"320:213\", \"width\": 640, \"height\": 426, \"originalName\": \"pexels-photo-177598.jpeg\"}', 'image', 308, NULL, NULL, 'custom'),
(27361, 'image/jpeg', 115614, '4/000/273/61.jpeg', '{\"ratio\": \"320:213\", \"width\": 640, \"height\": 426, \"originalName\": \"pexels-photo-177598.jpeg\"}', 'image', 308, NULL, NULL, 'custom'),
(27362, 'image/jpeg', 152617, '4/000/273/62.jpg', '{\"ratio\": \"1280:853\", \"width\": 1280, \"height\": 853, \"originalName\": \"Accountancy_Financial Accounting.jpg\"}', 'image', 308, NULL, NULL, 'custom'),
(27363, 'image/jpeg', 101623, '4/000/273/63.jpg', '{\"ratio\": \"1280:847\", \"width\": 1280, \"height\": 847, \"originalName\": \"Accountancy_Business Accounting Services.jpg\"}', 'image', 308, NULL, NULL, 'custom'),
(27364, 'image/jpeg', 166742, '4/000/273/64.jpg', '{\"ratio\": \"1280:847\", \"width\": 1280, \"height\": 847, \"originalName\": \"Accountancy_Accounting & Auditing Services.jpg\"}', 'image', 308, NULL, NULL, 'custom'),
(27365, 'image/jpeg', 160714, '4/000/273/65.jpg', '{\"ratio\": \"1280:853\", \"width\": 1280, \"height\": 853, \"originalName\": \"Accountancy_Foreign Asset Reporting.jpg\"}', 'image', 308, NULL, NULL, 'custom'),
(27366, 'image/jpeg', 241778, '4/000/273/66.jpg', '{\"ratio\": \"128:85\", \"width\": 1280, \"height\": 850, \"originalName\": \"Accountancy_Managerial Accounting.jpg\"}', 'image', 308, NULL, NULL, 'custom'),
(27367, 'image/jpeg', 195331, '4/000/273/67.jpg', '{\"ratio\": \"1280:853\", \"width\": 1280, \"height\": 853, \"originalName\": \"Accountancy_Tax Accounting.jpg\"}', 'image', 308, NULL, NULL, 'custom'),
(27368, 'image/jpeg', 33029, '4/000/273/68.jpg', '{\"ratio\": \"640:471\", \"width\": 1280, \"height\": 942, \"originalName\": \"Accountancy_Forensic Accounting.jpg\"}', 'image', 308, NULL, NULL, 'custom'),
(27369, 'image/jpeg', 45298, '4/000/273/69.jpg', '{\"ratio\": \"640:327\", \"width\": 1280, \"height\": 654, \"originalName\": \"Accountancy_Cost Accounting.jpg\"}', 'image', 308, NULL, NULL, 'custom'),
(27370, 'image/jpeg', 134413, '4/000/273/70.jpg', '{\"ratio\": \"1280:853\", \"width\": 1280, \"height\": 853, \"originalName\": \"Accountancy_Accounting Consultant.jpg\"}', 'image', 308, NULL, NULL, 'custom'),
(27371, 'image/jpeg', 105760, '4/000/273/71.jpg', '{\"ratio\": \"160:107\", \"width\": 1280, \"height\": 856, \"originalName\": \"Accountancy_Fiduciary Accounting.jpg\"}', 'image', 308, NULL, NULL, 'custom'),
(27372, 'image/jpeg', 69322, '4/000/273/72.jpg', '{\"ratio\": \"256:165\", \"width\": 1280, \"height\": 825, \"originalName\": \"Accountancy_Expenses Account.jpg\"}', 'image', 308, NULL, NULL, 'custom'),
(27373, 'image/jpeg', 129948, '4/000/273/73.jpg', '{\"ratio\": \"8:5\", \"width\": 1280, \"height\": 800, \"originalName\": \"Accountancy_Revenue & Income.jpg\"}', 'image', 308, NULL, NULL, 'custom'),
(27374, 'image/jpeg', 189344, '4/000/273/74.jpg', '{\"ratio\": \"1280:853\", \"width\": 1280, \"height\": 853, \"originalName\": \"Accountancy_Liabilities Account.jpg\"}', 'image', 308, NULL, NULL, 'custom'),
(27375, 'image/jpeg', 71300, '4/000/273/75.jpg', '{\"ratio\": \"160:107\", \"width\": 1280, \"height\": 856, \"originalName\": \"Accountancy_Equity Account.jpg\"}', 'image', 308, NULL, NULL, 'custom'),
(27376, 'image/jpeg', 241778, '4/000/273/76.jpg', '{\"ratio\": \"128:85\", \"width\": 1280, \"height\": 850, \"originalName\": \"Accountancy_Income & Expenditure Account.jpg\"}', 'image', 308, NULL, NULL, 'custom'),
(27377, 'image/jpeg', 98170, '4/000/273/77.jpg', '{\"ratio\": \"1280:743\", \"width\": 1280, \"height\": 743, \"originalName\": \"Accountancy_Classification of Accounts.jpg\"}', 'image', 308, NULL, NULL, 'custom'),
(27378, 'image/jpeg', 189439, '4/000/273/78.jpg', '{\"ratio\": \"1280:853\", \"width\": 1280, \"height\": 853, \"originalName\": \"Accountancy_Accrual Based Accounting.jpg\"}', 'image', 308, NULL, NULL, 'custom'),
(27379, 'image/jpeg', 149014, '4/000/273/79.jpg', '{\"ratio\": \"1280:853\", \"width\": 1280, \"height\": 853, \"originalName\": \"Accountancy_Customer Profitability Analysis.jpg\"}', 'image', 308, NULL, NULL, 'custom'),
(27380, 'image/jpeg', 418794, '4/000/273/80.jpg', '{\"ratio\": \"5:3\", \"width\": 1280, \"height\": 768, \"originalName\": \"Accountancy_Cost Accounting (2).jpg\"}', 'image', 308, NULL, NULL, 'custom'),
(27381, 'image/jpeg', 195587, '4/000/273/81.jpg', '{\"ratio\": \"256:239\", \"width\": 1280, \"height\": 1195, \"originalName\": \"Accountancy_Accounting Software.jpg\"}', 'image', 308, NULL, NULL, 'custom'),
(27382, 'image/jpeg', 166346, '4/000/273/82.jpg', '{\"ratio\": \"1280:853\", \"width\": 1280, \"height\": 853, \"originalName\": \"Accountancy_Accounts Preparation.jpg\"}', 'image', 308, NULL, NULL, 'custom'),
(27383, 'image/jpeg', 64337, '4/000/273/83.jpg', '{\"ratio\": \"320:243\", \"width\": 1280, \"height\": 972, \"originalName\": \"Accountancy_Audits.jpg\"}', 'image', 308, NULL, NULL, 'custom'),
(27384, 'image/png', 52834, '4/000/273/84.png', '{\"ratio\": \"1073:819\", \"width\": 1280, \"height\": 977, \"originalName\": \"Accountancy_Book Keeping.png\"}', 'image', 308, NULL, NULL, 'custom'),
(27385, 'image/jpeg', 154124, '4/000/273/85.jpg', '{\"ratio\": \"16:9\", \"width\": 1280, \"height\": 720, \"originalName\": \"Accountancy_Business Growth.jpg\"}', 'image', 308, NULL, NULL, 'custom'),
(27386, 'image/png', 127259, '4/000/273/86.png', '{\"ratio\": \"1280:853\", \"width\": 1280, \"height\": 853, \"originalName\": \"Accountancy_Business Plans.png\"}', 'image', 308, NULL, NULL, 'custom'),
(27387, 'image/jpeg', 222207, '4/000/273/87.jpg', '{\"ratio\": \"5:3\", \"width\": 1280, \"height\": 768, \"originalName\": \"Accountancy_Company Formation.jpg\"}', 'image', 308, NULL, NULL, 'custom'),
(27388, 'image/jpeg', 141619, '4/000/273/88.jpg', '{\"ratio\": \"256:181\", \"width\": 1280, \"height\": 905, \"originalName\": \"Accountancy_Employee Remuneration Planning.jpg\"}', 'image', 308, NULL, NULL, 'custom'),
(27389, 'image/png', 215066, '4/000/273/89.png', '{\"ratio\": \"1:1\", \"width\": 1280, \"height\": 1280, \"originalName\": \"Accountancy_Financial Services.png\"}', 'image', 308, NULL, NULL, 'custom'),
(27390, 'image/jpeg', 146395, '4/000/273/90.jpg', '{\"ratio\": \"640:427\", \"width\": 1280, \"height\": 854, \"originalName\": \"Accountancy_Inheritance Tax Planning.jpg\"}', 'image', 308, NULL, NULL, 'custom'),
(27391, 'image/jpeg', 127546, '4/000/273/91.jpg', '{\"ratio\": \"1280:847\", \"width\": 1280, \"height\": 847, \"originalName\": \"Accountancy_Management Accounts & Information.jpg\"}', 'image', 308, NULL, NULL, 'custom'),
(27392, 'image/jpeg', 71996, '4/000/273/92.jpg', '{\"ratio\": \"1280:937\", \"width\": 1280, \"height\": 937, \"originalName\": \"Accountancy_Payroll & Paye Returns.jpg\"}', 'image', 308, NULL, NULL, 'custom'),
(27393, 'image/jpeg', 73186, '4/000/273/93.jpg', '{\"ratio\": \"320:213\", \"width\": 640, \"height\": 426, \"originalName\": \"Accountancy_Personal Tax.jpg\"}', 'image', 308, NULL, NULL, 'custom'),
(27394, 'image/jpeg', 121022, '4/000/273/94.jpg', '{\"ratio\": \"160:113\", \"width\": 1280, \"height\": 904, \"originalName\": \"Accountancy_Property Tax.jpg\"}', 'image', 308, NULL, NULL, 'custom'),
(27395, 'image/jpeg', 81727, '4/000/273/95.jpg', '{\"ratio\": \"16:9\", \"width\": 1280, \"height\": 720, \"originalName\": \"Accountancy_Raising Finance.jpg\"}', 'image', 308, NULL, NULL, 'custom'),
(27396, 'image/jpeg', 198291, '4/000/273/96.jpg', '{\"ratio\": \"1280:853\", \"width\": 1280, \"height\": 853, \"originalName\": \"Accountancy_Strategic Planning.jpg\"}', 'image', 308, NULL, NULL, 'custom'),
(27397, 'image/jpeg', 453176, '4/000/273/97.jpg', '{\"ratio\": \"256:181\", \"width\": 1280, \"height\": 905, \"originalName\": \"Accountancy_Tax Disputes.jpg\"}', 'image', 308, NULL, NULL, 'custom'),
(27398, 'image/jpeg', 135307, '4/000/273/98.jpg', '{\"ratio\": \"320:243\", \"width\": 1280, \"height\": 972, \"originalName\": \"Accountancy_Tax Enquiries & Investigations.jpg\"}', 'image', 308, NULL, NULL, 'custom'),
(27399, 'image/jpeg', 54468, '4/000/273/99.jpg', '{\"ratio\": \"1280:811\", \"width\": 1280, \"height\": 811, \"originalName\": \"Accountancy_Trusts.jpg\"}', 'image', 308, NULL, NULL, 'custom'),
(27400, 'image/jpeg', 72886, '4/000/274/00.jpg', '{\"ratio\": \"256:165\", \"width\": 1280, \"height\": 825, \"originalName\": \"Accountancy_VAT Healthcheck.jpg\"}', 'image', 308, NULL, NULL, 'custom'),
(27401, 'image/jpeg', 241778, '4/000/274/01.jpg', '{\"ratio\": \"128:85\", \"width\": 1280, \"height\": 850, \"originalName\": \"Accountancy_VAT Planning & Disputes.jpg\"}', 'image', 308, NULL, NULL, 'custom'),
(27402, 'image/jpeg', 187227, '4/000/274/02.jpg', '{\"ratio\": \"640:253\", \"width\": 1280, \"height\": 506, \"originalName\": \"Accountancy_Business Valuation.jpg\"}', 'image', 308, NULL, NULL, 'custom'),
(27403, 'image/jpeg', 189984, '4/000/274/03.jpg', '{\"ratio\": \"128:57\", \"width\": 1280, \"height\": 570, \"originalName\": \"Accountancy_Employment Status.jpg\"}', 'image', 308, NULL, NULL, 'custom'),
(27404, 'image/jpeg', 100986, '4/000/274/04.jpg', '{\"ratio\": \"1280:743\", \"width\": 1280, \"height\": 743, \"originalName\": \"Accountancy_Tax Investigation Fee Protection.jpg\"}', 'image', 308, NULL, NULL, 'custom'),
(27405, 'image/jpeg', 466601, '4/000/274/05.jpg', '{\"ratio\": \"160:87\", \"width\": 1280, \"height\": 696, \"originalName\": \"Accountancy_Paye Healthcheck.jpg\"}', 'image', 308, NULL, NULL, 'custom'),
(27406, 'image/png', 164530, '4/000/274/06.png', '{\"ratio\": \"1:1\", \"width\": 1280, \"height\": 1280, \"originalName\": \"Accountancy_Contractors & IR35.png\"}', 'image', 308, NULL, NULL, 'custom'),
(27409, 'image/jpeg', 115614, '4/000/274/09.jpeg', '{\"ratio\": \"320:213\", \"width\": 640, \"height\": 426, \"originalName\": \"pexels-photo-177598.jpeg\"}', 'image', 308, NULL, NULL, 'custom'),
(27410, 'image/jpeg', 115614, '4/000/274/10.jpeg', '{\"ratio\": \"320:213\", \"width\": 640, \"height\": 426, \"originalName\": \"pexels-photo-177598.jpeg\"}', 'image', 308, NULL, NULL, 'custom'),
(27411, 'image/jpeg', 94223, '4/000/274/11.jpg', '{\"ratio\": \"16:9\", \"width\": 720, \"height\": 405, \"originalName\": \"85123156_532324177414494_3027002008583274496_o.jpg\"}', 'image', 323, NULL, NULL, 'custom'),
(27412, 'image/jpeg', 94223, '4/000/274/12.jpg', '{\"ratio\": \"16:9\", \"width\": 720, \"height\": 405, \"originalName\": \"85123156_532324177414494_3027002008583274496_o.jpg\"}', 'image', 321, NULL, NULL, 'custom'),
(27413, 'image/jpeg', 94223, '4/000/274/13.jpg', '{\"ratio\": \"16:9\", \"width\": 720, \"height\": 405, \"originalName\": \"85123156_532324177414494_3027002008583274496_o.jpg\"}', 'image', 321, NULL, NULL, 'custom'),
(27414, 'image/jpeg', 94223, '4/000/274/14.jpg', '{\"ratio\": \"16:9\", \"width\": 720, \"height\": 405, \"originalName\": \"85123156_532324177414494_3027002008583274496_o.jpg\"}', 'image', 321, NULL, NULL, 'custom'),
(27415, 'image/jpeg', 94223, '4/000/274/15.jpg', '{\"ratio\": \"16:9\", \"width\": 720, \"height\": 405, \"originalName\": \"85123156_532324177414494_3027002008583274496_o.jpg\"}', 'image', 321, NULL, NULL, 'custom'),
(27416, 'image/jpeg', 94223, '4/000/274/16.jpg', '{\"ratio\": \"16:9\", \"width\": 720, \"height\": 405, \"originalName\": \"85123156_532324177414494_3027002008583274496_o.jpg\"}', 'image', 321, NULL, NULL, 'custom'),
(27417, 'image/jpeg', 94223, '4/000/274/17.jpg', '{\"ratio\": \"16:9\", \"width\": 720, \"height\": 405, \"originalName\": \"85123156_532324177414494_3027002008583274496_o.jpg\"}', 'image', 323, NULL, NULL, 'custom'),
(27418, 'image/jpeg', 94223, '4/000/274/18.jpg', '{\"ratio\": \"16:9\", \"width\": 720, \"height\": 405, \"originalName\": \"85123156_532324177414494_3027002008583274496_o.jpg\"}', 'image', 323, NULL, NULL, 'custom'),
(27422, 'image/jpeg', 115614, '4/000/274/22.jpeg', '{\"ratio\": \"320:213\", \"width\": 640, \"height\": 426, \"originalName\": \"pexels-photo-177598.jpeg\"}', 'image', 308, NULL, NULL, 'custom'),
(27423, 'image/jpeg', 115614, '4/000/274/23.jpeg', '{\"ratio\": \"320:213\", \"width\": 640, \"height\": 426, \"originalName\": \"pexels-photo-177598.jpeg\"}', 'image', 308, NULL, NULL, 'custom'),
(27424, 'image/jpeg', 47605, '4/000/274/24.jpg', '{\"ratio\": \"920:613\", \"width\": 920, \"height\": 613, \"originalName\": \"920x920.jpg\"}', 'image', 308, NULL, NULL, 'custom'),
(27425, 'image/jpeg', 115614, '4/000/274/25.jpeg', '{\"ratio\": \"320:213\", \"width\": 640, \"height\": 426, \"originalName\": \"pexels-photo-177598.jpeg\"}', 'image', 188, NULL, NULL, 'custom'),
(27448, 'image/jpeg', 73216, '4/000/274/48.jpg', '{\"ratio\": \"640:447\", \"width\": 640, \"height\": 447, \"originalName\": \"EmployeesHighFiving.jpg\"}', 'image', 308, NULL, NULL, 'custom'),
(27449, 'image/jpeg', 82458, '4/000/274/49.jpg', '{\"ratio\": \"640:427\", \"width\": 640, \"height\": 427, \"originalName\": \"BusinessPartners.jpg\"}', 'image', 308, NULL, NULL, 'custom'),
(27451, 'image/jpeg', 32312, '4/000/274/51.jpg', '{\"ratio\": \"160:103\", \"width\": 640, \"height\": 412, \"originalName\": \"BusinessPartnerAgreement.jpg\"}', 'image', 308, NULL, NULL, 'custom'),
(27452, 'image/jpeg', 111932, '4/000/274/52.jpg', '{\"ratio\": \"128:85\", \"width\": 640, \"height\": 425, \"originalName\": \"AppleStocks.jpg\"}', 'image', 308, NULL, NULL, 'custom'),
(27453, 'image/jpeg', 73358, '4/000/274/53.jpg', '{\"ratio\": \"320:213\", \"width\": 640, \"height\": 426, \"originalName\": \"UsingPhones.jpg\"}', 'image', 308, NULL, NULL, 'custom'),
(27456, 'image/jpeg', 89728, '4/000/274/56.jpg', '{\"ratio\": \"320:209\", \"width\": 640, \"height\": 418, \"originalName\": \"GroupFistBump.jpg\"}', 'image', 308, NULL, NULL, 'custom'),
(27457, 'image/jpeg', 83063, '4/000/274/57.jpg', '{\"ratio\": \"4:3\", \"width\": 640, \"height\": 480, \"originalName\": \"StressedWoman.jpg\"}', 'image', 308, NULL, NULL, 'custom'),
(27458, 'image/jpeg', 52817, '4/000/274/58.jpg', '{\"ratio\": \"20:13\", \"width\": 640, \"height\": 416, \"originalName\": \"ShakingHands.jpg\"}', 'image', 308, NULL, NULL, 'custom'),
(27459, 'image/jpeg', 25460, '4/000/274/59.jpg', '{\"ratio\": \"320:213\", \"width\": 640, \"height\": 426, \"originalName\": \"adult-business-composition.jpg\"}', 'image', 308, NULL, NULL, 'custom'),
(27461, 'image/jpeg', 41704, '4/000/274/61.jpg', '{\"ratio\": \"640:427\", \"width\": 640, \"height\": 427, \"originalName\": \"DivorceCertificate.jpg\"}', 'image', 308, NULL, NULL, 'custom'),
(27462, 'image/jpeg', 55475, '4/000/274/62.jpg', '{\"ratio\": \"32:21\", \"width\": 640, \"height\": 420, \"originalName\": \"AccomplishmentAgreementBusiness.jpg\"}', 'image', 308, NULL, NULL, 'custom'),
(27463, 'image/jpeg', 65497, '4/000/274/63.jpg', '{\"ratio\": \"320:219\", \"width\": 640, \"height\": 438, \"originalName\": \"AdultBreakfastBusiness.jpg\"}', 'image', 308, NULL, NULL, 'custom'),
(27466, 'image/jpeg', 60421, '4/000/274/66.jpg', '{\"ratio\": \"640:377\", \"width\": 640, \"height\": 377, \"originalName\": \"CalculatingTaxes.jpg\"}', 'image', 308, NULL, NULL, 'custom'),
(27467, 'image/jpeg', 26519, '4/000/274/67.jpg', '{\"ratio\": \"4:3\", \"width\": 640, \"height\": 480, \"originalName\": \"SigningContract2.jpg\"}', 'image', 308, NULL, NULL, 'custom'),
(27468, 'image/jpeg', 73216, '4/000/274/68.jpg', '{\"ratio\": \"640:447\", \"width\": 640, \"height\": 447, \"originalName\": \"EmployeesHighFiving.jpg\"}', 'image', 308, NULL, NULL, 'custom'),
(27469, 'image/jpeg', 82458, '4/000/274/69.jpg', '{\"ratio\": \"640:427\", \"width\": 640, \"height\": 427, \"originalName\": \"BusinessPartners.jpg\"}', 'image', 308, NULL, NULL, 'custom'),
(27470, 'image/jpeg', 44195, '4/000/274/70.jpg', '{\"ratio\": \"320:189\", \"width\": 640, \"height\": 378, \"originalName\": \"WritingTo-DoList.jpg\"}', 'image', 308, NULL, NULL, 'custom'),
(27471, 'image/jpeg', 32312, '4/000/274/71.jpg', '{\"ratio\": \"160:103\", \"width\": 640, \"height\": 412, \"originalName\": \"BusinessPartnerAgreement.jpg\"}', 'image', 308, NULL, NULL, 'custom'),
(27472, 'image/jpeg', 111932, '4/000/274/72.jpg', '{\"ratio\": \"128:85\", \"width\": 640, \"height\": 425, \"originalName\": \"AppleStocks.jpg\"}', 'image', 308, NULL, NULL, 'custom'),
(27473, 'image/jpeg', 73358, '4/000/274/73.jpg', '{\"ratio\": \"320:213\", \"width\": 640, \"height\": 426, \"originalName\": \"UsingPhones.jpg\"}', 'image', 308, NULL, NULL, 'custom'),
(27474, 'image/jpeg', 46306, '4/000/274/74.jpg', '{\"ratio\": \"320:213\", \"width\": 640, \"height\": 426, \"originalName\": \"CloseupiPhone.jpg\"}', 'image', 308, NULL, NULL, 'custom'),
(27475, 'image/png', 84541, '4/000/274/75.png', '{\"ratio\": \"1:1\", \"width\": 640, \"height\": 640, \"originalName\": \"WordofMouth.png\"}', 'image', 308, NULL, NULL, 'custom'),
(27476, 'image/jpeg', 89728, '4/000/274/76.jpg', '{\"ratio\": \"320:209\", \"width\": 640, \"height\": 418, \"originalName\": \"GroupFistBump.jpg\"}', 'image', 308, NULL, NULL, 'custom'),
(27477, 'image/jpeg', 83063, '4/000/274/77.jpg', '{\"ratio\": \"4:3\", \"width\": 640, \"height\": 480, \"originalName\": \"StressedWoman.jpg\"}', 'image', 308, NULL, NULL, 'custom'),
(27478, 'image/jpeg', 52817, '4/000/274/78.jpg', '{\"ratio\": \"20:13\", \"width\": 640, \"height\": 416, \"originalName\": \"ShakingHands.jpg\"}', 'image', 308, NULL, NULL, 'custom'),
(27479, 'image/jpeg', 25460, '4/000/274/79.jpg', '{\"ratio\": \"320:213\", \"width\": 640, \"height\": 426, \"originalName\": \"adult-business-composition.jpg\"}', 'image', 308, NULL, NULL, 'custom'),
(27480, 'image/jpeg', 56615, '4/000/274/80.jpg', '{\"ratio\": \"16:9\", \"width\": 640, \"height\": 360, \"originalName\": \"SigningContract.jpg\"}', 'image', 308, NULL, NULL, 'custom'),
(27481, 'image/jpeg', 41704, '4/000/274/81.jpg', '{\"ratio\": \"640:427\", \"width\": 640, \"height\": 427, \"originalName\": \"DivorceCertificate.jpg\"}', 'image', 308, NULL, NULL, 'custom'),
(27482, 'image/jpeg', 55475, '4/000/274/82.jpg', '{\"ratio\": \"32:21\", \"width\": 640, \"height\": 420, \"originalName\": \"AccomplishmentAgreementBusiness.jpg\"}', 'image', 308, NULL, NULL, 'custom'),
(27483, 'image/jpeg', 65497, '4/000/274/83.jpg', '{\"ratio\": \"320:219\", \"width\": 640, \"height\": 438, \"originalName\": \"AdultBreakfastBusiness.jpg\"}', 'image', 308, NULL, NULL, 'custom'),
(27484, 'image/jpeg', 58064, '4/000/274/84.jpg', '{\"ratio\": \"320:213\", \"width\": 640, \"height\": 426, \"originalName\": \"AdultsAgreementApplication.jpg\"}', 'image', 308, NULL, NULL, 'custom'),
(27485, 'image/jpeg', 57703, '4/000/274/85.jpg', '{\"ratio\": \"640:379\", \"width\": 640, \"height\": 379, \"originalName\": \"DoctorsMeeting.jpg\"}', 'image', 308, NULL, NULL, 'custom'),
(27486, 'image/jpeg', 60421, '4/000/274/86.jpg', '{\"ratio\": \"640:377\", \"width\": 640, \"height\": 377, \"originalName\": \"CalculatingTaxes.jpg\"}', 'image', 308, NULL, NULL, 'custom'),
(27487, 'image/jpeg', 26519, '4/000/274/87.jpg', '{\"ratio\": \"4:3\", \"width\": 640, \"height\": 480, \"originalName\": \"SigningContract2.jpg\"}', 'image', 308, NULL, NULL, 'custom'),
(27556, 'image/jpeg', 115614, '4/000/275/56.jpeg', '{\"ratio\": \"320:213\", \"width\": 640, \"height\": 426, \"originalName\": \"pexels-photo-177598.jpeg\"}', 'image', 188, NULL, NULL, 'custom'),
(27557, 'image/jpeg', 115614, '4/000/275/57.jpeg', '{\"ratio\": \"320:213\", \"width\": 640, \"height\": 426, \"originalName\": \"pexels-photo-177598.jpeg\"}', 'image', 188, NULL, NULL, 'custom'),
(27558, 'image/jpeg', 115614, '4/000/275/58.jpeg', '{\"ratio\": \"320:213\", \"width\": 640, \"height\": 426, \"originalName\": \"pexels-photo-177598.jpeg\"}', 'image', 188, NULL, NULL, 'custom'),
(27559, 'image/jpeg', 115614, '4/000/275/59.jpeg', '{\"ratio\": \"320:213\", \"width\": 640, \"height\": 426, \"originalName\": \"pexels-photo-177598.jpeg\"}', 'image', 188, NULL, NULL, 'custom'),
(27560, 'image/jpeg', 115614, '4/000/275/60.jpeg', '{\"ratio\": \"320:213\", \"width\": 640, \"height\": 426, \"originalName\": \"pexels-photo-177598.jpeg\"}', 'image', 188, NULL, NULL, 'custom'),
(27561, 'image/jpeg', 115614, '4/000/275/61.jpeg', '{\"ratio\": \"320:213\", \"width\": 640, \"height\": 426, \"originalName\": \"pexels-photo-177598.jpeg\"}', 'image', 188, NULL, NULL, 'custom'),
(27562, 'image/jpeg', 115614, '4/000/275/62.jpeg', '{\"ratio\": \"320:213\", \"width\": 640, \"height\": 426, \"originalName\": \"pexels-photo-177598.jpeg\"}', 'image', 188, NULL, NULL, 'custom'),
(27563, 'image/jpeg', 115614, '4/000/275/63.jpeg', '{\"ratio\": \"320:213\", \"width\": 640, \"height\": 426, \"originalName\": \"pexels-photo-177598.jpeg\"}', 'image', 188, NULL, NULL, 'custom'),
(27564, 'image/jpeg', 115614, '4/000/275/64.jpeg', '{\"ratio\": \"320:213\", \"width\": 640, \"height\": 426, \"originalName\": \"pexels-photo-177598.jpeg\"}', 'image', 188, NULL, NULL, 'custom'),
(27565, 'image/jpeg', 115614, '4/000/275/65.jpeg', '{\"ratio\": \"320:213\", \"width\": 640, \"height\": 426, \"originalName\": \"pexels-photo-177598.jpeg\"}', 'image', 188, NULL, NULL, 'custom'),
(27586, 'image/jpeg', 47605, '4/000/275/86.jpg', '{\"ratio\": \"920:613\", \"width\": 920, \"height\": 613, \"originalName\": \"920x920.jpg\"}', 'image', 308, NULL, NULL, 'custom'),
(27587, 'image/jpeg', 115614, '4/000/275/87.jpeg', '{\"ratio\": \"320:213\", \"width\": 640, \"height\": 426, \"originalName\": \"pexels-photo-177598.jpeg\"}', 'image', 188, NULL, NULL, 'custom'),
(27588, 'image/jpeg', 115614, '4/000/275/88.jpeg', '{\"ratio\": \"320:213\", \"width\": 640, \"height\": 426, \"originalName\": \"pexels-photo-177598.jpeg\"}', 'image', 188, NULL, NULL, 'custom'),
(27589, 'image/jpeg', 115614, '4/000/275/89.jpeg', '{\"ratio\": \"320:213\", \"width\": 640, \"height\": 426, \"originalName\": \"pexels-photo-177598.jpeg\"}', 'image', 188, NULL, NULL, 'custom'),
(27590, 'image/jpeg', 115614, '4/000/275/90.jpeg', '{\"ratio\": \"320:213\", \"width\": 640, \"height\": 426, \"originalName\": \"pexels-photo-177598.jpeg\"}', 'image', 188, NULL, NULL, 'custom'),
(27591, 'image/jpeg', 115614, '4/000/275/91.jpeg', '{\"ratio\": \"320:213\", \"width\": 640, \"height\": 426, \"originalName\": \"pexels-photo-177598.jpeg\"}', 'image', 188, NULL, NULL, 'custom'),
(27592, 'image/jpeg', 115614, '4/000/275/92.jpeg', '{\"ratio\": \"320:213\", \"width\": 640, \"height\": 426, \"originalName\": \"pexels-photo-177598.jpeg\"}', 'image', 188, NULL, NULL, 'custom'),
(27593, 'image/jpeg', 115614, '4/000/275/93.jpeg', '{\"ratio\": \"320:213\", \"width\": 640, \"height\": 426, \"originalName\": \"pexels-photo-177598.jpeg\"}', 'image', 188, NULL, NULL, 'custom'),
(27594, 'image/jpeg', 115614, '4/000/275/94.jpeg', '{\"ratio\": \"320:213\", \"width\": 640, \"height\": 426, \"originalName\": \"pexels-photo-177598.jpeg\"}', 'image', 188, NULL, NULL, 'custom'),
(27595, 'image/jpeg', 115614, '4/000/275/95.jpeg', '{\"ratio\": \"320:213\", \"width\": 640, \"height\": 426, \"originalName\": \"pexels-photo-177598.jpeg\"}', 'image', 188, NULL, NULL, 'custom'),
(27596, 'image/jpeg', 115614, '4/000/275/96.jpeg', '{\"ratio\": \"320:213\", \"width\": 640, \"height\": 426, \"originalName\": \"pexels-photo-177598.jpeg\"}', 'image', 188, NULL, NULL, 'custom'),
(27598, 'image/jpeg', 115614, '4/000/275/98.jpeg', '{\"ratio\": \"320:213\", \"width\": 640, \"height\": 426, \"originalName\": \"pexels-photo-177598.jpeg\"}', 'image', 308, NULL, NULL, 'custom'),
(27618, 'image/jpeg', 150012, '4/000/276/18.jpg', '{\"ratio\": \"1280:1599\", \"width\": 1280, \"height\": 1599, \"originalName\": \"adult-white-and-brown-shih-tzu-3361739.jpg\"}', 'image', 188, NULL, NULL, 'custom'),
(27619, 'image/jpeg', 47605, '4/000/276/19.jpg', '{\"ratio\": \"920:613\", \"width\": 920, \"height\": 613, \"originalName\": \"920x920.jpg\"}', 'image', 188, NULL, NULL, 'custom'),
(27626, 'image/jpeg', 150012, '4/000/276/26.jpg', '{\"ratio\": \"1280:1599\", \"width\": 1280, \"height\": 1599, \"originalName\": \"adult-white-and-brown-shih-tzu-3361739.jpg\"}', 'image', 188, NULL, NULL, 'custom'),
(27627, 'image/jpeg', 47605, '4/000/276/27.jpg', '{\"ratio\": \"920:613\", \"width\": 920, \"height\": 613, \"originalName\": \"920x920.jpg\"}', 'image', 188, NULL, NULL, 'custom'),
(27628, 'image/jpeg', 115614, '4/000/276/28.jpeg', '{\"ratio\": \"320:213\", \"width\": 640, \"height\": 426, \"originalName\": \"pexels-photo-177598.jpeg\"}', 'image', 188, NULL, NULL, 'custom'),
(27629, 'image/jpeg', 115614, '4/000/276/29.jpeg', '{\"ratio\": \"320:213\", \"width\": 640, \"height\": 426, \"originalName\": \"pexels-photo-177598.jpeg\"}', 'image', 188, NULL, NULL, 'custom'),
(27630, 'image/jpeg', 23585, '4/000/276/30.jpg', '{\"ratio\": \"3:2\", \"width\": 720, \"height\": 480, \"originalName\": \"89203179_710162299515886_406571310865448960_o.jpg\"}', 'image', 364, NULL, NULL, 'custom'),
(27631, 'image/jpeg', 23585, '4/000/276/31.jpg', '{\"ratio\": \"3:2\", \"width\": 720, \"height\": 480, \"originalName\": \"89203179_710162299515886_406571310865448960_o.jpg\"}', 'image', 364, NULL, NULL, 'custom'),
(27632, 'image/jpeg', 23585, '4/000/276/32.jpg', '{\"ratio\": \"3:2\", \"width\": 720, \"height\": 480, \"originalName\": \"89203179_710162299515886_406571310865448960_o.jpg\"}', 'image', 364, NULL, NULL, 'custom'),
(27633, 'image/jpeg', 23585, '4/000/276/33.jpg', '{\"ratio\": \"3:2\", \"width\": 720, \"height\": 480, \"originalName\": \"89203179_710162299515886_406571310865448960_o.jpg\"}', 'image', 364, NULL, NULL, 'custom');
INSERT INTO `cms__file_static` (`fileID`, `mime`, `size`, `realPath`, `data`, `type`, `organizationID`, `previewFileID`, `socialChannel`, `systemType`) VALUES
(27634, 'image/jpeg', 23585, '4/000/276/34.jpg', '{\"ratio\": \"3:2\", \"width\": 720, \"height\": 480, \"originalName\": \"89203179_710162299515886_406571310865448960_o.jpg\"}', 'image', 364, NULL, NULL, 'custom'),
(27635, 'image/jpeg', 23585, '4/000/276/35.jpg', '{\"ratio\": \"3:2\", \"width\": 720, \"height\": 480, \"originalName\": \"89203179_710162299515886_406571310865448960_o.jpg\"}', 'image', 364, NULL, NULL, 'custom'),
(27636, 'image/jpeg', 23585, '4/000/276/36.jpg', '{\"ratio\": \"3:2\", \"width\": 720, \"height\": 480, \"originalName\": \"89203179_710162299515886_406571310865448960_o.jpg\"}', 'image', 364, NULL, NULL, 'custom'),
(27637, 'image/jpeg', 23585, '4/000/276/37.jpg', '{\"ratio\": \"3:2\", \"width\": 720, \"height\": 480, \"originalName\": \"89203179_710162299515886_406571310865448960_o.jpg\"}', 'image', 364, NULL, NULL, 'custom'),
(27638, 'image/jpeg', 23585, '4/000/276/38.jpg', '{\"ratio\": \"3:2\", \"width\": 720, \"height\": 480, \"originalName\": \"89203179_710162299515886_406571310865448960_o.jpg\"}', 'image', 364, NULL, NULL, 'custom'),
(27659, 'image/jpeg', 115614, '4/000/276/59.jpeg', '{\"ratio\": \"320:213\", \"width\": 640, \"height\": 426, \"originalName\": \"pexels-photo-177598.jpeg\"}', 'image', 308, NULL, NULL, 'custom'),
(27660, 'image/jpeg', 115614, '4/000/276/60.jpeg', '{\"ratio\": \"320:213\", \"width\": 640, \"height\": 426, \"originalName\": \"pexels-photo-177598.jpeg\"}', 'image', 308, NULL, NULL, 'custom'),
(27661, 'image/jpeg', 150012, '4/000/276/61.jpg', '{\"ratio\": \"1280:1599\", \"width\": 1280, \"height\": 1599, \"originalName\": \"adult-white-and-brown-shih-tzu-3361739.jpg\"}', 'image', 188, NULL, NULL, 'custom'),
(27662, 'image/jpeg', 47605, '4/000/276/62.jpg', '{\"ratio\": \"920:613\", \"width\": 920, \"height\": 613, \"originalName\": \"920x920.jpg\"}', 'image', 188, NULL, NULL, 'custom'),
(27665, 'image/jpeg', 115614, '4/000/276/65.jpeg', '{\"ratio\": \"320:213\", \"width\": 640, \"height\": 426, \"originalName\": \"pexels-photo-177598.jpeg\"}', 'image', 308, NULL, NULL, 'custom'),
(27666, 'image/jpeg', 55293, '4/000/276/66.jpg', '{\"ratio\": \"180:121\", \"width\": 720, \"height\": 484, \"originalName\": \"78366850_710251529506963_4835767351456563200_o.jpg\"}', 'image', 364, NULL, NULL, 'custom'),
(27667, 'image/jpeg', 55293, '4/000/276/67.jpg', '{\"ratio\": \"180:121\", \"width\": 720, \"height\": 484, \"originalName\": \"78366850_710251529506963_4835767351456563200_o.jpg\"}', 'image', 364, NULL, NULL, 'custom'),
(27668, 'image/jpeg', 55293, '4/000/276/68.jpg', '{\"ratio\": \"180:121\", \"width\": 720, \"height\": 484, \"originalName\": \"78366850_710251529506963_4835767351456563200_o.jpg\"}', 'image', 364, NULL, NULL, 'custom'),
(27669, 'image/jpeg', 55293, '4/000/276/69.jpg', '{\"ratio\": \"180:121\", \"width\": 720, \"height\": 484, \"originalName\": \"78366850_710251529506963_4835767351456563200_o.jpg\"}', 'image', 364, NULL, NULL, 'custom'),
(27670, 'image/jpeg', 55293, '4/000/276/70.jpg', '{\"ratio\": \"180:121\", \"width\": 720, \"height\": 484, \"originalName\": \"78366850_710251529506963_4835767351456563200_o.jpg\"}', 'image', 364, NULL, NULL, 'custom'),
(27671, 'image/jpeg', 55293, '4/000/276/71.jpg', '{\"ratio\": \"180:121\", \"width\": 720, \"height\": 484, \"originalName\": \"78366850_710251529506963_4835767351456563200_o.jpg\"}', 'image', 364, NULL, NULL, 'custom'),
(27672, 'image/jpeg', 55293, '4/000/276/72.jpg', '{\"ratio\": \"180:121\", \"width\": 720, \"height\": 484, \"originalName\": \"78366850_710251529506963_4835767351456563200_o.jpg\"}', 'image', 364, NULL, NULL, 'custom'),
(27673, 'image/jpeg', 55293, '4/000/276/73.jpg', '{\"ratio\": \"180:121\", \"width\": 720, \"height\": 484, \"originalName\": \"78366850_710251529506963_4835767351456563200_o.jpg\"}', 'image', 364, NULL, NULL, 'custom'),
(27674, 'image/jpeg', 55293, '4/000/276/74.jpg', '{\"ratio\": \"180:121\", \"width\": 720, \"height\": 484, \"originalName\": \"78366850_710251529506963_4835767351456563200_o.jpg\"}', 'image', 364, NULL, NULL, 'custom'),
(27675, 'image/jpeg', 60476, '4/000/276/75.jpg', '{\"ratio\": \"719:480\", \"width\": 719, \"height\": 480, \"originalName\": \"89254744_710779876120795_3819850884070768640_o.jpg\"}', 'image', 364, NULL, NULL, 'custom'),
(27679, 'image/jpeg', 47605, '4/000/276/79.jpg', '{\"ratio\": \"920:613\", \"width\": 920, \"height\": 613, \"originalName\": \"920x920.jpg\"}', 'image', 308, NULL, NULL, 'custom'),
(27680, 'image/jpeg', 47605, '4/000/276/80.jpg', '{\"ratio\": \"920:613\", \"width\": 920, \"height\": 613, \"originalName\": \"920x920.jpg\"}', 'image', 308, NULL, NULL, 'custom'),
(27681, 'image/jpeg', 115614, '4/000/276/81.jpeg', '{\"ratio\": \"320:213\", \"width\": 640, \"height\": 426, \"originalName\": \"pexels-photo-177598.jpeg\"}', 'image', 308, NULL, NULL, 'custom'),
(27682, 'image/jpeg', 115614, '4/000/276/82.jpeg', '{\"ratio\": \"320:213\", \"width\": 640, \"height\": 426, \"originalName\": \"pexels-photo-177598.jpeg\"}', 'image', 308, NULL, NULL, 'custom'),
(27683, 'image/jpeg', 52817, '4/000/276/83.jpg', '{\"ratio\": \"20:13\", \"width\": 640, \"height\": 416, \"originalName\": \"ShakingHands.jpg\"}', 'image', 308, NULL, NULL, 'custom'),
(27684, 'image/jpeg', 25460, '4/000/276/84.jpg', '{\"ratio\": \"320:213\", \"width\": 640, \"height\": 426, \"originalName\": \"adult-business-composition.jpg\"}', 'image', 308, NULL, NULL, 'custom'),
(27685, 'image/jpeg', 56615, '4/000/276/85.jpg', '{\"ratio\": \"16:9\", \"width\": 640, \"height\": 360, \"originalName\": \"SigningContract.jpg\"}', 'image', 308, NULL, NULL, 'custom'),
(27686, 'image/jpeg', 41704, '4/000/276/86.jpg', '{\"ratio\": \"640:427\", \"width\": 640, \"height\": 427, \"originalName\": \"DivorceCertificate.jpg\"}', 'image', 308, NULL, NULL, 'custom'),
(27687, 'image/jpeg', 55475, '4/000/276/87.jpg', '{\"ratio\": \"32:21\", \"width\": 640, \"height\": 420, \"originalName\": \"AccomplishmentAgreementBusiness.jpg\"}', 'image', 308, NULL, NULL, 'custom'),
(27688, 'image/jpeg', 65497, '4/000/276/88.jpg', '{\"ratio\": \"320:219\", \"width\": 640, \"height\": 438, \"originalName\": \"AdultBreakfastBusiness.jpg\"}', 'image', 308, NULL, NULL, 'custom'),
(27689, 'image/jpeg', 58064, '4/000/276/89.jpg', '{\"ratio\": \"320:213\", \"width\": 640, \"height\": 426, \"originalName\": \"AdultsAgreementApplication.jpg\"}', 'image', 308, NULL, NULL, 'custom'),
(27690, 'image/jpeg', 57703, '4/000/276/90.jpg', '{\"ratio\": \"640:379\", \"width\": 640, \"height\": 379, \"originalName\": \"DoctorsMeeting.jpg\"}', 'image', 308, NULL, NULL, 'custom'),
(27691, 'image/jpeg', 60421, '4/000/276/91.jpg', '{\"ratio\": \"640:377\", \"width\": 640, \"height\": 377, \"originalName\": \"CalculatingTaxes.jpg\"}', 'image', 308, NULL, NULL, 'custom'),
(27692, 'image/jpeg', 26519, '4/000/276/92.jpg', '{\"ratio\": \"4:3\", \"width\": 640, \"height\": 480, \"originalName\": \"SigningContract2.jpg\"}', 'image', 308, NULL, NULL, 'custom'),
(27693, 'image/jpeg', 73216, '4/000/276/93.jpg', '{\"ratio\": \"640:447\", \"width\": 640, \"height\": 447, \"originalName\": \"EmployeesHighFiving.jpg\"}', 'image', 308, NULL, NULL, 'custom'),
(27694, 'image/jpeg', 82458, '4/000/276/94.jpg', '{\"ratio\": \"640:427\", \"width\": 640, \"height\": 427, \"originalName\": \"BusinessPartners.jpg\"}', 'image', 308, NULL, NULL, 'custom'),
(27695, 'image/jpeg', 44195, '4/000/276/95.jpg', '{\"ratio\": \"320:189\", \"width\": 640, \"height\": 378, \"originalName\": \"WritingTo-DoList.jpg\"}', 'image', 308, NULL, NULL, 'custom'),
(27696, 'image/jpeg', 32312, '4/000/276/96.jpg', '{\"ratio\": \"160:103\", \"width\": 640, \"height\": 412, \"originalName\": \"BusinessPartnerAgreement.jpg\"}', 'image', 308, NULL, NULL, 'custom'),
(27697, 'image/jpeg', 111932, '4/000/276/97.jpg', '{\"ratio\": \"128:85\", \"width\": 640, \"height\": 425, \"originalName\": \"AppleStocks.jpg\"}', 'image', 308, NULL, NULL, 'custom'),
(27698, 'image/jpeg', 73358, '4/000/276/98.jpg', '{\"ratio\": \"320:213\", \"width\": 640, \"height\": 426, \"originalName\": \"UsingPhones.jpg\"}', 'image', 308, NULL, NULL, 'custom'),
(27699, 'image/jpeg', 46306, '4/000/276/99.jpg', '{\"ratio\": \"320:213\", \"width\": 640, \"height\": 426, \"originalName\": \"CloseupiPhone.jpg\"}', 'image', 308, NULL, NULL, 'custom'),
(27700, 'image/png', 84541, '4/000/277/00.png', '{\"ratio\": \"1:1\", \"width\": 640, \"height\": 640, \"originalName\": \"WordofMouth.png\"}', 'image', 308, NULL, NULL, 'custom'),
(27701, 'image/jpeg', 89728, '4/000/277/01.jpg', '{\"ratio\": \"320:209\", \"width\": 640, \"height\": 418, \"originalName\": \"GroupFistBump.jpg\"}', 'image', 308, NULL, NULL, 'custom'),
(27702, 'image/jpeg', 83063, '4/000/277/02.jpg', '{\"ratio\": \"4:3\", \"width\": 640, \"height\": 480, \"originalName\": \"StressedWoman.jpg\"}', 'image', 308, NULL, NULL, 'custom'),
(27737, 'image/jpeg', 38522, '4/000/277/37.jpg', '{\"ratio\": \"3:2\", \"width\": 720, \"height\": 480, \"originalName\": \"89350684_540449366601975_6023778373799510016_o.jpg\"}', 'image', 321, NULL, NULL, 'custom'),
(27738, 'image/jpeg', 38522, '4/000/277/38.jpg', '{\"ratio\": \"3:2\", \"width\": 720, \"height\": 480, \"originalName\": \"89350684_540449366601975_6023778373799510016_o.jpg\"}', 'image', 321, NULL, NULL, 'custom'),
(27739, 'image/jpeg', 38522, '4/000/277/39.jpg', '{\"ratio\": \"3:2\", \"width\": 720, \"height\": 480, \"originalName\": \"89350684_540449366601975_6023778373799510016_o.jpg\"}', 'image', 321, NULL, NULL, 'custom'),
(27740, 'image/jpeg', 38522, '4/000/277/40.jpg', '{\"ratio\": \"3:2\", \"width\": 720, \"height\": 480, \"originalName\": \"89350684_540449366601975_6023778373799510016_o.jpg\"}', 'image', 321, NULL, NULL, 'custom'),
(27741, 'image/jpeg', 38522, '4/000/277/41.jpg', '{\"ratio\": \"3:2\", \"width\": 720, \"height\": 480, \"originalName\": \"89350684_540449366601975_6023778373799510016_o.jpg\"}', 'image', 321, NULL, NULL, 'custom'),
(27742, 'image/jpeg', 38522, '4/000/277/42.jpg', '{\"ratio\": \"3:2\", \"width\": 720, \"height\": 480, \"originalName\": \"89350684_540449366601975_6023778373799510016_o.jpg\"}', 'image', 321, NULL, NULL, 'custom'),
(27743, 'image/jpeg', 38522, '4/000/277/43.jpg', '{\"ratio\": \"3:2\", \"width\": 720, \"height\": 480, \"originalName\": \"89350684_540449366601975_6023778373799510016_o.jpg\"}', 'image', 321, NULL, NULL, 'custom'),
(27744, 'image/jpeg', 38522, '4/000/277/44.jpg', '{\"ratio\": \"3:2\", \"width\": 720, \"height\": 480, \"originalName\": \"89350684_540449366601975_6023778373799510016_o.jpg\"}', 'image', 321, NULL, NULL, 'custom'),
(27745, 'image/jpeg', 38522, '4/000/277/45.jpg', '{\"ratio\": \"3:2\", \"width\": 720, \"height\": 480, \"originalName\": \"89350684_540449366601975_6023778373799510016_o.jpg\"}', 'image', 321, NULL, NULL, 'custom'),
(27746, 'image/jpeg', 267074, '4/000/277/46.jpg', '{\"ratio\": \"3:2\", \"width\": 1500, \"height\": 1000, \"originalName\": \"black-friday-fashion-friends-1345082.jpg\"}', 'image', 308, NULL, NULL, 'custom'),
(27747, 'image/jpeg', 683982, '4/000/277/47.jpeg', '{\"ratio\": \"2:3\", \"width\": 1500, \"height\": 2250, \"originalName\": \"pexels-photo-1078958.jpeg\"}', 'image', 308, NULL, NULL, 'custom'),
(27748, 'image/jpeg', 549160, '4/000/277/48.jpeg', '{\"ratio\": \"2:3\", \"width\": 1500, \"height\": 2250, \"originalName\": \"pexels-photo-424670.jpeg\"}', 'image', 308, NULL, NULL, 'custom'),
(27749, 'image/jpeg', 228684, '4/000/277/49.jpg', '{\"ratio\": \"3:2\", \"width\": 1500, \"height\": 1000, \"originalName\": \"adult-bag-beautiful-1144834.jpg\"}', 'image', 308, NULL, NULL, 'custom'),
(27750, 'image/jpeg', 113054, '4/000/277/50.jpg', '{\"ratio\": \"3:2\", \"width\": 1500, \"height\": 1000, \"originalName\": \"adult-beautiful-black-friday-291762.jpg\"}', 'image', 308, NULL, NULL, 'custom'),
(27751, 'image/jpeg', 86468, '4/000/277/51.jpg', '{\"ratio\": \"3:2\", \"width\": 1500, \"height\": 1000, \"originalName\": \"adult-advertisement-airport-1114376.jpg\"}', 'image', 308, NULL, NULL, 'custom'),
(27752, 'image/jpeg', 92735, '4/000/277/52.jpg', '{\"ratio\": \"3:2\", \"width\": 1500, \"height\": 1000, \"originalName\": \"footwear-shoes-sneakers-1670766.jpg\"}', 'image', 308, NULL, NULL, 'custom'),
(27753, 'image/jpeg', 273388, '4/000/277/53.jpg', '{\"ratio\": \"384:271\", \"width\": 1920, \"height\": 1355, \"originalName\": \"woman-1169324_1920.jpg\"}', 'image', 308, NULL, NULL, 'custom'),
(27754, 'image/jpeg', 172137, '4/000/277/54.jpg', '{\"ratio\": \"1001:668\", \"width\": 1500, \"height\": 1001, \"originalName\": \"person-sale-sign-1785138.jpg\"}', 'image', 308, NULL, NULL, 'custom'),
(27755, 'image/jpeg', 228514, '4/000/277/55.jpg', '{\"ratio\": \"500:357\", \"width\": 1500, \"height\": 1071, \"originalName\": \"bags-black-and-white-boutique-219023.jpg\"}', 'image', 308, NULL, NULL, 'custom'),
(27756, 'image/jpeg', 705156, '4/000/277/56.jpg', '{\"ratio\": \"440:613\", \"width\": 2200, \"height\": 3065, \"originalName\": \"attractive-beautiful-beauty-912787.jpg\"}', 'image', 308, NULL, NULL, 'custom'),
(27757, 'image/jpeg', 115903, '4/000/277/57.jpg', '{\"ratio\": \"1920:1349\", \"width\": 1920, \"height\": 1349, \"originalName\": \"visa-3082813_1920.jpg\"}', 'image', 308, NULL, NULL, 'custom'),
(27758, 'image/jpeg', 566030, '4/000/277/58.jpg', '{\"ratio\": \"2:3\", \"width\": 1728, \"height\": 2592, \"originalName\": \"adorable-animal-breed-937673.jpg\"}', 'image', 308, NULL, NULL, 'custom'),
(27759, 'image/png', 101456, '4/000/277/59.png', '{\"ratio\": \"841:1280\", \"width\": 841, \"height\": 1280, \"originalName\": \"black-friday-2894131_1280.png\"}', 'image', 308, NULL, NULL, 'custom'),
(27760, 'image/jpeg', 57494, '4/000/277/60.jpeg', '{\"ratio\": \"128:85\", \"width\": 640, \"height\": 425, \"originalName\": \"pexels-photo-226145.jpeg\"}', 'image', 308, NULL, NULL, 'custom'),
(27761, 'image/jpeg', 57494, '4/000/277/61.jpeg', '{\"ratio\": \"128:85\", \"width\": 640, \"height\": 425, \"originalName\": \"pexels-photo-226145.jpeg\"}', 'image', 308, NULL, NULL, 'custom'),
(27762, 'image/jpeg', 60758, '4/000/277/62.jpeg', '{\"ratio\": \"640:427\", \"width\": 640, \"height\": 427, \"originalName\": \"pexels-photo-1785138.jpeg\"}', 'image', 308, NULL, NULL, 'custom'),
(27763, 'image/jpeg', 61838, '4/000/277/63.jpg', '{\"ratio\": \"320:213\", \"width\": 640, \"height\": 426, \"originalName\": \"blur-1850082_640.jpg\"}', 'image', 308, NULL, NULL, 'custom'),
(27764, 'image/jpeg', 83173, '4/000/277/64.jpeg', '{\"ratio\": \"320:213\", \"width\": 640, \"height\": 426, \"originalName\": \"pexels-photo-1345082.jpeg\"}', 'image', 308, NULL, NULL, 'custom'),
(27765, 'image/jpeg', 98043, '4/000/277/65.jpeg', '{\"ratio\": \"320:481\", \"width\": 640, \"height\": 962, \"originalName\": \"pexels-photo-45924.jpeg\"}', 'image', 308, NULL, NULL, 'custom'),
(27766, 'image/jpeg', 124166, '4/000/277/66.jpg', '{\"ratio\": \"640:359\", \"width\": 640, \"height\": 359, \"originalName\": \"flowers-3441662_640.jpg\"}', 'image', 308, NULL, NULL, 'custom'),
(27767, 'image/jpeg', 124166, '4/000/277/67.jpg', '{\"ratio\": \"640:359\", \"width\": 640, \"height\": 359, \"originalName\": \"flowers-3441662_640.jpg\"}', 'image', 308, NULL, NULL, 'custom'),
(27768, 'image/jpeg', 48536, '4/000/277/68.jpg', '{\"ratio\": \"640:341\", \"width\": 640, \"height\": 341, \"originalName\": \"sale-1712540_640.jpg\"}', 'image', 308, NULL, NULL, 'custom'),
(27769, 'image/jpeg', 47280, '4/000/277/69.jpeg', '{\"ratio\": \"20:11\", \"width\": 640, \"height\": 352, \"originalName\": \"pexels-photo-248444.jpeg\"}', 'image', 308, NULL, NULL, 'custom'),
(27770, 'image/jpeg', 89477, '4/000/277/70.jpg', '{\"ratio\": \"320:213\", \"width\": 640, \"height\": 426, \"originalName\": \"baked-goods-1867459_640.jpg\"}', 'image', 308, NULL, NULL, 'custom'),
(27771, 'image/jpeg', 68153, '4/000/277/71.jpg', '{\"ratio\": \"320:213\", \"width\": 640, \"height\": 426, \"originalName\": \"booties-2047596_640.jpg\"}', 'image', 308, NULL, NULL, 'custom'),
(27772, 'image/jpeg', 88488, '4/000/277/72.jpeg', '{\"ratio\": \"320:213\", \"width\": 640, \"height\": 426, \"originalName\": \"pexels-photo-811101.jpeg\"}', 'image', 308, NULL, NULL, 'custom'),
(27773, 'image/jpeg', 103492, '4/000/277/73.jpg', '{\"ratio\": \"320:213\", \"width\": 640, \"height\": 426, \"originalName\": \"mens-shirt-524022_640.jpg\"}', 'image', 308, NULL, NULL, 'custom'),
(27774, 'image/jpeg', 208868, '4/000/277/74.jpg', '{\"ratio\": \"640:427\", \"width\": 640, \"height\": 427, \"originalName\": \"jeans-2919398_640.jpg\"}', 'image', 308, NULL, NULL, 'custom'),
(27775, 'image/jpeg', 58014, '4/000/277/75.jpeg', '{\"ratio\": \"320:213\", \"width\": 640, \"height\": 426, \"originalName\": \"business-cash-coin-concept-41301.jpeg\"}', 'image', 308, NULL, NULL, 'custom'),
(27776, 'image/jpeg', 102777, '4/000/277/76.jpeg', '{\"ratio\": \"2:3\", \"width\": 640, \"height\": 960, \"originalName\": \"pexels-photo-1353029.jpeg\"}', 'image', 308, NULL, NULL, 'custom'),
(27777, 'image/jpeg', 129563, '4/000/277/77.jpg', '{\"ratio\": \"640:353\", \"width\": 640, \"height\": 353, \"originalName\": \"dad-909510_640.jpg\"}', 'image', 308, NULL, NULL, 'custom'),
(27778, 'image/jpeg', 61162, '4/000/277/78.jpeg', '{\"ratio\": \"4:3\", \"width\": 640, \"height\": 480, \"originalName\": \"pexels-photo-792325.jpeg\"}', 'image', 308, NULL, NULL, 'custom'),
(27779, 'image/jpeg', 58429, '4/000/277/79.jpg', '{\"ratio\": \"640:403\", \"width\": 640, \"height\": 403, \"originalName\": \"gift-1196292_640.jpg\"}', 'image', 308, NULL, NULL, 'custom'),
(27780, 'image/jpeg', 80709, '4/000/277/80.jpeg', '{\"ratio\": \"320:213\", \"width\": 640, \"height\": 426, \"originalName\": \"pexels-photo-1051744.jpeg\"}', 'image', 308, NULL, NULL, 'custom'),
(27781, 'image/jpeg', 109652, '4/000/277/81.jpg', '{\"ratio\": \"320:213\", \"width\": 640, \"height\": 426, \"originalName\": \"youth-2012403_640.jpg\"}', 'image', 308, NULL, NULL, 'custom'),
(27782, 'image/jpeg', 69469, '4/000/277/82.jpg', '{\"ratio\": \"213:320\", \"width\": 426, \"height\": 640, \"originalName\": \"one-3075749_640.jpg\"}', 'image', 308, NULL, NULL, 'custom'),
(27783, 'image/jpeg', 111657, '4/000/277/83.jpeg', '{\"ratio\": \"640:853\", \"width\": 640, \"height\": 853, \"originalName\": \"pexels-photo-286283.jpeg\"}', 'image', 308, NULL, NULL, 'custom'),
(27784, 'image/jpeg', 49332, '4/000/277/84.jpeg', '{\"ratio\": \"320:213\", \"width\": 640, \"height\": 426, \"originalName\": \"pexels-photo-920381.jpeg\"}', 'image', 308, NULL, NULL, 'custom'),
(27785, 'image/jpeg', 25143, '4/000/277/85.jpg', '{\"ratio\": \"160:113\", \"width\": 640, \"height\": 452, \"originalName\": \"shirt-2345417_640.jpg\"}', 'image', 308, NULL, NULL, 'custom'),
(27786, 'image/jpeg', 109342, '4/000/277/86.jpg', '{\"ratio\": \"320:213\", \"width\": 640, \"height\": 426, \"originalName\": \"woman-1509956_640.jpg\"}', 'image', 308, NULL, NULL, 'custom'),
(27787, 'image/jpeg', 36925, '4/000/277/87.jpeg', '{\"ratio\": \"2:3\", \"width\": 640, \"height\": 960, \"originalName\": \"pexels-photo-1897886.jpeg\"}', 'image', 308, NULL, NULL, 'custom'),
(27788, 'image/jpeg', 40852, '4/000/277/88.jpeg', '{\"ratio\": \"320:213\", \"width\": 640, \"height\": 426, \"originalName\": \"pexels-photo-1757103.jpeg\"}', 'image', 308, NULL, NULL, 'custom'),
(27789, 'image/jpeg', 40852, '4/000/277/89.jpeg', '{\"ratio\": \"320:213\", \"width\": 640, \"height\": 426, \"originalName\": \"pexels-photo-1757103.jpeg\"}', 'image', 308, NULL, NULL, 'custom'),
(27790, 'image/jpeg', 63807, '4/000/277/90.jpg', '{\"ratio\": \"640:479\", \"width\": 640, \"height\": 479, \"originalName\": \"girl-926084_640.jpg\"}', 'image', 308, NULL, NULL, 'custom'),
(27791, 'image/jpeg', 116294, '4/000/277/91.jpg', '{\"ratio\": \"4:3\", \"width\": 640, \"height\": 480, \"originalName\": \"photography-2036938_640.jpg\"}', 'image', 308, NULL, NULL, 'custom'),
(27792, 'image/jpeg', 156428, '4/000/277/92.jpg', '{\"ratio\": \"320:213\", \"width\": 640, \"height\": 426, \"originalName\": \"rose-374318_640.jpg\"}', 'image', 308, NULL, NULL, 'custom'),
(27793, 'image/jpeg', 50295, '4/000/277/93.jpg', '{\"ratio\": \"640:427\", \"width\": 640, \"height\": 427, \"originalName\": \"joy-2483926_640.jpg\"}', 'image', 308, NULL, NULL, 'custom'),
(27794, 'image/jpeg', 50295, '4/000/277/94.jpg', '{\"ratio\": \"640:427\", \"width\": 640, \"height\": 427, \"originalName\": \"joy-2483926_640.jpg\"}', 'image', 308, NULL, NULL, 'custom'),
(27795, 'image/jpeg', 49484, '4/000/277/95.jpg', '{\"ratio\": \"320:213\", \"width\": 640, \"height\": 426, \"originalName\": \"blue-2564660_640.jpg\"}', 'image', 308, NULL, NULL, 'custom'),
(27796, 'image/jpeg', 83223, '4/000/277/96.jpg', '{\"ratio\": \"320:213\", \"width\": 640, \"height\": 426, \"originalName\": \"food-715542_640.jpg\"}', 'image', 308, NULL, NULL, 'custom'),
(27797, 'image/jpeg', 78985, '4/000/277/97.jpg', '{\"ratio\": \"4:3\", \"width\": 640, \"height\": 480, \"originalName\": \"cake-pops-693645_640.jpg\"}', 'image', 308, NULL, NULL, 'custom'),
(27798, 'image/jpeg', 85326, '4/000/277/98.jpg', '{\"ratio\": \"320:213\", \"width\": 640, \"height\": 426, \"originalName\": \"hands-1031131_640.jpg\"}', 'image', 308, NULL, NULL, 'custom'),
(27799, 'image/jpeg', 150556, '4/000/277/99.jpg', '{\"ratio\": \"640:959\", \"width\": 640, \"height\": 959, \"originalName\": \"hand-bricks-rings-ring.jpg\"}', 'image', 308, NULL, NULL, 'custom'),
(27800, 'image/jpeg', 61225, '4/000/278/00.jpeg', '{\"ratio\": \"320:213\", \"width\": 640, \"height\": 426, \"originalName\": \"pexels-photo-1778412.jpeg\"}', 'image', 308, NULL, NULL, 'custom'),
(27801, 'image/jpeg', 876098, '4/000/278/01.jpeg', '{\"ratio\": \"3:4\", \"width\": 1500, \"height\": 2000, \"originalName\": \"pexels-photo-1005638.jpeg\"}', 'image', 308, NULL, NULL, 'custom'),
(27802, 'image/jpeg', 640456, '4/000/278/02.jpeg', '{\"ratio\": \"2:3\", \"width\": 1500, \"height\": 2250, \"originalName\": \"pexels-photo-1860160.jpeg\"}', 'image', 308, NULL, NULL, 'custom'),
(27803, 'image/jpeg', 280922, '4/000/278/03.jpg', '{\"ratio\": \"3:2\", \"width\": 1500, \"height\": 1000, \"originalName\": \"pexels-photo.jpg\"}', 'image', 308, NULL, NULL, 'custom'),
(27804, 'image/jpeg', 532086, '4/000/278/04.jpeg', '{\"ratio\": \"2:3\", \"width\": 1500, \"height\": 2250, \"originalName\": \"pexels-photo-1381562.jpeg\"}', 'image', 308, NULL, NULL, 'custom'),
(27805, 'image/jpeg', 176467, '4/000/278/05.jpeg', '{\"ratio\": \"3:2\", \"width\": 1500, \"height\": 1000, \"originalName\": \"pexels-photo-811103.jpeg\"}', 'image', 308, NULL, NULL, 'custom'),
(27806, 'image/jpeg', 219936, '4/000/278/06.jpeg', '{\"ratio\": \"3:2\", \"width\": 1500, \"height\": 1000, \"originalName\": \"pexels-photo-1079033.jpeg\"}', 'image', 308, NULL, NULL, 'custom'),
(27807, 'image/jpeg', 266127, '4/000/278/07.jpeg', '{\"ratio\": \"4:3\", \"width\": 1500, \"height\": 1125, \"originalName\": \"pexels-photo-288530.jpeg\"}', 'image', 308, NULL, NULL, 'custom'),
(27808, 'image/jpeg', 71985, '4/000/278/08.jpeg', '{\"ratio\": \"375:211\", \"width\": 1500, \"height\": 844, \"originalName\": \"pexels-photo-953864.jpeg\"}', 'image', 308, NULL, NULL, 'custom'),
(27809, 'image/jpeg', 210496, '4/000/278/09.jpeg', '{\"ratio\": \"1001:668\", \"width\": 1500, \"height\": 1001, \"originalName\": \"pexels-photo-1711498.jpeg\"}', 'image', 308, NULL, NULL, 'custom'),
(27810, 'image/jpeg', 343410, '4/000/278/10.jpeg', '{\"ratio\": \"1031:776\", \"width\": 1500, \"height\": 1129, \"originalName\": \"pexels-photo-264709.jpeg\"}', 'image', 308, NULL, NULL, 'custom'),
(27811, 'image/jpeg', 417664, '4/000/278/11.jpeg', '{\"ratio\": \"2:3\", \"width\": 1500, \"height\": 2250, \"originalName\": \"pexels-photo-380782.jpeg\"}', 'image', 308, NULL, NULL, 'custom'),
(27812, 'image/jpeg', 629145, '4/000/278/12.jpeg', '{\"ratio\": \"125:83\", \"width\": 1500, \"height\": 996, \"originalName\": \"pexels-photo-263532.jpeg\"}', 'image', 308, NULL, NULL, 'custom'),
(27813, 'image/jpeg', 189979, '4/000/278/13.jpeg', '{\"ratio\": \"1500:997\", \"width\": 1500, \"height\": 997, \"originalName\": \"pexels-photo-1591055.jpeg\"}', 'image', 308, NULL, NULL, 'custom'),
(27814, 'image/png', 220388, '4/000/278/14.png', '{\"ratio\": \"401:640\", \"width\": 802, \"height\": 1280, \"originalName\": \"movers-24402_1280.png\"}', 'image', 308, NULL, NULL, 'custom'),
(27815, 'image/jpeg', 278295, '4/000/278/15.jpeg', '{\"ratio\": \"3:2\", \"width\": 1500, \"height\": 1000, \"originalName\": \"pexels-photo-95916.jpeg\"}', 'image', 308, NULL, NULL, 'custom'),
(27816, 'image/jpeg', 240817, '4/000/278/16.jpeg', '{\"ratio\": \"375:263\", \"width\": 1500, \"height\": 1052, \"originalName\": \"pexels-photo-360624.jpeg\"}', 'image', 308, NULL, NULL, 'custom'),
(27817, 'image/jpeg', 488911, '4/000/278/17.jpeg', '{\"ratio\": \"3:4\", \"width\": 1500, \"height\": 2000, \"originalName\": \"pexels-photo-85773.jpeg\"}', 'image', 308, NULL, NULL, 'custom'),
(27818, 'image/jpeg', 214533, '4/000/278/18.jpeg', '{\"ratio\": \"100:59\", \"width\": 1500, \"height\": 885, \"originalName\": \"pexels-photo-634538.jpeg\"}', 'image', 308, NULL, NULL, 'custom'),
(27819, 'image/jpeg', 151691, '4/000/278/19.jpg', '{\"ratio\": \"3:2\", \"width\": 1500, \"height\": 1000, \"originalName\": \"pencil-typography-black-design.jpg\"}', 'image', 308, NULL, NULL, 'custom'),
(27820, 'image/jpeg', 325738, '4/000/278/20.jpeg', '{\"ratio\": \"500:327\", \"width\": 1500, \"height\": 981, \"originalName\": \"pexels-photo-1068523.jpeg\"}', 'image', 308, NULL, NULL, 'custom'),
(27821, 'image/jpeg', 311439, '4/000/278/21.jpeg', '{\"ratio\": \"125:83\", \"width\": 1500, \"height\": 996, \"originalName\": \"ipad-mockup-apple-business-39559.jpeg\"}', 'image', 308, NULL, NULL, 'custom'),
(27822, 'image/jpeg', 177108, '4/000/278/22.jpeg', '{\"ratio\": \"375:211\", \"width\": 1500, \"height\": 844, \"originalName\": \"pexels-photo-204611.jpeg\"}', 'image', 308, NULL, NULL, 'custom'),
(27823, 'image/jpeg', 138544, '4/000/278/23.jpeg', '{\"ratio\": \"1001:668\", \"width\": 1500, \"height\": 1001, \"originalName\": \"pexels-photo-1435192.jpeg\"}', 'image', 308, NULL, NULL, 'custom'),
(27824, 'image/jpeg', 405122, '4/000/278/24.jpeg', '{\"ratio\": \"125:188\", \"width\": 1500, \"height\": 2256, \"originalName\": \"pexels-photo-1111316.jpeg\"}', 'image', 308, NULL, NULL, 'custom'),
(27825, 'image/jpeg', 552442, '4/000/278/25.jpeg', '{\"ratio\": \"3:2\", \"width\": 1500, \"height\": 1000, \"originalName\": \"pexels-photo-373543.jpeg\"}', 'image', 308, NULL, NULL, 'custom'),
(27826, 'image/jpeg', 480511, '4/000/278/26.jpeg', '{\"ratio\": \"2:3\", \"width\": 1500, \"height\": 2250, \"originalName\": \"pexels-photo-339805.jpeg\"}', 'image', 308, NULL, NULL, 'custom'),
(27827, 'image/jpeg', 480511, '4/000/278/27.jpeg', '{\"ratio\": \"2:3\", \"width\": 1500, \"height\": 2250, \"originalName\": \"pexels-photo-339805.jpeg\"}', 'image', 308, NULL, NULL, 'custom'),
(27828, 'image/jpeg', 146744, '4/000/278/28.jpeg', '{\"ratio\": \"3:2\", \"width\": 1500, \"height\": 1000, \"originalName\": \"pexels-photo-301703.jpeg\"}', 'image', 308, NULL, NULL, 'custom'),
(27829, 'image/jpeg', 84806, '4/000/278/29.jpg', '{\"ratio\": \"3:2\", \"width\": 1500, \"height\": 1000, \"originalName\": \"pexels-photo (1).jpg\"}', 'image', 308, NULL, NULL, 'custom'),
(27830, 'image/jpeg', 269029, '4/000/278/30.jpeg', '{\"ratio\": \"750:437\", \"width\": 1500, \"height\": 874, \"originalName\": \"pexels-photo-256219.jpeg\"}', 'image', 308, NULL, NULL, 'custom'),
(27831, 'image/jpeg', 273388, '4/000/278/31.jpg', '{\"ratio\": \"384:271\", \"width\": 1920, \"height\": 1355, \"originalName\": \"woman-1169324_1920.jpg\"}', 'image', 308, NULL, NULL, 'custom'),
(27832, 'image/png', 86520, '4/000/278/32.png', '{\"ratio\": \"2:1\", \"width\": 640, \"height\": 320, \"originalName\": \"special-offer-606691_640.png\"}', 'image', 308, NULL, NULL, 'custom'),
(27833, 'image/jpeg', 301437, '4/000/278/33.jpeg', '{\"ratio\": \"3:2\", \"width\": 1500, \"height\": 1000, \"originalName\": \"pexels-photo-1549702.jpeg\"}', 'image', 308, NULL, NULL, 'custom'),
(27834, 'image/jpeg', 436781, '4/000/278/34.jpg', '{\"ratio\": \"500:333\", \"width\": 1500, \"height\": 999, \"originalName\": \"france-landmark-lights-night.jpg\"}', 'image', 308, NULL, NULL, 'custom'),
(27835, 'image/jpeg', 423714, '4/000/278/35.jpg', '{\"ratio\": \"749:1123\", \"width\": 1500, \"height\": 2249, \"originalName\": \"accessory-analog-watches-close-up-1697218.jpg\"}', 'image', 308, NULL, NULL, 'custom'),
(27836, 'image/jpeg', 225618, '4/000/278/36.jpeg', '{\"ratio\": \"3:2\", \"width\": 1500, \"height\": 1000, \"originalName\": \"pexels-photo-95425.jpeg\"}', 'image', 308, NULL, NULL, 'custom'),
(27837, 'image/jpeg', 162856, '4/000/278/37.jpeg', '{\"ratio\": \"250:179\", \"width\": 1500, \"height\": 1074, \"originalName\": \"pexels-photo-1243362.jpeg\"}', 'image', 308, NULL, NULL, 'custom'),
(27838, 'image/jpeg', 349046, '4/000/278/38.jpeg', '{\"ratio\": \"1500:1397\", \"width\": 1500, \"height\": 1397, \"originalName\": \"pexels-photo-1096849.jpeg\"}', 'image', 308, NULL, NULL, 'custom'),
(27839, 'image/jpeg', 237873, '4/000/278/39.jpeg', '{\"ratio\": \"500:339\", \"width\": 1500, \"height\": 1017, \"originalName\": \"pexels-photo-1050256.jpeg\"}', 'image', 308, NULL, NULL, 'custom'),
(27840, 'image/jpeg', 163460, '4/000/278/40.jpeg', '{\"ratio\": \"375:242\", \"width\": 1500, \"height\": 968, \"originalName\": \"pexels-photo-796606.jpeg\"}', 'image', 308, NULL, NULL, 'custom'),
(27841, 'image/jpeg', 147637, '4/000/278/41.jpeg', '{\"ratio\": \"3:2\", \"width\": 1500, \"height\": 1000, \"originalName\": \"shoes-pregnancy-child-clothing-47220.jpeg\"}', 'image', 308, NULL, NULL, 'custom'),
(27842, 'image/jpeg', 75206, '4/000/278/42.jpg', '{\"ratio\": \"16:9\", \"width\": 720, \"height\": 405, \"originalName\": \"89470266_541012393212339_6517023000871567360_o.jpg\"}', 'image', 188, NULL, NULL, 'custom'),
(27843, 'image/jpeg', 90169, '4/000/278/43.jpg', '{\"ratio\": \"719:480\", \"width\": 719, \"height\": 480, \"originalName\": \"89288217_540997009880544_7925265296019947520_o.jpg\"}', 'image', 188, NULL, NULL, 'custom'),
(27844, 'image/jpeg', 75206, '4/000/278/44.jpg', '{\"ratio\": \"16:9\", \"width\": 720, \"height\": 405, \"originalName\": \"89470266_541012393212339_6517023000871567360_o.jpg\"}', 'image', 188, NULL, NULL, 'custom'),
(27845, 'image/jpeg', 75206, '4/000/278/45.jpg', '{\"ratio\": \"16:9\", \"width\": 720, \"height\": 405, \"originalName\": \"89470266_541012393212339_6517023000871567360_o.jpg\"}', 'image', 188, NULL, NULL, 'custom'),
(27846, 'image/jpeg', 75206, '4/000/278/46.jpg', '{\"ratio\": \"16:9\", \"width\": 720, \"height\": 405, \"originalName\": \"89470266_541012393212339_6517023000871567360_o.jpg\"}', 'image', 188, NULL, NULL, 'custom'),
(27847, 'image/jpeg', 75206, '4/000/278/47.jpg', '{\"ratio\": \"16:9\", \"width\": 720, \"height\": 405, \"originalName\": \"89470266_541012393212339_6517023000871567360_o.jpg\"}', 'image', 188, NULL, NULL, 'custom'),
(27848, 'image/jpeg', 179112, '4/000/278/48.jpg', '{\"ratio\": \"1:1\", \"width\": 720, \"height\": 720, \"originalName\": \"89027829_541073746539537_8982417344982679552_o.jpg\"}', 'image', 188, NULL, NULL, 'custom'),
(27849, 'image/jpeg', 179112, '4/000/278/49.jpg', '{\"ratio\": \"1:1\", \"width\": 720, \"height\": 720, \"originalName\": \"89182459_541073386539573_4165031766358228992_o.jpg\"}', 'image', 188, NULL, NULL, 'custom'),
(27850, 'image/jpeg', 75206, '4/000/278/50.jpg', '{\"ratio\": \"16:9\", \"width\": 720, \"height\": 405, \"originalName\": \"89470266_541012393212339_6517023000871567360_o.jpg\"}', 'image', 188, NULL, NULL, 'custom'),
(27851, 'image/jpeg', 179112, '4/000/278/51.jpg', '{\"ratio\": \"1:1\", \"width\": 720, \"height\": 720, \"originalName\": \"89553762_518146115551787_1209223758443708416_o.jpg\"}', 'image', 188, NULL, NULL, 'custom'),
(27852, 'image/jpeg', 179112, '4/000/278/52.jpg', '{\"ratio\": \"1:1\", \"width\": 720, \"height\": 720, \"originalName\": \"88370904_518145888885143_3997786156463816704_o.jpg\"}', 'image', 188, NULL, NULL, 'custom'),
(27853, 'image/jpeg', 52131, '4/000/278/53.jpg', '{\"ratio\": \"3:2\", \"width\": 720, \"height\": 480, \"originalName\": \"88350742_506383433380818_3733396503822073856_o.jpg\"}', 'image', 191, NULL, NULL, 'custom'),
(27854, 'image/jpeg', 179112, '4/000/278/54.jpg', '{\"ratio\": \"1:1\", \"width\": 720, \"height\": 720, \"originalName\": \"89178497_506382963380865_4674860228527783936_o.jpg\"}', 'image', 191, NULL, NULL, 'custom'),
(27859, 'image/jpeg', 52131, '4/000/278/59.jpg', '{\"ratio\": \"3:2\", \"width\": 720, \"height\": 480, \"originalName\": \"89146907_541128659867379_3324659606021472256_o.jpg\"}', 'image', 188, NULL, NULL, 'custom'),
(27860, 'image/jpeg', 52131, '4/000/278/60.jpg', '{\"ratio\": \"3:2\", \"width\": 720, \"height\": 480, \"originalName\": \"89146907_541128659867379_3324659606021472256_o.jpg\"}', 'image', 321, NULL, NULL, 'custom'),
(27861, 'image/png', 134194, '4/000/278/61.png', '{\"ratio\": \"127:180\", \"width\": 508, \"height\": 720, \"originalName\": \"89645215_595879027806825_2883583412663222272_o.png\"}', 'image', 188, NULL, NULL, 'custom'),
(27862, 'image/png', 134193, '4/000/278/62.png', '{\"ratio\": \"127:180\", \"width\": 508, \"height\": 720, \"originalName\": \"89636503_2596969540415155_8905184096309739520_o.png\"}', 'image', 188, NULL, NULL, 'custom'),
(27961, 'image/jpeg', 115614, '4/000/279/61.jpeg', '{\"ratio\": \"320:213\", \"width\": 640, \"height\": 426, \"originalName\": \"pexels-photo-177598.jpeg\"}', 'image', 308, NULL, NULL, 'custom'),
(27963, 'image/jpeg', 115614, '4/000/279/63.jpeg', '{\"ratio\": \"320:213\", \"width\": 640, \"height\": 426, \"originalName\": \"pexels-photo-177598.jpeg\"}', 'image', 308, NULL, NULL, 'custom'),
(27964, 'image/jpeg', 64101, '4/000/279/64.jpg', '{\"ratio\": \"280:187\", \"width\": 560, \"height\": 374, \"originalName\": \"90354394_509793633039798_5258722339058614272_n.jpg\"}', 'image', 191, NULL, NULL, 'custom'),
(27965, 'image/jpeg', 94223, '4/000/279/65.jpg', '{\"ratio\": \"16:9\", \"width\": 720, \"height\": 405, \"originalName\": \"90420279_509792919706536_5191374322689638400_o.jpg\"}', 'image', 191, NULL, NULL, 'custom'),
(27966, 'image/png', 49008, '4/000/279/66.png', '{\"ratio\": \"16:9\", \"width\": 720, \"height\": 405, \"originalName\": \"90357469_509792086373286_5289320489234202624_o.png\"}', 'image', 191, NULL, NULL, 'custom'),
(27969, 'image/jpeg', 21200, '4/000/279/69.jpg', '{\"ratio\": \"71:40\", \"width\": 568, \"height\": 320, \"originalName\": \"83549370_637176130437330_3025658839165829120_n.jpg\"}', 'video', 188, NULL, NULL, 'custom'),
(27970, 'image/jpeg', 33952, '4/000/279/70.jpg', '{\"ratio\": \"16:9\", \"width\": 720, \"height\": 405, \"originalName\": \"83915395_521757672085553_2570816051558219776_n.jpg\"}', 'video', 188, NULL, NULL, 'custom'),
(27971, 'image/jpeg', 179112, '4/000/279/71.jpg', '{\"ratio\": \"1:1\", \"width\": 720, \"height\": 720, \"originalName\": \"90509899_546948352618743_2530611618614607872_o.jpg\"}', 'image', 188, NULL, NULL, 'custom'),
(27972, 'image/jpeg', 33952, '4/000/279/72.jpg', '{\"ratio\": \"16:9\", \"width\": 720, \"height\": 405, \"originalName\": \"83520309_499559070732218_5888782956071223296_n.jpg\"}', 'video', 188, NULL, NULL, 'custom'),
(27973, 'image/jpeg', 33204, '4/000/279/73.jpg', '{\"ratio\": \"240:127\", \"width\": 720, \"height\": 381, \"originalName\": \"90502224_2095106993969506_7614583390645256192_n.jpg\"}', 'image', 188, NULL, NULL, 'custom'),
(27974, 'image/jpeg', 30696, '4/000/279/74.jpg', '{\"ratio\": \"71:40\", \"width\": 568, \"height\": 320, \"originalName\": \"83923135_220343009327441_3315633998536900608_n.jpg\"}', 'video', 188, NULL, NULL, 'custom'),
(27975, 'image/jpeg', 35750, '4/000/279/75.jpg', '{\"ratio\": \"16:9\", \"width\": 720, \"height\": 405, \"originalName\": \"82586927_201501631118782_1125253720423006208_n.jpg\"}', 'video', 188, NULL, NULL, 'custom'),
(27976, 'image/jpeg', 38042, '4/000/279/76.jpg', '{\"ratio\": \"3:2\", \"width\": 720, \"height\": 480, \"originalName\": \"90775765_571962463664054_3647763325615341568_o.jpg\"}', 'image', 188, NULL, NULL, 'custom'),
(27977, 'image/jpeg', 30696, '4/000/279/77.jpg', '{\"ratio\": \"71:40\", \"width\": 568, \"height\": 320, \"originalName\": \"83923135_220343009327441_3315633998536900608_n.jpg\"}', 'video', 188, NULL, NULL, 'custom'),
(27978, 'image/jpeg', 35750, '4/000/279/78.jpg', '{\"ratio\": \"16:9\", \"width\": 720, \"height\": 405, \"originalName\": \"82586927_201501631118782_1125253720423006208_n.jpg\"}', 'video', 188, NULL, NULL, 'custom'),
(27979, 'image/jpeg', 45501, '4/000/279/79.jpg', '{\"ratio\": \"75:61\", \"width\": 600, \"height\": 488, \"originalName\": \"90436103_512066482812513_5981069188943314944_n.jpg\"}', 'image', 191, NULL, NULL, 'custom'),
(27980, 'image/jpeg', 30696, '4/000/279/80.jpg', '{\"ratio\": \"71:40\", \"width\": 568, \"height\": 320, \"originalName\": \"83923135_220343009327441_3315633998536900608_n.jpg\"}', 'video', 191, NULL, NULL, 'custom'),
(27981, 'image/jpeg', 35750, '4/000/279/81.jpg', '{\"ratio\": \"16:9\", \"width\": 720, \"height\": 405, \"originalName\": \"82586927_201501631118782_1125253720423006208_n.jpg\"}', 'video', 191, NULL, NULL, 'custom'),
(27982, 'image/jpeg', 209392, '4/000/279/82.jpg', '{\"ratio\": \"640:427\", \"width\": 1920, \"height\": 1281, \"originalName\": \"StockSnap_A8XB50N7G1.jpg\"}', 'image', NULL, NULL, NULL, 'generic'),
(27983, 'image/jpeg', 291420, '4/000/279/83.jpg', '{\"ratio\": \"3:2\", \"width\": 1920, \"height\": 1280, \"originalName\": \"black-and-gray-digital-device-193003.jpg\"}', 'image', NULL, NULL, NULL, 'generic'),
(27984, 'image/jpeg', 431685, '4/000/279/84.jpg', '{\"ratio\": \"3:4\", \"width\": 1920, \"height\": 2560, \"originalName\": \"airplane-wing-towards-clouds-731217.jpg\"}', 'image', NULL, NULL, NULL, 'generic'),
(27985, 'image/jpeg', 462477, '4/000/279/85.jpg', '{\"ratio\": \"3:2\", \"width\": 1920, \"height\": 1280, \"originalName\": \"man-and-woman-looking-at-notes-3746943.jpg\"}', 'image', NULL, NULL, NULL, 'generic'),
(27986, 'image/jpeg', 247742, '4/000/279/86.jpg', '{\"ratio\": \"640:377\", \"width\": 1920, \"height\": 1131, \"originalName\": \"black-calculator-near-ballpoint-pen-on-white-printed-paper-53621.jpg\"}', 'image', NULL, NULL, NULL, 'generic'),
(27990, 'image/jpeg', 47605, '4/000/279/90.jpg', '{\"ratio\": \"920:613\", \"width\": 920, \"height\": 613, \"originalName\": \"920x920.jpg\"}', 'image', 308, NULL, NULL, 'custom'),
(27992, 'image/jpeg', 115614, '4/000/279/92.jpeg', '{\"ratio\": \"320:213\", \"width\": 640, \"height\": 426, \"originalName\": \"pexels-photo-177598.jpeg\"}', 'image', 308, NULL, 'linkedIn', 'custom'),
(28008, 'image/jpeg', 292647, '1/000/280/08.jpg', '{\"ratio\": \"16:9\", \"width\": 1280, \"height\": 720, \"originalName\": \"ship-2202910_1280.jpg\"}', 'image', 308, NULL, 'facebook', 'custom'),
(28022, 'image/jpeg', 41415, '4/000/280/22.jpeg', '{\"ratio\": \"320:213\", \"width\": 640, \"height\": 426, \"originalName\": \"pexels-photo-243757.jpeg\"}', 'image', NULL, NULL, NULL, 'generic'),
(28023, 'image/jpeg', 41415, '4/000/280/23.jpeg', '{\"ratio\": \"320:213\", \"width\": 640, \"height\": 426, \"originalName\": \"pexels-photo-243757.jpeg\"}', 'image', NULL, NULL, NULL, 'generic'),
(28025, 'image/jpeg', 41415, '4/000/280/25.jpeg', '{\"ratio\": \"320:213\", \"width\": 640, \"height\": 426, \"originalName\": \"pexels-photo-243757.jpeg\"}', 'image', NULL, NULL, NULL, 'generic'),
(28026, 'image/jpeg', 41415, '4/000/280/26.jpeg', '{\"ratio\": \"320:213\", \"width\": 640, \"height\": 426, \"originalName\": \"pexels-photo-243757.jpeg\"}', 'image', NULL, NULL, NULL, 'generic'),
(28027, 'image/jpeg', 41415, '4/000/280/27.jpeg', '{\"ratio\": \"320:213\", \"width\": 640, \"height\": 426, \"originalName\": \"pexels-photo-243757.jpeg\"}', 'image', NULL, NULL, NULL, 'generic'),
(28028, 'image/jpeg', 41415, '4/000/280/28.jpeg', '{\"ratio\": \"320:213\", \"width\": 640, \"height\": 426, \"originalName\": \"pexels-photo-243757.jpeg\"}', 'image', NULL, NULL, NULL, 'generic'),
(28030, 'image/jpeg', 41415, '4/000/280/30.jpeg', '{\"ratio\": \"320:213\", \"width\": 640, \"height\": 426, \"originalName\": \"pexels-photo-243757.jpeg\"}', 'image', NULL, NULL, NULL, 'generic'),
(28031, 'image/jpeg', 41415, '4/000/280/31.jpeg', '{\"ratio\": \"320:213\", \"width\": 640, \"height\": 426, \"originalName\": \"pexels-photo-243757.jpeg\"}', 'image', NULL, NULL, NULL, 'generic'),
(28032, 'image/jpeg', 41415, '4/000/280/32.jpeg', '{\"ratio\": \"320:213\", \"width\": 640, \"height\": 426, \"originalName\": \"pexels-photo-243757.jpeg\"}', 'image', NULL, NULL, NULL, 'generic'),
(28033, 'image/jpeg', 41415, '4/000/280/33.jpeg', '{\"ratio\": \"320:213\", \"width\": 640, \"height\": 426, \"originalName\": \"pexels-photo-243757.jpeg\"}', 'image', NULL, NULL, NULL, 'generic'),
(28046, 'image/jpeg', 41415, '4/000/280/46.jpeg', '{\"ratio\": \"320:213\", \"width\": 640, \"height\": 426, \"originalName\": \"pexels-photo-243757.jpeg\"}', 'image', NULL, NULL, NULL, 'generic'),
(28047, 'image/jpeg', 41415, '4/000/280/47.jpeg', '{\"ratio\": \"320:213\", \"width\": 640, \"height\": 426, \"originalName\": \"pexels-photo-243757.jpeg\"}', 'image', NULL, NULL, NULL, 'generic'),
(28048, 'image/jpeg', 41415, '4/000/280/48.jpeg', '{\"ratio\": \"320:213\", \"width\": 640, \"height\": 426, \"originalName\": \"pexels-photo-243757.jpeg\"}', 'image', NULL, NULL, NULL, 'generic'),
(28049, 'image/jpeg', 41415, '4/000/280/49.jpeg', '{\"ratio\": \"320:213\", \"width\": 640, \"height\": 426, \"originalName\": \"pexels-photo-243757.jpeg\"}', 'image', NULL, NULL, NULL, 'generic'),
(28050, 'image/jpeg', 41415, '4/000/280/50.jpeg', '{\"ratio\": \"320:213\", \"width\": 640, \"height\": 426, \"originalName\": \"pexels-photo-243757.jpeg\"}', 'image', NULL, NULL, NULL, 'generic'),
(28056, 'image/jpeg', 160127, '4/000/280/56.jpeg', '{\"ratio\": \"1280:803\", \"width\": 1280, \"height\": 803, \"originalName\": \"pexels-photo-935869.jpeg\"}', 'image', 308, NULL, NULL, 'custom'),
(28057, 'image/jpeg', 160127, '4/000/280/57.jpeg', '{\"ratio\": \"1280:803\", \"width\": 1280, \"height\": 803, \"originalName\": \"pexels-photo-935869.jpeg\"}', 'image', 308, NULL, NULL, 'custom'),
(28059, 'image/jpeg', 160127, '4/000/280/59.jpeg', '{\"ratio\": \"1280:803\", \"width\": 1280, \"height\": 803, \"originalName\": \"pexels-photo-935869.jpeg\"}', 'image', 308, NULL, NULL, 'custom'),
(28060, 'image/jpeg', 47605, '4/000/280/60.jpg', '{\"ratio\": \"920:613\", \"width\": 920, \"height\": 613, \"originalName\": \"920x920.jpg\"}', 'image', 308, NULL, NULL, 'custom'),
(28063, 'image/jpeg', 47605, '4/000/280/63.jpg', '{\"ratio\": \"920:613\", \"width\": 920, \"height\": 613, \"originalName\": \"920x920.jpg\"}', 'image', 308, NULL, NULL, 'custom'),
(28065, 'image/jpeg', 160127, '4/000/280/65.jpeg', '{\"ratio\": \"1280:803\", \"width\": 1280, \"height\": 803, \"originalName\": \"pexels-photo-935869.jpeg\"}', 'image', 308, NULL, NULL, 'custom'),
(28066, 'image/jpeg', 445325, '1/000/280/66.jpg', '{\"ratio\": \"1849:1224\", \"width\": 1920, \"height\": 1271, \"originalName\": \"your-20225_1920.jpg\"}', 'image', 308, NULL, NULL, 'custom'),
(28068, 'image/jpeg', 587043, '1/000/280/68.jpg', '{\"ratio\": \"16:9\", \"width\": 1920, \"height\": 1080, \"originalName\": \"3D_Most_Popular_HD_Desktop_Backgroud_Wallpaper.jpg\"}', 'image', 308, NULL, NULL, 'custom'),
(28069, 'image/jpeg', 63233, '1/000/280/69.jpg', '{\"ratio\": \"4:3\", \"width\": 800, \"height\": 600, \"originalName\": \"93487490_3015892398471908_5553170075508277248_n.jpg\"}', 'image', 308, NULL, NULL, 'custom'),
(28070, 'image/jpeg', 63233, '1/000/280/70.jpg', '{\"ratio\": \"4:3\", \"width\": 800, \"height\": 600, \"originalName\": \"93487490_3015892398471908_5553170075508277248_n.jpg\"}', 'image', 308, NULL, NULL, 'custom'),
(28071, 'image/jpeg', 176996, '1/000/280/71.jpg', '{\"ratio\": \"16:9\", \"width\": 1280, \"height\": 720, \"originalName\": \"93207057_3097772120274243_2220744928097468416_n.jpg.jpg\"}', 'image', 308, NULL, NULL, 'custom'),
(28072, 'image/jpeg', 176996, '1/000/280/72.jpg', '{\"ratio\": \"16:9\", \"width\": 1280, \"height\": 720, \"originalName\": \"93207057_3097772120274243_2220744928097468416_n.jpg.jpg\"}', 'image', 308, NULL, NULL, 'custom'),
(28073, 'image/jpeg', 176996, '1/000/280/73.jpg', '{\"ratio\": \"16:9\", \"width\": 1280, \"height\": 720, \"originalName\": \"93207057_3097772120274243_2220744928097468416_n.jpg.jpg\"}', 'image', 308, NULL, NULL, 'custom'),
(28074, 'image/jpeg', 176996, '1/000/280/74.jpg', '{\"ratio\": \"16:9\", \"width\": 1280, \"height\": 720, \"originalName\": \"93207057_3097772120274243_2220744928097468416_n.jpg.jpg\"}', 'image', 308, NULL, NULL, 'custom'),
(28075, 'image/jpeg', 176996, '1/000/280/75.jpg', '{\"ratio\": \"16:9\", \"width\": 1280, \"height\": 720, \"originalName\": \"93207057_3097772120274243_2220744928097468416_n.jpg.jpg\"}', 'image', 308, NULL, NULL, 'custom'),
(28076, 'image/png', 828325, '1/000/280/76.png', '{\"originalName\": \"preview-Skillet - Hero live.png\"}', 'preview', 308, NULL, NULL, 'custom'),
(28077, 'video/mp4', 51179744, '1/000/280/77.mp4', '{\"is360\": false, \"originalName\": \"Skillet - Hero live.mp4\"}', 'video', 308, 28076, NULL, 'custom'),
(28078, 'image/jpeg', 176996, '1/000/280/78.jpg', '{\"ratio\": \"16:9\", \"width\": 1280, \"height\": 720, \"originalName\": \"93207057_3097772120274243_2220744928097468416_n.jpg.jpg\"}', 'image', 308, NULL, NULL, 'custom'),
(28079, 'image/png', 418076, '1/000/280/79.', '{\"originalName\": \"blob\"}', 'preview', 308, NULL, NULL, 'custom'),
(28080, 'video/mp4', 51179744, '1/000/280/80.mp4', '{\"is360\": false, \"originalName\": \"Skillet - Hero live.mp4\"}', 'video', 308, 28079, NULL, 'custom'),
(28081, 'image/jpeg', 176996, '1/000/280/81.jpg', '{\"ratio\": \"16:9\", \"width\": 1280, \"height\": 720, \"originalName\": \"93207057_3097772120274243_2220744928097468416_n.jpg.jpg\"}', 'image', 308, NULL, NULL, 'custom'),
(28082, 'image/png', 505774, '1/000/280/82.png', '{\"originalName\": \"preview-Skillet - Hero live.png\"}', 'preview', 308, NULL, NULL, 'custom'),
(28083, 'video/mp4', 51179744, '1/000/280/83.mp4', '{\"is360\": false, \"originalName\": \"Skillet - Hero live.mp4\"}', 'video', 308, 28082, NULL, 'custom'),
(28084, 'image/png', 505774, '1/000/280/84.png', '{\"originalName\": \"preview-Skillet - Hero live.png\"}', 'preview', 308, NULL, NULL, 'custom'),
(28085, 'video/mp4', 51179744, '1/000/280/85.mp4', '{\"is360\": false, \"originalName\": \"Skillet - Hero live.mp4\"}', 'video', 308, 28084, NULL, 'custom'),
(28086, 'image/jpeg', 176996, '1/000/280/86.jpg', '{\"ratio\": \"16:9\", \"width\": 1280, \"height\": 720, \"originalName\": \"93207057_3097772120274243_2220744928097468416_n.jpg.jpg\"}', 'image', 308, NULL, NULL, 'custom'),
(28088, 'image/jpeg', 526657, '1/000/280/88.jpg', '{\"ratio\": \"16:9\", \"width\": 1280, \"height\": 720, \"originalName\": \"376390-sepik.jpg\"}', 'image', 308, NULL, 'twitter', 'custom'),
(28089, 'image/jpeg', 645391, '1/000/280/89.jpg', '{\"ratio\": \"8:5\", \"width\": 1920, \"height\": 1200, \"originalName\": \"malthael.jpg\"}', 'image', 308, NULL, 'twitter', 'custom'),
(28090, 'image/jpeg', 92279, '1/000/280/90.jpg', '{\"ratio\": \"1:1\", \"width\": 900, \"height\": 900, \"originalName\": \"planet-6.jpg\"}', 'image', 308, NULL, NULL, 'custom'),
(28091, 'image/png', 2268571, '1/000/280/91.png', '{\"originalName\": \"preview-Ayutthaya - Easy Tripod Paint _ 360_VR Master Series _ Free Download_v2.png\"}', 'preview', 308, NULL, NULL, 'custom'),
(28092, 'video/mp4', 13876437, '1/000/280/92.mp4', '{\"is360\": false, \"originalName\": \"Ayutthaya - Easy Tripod Paint _ 360_VR Master Series _ Free Download_v2.mp4\"}', 'video', 308, 28091, NULL, 'custom'),
(28093, 'image/jpeg', 526657, '1/000/280/93.jpg', '{\"ratio\": \"16:9\", \"width\": 1280, \"height\": 720, \"originalName\": \"376390-sepik.jpg\"}', 'image', 308, NULL, 'facebook,linkedIn', 'branded'),
(28095, 'image/jpeg', 115614, '4/000/280/95.jpeg', '{\"ratio\": \"320:213\", \"width\": 640, \"height\": 426, \"originalName\": \"pexels-photo-177598.jpeg\"}', 'image', 308, NULL, NULL, 'custom'),
(28096, 'image/jpeg', 160127, '4/000/280/96.jpeg', '{\"ratio\": \"1280:803\", \"width\": 1280, \"height\": 803, \"originalName\": \"pexels-photo-935869.jpeg\"}', 'image', 308, NULL, NULL, 'custom'),
(28098, 'image/jpeg', 160127, '4/000/280/98.jpeg', '{\"ratio\": \"1280:803\", \"width\": 1280, \"height\": 803, \"originalName\": \"pexels-photo-935869.jpeg\"}', 'image', 308, NULL, NULL, 'custom'),
(28099, 'image/png', 18162, '1/000/280/99.png', '{\"ratio\": \"1:1\", \"width\": 600, \"height\": 600, \"originalName\": \"keep-going-you-are-getting-there-61485-alt-22.png\"}', 'image', 188, NULL, 'facebook,linkedIn', 'branded'),
(28100, 'image/png', 162531, '1/000/281/00.png', '{\"ratio\": \"1:1\", \"width\": 1000, \"height\": 1000, \"originalName\": \"agencies-build.png\"}', 'image', 188, NULL, 'facebook,linkedIn', 'branded'),
(28118, 'image/jpeg', 1310734, '1/000/281/18.jpg', '{\"ratio\": \"16:9\", \"width\": 3840, \"height\": 2160, \"originalName\": \"walpaper-01.jpg\"}', 'image', 308, NULL, NULL, 'custom'),
(28119, 'image/jpeg', 1996861, '1/000/281/19.jpg', '{\"ratio\": \"16:9\", \"width\": 3840, \"height\": 2160, \"originalName\": \"walpaper-04.jpg\"}', 'image', 308, NULL, NULL, 'custom'),
(28120, 'image/jpeg', 1310734, '1/000/281/20.jpg', '{\"ratio\": \"16:9\", \"width\": 3840, \"height\": 2160, \"originalName\": \"walpaper-01.jpg\"}', 'image', 308, NULL, NULL, 'custom'),
(28121, 'image/jpeg', 1723787, '1/000/281/21.jpg', '{\"ratio\": \"16:9\", \"width\": 3840, \"height\": 2160, \"originalName\": \"walpaper-06.jpg\"}', 'image', 308, NULL, NULL, 'custom'),
(28122, 'image/jpeg', 1996861, '1/000/281/22.jpg', '{\"ratio\": \"16:9\", \"width\": 3840, \"height\": 2160, \"originalName\": \"walpaper-04.jpg\"}', 'image', 308, NULL, NULL, 'custom'),
(28123, 'image/jpeg', 1310734, '1/000/281/23.jpg', '{\"ratio\": \"16:9\", \"width\": 3840, \"height\": 2160, \"originalName\": \"walpaper-01.jpg\"}', 'image', 308, NULL, NULL, 'custom');
INSERT INTO `cms__file_static` (`fileID`, `mime`, `size`, `realPath`, `data`, `type`, `organizationID`, `previewFileID`, `socialChannel`, `systemType`) VALUES
(28124, 'image/jpeg', 1723787, '1/000/281/24.jpg', '{\"ratio\": \"16:9\", \"width\": 3840, \"height\": 2160, \"originalName\": \"walpaper-06.jpg\"}', 'image', 308, NULL, NULL, 'custom'),
(28125, 'image/jpeg', 1996861, '1/000/281/25.jpg', '{\"ratio\": \"16:9\", \"width\": 3840, \"height\": 2160, \"originalName\": \"walpaper-04.jpg\"}', 'image', 308, NULL, NULL, 'generic'),
(28126, 'image/jpeg', 1996861, '1/000/281/26.jpg', '{\"ratio\": \"16:9\", \"width\": 3840, \"height\": 2160, \"originalName\": \"walpaper-04.jpg\"}', 'image', 308, NULL, NULL, 'generic'),
(28127, 'image/jpeg', 1996861, '1/000/281/27.jpg', '{\"ratio\": \"16:9\", \"width\": 3840, \"height\": 2160, \"originalName\": \"walpaper-04.jpg\"}', 'image', 308, NULL, NULL, 'branded'),
(28128, 'image/jpeg', 1996861, '1/000/281/28.jpg', '{\"ratio\": \"16:9\", \"width\": 3840, \"height\": 2160, \"originalName\": \"walpaper-04.jpg\"}', 'image', 308, NULL, NULL, 'branded'),
(28129, 'image/jpeg', 1310734, '1/000/281/29.jpg', '{\"ratio\": \"16:9\", \"width\": 3840, \"height\": 2160, \"originalName\": \"walpaper-01.jpg\"}', 'image', 308, NULL, NULL, 'branded'),
(28130, 'image/jpeg', 1723787, '1/000/281/30.jpg', '{\"ratio\": \"16:9\", \"width\": 3840, \"height\": 2160, \"originalName\": \"walpaper-06.jpg\"}', 'image', 308, NULL, NULL, 'branded'),
(28131, 'image/jpeg', 1996861, '1/000/281/31.jpg', '{\"ratio\": \"16:9\", \"width\": 3840, \"height\": 2160, \"originalName\": \"walpaper-04.jpg\"}', 'image', 308, NULL, NULL, 'generic'),
(28134, 'image/jpeg', 1310734, '1/000/281/34.jpg', '{\"ratio\": \"16:9\", \"width\": 3840, \"height\": 2160, \"originalName\": \"walpaper-01.jpg\"}', 'image', 308, NULL, NULL, 'generic'),
(28149, 'image/jpeg', 1310734, '1/000/281/49.jpg', '{\"ratio\": \"16:9\", \"width\": 3840, \"height\": 2160, \"originalName\": \"walpaper-01.jpg\"}', 'image', 308, NULL, NULL, 'custom'),
(28165, 'image/jpeg', 1310734, '1/000/281/65.jpg', '{\"ratio\": \"16:9\", \"width\": 3840, \"height\": 2160, \"originalName\": \"walpaper-01.jpg\"}', 'image', 308, NULL, NULL, 'custom'),
(28166, 'image/jpeg', 1723787, '1/000/281/66.jpg', '{\"ratio\": \"16:9\", \"width\": 3840, \"height\": 2160, \"originalName\": \"walpaper-06.jpg\"}', 'image', 308, NULL, NULL, 'custom'),
(28173, 'image/jpeg', 1310734, '1/000/281/73.jpg', '{\"ratio\": \"16:9\", \"width\": 3840, \"height\": 2160, \"originalName\": \"walpaper-01.jpg\"}', 'image', 308, NULL, NULL, 'custom'),
(28174, 'image/jpeg', 1723787, '1/000/281/74.jpg', '{\"ratio\": \"16:9\", \"width\": 3840, \"height\": 2160, \"originalName\": \"walpaper-06.jpg\"}', 'image', 308, NULL, NULL, 'custom'),
(28179, 'image/jpeg', 115614, '4/000/281/79.jpeg', '{\"ratio\": \"320:213\", \"width\": 640, \"height\": 426, \"originalName\": \"pexels-photo-177598.jpeg\"}', 'image', 308, NULL, NULL, 'custom'),
(28181, 'image/jpeg', 115614, '4/000/281/81.jpeg', '{\"ratio\": \"320:213\", \"width\": 640, \"height\": 426, \"originalName\": \"pexels-photo-177598.jpeg\"}', 'image', 308, NULL, NULL, 'custom'),
(28182, 'image/jpeg', 115614, '4/000/281/82.jpeg', '{\"ratio\": \"320:213\", \"width\": 640, \"height\": 426, \"originalName\": \"pexels-photo-177598.jpeg\"}', 'image', 308, NULL, NULL, 'custom'),
(28183, 'image/jpeg', 115614, '4/000/281/83.jpeg', '{\"ratio\": \"320:213\", \"width\": 640, \"height\": 426, \"originalName\": \"pexels-photo-177598.jpeg\"}', 'image', 308, NULL, NULL, 'custom'),
(28185, 'image/jpeg', 115614, '4/000/281/85.jpeg', '{\"ratio\": \"320:213\", \"width\": 640, \"height\": 426, \"originalName\": \"pexels-photo-177598.jpeg\"}', 'image', 308, NULL, NULL, 'custom'),
(28186, 'image/jpeg', 160127, '4/000/281/86.jpeg', '{\"ratio\": \"1280:803\", \"width\": 1280, \"height\": 803, \"originalName\": \"pexels-photo-935869.jpeg\"}', 'image', 308, NULL, NULL, 'custom'),
(28187, 'image/jpeg', 115614, '4/000/281/87.jpeg', '{\"ratio\": \"320:213\", \"width\": 640, \"height\": 426, \"originalName\": \"pexels-photo-177598.jpeg\"}', 'image', 308, NULL, NULL, 'custom'),
(28188, 'image/jpeg', 160127, '4/000/281/88.jpeg', '{\"ratio\": \"1280:803\", \"width\": 1280, \"height\": 803, \"originalName\": \"pexels-photo-935869.jpeg\"}', 'image', 308, NULL, NULL, 'custom'),
(28190, 'image/jpeg', 115614, '4/000/281/90.jpeg', '{\"ratio\": \"320:213\", \"width\": 640, \"height\": 426, \"originalName\": \"pexels-photo-177598.jpeg\"}', 'image', 308, NULL, NULL, 'custom'),
(28192, 'image/jpeg', 115614, '4/000/281/92.jpeg', '{\"ratio\": \"320:213\", \"width\": 640, \"height\": 426, \"originalName\": \"pexels-photo-177598.jpeg\"}', 'image', 308, NULL, NULL, 'custom'),
(28193, 'image/jpeg', 115614, '4/000/281/93.jpeg', '{\"ratio\": \"320:213\", \"width\": 640, \"height\": 426, \"originalName\": \"pexels-photo-177598.jpeg\"}', 'image', 308, NULL, NULL, 'custom'),
(28194, 'image/jpeg', 115614, '4/000/281/94.jpeg', '{\"ratio\": \"320:213\", \"width\": 640, \"height\": 426, \"originalName\": \"pexels-photo-177598.jpeg\"}', 'image', 308, NULL, NULL, 'custom'),
(28196, 'image/jpeg', 47605, '4/000/281/96.jpg', '{\"ratio\": \"920:613\", \"width\": 920, \"height\": 613, \"originalName\": \"920x920.jpg\"}', 'image', 308, NULL, NULL, 'custom'),
(28199, 'image/jpeg', 115614, '4/000/281/99.jpeg', '{\"ratio\": \"320:213\", \"width\": 640, \"height\": 426, \"originalName\": \"pexels-photo-177598.jpeg\"}', 'image', 308, NULL, NULL, 'custom'),
(28200, 'image/jpeg', 115614, '4/000/282/00.jpeg', '{\"ratio\": \"320:213\", \"width\": 640, \"height\": 426, \"originalName\": \"pexels-photo-177598.jpeg\"}', 'image', 308, NULL, NULL, 'custom'),
(28201, 'image/jpeg', 115614, '4/000/282/01.jpeg', '{\"ratio\": \"320:213\", \"width\": 640, \"height\": 426, \"originalName\": \"pexels-photo-177598.jpeg\"}', 'image', 308, NULL, NULL, 'custom'),
(28202, 'image/jpeg', 115614, '4/000/282/02.jpeg', '{\"ratio\": \"320:213\", \"width\": 640, \"height\": 426, \"originalName\": \"pexels-photo-177598.jpeg\"}', 'image', 308, NULL, NULL, 'custom'),
(28203, 'image/jpeg', 115614, '4/000/282/03.jpeg', '{\"ratio\": \"320:213\", \"width\": 640, \"height\": 426, \"originalName\": \"pexels-photo-177598.jpeg\"}', 'image', 308, NULL, NULL, 'custom'),
(28204, 'image/jpeg', 115614, '4/000/282/04.jpeg', '{\"ratio\": \"320:213\", \"width\": 640, \"height\": 426, \"originalName\": \"pexels-photo-177598.jpeg\"}', 'image', 308, NULL, NULL, 'custom'),
(28205, 'image/jpeg', 115614, '4/000/282/05.jpeg', '{\"ratio\": \"320:213\", \"width\": 640, \"height\": 426, \"originalName\": \"pexels-photo-177598.jpeg\"}', 'image', 308, NULL, NULL, 'custom'),
(28207, 'image/jpeg', 47605, '4/000/282/07.jpg', '{\"ratio\": \"920:613\", \"width\": 920, \"height\": 613, \"originalName\": \"920x920.jpg\"}', 'image', 308, NULL, NULL, 'custom'),
(28209, 'image/jpeg', 115614, '4/000/282/09.jpeg', '{\"ratio\": \"320:213\", \"width\": 640, \"height\": 426, \"originalName\": \"pexels-photo-177598.jpeg\"}', 'image', 308, NULL, NULL, 'custom'),
(28212, 'image/jpeg', 115614, '4/000/282/12.jpeg', '{\"ratio\": \"320:213\", \"width\": 640, \"height\": 426, \"originalName\": \"pexels-photo-177598.jpeg\"}', 'image', 308, NULL, NULL, 'custom'),
(28213, 'image/jpeg', 115614, '4/000/282/13.jpeg', '{\"ratio\": \"320:213\", \"width\": 640, \"height\": 426, \"originalName\": \"pexels-photo-177598.jpeg\"}', 'image', 308, NULL, NULL, 'custom'),
(28214, 'image/jpeg', 115614, '4/000/282/14.jpeg', '{\"ratio\": \"320:213\", \"width\": 640, \"height\": 426, \"originalName\": \"pexels-photo-177598.jpeg\"}', 'image', 308, NULL, NULL, 'custom'),
(28215, 'image/jpeg', 41415, '4/000/282/15.jpeg', '{\"ratio\": \"320:213\", \"width\": 640, \"height\": 426, \"originalName\": \"pexels-photo-243757.jpeg\"}', 'image', 308, NULL, NULL, 'branded'),
(28216, 'image/jpeg', 526657, '1/000/282/16.jpg', '{\"ratio\": \"16:9\", \"width\": 1280, \"height\": 720, \"originalName\": \"376390-sepik.jpg\"}', 'image', 308, NULL, 'twitter', 'generic'),
(28217, 'image/png', 2155732, '1/000/282/17.png', '{\"originalName\": \"preview-Ayutthaya - needs stabilization and horizon correction _ 360_VR Master Series _ Free Download_v4.png\"}', 'preview', 308, NULL, 'twitter', 'custom'),
(28218, 'video/mp4', 18176445, '1/000/282/18.mp4', '{\"is360\": false, \"originalName\": \"Ayutthaya - needs stabilization and horizon correction _ 360_VR Master Series _ Free Download_v4.mp4\"}', 'video', 308, 28217, 'twitter', 'generic'),
(28220, 'image/jpeg', 250841, '1/000/282/20.jpg', '{\"ratio\": \"1280:853\", \"width\": 1280, \"height\": 853, \"originalName\": \"typewriter-407695_1280.jpg\"}', 'image', 188, NULL, 'twitter', 'custom'),
(28221, 'image/jpeg', 194982, '1/000/282/21.jpg', '{\"ratio\": \"1280:853\", \"width\": 1280, \"height\": 853, \"originalName\": \"typewriter-1248088_1280.jpg\"}', 'image', 188, NULL, 'twitter', 'custom'),
(28222, 'image/jpeg', 324948, '1/000/282/22.jpg', '{\"ratio\": \"1280:853\", \"width\": 1280, \"height\": 853, \"originalName\": \"typewriter-801921_1280.jpg\"}', 'image', 188, NULL, 'twitter', 'custom'),
(28223, 'image/jpeg', 155230, '1/000/282/23.jpg', '{\"ratio\": \"1280:853\", \"width\": 1280, \"height\": 853, \"originalName\": \"reading-925589_1280.jpg\"}', 'image', 188, NULL, 'twitter', 'custom'),
(28224, 'image/jpeg', 204471, '1/000/282/24.jpg', '{\"ratio\": \"1280:853\", \"width\": 1280, \"height\": 853, \"originalName\": \"old-books-436498_1280.jpg\"}', 'image', 188, NULL, 'twitter', 'custom'),
(28225, 'image/png', 1083136, '1/000/282/25.png', '{\"originalName\": \"preview-MSI 2018 - Login Screen - League of Legends (featuring Danger).png\"}', 'preview', 188, NULL, NULL, 'custom'),
(28226, 'video/mp4', 23070675, '1/000/282/26.mp4', '{\"is360\": false, \"originalName\": \"MSI 2018 - Login Screen - League of Legends (featuring Danger).mp4\"}', 'video', 188, 28225, NULL, 'custom'),
(28227, 'image/png', 736279, '1/000/282/27.png', '{\"originalName\": \"preview-Our Game - League of Legends.png\"}', 'preview', 188, NULL, 'twitter', 'custom'),
(28228, 'video/mp4', 18671312, '1/000/282/28.mp4', '{\"is360\": false, \"originalName\": \"Our Game - League of Legends.mp4\"}', 'video', 188, 28227, 'twitter', 'custom'),
(28229, 'image/jpeg', 5325608, '1/000/282/29.jpg', '{\"ratio\": \"5489:3659\", \"width\": 5489, \"height\": 3659, \"originalName\": \"people-walking-near-white-building-3989821.jpg\"}', 'image', 188, NULL, NULL, 'custom'),
(28231, 'video/mp4', 31208112, '1/000/282/31.mp4', '{\"is360\": false, \"originalName\": \"video (2).mp4\"}', 'video', 188, 28232, 'twitter', 'custom'),
(28232, 'image/png', 9284195, '1/000/282/32.png', NULL, 'preview', NULL, NULL, NULL, 'custom'),
(28233, 'image/jpeg', 3485920, '1/000/282/33.jpg', '{\"ratio\": \"3275:4094\", \"width\": 3275, \"height\": 4094, \"originalName\": \"time-lapse-photography-of-curved-road-with-vehicles-passing-2437299.jpg\"}', 'image', 188, NULL, 'twitter', 'custom'),
(28234, 'image/png', 1567057, '1/000/282/34.png', '{\"originalName\": \"preview-Aerial Shot Of Forest During Winter.png\"}', 'preview', 188, NULL, 'twitter', 'custom'),
(28235, 'video/mp4', 5542617, '1/000/282/35.mp4', '{\"is360\": false, \"originalName\": \"Aerial Shot Of Forest During Winter.mp4\"}', 'video', 188, 28234, 'twitter', 'custom'),
(28236, 'image/jpeg', 162547, '1/000/282/36.jpg', '{\"ratio\": \"640:767\", \"width\": 1280, \"height\": 1534, \"originalName\": \"photo-of-cactus-3416556.jpg\"}', 'image', 188, NULL, 'twitter', 'custom'),
(28237, 'image/png', 984271, '1/000/282/37.png', '{\"originalName\": \"preview-Pexels Videos 2561431.png\"}', 'preview', 188, NULL, 'twitter', 'custom'),
(28238, 'video/mp4', 1624110, '1/000/282/38.mp4', '{\"is360\": false, \"originalName\": \"Pexels Videos 2561431.mp4\"}', 'video', 188, 28237, 'twitter', 'custom'),
(28239, 'image/jpeg', 302016, '4/000/282/39.jpg', '{\"ratio\": \"4:5\", \"width\": 1280, \"height\": 1600, \"originalName\": \"hot-air-balloons-3377538.jpg\"}', 'image', 188, NULL, NULL, 'custom'),
(28240, 'image/jpeg', 212779, '4/000/282/40.jpg', '{\"ratio\": \"1280:853\", \"width\": 1280, \"height\": 853, \"originalName\": \"hot-air-ballons-in-the-sky-2325446.jpg\"}', 'image', 188, NULL, NULL, 'custom'),
(28242, 'image/jpeg', 189476, '4/000/282/42.jpg', '{\"ratio\": \"1280:853\", \"width\": 1280, \"height\": 853, \"originalName\": \"pocket-watch-3156771_1280.jpg\"}', 'image', 188, NULL, NULL, 'custom'),
(28243, 'image/jpeg', 67947, '4/000/282/43.jpg', '{\"ratio\": \"16:9\", \"width\": 1280, \"height\": 720, \"originalName\": \"pocket-watch-2031021_1280.jpg\"}', 'image', 188, NULL, NULL, 'custom'),
(28244, 'image/jpeg', 222526, '4/000/282/44.jpg', '{\"ratio\": \"256:193\", \"width\": 1280, \"height\": 965, \"originalName\": \"hourglass-620397_1280.jpg\"}', 'image', 188, NULL, NULL, 'custom'),
(28245, 'image/jpeg', 449182, '4/000/282/45.jpg', '{\"ratio\": \"53:80\", \"width\": 1272, \"height\": 1920, \"originalName\": \"pocket-watches-436567_1920.jpg\"}', 'image', 188, NULL, NULL, 'custom'),
(28246, 'image/jpeg', 189476, '4/000/282/46.jpg', '{\"ratio\": \"1280:853\", \"width\": 1280, \"height\": 853, \"originalName\": \"pocket-watch-3156771_1280.jpg\"}', 'image', 188, NULL, NULL, 'custom'),
(28247, 'image/jpeg', 67947, '4/000/282/47.jpg', '{\"ratio\": \"16:9\", \"width\": 1280, \"height\": 720, \"originalName\": \"pocket-watch-2031021_1280.jpg\"}', 'image', 188, NULL, NULL, 'custom'),
(28248, 'image/jpeg', 222526, '4/000/282/48.jpg', '{\"ratio\": \"256:193\", \"width\": 1280, \"height\": 965, \"originalName\": \"hourglass-620397_1280.jpg\"}', 'image', 188, NULL, NULL, 'custom'),
(28249, 'image/jpeg', 449182, '4/000/282/49.jpg', '{\"ratio\": \"53:80\", \"width\": 1272, \"height\": 1920, \"originalName\": \"pocket-watches-436567_1920.jpg\"}', 'image', 188, NULL, NULL, 'custom'),
(28250, 'image/jpeg', 189476, '4/000/282/50.jpg', '{\"ratio\": \"1280:853\", \"width\": 1280, \"height\": 853, \"originalName\": \"pocket-watch-3156771_1280.jpg\"}', 'image', 188, NULL, NULL, 'custom'),
(28251, 'image/jpeg', 67947, '4/000/282/51.jpg', '{\"ratio\": \"16:9\", \"width\": 1280, \"height\": 720, \"originalName\": \"pocket-watch-2031021_1280.jpg\"}', 'image', 188, NULL, NULL, 'custom'),
(28252, 'image/jpeg', 222526, '4/000/282/52.jpg', '{\"ratio\": \"256:193\", \"width\": 1280, \"height\": 965, \"originalName\": \"hourglass-620397_1280.jpg\"}', 'image', 188, NULL, NULL, 'custom'),
(28253, 'image/jpeg', 449182, '4/000/282/53.jpg', '{\"ratio\": \"53:80\", \"width\": 1272, \"height\": 1920, \"originalName\": \"pocket-watches-436567_1920.jpg\"}', 'image', 188, NULL, NULL, 'custom'),
(28258, 'image/png', 546815, '1/000/282/58.png', '{\"ratio\": \"759:500\", \"width\": 759, \"height\": 500, \"originalName\": \"SK_Gaming.png\"}', 'image', 188, NULL, 'twitter', 'branded'),
(28259, 'image/png', 2834285, '1/000/282/59.png', '{\"originalName\": \"preview-FPS_Esports_Games_Emojie_Vote.png\"}', 'preview', 188, NULL, 'twitter', 'custom'),
(28260, 'video/mp4', 18425783, '1/000/282/60.mp4', '{\"is360\": false, \"originalName\": \"FPS_Esports_Games_Emojie_Vote.mp4\"}', 'video', 188, 28259, 'twitter', 'branded'),
(28261, 'image/jpeg', 606807, '1/000/282/61.jpg', '{\"ratio\": \"16:9\", \"width\": 1920, \"height\": 1080, \"originalName\": \"761569-call-of-duty-modern-warfare-3.jpg\"}', 'image', 188, NULL, 'facebook,linkedIn,twitter', 'generic'),
(28262, 'image/jpeg', 123439, '1/000/282/62.jpg', '{\"ratio\": \"871:487\", \"width\": 871, \"height\": 487, \"originalName\": \"counter-strike-global-offensive_871px.jpg\"}', 'image', 188, NULL, 'facebook,linkedIn,twitter', 'generic'),
(28264, 'image/jpeg', 47605, '4/000/282/64.jpg', '{\"ratio\": \"920:613\", \"width\": 920, \"height\": 613, \"originalName\": \"920x920.jpg\"}', 'image', 308, NULL, NULL, 'custom'),
(28265, 'image/jpeg', 160127, '4/000/282/65.jpeg', '{\"ratio\": \"1280:803\", \"width\": 1280, \"height\": 803, \"originalName\": \"pexels-photo-935869.jpeg\"}', 'image', 188, NULL, NULL, 'custom'),
(28266, 'image/jpeg', 169508, '4/000/282/66.jpg', '{\"ratio\": \"640:383\", \"width\": 1280, \"height\": 766, \"originalName\": \"swimmer-1678307_1280.jpg\"}', 'image', 278, NULL, NULL, 'branded'),
(28267, 'image/jpeg', 227302, '4/000/282/67.jpg', '{\"ratio\": \"1280:853\", \"width\": 1280, \"height\": 853, \"originalName\": \"underwater-1150045_1280.jpg\"}', 'image', 278, NULL, NULL, 'branded'),
(28268, 'image/jpeg', 237959, '4/000/282/68.jpg', '{\"ratio\": \"1280:853\", \"width\": 1280, \"height\": 853, \"originalName\": \"jogging-2343558_1280.jpg\"}', 'image', 278, NULL, NULL, 'branded'),
(28270, 'image/jpeg', 169508, '4/000/282/70.jpg', '{\"ratio\": \"640:383\", \"width\": 1280, \"height\": 766, \"originalName\": \"swimmer-1678307_1280.jpg\"}', 'image', NULL, NULL, NULL, 'generic'),
(28271, 'image/jpeg', 227302, '4/000/282/71.jpg', '{\"ratio\": \"1280:853\", \"width\": 1280, \"height\": 853, \"originalName\": \"underwater-1150045_1280.jpg\"}', 'image', NULL, NULL, NULL, 'generic'),
(28272, 'image/jpeg', 237959, '4/000/282/72.jpg', '{\"ratio\": \"1280:853\", \"width\": 1280, \"height\": 853, \"originalName\": \"jogging-2343558_1280.jpg\"}', 'image', NULL, NULL, NULL, 'generic'),
(28274, 'image/png', 2715290, '1/000/282/74.png', '{\"originalName\": \"preview-Emojie_Vote_Csipet_Hazai_Dessert_v1.png\"}', 'preview', 188, NULL, 'facebook,linkedIn,twitter', 'custom'),
(28275, 'video/mp4', 19227797, '1/000/282/75.mp4', '{\"is360\": false, \"originalName\": \"Emojie_Vote_Csipet_Hazai_Dessert_v1.mp4\"}', 'video', 188, 28274, 'facebook,linkedIn,twitter', 'custom'),
(28278, 'image/jpeg', 145107, '4/000/282/78.jpg', '{\"ratio\": \"596:335\", \"width\": 1192, \"height\": 670, \"originalName\": \"EYhWO9GWoAAJkSB.jpg\"}', 'image', 308, NULL, NULL, 'custom'),
(28279, 'image/jpeg', 80496, '4/000/282/79.jpg', '{\"ratio\": \"16:9\", \"width\": 1200, \"height\": 675, \"originalName\": \"EYhWQV0WAAAQ9xR.jpg\"}', 'image', 308, NULL, NULL, 'custom'),
(28280, 'image/jpeg', 44456, '4/000/282/80.jpg', '{\"ratio\": \"16:9\", \"width\": 960, \"height\": 540, \"originalName\": \"odDpAeBpl1Sad68A.jpg\"}', 'image', 188, NULL, NULL, 'custom'),
(28281, 'image/jpeg', 17748, '4/000/282/81.jpg', '{\"ratio\": \"194:81\", \"width\": 388, \"height\": 162, \"originalName\": \"EYh40dDWAAAcffk.jpg\"}', 'image', 188, NULL, NULL, 'custom'),
(28282, 'image/jpeg', 204935, '4/000/282/82.jpg', '{\"ratio\": \"16:9\", \"width\": 1200, \"height\": 675, \"originalName\": \"EYiNsJLWAAAl8_q.jpg\"}', 'image', 308, NULL, NULL, 'custom'),
(28283, 'image/jpeg', 145107, '4/000/282/83.jpg', '{\"ratio\": \"596:335\", \"width\": 1192, \"height\": 670, \"originalName\": \"EYiNtgqXYAAkBy8.jpg\"}', 'image', 308, NULL, NULL, 'custom'),
(28284, 'image/jpeg', 17833, '4/000/282/84.jpg', '{\"ratio\": \"200:113\", \"width\": 400, \"height\": 226, \"originalName\": \"EYiOx_eWkAM8_Qj.jpg\"}', 'image', 308, NULL, NULL, 'custom'),
(28285, 'image/jpeg', 44456, '4/000/282/85.jpg', '{\"ratio\": \"16:9\", \"width\": 960, \"height\": 540, \"originalName\": \"BPLWDoVawGUu7iGz.jpg\"}', 'image', 308, NULL, NULL, 'custom'),
(28286, 'image/jpeg', 299170, '4/000/282/86.jpg', '{\"ratio\": \"1200:787\", \"width\": 1200, \"height\": 787, \"originalName\": \"EYi0o8CXgAI2WSp.jpg\"}', 'image', 188, NULL, NULL, 'custom'),
(28287, 'image/png', 16844, '4/000/282/87.png', '{\"ratio\": \"1:1\", \"width\": 600, \"height\": 600, \"originalName\": \"EYi0hN4WoAE_eXw.png\"}', 'image', 188, NULL, NULL, 'custom'),
(28288, 'image/jpeg', 149718, '4/000/282/88.jpg', '{\"ratio\": \"3:2\", \"width\": 1200, \"height\": 800, \"originalName\": \"EYi0a28WoAUnD5l.jpg\"}', 'image', 188, NULL, NULL, 'custom'),
(28289, 'image/jpeg', 71766, '4/000/282/89.jpg', '{\"ratio\": \"16:9\", \"width\": 1200, \"height\": 675, \"originalName\": \"mycDwGecxarfaktw.jpg\"}', 'image', 188, NULL, NULL, 'custom'),
(28290, 'image/png', 158001, '4/000/282/90.png', '{\"ratio\": \"461:465\", \"width\": 461, \"height\": 465, \"originalName\": \"EYizmndWkAMXP-z.png\"}', 'image', 188, NULL, NULL, 'custom'),
(28291, 'image/png', 221499, '4/000/282/91.png', '{\"ratio\": \"515:528\", \"width\": 515, \"height\": 528, \"originalName\": \"EYizmnmWoAE11BJ.png\"}', 'image', 188, NULL, NULL, 'custom'),
(28292, 'image/png', 75605, '4/000/282/92.png', '{\"ratio\": \"130:159\", \"width\": 650, \"height\": 795, \"originalName\": \"EYizmntWsAAF3nc.png\"}', 'image', 188, NULL, NULL, 'custom'),
(28293, 'image/jpeg', 207036, '4/000/282/93.jpg', '{\"ratio\": \"1199:629\", \"width\": 1199, \"height\": 629, \"originalName\": \"EYize-XWkAIxxI2.jpg\"}', 'image', 188, NULL, NULL, 'custom'),
(28294, 'image/jpeg', 12840, '4/000/282/94.jpg', '{\"ratio\": \"3:2\", \"width\": 480, \"height\": 320, \"originalName\": \"EYizYfRXgAEh34I.jpg\"}', 'image', 188, NULL, NULL, 'custom'),
(28295, 'image/jpeg', 14571, '4/000/282/95.jpg', '{\"ratio\": \"175:99\", \"width\": 350, \"height\": 198, \"originalName\": \"EYioIsQX0AQW43v.jpg\"}', 'image', 188, NULL, NULL, 'custom'),
(28296, 'image/jpeg', 62191, '4/000/282/96.jpg', '{\"ratio\": \"16:9\", \"width\": 1200, \"height\": 675, \"originalName\": \"9cCULqt8idNdUdoM.jpg\"}', 'image', 188, NULL, NULL, 'custom'),
(28297, 'image/jpeg', 91375, '4/000/282/97.jpg', '{\"ratio\": \"640:959\", \"width\": 640, \"height\": 959, \"originalName\": \"EYin8mtWAAAnZm4.jpg\"}', 'image', 188, NULL, NULL, 'custom'),
(28298, 'image/jpeg', 22796, '4/000/282/98.jpg', '{\"ratio\": \"640:1137\", \"width\": 640, \"height\": 1137, \"originalName\": \"EYin8m-XQAY4r6Q.jpg\"}', 'image', 188, NULL, NULL, 'custom'),
(28299, 'image/jpeg', 22796, '4/000/282/99.jpg', '{\"ratio\": \"640:1137\", \"width\": 640, \"height\": 1137, \"originalName\": \"EYin4s2XQAA5pv_.jpg\"}', 'image', 188, NULL, NULL, 'custom'),
(28300, 'image/png', 572198, '1/000/283/00.png', '{\"originalName\": \"preview-BG Fire Black Screen Effect (HD 1080p) ...!!!.png\"}', 'preview', 188, NULL, NULL, 'custom'),
(28301, 'video/mp4', 8852748, '1/000/283/01.mp4', '{\"is360\": false, \"originalName\": \"BG Fire Black Screen Effect (HD 1080p) ...!!!.mp4\"}', 'video', 188, 28300, NULL, 'custom'),
(28302, 'image/png', 1042093, '1/000/283/02.png', '{\"originalName\": \"preview-MSI 2018 - Login Screen - League of Legends (featuring Danger).png\"}', 'preview', 188, NULL, NULL, 'custom'),
(28303, 'video/mp4', 23070675, '1/000/283/03.mp4', '{\"is360\": false, \"originalName\": \"MSI 2018 - Login Screen - League of Legends (featuring Danger).mp4\"}', 'video', 188, 28302, NULL, 'custom'),
(28304, 'image/png', 1062021, '1/000/283/04.png', '{\"originalName\": \"preview-MSI 2018 - Login Screen - League of Legends (featuring Danger).png\"}', 'preview', 308, NULL, NULL, 'custom'),
(28305, 'video/mp4', 23070675, '1/000/283/05.mp4', '{\"is360\": false, \"originalName\": \"MSI 2018 - Login Screen - League of Legends (featuring Danger).mp4\"}', 'video', 308, 28304, NULL, 'custom'),
(28307, 'video/mp4', 31722758, '1/000/283/07.mp4', '{\"is360\": false, \"originalName\": \"Ayutthaya - Easy Tripod Paint _ 360_VR Master Series _ Free Download (1).mp4\"}', 'video', 308, 28329, NULL, 'custom'),
(28315, 'image/png', 484822, '1/000/283/15.png', '{\"originalName\": \"preview-Vackor Az Első Bében - 1.rész.png\"}', 'preview', 188, NULL, NULL, 'custom'),
(28316, 'video/mp4', 33812653, '1/000/283/16.mp4', '{\"is360\": false, \"originalName\": \"Vackor Az Első Bében - 1.rész.mp4\"}', 'video', 188, 28315, NULL, 'custom'),
(28317, 'image/jpeg', 160127, '4/000/283/17.jpeg', '{\"ratio\": \"1280:803\", \"width\": 1280, \"height\": 803, \"originalName\": \"pexels-photo-935869.jpeg\"}', 'image', 308, NULL, NULL, 'custom'),
(28320, 'image/jpeg', 189476, '4/000/283/20.jpg', '{\"ratio\": \"1280:853\", \"width\": 1280, \"height\": 853, \"originalName\": \"pocket-watch-3156771_1280.jpg\"}', 'image', 188, NULL, NULL, 'custom'),
(28321, 'image/jpeg', 67947, '4/000/283/21.jpg', '{\"ratio\": \"16:9\", \"width\": 1280, \"height\": 720, \"originalName\": \"pocket-watch-2031021_1280.jpg\"}', 'image', 188, NULL, NULL, 'custom'),
(28322, 'image/jpeg', 222526, '4/000/283/22.jpg', '{\"ratio\": \"256:193\", \"width\": 1280, \"height\": 965, \"originalName\": \"hourglass-620397_1280.jpg\"}', 'image', 188, NULL, NULL, 'custom'),
(28323, 'image/jpeg', 449182, '4/000/283/23.jpg', '{\"ratio\": \"53:80\", \"width\": 1272, \"height\": 1920, \"originalName\": \"pocket-watches-436567_1920.jpg\"}', 'image', 188, NULL, NULL, 'custom'),
(28324, 'image/jpeg', 946058, '1/000/283/24.jpg', '{\"ratio\": \"1312:1739\", \"width\": 1693, \"height\": 2244, \"originalName\": \"Mesterhármas.jpg\"}', 'image', 308, NULL, NULL, 'custom'),
(28325, 'image/jpeg', 9352558, '1/000/283/25.jpg', '{\"ratio\": \"1465:977\", \"width\": 4404, \"height\": 2937, \"originalName\": \"Koccintás.jpg\"}', 'image', 308, NULL, NULL, 'custom'),
(28326, 'image/jpeg', 11647596, '1/000/283/26.jpg', '{\"ratio\": \"3:2\", \"width\": 4896, \"height\": 3264, \"originalName\": \"Üzem_cseresznyefás.jpg\"}', 'image', 308, NULL, NULL, 'custom'),
(28327, 'image/jpeg', 44779, '4/000/283/27.jpg', '{\"ratio\": \"1:1\", \"width\": 720, \"height\": 720, \"originalName\": \"100619479_645384739522920_3496931221005402112_o.jpg\"}', 'image', 188, NULL, NULL, 'custom'),
(28328, 'image/jpeg', 44779, '4/000/283/28.jpg', '{\"ratio\": \"1:1\", \"width\": 720, \"height\": 720, \"originalName\": \"100619479_645384739522920_3496931221005402112_o.jpg\"}', 'image', 188, NULL, NULL, 'custom'),
(28329, 'image/png', 4254411, '1/000/283/29.png', NULL, 'preview', NULL, NULL, NULL, 'custom'),
(28330, 'image/png', 1229812, '1/000/283/30.png', '{\"originalName\": \"preview-360_VR Master Series _ Free Download _ London On Tower Bridge.png\"}', 'preview', 188, NULL, NULL, 'custom'),
(28331, 'video/mp4', 10344828, '1/000/283/31.mp4', '{\"is360\": true, \"originalName\": \"360_VR Master Series _ Free Download _ London On Tower Bridge.mp4\"}', 'video', 188, 28330, NULL, 'custom'),
(28332, 'image/jpeg', 17242248, '1/000/283/32.jpeg', '{\"ratio\": \"2:1\", \"width\": 10000, \"height\": 5000, \"originalName\": \"8hw0clw-360-panorama-miami.jpeg\"}', 'image', 188, NULL, 'facebook,linkedIn,twitter', 'custom'),
(28333, 'image/jpeg', 52459, '4/000/283/33.jpg', '{\"ratio\": \"1:1\", \"width\": 720, \"height\": 720, \"originalName\": \"105770253_663368581057869_3232640112319017203_o.jpg\"}', 'image', 188, NULL, NULL, 'custom'),
(28334, 'image/jpeg', 35913, '4/000/283/34.jpg', '{\"ratio\": \"3:2\", \"width\": 1200, \"height\": 800, \"originalName\": \"EaZbyBvWoAMT5pw.jpg\"}', 'image', 308, NULL, NULL, 'custom'),
(28335, 'image/jpeg', 47412, '4/000/283/35.jpg', '{\"ratio\": \"1:1\", \"width\": 720, \"height\": 720, \"originalName\": \"106015568_2850619825050124_7563315323793264780_o.jpg\"}', 'image', 188, NULL, NULL, 'custom'),
(28336, 'image/jpeg', 36879, '4/000/283/36.jpg', '{\"ratio\": \"16:9\", \"width\": 720, \"height\": 405, \"originalName\": \"106211256_720008392122771_4071456868146006410_n.jpg\"}', 'image', 188, NULL, NULL, 'custom'),
(28337, 'image/jpeg', 45303, '4/000/283/37.jpg', '{\"ratio\": \"4:3\", \"width\": 720, \"height\": 540, \"originalName\": \"105677830_606435050003406_5917294163770147587_o.jpg\"}', 'image', 188, NULL, NULL, 'custom'),
(28338, 'image/jpeg', 53676, '4/000/283/38.jpg', '{\"ratio\": \"4:3\", \"width\": 720, \"height\": 540, \"originalName\": \"105923974_606435073336737_8222844346069744207_o.jpg\"}', 'image', 188, NULL, NULL, 'custom'),
(28339, 'image/jpeg', 57444, '4/000/283/39.jpg', '{\"ratio\": \"4:3\", \"width\": 720, \"height\": 540, \"originalName\": \"74211298_606435316670046_6650632222683509955_o.jpg\"}', 'image', 188, NULL, NULL, 'custom'),
(28340, 'image/jpeg', 43208, '4/000/283/40.jpg', '{\"ratio\": \"72:41\", \"width\": 720, \"height\": 410, \"originalName\": \"106067991_606434420003469_22330652862439861_o.jpg\"}', 'image', 188, NULL, NULL, 'custom'),
(28341, 'image/jpeg', 33410, '4/000/283/41.jpg', '{\"ratio\": \"16:9\", \"width\": 720, \"height\": 405, \"originalName\": \"106163119_353434095621160_4293960167988379661_n.jpg\"}', 'image', 308, NULL, NULL, 'custom'),
(28342, 'image/jpeg', 33410, '4/000/283/42.jpg', '{\"ratio\": \"16:9\", \"width\": 720, \"height\": 405, \"originalName\": \"106163119_353434095621160_4293960167988379661_n.jpg\"}', 'image', 308, NULL, NULL, 'custom'),
(28343, 'image/jpeg', 33410, '4/000/283/43.jpg', '{\"ratio\": \"16:9\", \"width\": 720, \"height\": 405, \"originalName\": \"106163119_353434095621160_4293960167988379661_n.jpg\"}', 'image', 308, NULL, NULL, 'custom'),
(28344, 'image/jpeg', 33410, '4/000/283/44.jpg', '{\"ratio\": \"16:9\", \"width\": 720, \"height\": 405, \"originalName\": \"106163119_353434095621160_4293960167988379661_n.jpg\"}', 'image', 308, NULL, NULL, 'custom'),
(28345, 'image/jpeg', 33410, '4/000/283/45.jpg', '{\"ratio\": \"16:9\", \"width\": 720, \"height\": 405, \"originalName\": \"106163119_353434095621160_4293960167988379661_n.jpg\"}', 'image', 308, NULL, NULL, 'custom'),
(28346, 'image/jpeg', 33410, '4/000/283/46.jpg', '{\"ratio\": \"16:9\", \"width\": 720, \"height\": 405, \"originalName\": \"106163119_353434095621160_4293960167988379661_n.jpg\"}', 'image', 308, NULL, NULL, 'custom'),
(28347, 'image/jpeg', 33410, '4/000/283/47.jpg', '{\"ratio\": \"16:9\", \"width\": 720, \"height\": 405, \"originalName\": \"106163119_353434095621160_4293960167988379661_n.jpg\"}', 'image', 308, NULL, NULL, 'custom'),
(28348, 'image/jpeg', 33410, '4/000/283/48.jpg', '{\"ratio\": \"16:9\", \"width\": 720, \"height\": 405, \"originalName\": \"106163119_353434095621160_4293960167988379661_n.jpg\"}', 'image', 308, NULL, NULL, 'custom'),
(28349, 'image/jpeg', 33410, '4/000/283/49.jpg', '{\"ratio\": \"16:9\", \"width\": 720, \"height\": 405, \"originalName\": \"106163119_353434095621160_4293960167988379661_n.jpg\"}', 'image', 308, NULL, NULL, 'custom'),
(28350, 'image/jpeg', 115614, '4/000/283/50.jpeg', '{\"ratio\": \"320:213\", \"width\": 640, \"height\": 426, \"originalName\": \"pexels-photo-177598.jpeg\"}', 'image', 188, NULL, NULL, 'custom'),
(28351, 'image/jpeg', 189476, '4/000/283/51.jpg', '{\"ratio\": \"1280:853\", \"width\": 1280, \"height\": 853, \"originalName\": \"pocket-watch-3156771_1280.jpg\"}', 'image', 188, NULL, NULL, 'custom'),
(28352, 'image/jpeg', 67947, '4/000/283/52.jpg', '{\"ratio\": \"16:9\", \"width\": 1280, \"height\": 720, \"originalName\": \"pocket-watch-2031021_1280.jpg\"}', 'image', 188, NULL, NULL, 'custom'),
(28353, 'image/jpeg', 222526, '4/000/283/53.jpg', '{\"ratio\": \"256:193\", \"width\": 1280, \"height\": 965, \"originalName\": \"hourglass-620397_1280.jpg\"}', 'image', 188, NULL, NULL, 'custom'),
(28354, 'image/jpeg', 449182, '4/000/283/54.jpg', '{\"ratio\": \"53:80\", \"width\": 1272, \"height\": 1920, \"originalName\": \"pocket-watches-436567_1920.jpg\"}', 'image', 188, NULL, NULL, 'custom'),
(28355, 'image/jpeg', 115614, '4/000/283/55.jpeg', '{\"ratio\": \"320:213\", \"width\": 640, \"height\": 426, \"originalName\": \"pexels-photo-177598.jpeg\"}', 'image', 308, NULL, NULL, 'custom'),
(28360, 'image/jpeg', 14952, '1/000/283/60.jpg', '{\"ratio\": \"479:403\", \"width\": 479, \"height\": 403, \"originalName\": \"101982067_1356911681167691_7894999653622480896_n.jpg\"}', 'image', 308, NULL, 'facebook', 'custom'),
(28361, 'image/png', 88389, '1/000/283/61.png', '{\"ratio\": \"670:1123\", \"width\": 670, \"height\": 1123, \"originalName\": \"psycho.png\"}', 'image', 308, NULL, NULL, 'custom'),
(28362, 'image/png', 398569, '1/000/283/62.png', '{\"originalName\": \"preview-Screencast 2018-11-11 18:32:48.png\"}', 'preview', 308, NULL, NULL, 'custom'),
(28363, 'video/mp4', 3167588, '1/000/283/63.mp4', '{\"is360\": false, \"originalName\": \"Screencast 2018-11-11 18:32:48.mp4\"}', 'video', 308, 28362, NULL, 'custom'),
(28369, 'video/mp4', 3591394, '1/000/283/69.mp4', '{\"is360\": false, \"originalName\": \"Pexels Videos 1654216.mp4\"}', 'video', 308, 28370, 'facebook,linkedIn,twitter', 'custom'),
(28370, 'image/png', 2184906, '1/000/283/70.png', NULL, 'preview', NULL, NULL, NULL, 'custom'),
(28395, 'image/jpeg', 1310734, '1/000/283/95.jpg', '{\"ratio\": \"16:9\", \"width\": 3840, \"height\": 2160, \"originalName\": \"walpaper-01.jpg\"}', 'image', 308, NULL, NULL, 'custom'),
(28396, 'image/jpeg', 1310734, '1/000/283/96.jpg', '{\"ratio\": \"16:9\", \"width\": 3840, \"height\": 2160, \"originalName\": \"walpaper-01.jpg\"}', 'image', 308, NULL, 'facebook,linkedIn,twitter', 'custom'),
(28397, 'image/jpeg', 1996861, '1/000/283/97.jpg', '{\"ratio\": \"16:9\", \"width\": 3840, \"height\": 2160, \"originalName\": \"walpaper-04.jpg\"}', 'image', 308, NULL, NULL, 'custom'),
(28398, 'image/jpeg', 1310734, '1/000/283/98.jpg', '{\"ratio\": \"16:9\", \"width\": 3840, \"height\": 2160, \"originalName\": \"walpaper-01.jpg\"}', 'image', 308, NULL, NULL, 'custom'),
(28399, 'image/jpeg', 1723787, '1/000/283/99.jpg', '{\"ratio\": \"16:9\", \"width\": 3840, \"height\": 2160, \"originalName\": \"walpaper-06.jpg\"}', 'image', 308, NULL, NULL, 'custom'),
(28400, 'image/jpeg', 1996861, '1/000/284/00.jpg', '{\"ratio\": \"16:9\", \"width\": 3840, \"height\": 2160, \"originalName\": \"walpaper-04.jpg\"}', 'image', 308, NULL, NULL, 'custom'),
(28401, 'image/jpeg', 1310734, '1/000/284/01.jpg', '{\"ratio\": \"16:9\", \"width\": 3840, \"height\": 2160, \"originalName\": \"walpaper-01.jpg\"}', 'image', 308, NULL, NULL, 'custom'),
(28402, 'image/jpeg', 1723787, '1/000/284/02.jpg', '{\"ratio\": \"16:9\", \"width\": 3840, \"height\": 2160, \"originalName\": \"walpaper-06.jpg\"}', 'image', 308, NULL, NULL, 'custom'),
(28403, 'image/jpeg', 1996861, '1/000/284/03.jpg', '{\"ratio\": \"16:9\", \"width\": 3840, \"height\": 2160, \"originalName\": \"walpaper-04.jpg\"}', 'image', 308, NULL, NULL, 'generic'),
(28404, 'image/jpeg', 1996861, '1/000/284/04.jpg', '{\"ratio\": \"16:9\", \"width\": 3840, \"height\": 2160, \"originalName\": \"walpaper-04.jpg\"}', 'image', 308, NULL, NULL, 'generic'),
(28405, 'image/jpeg', 1996861, '1/000/284/05.jpg', '{\"ratio\": \"16:9\", \"width\": 3840, \"height\": 2160, \"originalName\": \"walpaper-04.jpg\"}', 'image', 308, NULL, NULL, 'branded'),
(28406, 'image/jpeg', 1996861, '1/000/284/06.jpg', '{\"ratio\": \"16:9\", \"width\": 3840, \"height\": 2160, \"originalName\": \"walpaper-04.jpg\"}', 'image', 308, NULL, NULL, 'branded'),
(28407, 'image/jpeg', 1310734, '1/000/284/07.jpg', '{\"ratio\": \"16:9\", \"width\": 3840, \"height\": 2160, \"originalName\": \"walpaper-01.jpg\"}', 'image', 308, NULL, NULL, 'branded'),
(28408, 'image/jpeg', 1723787, '1/000/284/08.jpg', '{\"ratio\": \"16:9\", \"width\": 3840, \"height\": 2160, \"originalName\": \"walpaper-06.jpg\"}', 'image', 308, NULL, NULL, 'branded'),
(28409, 'image/jpeg', 1996861, '1/000/284/09.jpg', '{\"ratio\": \"16:9\", \"width\": 3840, \"height\": 2160, \"originalName\": \"walpaper-04.jpg\"}', 'image', 308, NULL, NULL, 'generic'),
(28412, 'image/jpeg', 1310734, '1/000/284/12.jpg', '{\"ratio\": \"16:9\", \"width\": 3840, \"height\": 2160, \"originalName\": \"walpaper-01.jpg\"}', 'image', 308, NULL, NULL, 'generic'),
(28459, 'image/jpeg', 1310734, '1/000/284/59.jpg', '{\"ratio\": \"16:9\", \"width\": 3840, \"height\": 2160, \"originalName\": \"walpaper-01.jpg\"}', 'image', 308, NULL, NULL, 'custom'),
(28460, 'image/jpeg', 1310734, '1/000/284/60.jpg', '{\"ratio\": \"16:9\", \"width\": 3840, \"height\": 2160, \"originalName\": \"walpaper-01.jpg\"}', 'image', 308, NULL, 'facebook,linkedIn,twitter', 'custom'),
(28461, 'image/jpeg', 1996861, '1/000/284/61.jpg', '{\"ratio\": \"16:9\", \"width\": 3840, \"height\": 2160, \"originalName\": \"walpaper-04.jpg\"}', 'image', 308, NULL, NULL, 'custom'),
(28462, 'image/jpeg', 1310734, '1/000/284/62.jpg', '{\"ratio\": \"16:9\", \"width\": 3840, \"height\": 2160, \"originalName\": \"walpaper-01.jpg\"}', 'image', 308, NULL, NULL, 'custom'),
(28463, 'image/jpeg', 1723787, '1/000/284/63.jpg', '{\"ratio\": \"16:9\", \"width\": 3840, \"height\": 2160, \"originalName\": \"walpaper-06.jpg\"}', 'image', 308, NULL, NULL, 'custom'),
(28464, 'image/jpeg', 1996861, '1/000/284/64.jpg', '{\"ratio\": \"16:9\", \"width\": 3840, \"height\": 2160, \"originalName\": \"walpaper-04.jpg\"}', 'image', 308, NULL, NULL, 'custom'),
(28465, 'image/jpeg', 1310734, '1/000/284/65.jpg', '{\"ratio\": \"16:9\", \"width\": 3840, \"height\": 2160, \"originalName\": \"walpaper-01.jpg\"}', 'image', 308, NULL, NULL, 'custom'),
(28466, 'image/jpeg', 1723787, '1/000/284/66.jpg', '{\"ratio\": \"16:9\", \"width\": 3840, \"height\": 2160, \"originalName\": \"walpaper-06.jpg\"}', 'image', 308, NULL, NULL, 'custom'),
(28467, 'image/jpeg', 1996861, '1/000/284/67.jpg', '{\"ratio\": \"16:9\", \"width\": 3840, \"height\": 2160, \"originalName\": \"walpaper-04.jpg\"}', 'image', 308, NULL, NULL, 'generic'),
(28468, 'image/jpeg', 1996861, '1/000/284/68.jpg', '{\"ratio\": \"16:9\", \"width\": 3840, \"height\": 2160, \"originalName\": \"walpaper-04.jpg\"}', 'image', 308, NULL, NULL, 'generic'),
(28469, 'image/jpeg', 1996861, '1/000/284/69.jpg', '{\"ratio\": \"16:9\", \"width\": 3840, \"height\": 2160, \"originalName\": \"walpaper-04.jpg\"}', 'image', 308, NULL, NULL, 'branded'),
(28470, 'image/jpeg', 1996861, '1/000/284/70.jpg', '{\"ratio\": \"16:9\", \"width\": 3840, \"height\": 2160, \"originalName\": \"walpaper-04.jpg\"}', 'image', 308, NULL, NULL, 'branded'),
(28471, 'image/jpeg', 1310734, '1/000/284/71.jpg', '{\"ratio\": \"16:9\", \"width\": 3840, \"height\": 2160, \"originalName\": \"walpaper-01.jpg\"}', 'image', 308, NULL, NULL, 'branded'),
(28472, 'image/jpeg', 1723787, '1/000/284/72.jpg', '{\"ratio\": \"16:9\", \"width\": 3840, \"height\": 2160, \"originalName\": \"walpaper-06.jpg\"}', 'image', 308, NULL, NULL, 'branded'),
(28473, 'image/jpeg', 1996861, '1/000/284/73.jpg', '{\"ratio\": \"16:9\", \"width\": 3840, \"height\": 2160, \"originalName\": \"walpaper-04.jpg\"}', 'image', 308, NULL, NULL, 'generic'),
(28476, 'image/jpeg', 1310734, '1/000/284/76.jpg', '{\"ratio\": \"16:9\", \"width\": 3840, \"height\": 2160, \"originalName\": \"walpaper-01.jpg\"}', 'image', 308, NULL, NULL, 'generic'),
(28479, 'image/jpeg', 1310734, '1/000/284/79.jpg', '{\"ratio\": \"16:9\", \"width\": 3840, \"height\": 2160, \"originalName\": \"walpaper-01.jpg\"}', 'image', 308, NULL, NULL, 'custom'),
(28480, 'image/jpeg', 1310734, '1/000/284/80.jpg', '{\"ratio\": \"16:9\", \"width\": 3840, \"height\": 2160, \"originalName\": \"walpaper-01.jpg\"}', 'image', 308, NULL, 'facebook,linkedIn,twitter', 'custom'),
(28481, 'image/jpeg', 1996861, '1/000/284/81.jpg', '{\"ratio\": \"16:9\", \"width\": 3840, \"height\": 2160, \"originalName\": \"walpaper-04.jpg\"}', 'image', 308, NULL, NULL, 'custom'),
(28482, 'image/jpeg', 1310734, '1/000/284/82.jpg', '{\"ratio\": \"16:9\", \"width\": 3840, \"height\": 2160, \"originalName\": \"walpaper-01.jpg\"}', 'image', 308, NULL, NULL, 'custom'),
(28483, 'image/jpeg', 1723787, '1/000/284/83.jpg', '{\"ratio\": \"16:9\", \"width\": 3840, \"height\": 2160, \"originalName\": \"walpaper-06.jpg\"}', 'image', 308, NULL, NULL, 'custom'),
(28484, 'image/jpeg', 1996861, '1/000/284/84.jpg', '{\"ratio\": \"16:9\", \"width\": 3840, \"height\": 2160, \"originalName\": \"walpaper-04.jpg\"}', 'image', 308, NULL, NULL, 'custom'),
(28485, 'image/jpeg', 1310734, '1/000/284/85.jpg', '{\"ratio\": \"16:9\", \"width\": 3840, \"height\": 2160, \"originalName\": \"walpaper-01.jpg\"}', 'image', 308, NULL, NULL, 'custom'),
(28486, 'image/jpeg', 1723787, '1/000/284/86.jpg', '{\"ratio\": \"16:9\", \"width\": 3840, \"height\": 2160, \"originalName\": \"walpaper-06.jpg\"}', 'image', 308, NULL, NULL, 'custom'),
(28487, 'image/jpeg', 1996861, '1/000/284/87.jpg', '{\"ratio\": \"16:9\", \"width\": 3840, \"height\": 2160, \"originalName\": \"walpaper-04.jpg\"}', 'image', 308, NULL, NULL, 'generic'),
(28488, 'image/jpeg', 1996861, '1/000/284/88.jpg', '{\"ratio\": \"16:9\", \"width\": 3840, \"height\": 2160, \"originalName\": \"walpaper-04.jpg\"}', 'image', 308, NULL, NULL, 'generic'),
(28489, 'image/jpeg', 1996861, '1/000/284/89.jpg', '{\"ratio\": \"16:9\", \"width\": 3840, \"height\": 2160, \"originalName\": \"walpaper-04.jpg\"}', 'image', 308, NULL, NULL, 'branded'),
(28490, 'image/jpeg', 1996861, '1/000/284/90.jpg', '{\"ratio\": \"16:9\", \"width\": 3840, \"height\": 2160, \"originalName\": \"walpaper-04.jpg\"}', 'image', 308, NULL, NULL, 'branded'),
(28491, 'image/jpeg', 1310734, '1/000/284/91.jpg', '{\"ratio\": \"16:9\", \"width\": 3840, \"height\": 2160, \"originalName\": \"walpaper-01.jpg\"}', 'image', 308, NULL, NULL, 'branded'),
(28492, 'image/jpeg', 1310734, '1/000/284/92.jpg', '{\"ratio\": \"16:9\", \"width\": 3840, \"height\": 2160, \"originalName\": \"walpaper-01.jpg\"}', 'image', 308, NULL, NULL, 'custom'),
(28493, 'image/jpeg', 1310734, '1/000/284/93.jpg', '{\"ratio\": \"16:9\", \"width\": 3840, \"height\": 2160, \"originalName\": \"walpaper-01.jpg\"}', 'image', 308, NULL, 'facebook,linkedIn,twitter', 'custom'),
(28494, 'image/jpeg', 1996861, '1/000/284/94.jpg', '{\"ratio\": \"16:9\", \"width\": 3840, \"height\": 2160, \"originalName\": \"walpaper-04.jpg\"}', 'image', 308, NULL, NULL, 'custom'),
(28495, 'image/jpeg', 1310734, '1/000/284/95.jpg', '{\"ratio\": \"16:9\", \"width\": 3840, \"height\": 2160, \"originalName\": \"walpaper-01.jpg\"}', 'image', 308, NULL, NULL, 'custom'),
(28500, 'image/jpeg', 1996861, '1/000/285/00.jpg', '{\"ratio\": \"16:9\", \"width\": 3840, \"height\": 2160, \"originalName\": \"walpaper-04.jpg\"}', 'image', 308, NULL, NULL, 'generic'),
(28501, 'image/jpeg', 1996861, '1/000/285/01.jpg', '{\"ratio\": \"16:9\", \"width\": 3840, \"height\": 2160, \"originalName\": \"walpaper-04.jpg\"}', 'image', 308, NULL, NULL, 'generic'),
(28506, 'image/jpeg', 1996861, '1/000/285/06.jpg', '{\"ratio\": \"16:9\", \"width\": 3840, \"height\": 2160, \"originalName\": \"walpaper-04.jpg\"}', 'image', 308, NULL, NULL, 'generic'),
(28509, 'image/jpeg', 1310734, '1/000/285/09.jpg', '{\"ratio\": \"16:9\", \"width\": 3840, \"height\": 2160, \"originalName\": \"walpaper-01.jpg\"}', 'image', 308, NULL, NULL, 'generic'),
(28528, 'image/jpeg', 1741929, '1/000/285/28.jpg', '{\"ratio\": \"3:2\", \"width\": 5184, \"height\": 3456, \"originalName\": \"joe-caione-qO-PIF84Vxg-unsplash.jpg\"}', 'image', 188, NULL, 'facebook', 'custom'),
(28529, 'image/png', 206425, '1/000/285/29.png', '{\"ratio\": \"29:27\", \"width\": 725, \"height\": 675, \"originalName\": \"BSA_Cost_Groups.png\"}', 'image', 188, NULL, 'facebook,linkedIn,twitter', 'custom'),
(28546, 'image/png', 1728676, '1/000/285/46.png', '{\"ratio\": \"16:9\", \"width\": 1920, \"height\": 1080, \"originalName\": \"IDR_THEME_NTP_BACKGROUND.png\"}', 'image', 308, NULL, NULL, 'custom'),
(28547, 'image/png', 1728676, '1/000/285/47.png', '{\"ratio\": \"16:9\", \"width\": 1920, \"height\": 1080, \"originalName\": \"IDR_THEME_NTP_BACKGROUND.png\"}', 'image', 308, NULL, NULL, 'custom'),
(28548, 'image/png', 1728676, '1/000/285/48.png', '{\"ratio\": \"16:9\", \"width\": 1920, \"height\": 1080, \"originalName\": \"IDR_THEME_NTP_BACKGROUND.png\"}', 'image', 308, NULL, NULL, 'custom'),
(28549, 'image/png', 1728676, '1/000/285/49.png', '{\"ratio\": \"16:9\", \"width\": 1920, \"height\": 1080, \"originalName\": \"IDR_THEME_NTP_BACKGROUND.png\"}', 'image', 308, NULL, NULL, 'custom'),
(28550, 'image/png', 1728676, '1/000/285/50.png', '{\"ratio\": \"16:9\", \"width\": 1920, \"height\": 1080, \"originalName\": \"IDR_THEME_NTP_BACKGROUND.png\"}', 'image', 308, NULL, NULL, 'custom'),
(28588, 'image/jpeg', 21544, '1/000/285/88.jpg', '{\"ratio\": \"110:73\", \"width\": 550, \"height\": 365, \"originalName\": \"628.jpg\", \"editorMetaFile\": \"1/000/285/88.json\"}', 'image', 308, NULL, NULL, 'custom'),
(28598, 'image/jpeg', 22335, '1/000/285/98.', NULL, 'image', NULL, NULL, NULL, 'custom'),
(28599, 'image/jpeg', 21975, '1/000/285/99.jpg', '{\"ratio\": \"110:73\", \"width\": 550, \"height\": 365, \"originalName\": \"628.jpg\", \"editorMetaFile\": \"1/000/285/99.json\"}', 'image', 308, NULL, NULL, 'custom'),
(28600, 'image/jpeg', 162374, '1/000/286/00.jpg', '{\"ratio\": \"16:9\", \"width\": 1920, \"height\": 1080, \"originalName\": \"malthael-1920x1080.jpg\", \"editorMetaFile\": \"1/000/286/00.json\"}', 'image', 308, NULL, NULL, 'custom'),
(28614, 'image/jpeg', 13783, '4/000/286/14.jpeg', '{\"ratio\": \"2:3\", \"width\": 200, \"height\": 300, \"originalName\": \"photo-1558981420-bf351ce8e3ca\"}', 'image', 308, NULL, NULL, 'custom'),
(28615, 'image/jpeg', 13783, '4/000/286/15.jpeg', '{\"ratio\": \"2:3\", \"width\": 200, \"height\": 300, \"originalName\": \"photo-1558981420-bf351ce8e3ca\"}', 'image', 308, NULL, NULL, 'custom'),
(28616, 'image/jpeg', 13783, '4/000/286/16.jpeg', '{\"ratio\": \"2:3\", \"width\": 200, \"height\": 300, \"originalName\": \"photo-1558981420-bf351ce8e3ca\"}', 'image', 308, NULL, NULL, 'custom'),
(28617, 'image/jpeg', 5808, '4/000/286/17.jpeg', '{\"ratio\": \"3:2\", \"width\": 150, \"height\": 100, \"originalName\": \"car-5525025_150.jpg\"}', 'image', 308, NULL, NULL, 'custom'),
(28618, 'image/jpeg', 5808, '4/000/286/18.jpeg', '{\"ratio\": \"3:2\", \"width\": 150, \"height\": 100, \"originalName\": \"car-5525025_150.jpg\"}', 'image', 308, NULL, NULL, 'custom'),
(28619, 'image/jpeg', 3552, '4/000/286/19.jpeg', '{\"ratio\": \"43:65\", \"width\": 86, \"height\": 130, \"originalName\": \"pexels-photo-145947.jpeg\"}', 'image', 308, NULL, NULL, 'custom'),
(28620, 'image/jpeg', 5925, '4/000/286/20.jpeg', '{\"ratio\": \"3:2\", \"width\": 195, \"height\": 130, \"originalName\": \"pexels-photo-1207875.jpeg\"}', 'image', 308, NULL, NULL, 'custom'),
(28623, 'video/mp4', 1377354, '4/000/286/23.mp4', '{\"ratio\": \"16:9\", \"width\": 3840, \"height\": 2160, \"originalName\": \"451326763.sd.mp4\"}', 'video', 308, NULL, NULL, 'custom'),
(28624, 'video/mp4', 1377354, '4/000/286/24.mp4', '{\"ratio\": \"16:9\", \"width\": 3840, \"height\": 2160, \"originalName\": \"451326763.sd.mp4\"}', 'video', 308, NULL, NULL, 'custom'),
(28625, 'video/mp4', 4100788, '4/000/286/25.mp4', '{\"ratio\": \"16:9\", \"width\": 1920, \"height\": 1080, \"originalName\": \"443134049.sd.mp4\"}', 'video', 308, NULL, NULL, 'custom'),
(28626, 'video/mp4', 4100788, '4/000/286/26.mp4', '{\"ratio\": \"16:9\", \"width\": 1920, \"height\": 1080, \"originalName\": \"443134049.sd.mp4\"}', 'video', 308, NULL, NULL, 'custom'),
(28627, 'video/mp4', 4100788, '4/000/286/27.mp4', '{\"ratio\": \"16:9\", \"width\": 1920, \"height\": 1080, \"originalName\": \"443134049.hd.mp4\"}', 'video', 308, NULL, NULL, 'custom'),
(28628, 'video/mp4', 41317206, '4/000/286/28.mp4', '{\"ratio\": \"16:9\", \"width\": 1920, \"height\": 1080, \"originalName\": \"443134049.hd.mp4\"}', 'video', 308, NULL, NULL, 'custom'),
(28629, 'video/mp4', 4100788, '4/000/286/29.mp4', '{\"ratio\": \"16:9\", \"width\": 640, \"height\": 360, \"originalName\": \"443134049.sd.mp4\"}', 'video', 308, NULL, NULL, 'custom'),
(28630, 'video/mp4', 31005422, '4/000/286/30.mp4', '{\"ratio\": \"16:9\", \"width\": 2560, \"height\": 1440, \"originalName\": \"451326763.hd.mp4\"}', 'video', 308, NULL, NULL, 'custom'),
(28631, 'video/mp4', 1377354, '4/000/286/31.mp4', '{\"ratio\": \"16:9\", \"width\": 640, \"height\": 360, \"originalName\": \"451326763.sd.mp4\"}', 'video', 308, NULL, NULL, 'custom'),
(28632, 'image/jpeg', 1223041, '4/000/286/32.jpeg', '{\"ratio\": \"2201:1467\", \"width\": 2201, \"height\": 1467, \"originalName\": \"pexels-photo-210243.jpeg\"}', 'image', 308, NULL, NULL, 'custom'),
(28633, 'image/jpeg', 7363, '4/000/286/33.jpeg', '{\"ratio\": \"3:2\", \"width\": 195, \"height\": 130, \"originalName\": \"pexels-photo-210243.jpeg\"}', 'image', 308, NULL, NULL, 'custom'),
(28634, 'image/jpeg', 255756, '4/000/286/34.jpeg', '{\"ratio\": \"4:3\", \"width\": 1280, \"height\": 960, \"originalName\": \"54e1d5414e51b108f5d0846096293f7e1d3fdce4564c704c7c267bd09149c750_1280.jpg\"}', 'image', 308, NULL, NULL, 'custom'),
(28635, 'image/jpeg', 3371, '4/000/286/35.jpeg', '{\"ratio\": \"75:56\", \"width\": 150, \"height\": 112, \"originalName\": \"doll-210243_150.jpg\"}', 'image', 308, NULL, NULL, 'custom'),
(28636, 'image/jpeg', 16454122, '4/000/286/36.jpeg', '{\"ratio\": \"376:251\", \"width\": 6016, \"height\": 4016, \"originalName\": \"photo-1593642532400-2682810df593\"}', 'image', 308, NULL, NULL, 'custom'),
(28637, 'image/jpeg', 9697, '4/000/286/37.jpeg', '{\"ratio\": \"100:67\", \"width\": 200, \"height\": 134, \"originalName\": \"photo-1593642532400-2682810df593\"}', 'image', 308, NULL, NULL, 'custom'),
(28638, 'video/mp4', 1377354, '4/000/286/38.mp4', '{\"ratio\": \"16:9\", \"width\": 640, \"height\": 360, \"originalName\": \"451326763.sd.mp4\"}', 'video', 308, NULL, NULL, 'custom'),
(28641, 'image/jpeg', 30424, '4/000/286/41.jpeg', '{\"ratio\": \"40:21\", \"width\": 1200, \"height\": 630, \"originalName\": \"aerial-agriculture-ancient-bright-5188727.jpeg\"}', 'preview', 308, NULL, NULL, 'custom'),
(28642, 'video/mp4', 31005422, '4/000/286/42.mp4', '{\"ratio\": \"16:9\", \"width\": 2560, \"height\": 1440, \"originalName\": \"451326763.hd.mp4\"}', 'video', 308, 28641, NULL, 'custom'),
(28643, 'image/jpeg', 75615, '1/000/286/43.jpg', '{\"ratio\": \"25:27\", \"width\": 1000, \"height\": 1080, \"originalName\": \"6153264.jpg\"}', 'image', 188, NULL, 'facebook,linkedIn,twitter', 'custom'),
(28644, 'image/jpeg', 3853657, '1/000/286/44.jpg', '{\"ratio\": \"2699:1799\", \"width\": 5398, \"height\": 3598, \"originalName\": \"bigstock--159229352.jpg\"}', 'image', 188, NULL, 'facebook,linkedIn,twitter', 'custom'),
(28647, 'image/jpeg', 1223041, '4/000/286/47.jpeg', '{\"ratio\": \"2201:1467\", \"width\": 2201, \"height\": 1467, \"originalName\": \"pexels-photo-210243.jpeg\"}', 'image', 308, NULL, NULL, 'custom'),
(28648, 'image/jpeg', 30424, '4/000/286/48.jpeg', '{\"ratio\": \"40:21\", \"width\": 1200, \"height\": 630, \"originalName\": \"aerial-agriculture-ancient-bright-5188727.jpeg\"}', 'preview', 308, NULL, NULL, 'custom'),
(28649, 'video/mp4', 31005422, '4/000/286/49.mp4', '{\"ratio\": \"16:9\", \"width\": 2560, \"height\": 1440, \"originalName\": \"451326763.hd.mp4\"}', 'video', 308, 28648, NULL, 'custom'),
(28650, 'image/jpeg', 242669, '4/000/286/50.jpeg', '{\"ratio\": \"128:85\", \"width\": 1280, \"height\": 850, \"originalName\": \"53e5d7464a50a914f6da8c7dda7936761537dee752546c48702672d5944dc751b8_1280.jpg\"}', 'image', 308, NULL, NULL, 'custom');
INSERT INTO `cms__file_static` (`fileID`, `mime`, `size`, `realPath`, `data`, `type`, `organizationID`, `previewFileID`, `socialChannel`, `systemType`) VALUES
(28651, 'image/jpeg', 87643, '4/000/286/51.jpeg', '{\"ratio\": \"16:9\", \"width\": 960, \"height\": 540, \"originalName\": \"950135272_960x540.jpg\"}', 'preview', 308, NULL, NULL, 'custom'),
(28652, 'video/mp4', 15441385, '4/000/286/52.mp4', '{\"ratio\": \"16:9\", \"width\": 1920, \"height\": 1080, \"originalName\": \"453668099.hd.mp4\"}', 'video', 308, 28651, NULL, 'custom'),
(28653, 'image/jpeg', 11025209, '4/000/286/53.jpeg', '{\"ratio\": \"2:3\", \"width\": 7232, \"height\": 10848, \"originalName\": \"photo-1598929440176-7eeb8b1a6cc5\"}', 'image', 308, NULL, NULL, 'custom'),
(28654, 'image/jpeg', 1223041, '4/000/286/54.jpeg', '{\"ratio\": \"2201:1467\", \"width\": 2201, \"height\": 1467, \"originalName\": \"pexels-photo-210243.jpeg\"}', 'image', 308, NULL, NULL, 'custom'),
(28655, 'image/jpeg', 1223041, '4/000/286/55.jpeg', '{\"ratio\": \"2201:1467\", \"width\": 2201, \"height\": 1467, \"originalName\": \"pexels-photo-210243.jpeg\"}', 'image', 308, NULL, NULL, 'custom'),
(28656, 'image/jpeg', 30424, '4/000/286/56.jpeg', '{\"ratio\": \"40:21\", \"width\": 1200, \"height\": 630, \"originalName\": \"aerial-agriculture-ancient-bright-5188727.jpeg\"}', 'preview', 308, NULL, NULL, 'custom'),
(28657, 'video/mp4', 31005422, '4/000/286/57.mp4', '{\"ratio\": \"16:9\", \"width\": 2560, \"height\": 1440, \"originalName\": \"451326763.hd.mp4\"}', 'video', 308, 28656, NULL, 'custom'),
(28658, 'image/jpeg', 242669, '4/000/286/58.jpeg', '{\"ratio\": \"128:85\", \"width\": 1280, \"height\": 850, \"originalName\": \"53e5d7464a50a914f6da8c7dda7936761537dee752546c48702672d5944dc751b8_1280.jpg\"}', 'image', 308, NULL, NULL, 'custom'),
(28659, 'image/jpeg', 87643, '4/000/286/59.jpeg', '{\"ratio\": \"16:9\", \"width\": 960, \"height\": 540, \"originalName\": \"950135272_960x540.jpg\"}', 'preview', 308, NULL, NULL, 'custom'),
(28660, 'video/mp4', 15441385, '4/000/286/60.mp4', '{\"ratio\": \"16:9\", \"width\": 1920, \"height\": 1080, \"originalName\": \"453668099.hd.mp4\"}', 'video', 308, 28659, NULL, 'custom'),
(28661, 'image/jpeg', 11025209, '4/000/286/61.jpeg', '{\"ratio\": \"2:3\", \"width\": 7232, \"height\": 10848, \"originalName\": \"photo-1598929440176-7eeb8b1a6cc5\"}', 'image', 308, NULL, NULL, 'custom'),
(28662, 'image/jpeg', 1223041, '4/000/286/62.jpeg', '{\"ratio\": \"2201:1467\", \"width\": 2201, \"height\": 1467, \"originalName\": \"pexels-photo-210243.jpeg\"}', 'image', 308, NULL, NULL, 'custom'),
(28663, 'image/jpeg', 30424, '4/000/286/63.jpeg', '{\"ratio\": \"40:21\", \"width\": 1200, \"height\": 630, \"originalName\": \"aerial-agriculture-ancient-bright-5188727.jpeg\"}', 'preview', 308, NULL, NULL, 'custom'),
(28664, 'video/mp4', 31005422, '4/000/286/64.mp4', '{\"ratio\": \"16:9\", \"width\": 2560, \"height\": 1440, \"originalName\": \"451326763.hd.mp4\"}', 'video', 308, 28663, NULL, 'custom'),
(28665, 'image/jpeg', 242669, '4/000/286/65.jpeg', '{\"ratio\": \"128:85\", \"width\": 1280, \"height\": 850, \"originalName\": \"53e5d7464a50a914f6da8c7dda7936761537dee752546c48702672d5944dc751b8_1280.jpg\"}', 'image', 308, NULL, NULL, 'custom'),
(28666, 'image/jpeg', 87643, '4/000/286/66.jpeg', '{\"ratio\": \"16:9\", \"width\": 960, \"height\": 540, \"originalName\": \"950135272_960x540.jpg\"}', 'preview', 308, NULL, NULL, 'custom'),
(28667, 'video/mp4', 15441385, '4/000/286/67.mp4', '{\"ratio\": \"16:9\", \"width\": 1920, \"height\": 1080, \"originalName\": \"453668099.hd.mp4\"}', 'video', 308, 28666, NULL, 'custom'),
(28668, 'image/jpeg', 11025209, '4/000/286/68.jpeg', '{\"ratio\": \"2:3\", \"width\": 7232, \"height\": 10848, \"originalName\": \"photo-1598929440176-7eeb8b1a6cc5\"}', 'image', 308, NULL, NULL, 'custom'),
(28669, 'image/jpeg', 1223041, '4/000/286/69.jpeg', '{\"ratio\": \"2201:1467\", \"width\": 2201, \"height\": 1467, \"originalName\": \"pexels-photo-210243.jpeg\"}', 'image', 308, NULL, NULL, 'custom'),
(28670, 'image/jpeg', 30424, '4/000/286/70.jpeg', '{\"ratio\": \"40:21\", \"width\": 1200, \"height\": 630, \"originalName\": \"aerial-agriculture-ancient-bright-5188727.jpeg\"}', 'preview', 308, NULL, NULL, 'custom'),
(28671, 'video/mp4', 31005422, '4/000/286/71.mp4', '{\"ratio\": \"16:9\", \"width\": 2560, \"height\": 1440, \"originalName\": \"451326763.hd.mp4\"}', 'video', 308, 28670, NULL, 'custom'),
(28672, 'image/jpeg', 242669, '4/000/286/72.jpeg', '{\"ratio\": \"128:85\", \"width\": 1280, \"height\": 850, \"originalName\": \"53e5d7464a50a914f6da8c7dda7936761537dee752546c48702672d5944dc751b8_1280.jpg\"}', 'image', 308, NULL, NULL, 'custom'),
(28673, 'image/jpeg', 87643, '4/000/286/73.jpeg', '{\"ratio\": \"16:9\", \"width\": 960, \"height\": 540, \"originalName\": \"950135272_960x540.jpg\"}', 'preview', 308, NULL, NULL, 'custom'),
(28674, 'video/mp4', 15441385, '4/000/286/74.mp4', '{\"ratio\": \"16:9\", \"width\": 1920, \"height\": 1080, \"originalName\": \"453668099.hd.mp4\"}', 'video', 308, 28673, NULL, 'custom'),
(28675, 'image/jpeg', 11025209, '4/000/286/75.jpeg', '{\"ratio\": \"2:3\", \"width\": 7232, \"height\": 10848, \"originalName\": \"photo-1598929440176-7eeb8b1a6cc5\"}', 'image', 308, NULL, NULL, 'custom'),
(28676, 'image/jpeg', 1223041, '4/000/286/76.jpeg', '{\"ratio\": \"2201:1467\", \"width\": 2201, \"height\": 1467, \"originalName\": \"pexels-photo-210243.jpeg\"}', 'image', 308, NULL, NULL, 'custom'),
(28677, 'image/jpeg', 30424, '4/000/286/77.jpeg', '{\"ratio\": \"40:21\", \"width\": 1200, \"height\": 630, \"originalName\": \"aerial-agriculture-ancient-bright-5188727.jpeg\"}', 'preview', 308, NULL, NULL, 'custom'),
(28678, 'video/mp4', 31005422, '4/000/286/78.mp4', '{\"ratio\": \"16:9\", \"width\": 2560, \"height\": 1440, \"originalName\": \"451326763.hd.mp4\"}', 'video', 308, 28677, NULL, 'custom'),
(28679, 'image/jpeg', 242669, '4/000/286/79.jpeg', '{\"ratio\": \"128:85\", \"width\": 1280, \"height\": 850, \"originalName\": \"53e5d7464a50a914f6da8c7dda7936761537dee752546c48702672d5944dc751b8_1280.jpg\"}', 'image', 308, NULL, NULL, 'custom'),
(28680, 'image/jpeg', 87643, '4/000/286/80.jpeg', '{\"ratio\": \"16:9\", \"width\": 960, \"height\": 540, \"originalName\": \"950135272_960x540.jpg\"}', 'preview', 308, NULL, NULL, 'custom'),
(28681, 'video/mp4', 15441385, '4/000/286/81.mp4', '{\"ratio\": \"16:9\", \"width\": 1920, \"height\": 1080, \"originalName\": \"453668099.hd.mp4\"}', 'video', 308, 28680, NULL, 'custom'),
(28682, 'image/jpeg', 11025209, '4/000/286/82.jpeg', '{\"ratio\": \"2:3\", \"width\": 7232, \"height\": 10848, \"originalName\": \"photo-1598929440176-7eeb8b1a6cc5\"}', 'image', 308, NULL, NULL, 'custom'),
(28683, 'image/jpeg', 1223041, '4/000/286/83.jpeg', '{\"ratio\": \"2201:1467\", \"width\": 2201, \"height\": 1467, \"originalName\": \"pexels-photo-210243.jpeg\"}', 'image', 308, NULL, NULL, 'custom'),
(28684, 'image/jpeg', 7363, '4/000/286/84.jpeg', '{\"ratio\": \"3:2\", \"width\": 195, \"height\": 130, \"originalName\": \"pexels-photo-210243.jpeg\"}', 'image', 308, NULL, NULL, 'custom'),
(28685, 'image/jpeg', 30424, '4/000/286/85.jpeg', '{\"ratio\": \"40:21\", \"width\": 1200, \"height\": 630, \"originalName\": \"aerial-agriculture-ancient-bright-5188727.jpeg\"}', 'preview', 308, NULL, NULL, 'custom'),
(28686, 'video/mp4', 31005422, '4/000/286/86.mp4', '{\"ratio\": \"16:9\", \"width\": 2560, \"height\": 1440, \"originalName\": \"451326763.hd.mp4\"}', 'video', 308, 28685, NULL, 'custom'),
(28687, 'image/jpeg', 30424, '4/000/286/87.jpeg', '{\"ratio\": \"40:21\", \"width\": 1200, \"height\": 630, \"originalName\": \"aerial-agriculture-ancient-bright-5188727.jpeg\"}', 'preview', 308, NULL, NULL, 'custom'),
(28688, 'video/mp4', 1377354, '4/000/286/88.mp4', '{\"ratio\": \"16:9\", \"width\": 640, \"height\": 360, \"originalName\": \"451326763.sd.mp4\"}', 'video', 308, 28687, NULL, 'custom'),
(28689, 'image/jpeg', 242669, '4/000/286/89.jpeg', '{\"ratio\": \"128:85\", \"width\": 1280, \"height\": 850, \"originalName\": \"53e5d7464a50a914f6da8c7dda7936761537dee752546c48702672d5944dc751b8_1280.jpg\"}', 'image', 308, NULL, NULL, 'custom'),
(28690, 'image/jpeg', 5808, '4/000/286/90.jpeg', '{\"ratio\": \"3:2\", \"width\": 150, \"height\": 100, \"originalName\": \"car-5525025_150.jpg\"}', 'image', 308, NULL, NULL, 'custom'),
(28691, 'image/jpeg', 87643, '4/000/286/91.jpeg', '{\"ratio\": \"16:9\", \"width\": 960, \"height\": 540, \"originalName\": \"950135272_960x540.jpg\"}', 'preview', 308, NULL, NULL, 'custom'),
(28692, 'video/mp4', 15441385, '4/000/286/92.mp4', '{\"ratio\": \"16:9\", \"width\": 1920, \"height\": 1080, \"originalName\": \"453668099.hd.mp4\"}', 'video', 308, 28691, NULL, 'custom'),
(28693, 'image/jpeg', 87643, '4/000/286/93.jpeg', '{\"ratio\": \"16:9\", \"width\": 960, \"height\": 540, \"originalName\": \"950135272_960x540.jpg\"}', 'preview', 308, NULL, NULL, 'custom'),
(28694, 'video/mp4', 1735563, '4/000/286/94.mp4', '{\"ratio\": \"16:9\", \"width\": 640, \"height\": 360, \"originalName\": \"453668099.sd.mp4\"}', 'video', 308, 28693, NULL, 'custom'),
(28695, 'image/jpeg', 11025209, '4/000/286/95.jpeg', '{\"ratio\": \"2:3\", \"width\": 7232, \"height\": 10848, \"originalName\": \"photo-1598929440176-7eeb8b1a6cc5\"}', 'image', 308, NULL, NULL, 'custom'),
(28696, 'image/jpeg', 13249, '4/000/286/96.jpeg', '{\"ratio\": \"2:3\", \"width\": 200, \"height\": 300, \"originalName\": \"photo-1598929440176-7eeb8b1a6cc5\"}', 'image', 308, NULL, NULL, 'custom'),
(28697, 'image/jpeg', 309790, '1/000/286/97.jpg', '{\"ratio\": \"16:9\", \"width\": 1920, \"height\": 1080, \"originalName\": \"malthael-1920x1080.jpg\"}', 'image', 308, NULL, NULL, 'custom'),
(28698, 'image/jpeg', 150721, '1/000/286/98.jpg', '{\"ratio\": \"16:9\", \"width\": 1920, \"height\": 1080, \"originalName\": \"malthael-1920x1080.jpg\", \"editorMetaFile\": \"1/000/286/98.json\"}', 'image', 308, NULL, NULL, 'custom'),
(28699, 'image/jpeg', 153434, '1/000/286/99.jpg', '{\"ratio\": \"16:9\", \"width\": 1920, \"height\": 1080, \"originalName\": \"malthael-1920x1080.jpg\", \"editorMetaFile\": \"1/000/286/99.json\"}', 'image', 308, NULL, NULL, 'custom'),
(28700, 'image/jpeg', 21667, '1/000/287/00.jpg', '{\"ratio\": \"110:73\", \"width\": 550, \"height\": 365, \"originalName\": \"628.jpg\", \"editorMetaFile\": \"1/000/287/00.json\"}', 'image', 308, NULL, NULL, 'custom'),
(28701, 'image/jpeg', 248943, '1/000/287/01.jpg', '{\"ratio\": \"16:9\", \"width\": 1920, \"height\": 1080, \"originalName\": \"bg.jpg\"}', 'image', 308, NULL, NULL, 'custom'),
(28707, 'image/png', 63636, '1/000/287/07.png', '{\"ratio\": \"9:13\", \"width\": 180, \"height\": 260, \"originalName\": \"profil260x180.png\"}', 'image', 308, NULL, NULL, 'custom'),
(28709, 'image/jpeg', 129979, '4/000/287/09.jpg', '{\"ratio\": \"16:9\", \"width\": 1200, \"height\": 675, \"originalName\": \"Ef4CxDQWsAEjjrm.jpg\"}', 'image', 308, NULL, NULL, 'custom'),
(28710, 'image/jpeg', 88369, '4/000/287/10.jpg', '{\"ratio\": \"16:9\", \"width\": 1200, \"height\": 675, \"originalName\": \"Efs-8itWkAcUWmH.jpg\", \"editorMetaFile\": \"4/000/287/10.json\"}', 'image', 308, NULL, NULL, 'custom'),
(28711, 'image/jpeg', 58420, '4/000/287/11.jpg', '{\"ratio\": \"235:197\", \"width\": 940, \"height\": 788, \"originalName\": \"Efs84g1WkAUTueb.jpg\"}', 'image', 308, NULL, NULL, 'custom'),
(28712, 'image/jpeg', 171674, '4/000/287/12.jpg', '{\"ratio\": \"1:1\", \"width\": 1000, \"height\": 1000, \"originalName\": \"Efs2ke2WkAA5g4o.jpg\", \"editorMetaFile\": \"4/000/287/12.json\"}', 'image', 308, NULL, NULL, 'custom'),
(28713, 'image/jpeg', 171674, '4/000/287/13.jpg', '{\"ratio\": \"1:1\", \"width\": 1000, \"height\": 1000, \"originalName\": \"EfsvfkKX0AE1I30.jpg\"}', 'image', 308, NULL, NULL, 'custom'),
(28714, 'image/jpeg', 171674, '4/000/287/14.jpg', '{\"ratio\": \"1:1\", \"width\": 1000, \"height\": 1000, \"originalName\": \"EfsvP06X0AEV7yh.jpg\"}', 'image', 308, NULL, NULL, 'custom'),
(28715, 'image/jpeg', 171674, '4/000/287/15.jpg', '{\"ratio\": \"1:1\", \"width\": 1000, \"height\": 1000, \"originalName\": \"EfsvC_VXoAAqlBk.jpg\"}', 'image', 308, NULL, NULL, 'custom'),
(28716, 'image/jpeg', 171674, '4/000/287/16.jpg', '{\"ratio\": \"1:1\", \"width\": 1000, \"height\": 1000, \"originalName\": \"Efs2ke2WkAA5g4o.jpg\"}', 'image', 188, NULL, NULL, 'custom'),
(28717, 'image/jpeg', 171674, '4/000/287/17.jpg', '{\"ratio\": \"1:1\", \"width\": 1000, \"height\": 1000, \"originalName\": \"EfsvfkKX0AE1I30.jpg\", \"editorMetaFile\": \"4/000/287/17.json\"}', 'image', 188, NULL, NULL, 'custom'),
(28718, 'image/jpeg', 171674, '4/000/287/18.jpg', '{\"ratio\": \"1:1\", \"width\": 1000, \"height\": 1000, \"originalName\": \"EfsvP06X0AEV7yh.jpg\", \"editorMetaFile\": \"4/000/287/18.json\"}', 'image', 188, NULL, NULL, 'custom'),
(28719, 'image/jpeg', 171674, '4/000/287/19.jpg', '{\"ratio\": \"1:1\", \"width\": 1000, \"height\": 1000, \"originalName\": \"EfsvC_VXoAAqlBk.jpg\", \"editorMetaFile\": \"4/000/287/19.json\"}', 'image', 188, NULL, NULL, 'custom'),
(28729, 'image/jpeg', 74291, '1/000/287/29.jpg', '{\"ratio\": \"1:1\", \"width\": 1000, \"height\": 1000, \"originalName\": \"57623765_388778465183550_3548665004028854272_o.jpg\", \"editorMetaFile\": \"1/000/287/29.json\"}', 'image', 308, NULL, NULL, 'custom'),
(28731, 'video/mp4', 1540775, '1/000/287/31.mp4', '{\"is360\": false, \"originalName\": \"55338592_1917539928351871_8589359693447561216_n.mp4\"}', 'video', 308, 28732, NULL, 'custom'),
(28732, 'image/png', 108313, '1/000/287/32.png', NULL, 'preview', NULL, NULL, NULL, 'custom'),
(28734, 'image/jpeg', 100372, '1/000/287/34.jpg', '{\"ratio\": \"1:1\", \"width\": 416, \"height\": 416, \"originalName\": \"872892120.jpg\"}', 'image', 188, NULL, 'facebook,linkedIn,twitter', 'custom'),
(28736, 'image/jpeg', 47579, '1/000/287/36.jpg', '{\"ratio\": \"16:9\", \"width\": 960, \"height\": 540, \"originalName\": \"81033003_2772964966128588_3050804755992412160_n.jpg\"}', 'image', 308, NULL, NULL, 'custom'),
(28739, 'image/png', 877232, '1/000/287/39.png', '{\"ratio\": \"34:33\", \"width\": 1462, \"height\": 1419, \"originalName\": \"SMD_Logo.png\"}', 'image', 188, NULL, 'facebook,linkedIn,twitter', 'custom'),
(28740, 'image/jpeg', 6902606, '1/000/287/40.jpg', '{\"ratio\": \"77:51\", \"width\": 4928, \"height\": 3264, \"originalName\": \"PIM_02.jpg\", \"editorMetaFile\": \"1/000/287/40.json\"}', 'image', 188, NULL, 'facebook,linkedIn,twitter', 'custom'),
(28741, 'image/jpeg', 32861, '1/000/287/41.jpg', '{\"ratio\": \"626:417\", \"width\": 626, \"height\": 417, \"originalName\": \"electric-ball-with-light-effect_52683-29905.jpg\", \"editorMetaFile\": \"1/000/287/41.json\"}', 'image', 308, NULL, NULL, 'custom'),
(28744, 'image/png', 1497514, '1/000/287/44.png', '{\"ratio\": \"32:23\", \"width\": 1024, \"height\": 736, \"originalName\": \"pngegg.png\"}', 'image', 278, NULL, 'facebook,linkedIn,twitter', 'custom'),
(28745, 'image/jpeg', 2526523, '1/000/287/45.jpg', '{\"ratio\": \"1421:947\", \"width\": 4272, \"height\": 2847, \"originalName\": \"tobias-bjerknes-pu40LpUjv5I-unsplash.jpg\", \"editorMetaFile\": \"1/000/287/45.json\"}', 'image', 308, NULL, NULL, 'custom'),
(28746, 'image/jpeg', 263224, '1/000/287/46.jpg', '{\"ratio\": \"244:325\", \"width\": 488, \"height\": 650, \"originalName\": \"Hidrogén-üzemanyagcella-alkalmazások.jpg\", \"editorMetaFile\": \"1/000/287/46.json\"}', 'image', 308, NULL, NULL, 'custom'),
(28747, 'image/jpeg', 63387, '1/000/287/47.jpg', '{\"ratio\": \"16:9\", \"width\": 960, \"height\": 540, \"originalName\": \"ThreatWise_TV_RSA_2019.jpg\", \"editorMetaFile\": \"1/000/287/47.json\"}', 'image', 188, NULL, 'facebook', 'custom'),
(28749, 'image/jpeg', 45184, '1/000/287/49.jpeg', '{\"ratio\": \"4:3\", \"width\": 640, \"height\": 480, \"originalName\": \"iot.jpeg\"}', 'image', 308, NULL, NULL, 'custom'),
(28750, 'image/jpeg', 9496, '1/000/287/50.png', '{\"ratio\": \"49:60\", \"width\": 245, \"height\": 300, \"originalName\": \"apiman_logo-245x300.png\", \"editorMetaFile\": \"1/000/287/50.json\"}', 'image', 308, NULL, NULL, 'custom'),
(28754, 'image/png', 54001, '1/000/287/54.png', '{\"ratio\": \"831:293\", \"width\": 831, \"height\": 293, \"originalName\": \"SMD_Logo_with_text_v7 (2).png\"}', 'image', 188, NULL, 'facebook,linkedIn,twitter', 'custom'),
(28755, 'image/jpeg', 4443202, '1/000/287/55.jpg', '{\"ratio\": \"8:5\", \"width\": 5472, \"height\": 3420, \"originalName\": \"antonio-grosz-OIzy-UubqrE-unsplash.jpg\", \"editorMetaFile\": \"1/000/287/55.json\"}', 'image', 308, NULL, NULL, 'custom'),
(28756, 'image/jpeg', 7606, '1/000/287/56.png', '{\"editorMetaFile\": \"1/000/287/56.json\"}', 'image', 308, NULL, NULL, 'custom'),
(28757, 'image/jpeg', 384028, '1/000/287/57.jpg', '{\"ratio\": \"1:1\", \"width\": 2047, \"height\": 2047, \"originalName\": \"39685827_2057191077658288_2328164336503095296_o.jpg\"}', 'image', 308, NULL, NULL, 'custom'),
(28773, 'image/jpeg', 384028, '1/000/287/73.jpg', '{\"ratio\": \"1:1\", \"width\": 2047, \"height\": 2047, \"originalName\": \"39685827_2057191077658288_2328164336503095296_o.jpg\", \"editorMetaFile\": \"1/000/287/73.json\"}', 'image', 308, NULL, NULL, 'custom'),
(28774, 'image/jpeg', 384028, '1/000/287/74.jpg', '{\"ratio\": \"1:1\", \"width\": 2047, \"height\": 2047, \"originalName\": \"39685827_2057191077658288_2328164336503095296_o.jpg\", \"editorMetaFile\": \"1/000/287/74.json\"}', 'image', 308, NULL, NULL, 'custom'),
(28775, 'image/jpeg', 384028, '1/000/287/75.jpg', '{\"ratio\": \"1:1\", \"width\": 2047, \"height\": 2047, \"originalName\": \"39685827_2057191077658288_2328164336503095296_o.jpg\", \"editorMetaFile\": \"1/000/287/75.json\"}', 'image', 308, NULL, NULL, 'custom'),
(28776, 'image/jpeg', 1135230, '1/000/287/76.jpg', '{\"ratio\": \"8:5\", \"width\": 1920, \"height\": 1200, \"originalName\": \"92066.jpg\"}', 'image', 378, NULL, NULL, 'custom'),
(28777, 'image/jpeg', 1135230, '1/000/287/77.jpg', '{\"ratio\": \"8:5\", \"width\": 1920, \"height\": 1200, \"originalName\": \"92066.jpg\", \"editorMetaFile\": \"1/000/287/77.json\"}', 'image', 378, NULL, NULL, 'custom'),
(28778, 'image/jpeg', 1135230, '1/000/287/78.jpg', '{\"ratio\": \"8:5\", \"width\": 1920, \"height\": 1200, \"originalName\": \"92066.jpg\", \"editorMetaFile\": \"1/000/287/78.json\"}', 'image', 378, NULL, NULL, 'custom'),
(28779, 'image/jpeg', 1135230, '1/000/287/79.jpg', '{\"ratio\": \"8:5\", \"width\": 1920, \"height\": 1200, \"originalName\": \"92066.jpg\", \"editorMetaFile\": \"1/000/287/79.json\"}', 'image', 378, NULL, NULL, 'custom'),
(28780, 'image/jpeg', 384028, '1/000/287/80.jpg', '{\"ratio\": \"1:1\", \"width\": 2047, \"height\": 2047, \"originalName\": \"39685827_2057191077658288_2328164336503095296_o.jpg\", \"editorMetaFile\": \"1/000/287/80.json\"}', 'image', 308, NULL, NULL, 'custom'),
(28781, 'image/jpeg', 384028, '1/000/287/81.jpg', '{\"ratio\": \"1:1\", \"width\": 2047, \"height\": 2047, \"originalName\": \"39685827_2057191077658288_2328164336503095296_o.jpg\", \"editorMetaFile\": \"1/000/287/81.json\"}', 'image', 308, NULL, NULL, 'custom'),
(28782, 'image/jpeg', 384028, '1/000/287/82.jpg', '{\"ratio\": \"1:1\", \"width\": 2047, \"height\": 2047, \"originalName\": \"39685827_2057191077658288_2328164336503095296_o.jpg\", \"editorMetaFile\": \"1/000/287/82.json\"}', 'image', 308, NULL, NULL, 'custom'),
(28783, 'image/png', 63636, '1/000/287/83.png', '{\"ratio\": \"9:13\", \"width\": 180, \"height\": 260, \"originalName\": \"profil260x180.png\"}', 'image', 308, NULL, NULL, 'custom'),
(28784, 'image/png', 63636, '1/000/287/84.png', '{\"ratio\": \"9:13\", \"width\": 180, \"height\": 260, \"originalName\": \"profil260x180.png\", \"editorMetaFile\": \"1/000/287/84.json\"}', 'image', 308, NULL, NULL, 'custom'),
(28785, 'image/png', 63636, '1/000/287/85.png', '{\"ratio\": \"9:13\", \"width\": 180, \"height\": 260, \"originalName\": \"profil260x180.png\", \"editorMetaFile\": \"1/000/287/85.json\"}', 'image', 308, NULL, NULL, 'custom'),
(28786, 'image/png', 63636, '1/000/287/86.png', '{\"ratio\": \"9:13\", \"width\": 180, \"height\": 260, \"originalName\": \"profil260x180.png\", \"editorMetaFile\": \"1/000/287/86.json\"}', 'image', 308, NULL, NULL, 'custom'),
(28791, 'image/png', 16723, '1/000/287/91.png', '{\"ratio\": \"5:3\", \"width\": 500, \"height\": 300, \"originalName\": \"mapei-logo-500x300.png\"}', 'image', 308, NULL, NULL, 'custom'),
(28792, 'image/jpeg', 842123, '1/000/287/92.jpg', '{\"ratio\": \"2:3\", \"width\": 2000, \"height\": 3000, \"originalName\": \"huper-by-joshua-earle-VCVSz1DGumU-unsplash.jpg\"}', 'image', 308, NULL, NULL, 'custom'),
(28793, 'image/png', 63636, '1/000/287/93.png', '{\"ratio\": \"9:13\", \"width\": 180, \"height\": 260, \"originalName\": \"profil260x180.png\"}', 'image', 308, NULL, NULL, 'custom'),
(28794, 'image/png', 63636, '1/000/287/94.png', '{\"ratio\": \"9:13\", \"width\": 180, \"height\": 260, \"originalName\": \"profil260x180.png\", \"editorMetaFile\": \"1/000/287/94.json\"}', 'image', 308, NULL, NULL, 'custom'),
(28795, 'image/png', 16723, '1/000/287/95.png', '{\"ratio\": \"5:3\", \"width\": 500, \"height\": 300, \"originalName\": \"mapei-logo-500x300.png\", \"editorMetaFile\": \"1/000/287/95.json\"}', 'image', 308, NULL, NULL, 'custom'),
(28796, 'image/png', 1024113, '1/000/287/96.png', '{\"ratio\": \"400:277\", \"width\": 800, \"height\": 554, \"originalName\": \"image (3).png\"}', 'image', 308, NULL, NULL, 'custom'),
(28797, 'image/png', 1024113, '1/000/287/97.png', '{\"ratio\": \"400:277\", \"width\": 800, \"height\": 554, \"originalName\": \"image (3).png\", \"editorMetaFile\": \"1/000/287/97.json\"}', 'image', 308, NULL, NULL, 'custom'),
(28798, 'image/jpeg', 4443202, '1/000/287/98.jpg', '{\"ratio\": \"8:5\", \"width\": 5472, \"height\": 3420, \"originalName\": \"antonio-grosz-OIzy-UubqrE-unsplash.jpg\"}', 'image', 308, NULL, NULL, 'custom'),
(28799, 'image/jpeg', 4443202, '1/000/287/99.jpg', '{\"ratio\": \"8:5\", \"width\": 5472, \"height\": 3420, \"originalName\": \"antonio-grosz-OIzy-UubqrE-unsplash.jpg\", \"editorMetaFile\": \"1/000/287/99.json\"}', 'image', 308, NULL, NULL, 'custom'),
(28800, 'image/jpeg', 4443202, '1/000/288/0.jpg', '{\"ratio\": \"8:5\", \"width\": 5472, \"height\": 3420, \"originalName\": \"antonio-grosz-OIzy-UubqrE-unsplash.jpg\", \"editorMetaFile\": \"1/000/288/0.json\"}', 'image', 308, NULL, NULL, 'custom'),
(28801, 'image/png', 1024113, '1/000/288/1.png', '{\"ratio\": \"400:277\", \"width\": 800, \"height\": 554, \"originalName\": \"image (3).png\", \"editorMetaFile\": \"1/000/288/1.json\"}', 'image', 308, NULL, NULL, 'custom'),
(28802, 'image/jpeg', 4443202, '1/000/288/2.jpg', '{\"ratio\": \"8:5\", \"width\": 5472, \"height\": 3420, \"originalName\": \"antonio-grosz-OIzy-UubqrE-unsplash.jpg\", \"editorMetaFile\": \"1/000/288/2.json\"}', 'image', 308, NULL, NULL, 'custom'),
(28803, 'image/png', 63636, '1/000/288/3.png', '{\"ratio\": \"9:13\", \"width\": 180, \"height\": 260, \"originalName\": \"profil260x180.png\", \"editorMetaFile\": \"1/000/288/3.json\"}', 'image', 308, NULL, NULL, 'custom'),
(28804, 'image/png', 63636, '1/000/288/4.png', '{\"ratio\": \"9:13\", \"width\": 180, \"height\": 260, \"originalName\": \"profil260x180.png\", \"editorMetaFile\": \"1/000/288/4.json\"}', 'image', 308, NULL, NULL, 'custom'),
(28805, 'image/jpeg', 4443202, '1/000/288/5.jpg', '{\"ratio\": \"8:5\", \"width\": 5472, \"height\": 3420, \"originalName\": \"antonio-grosz-OIzy-UubqrE-unsplash.jpg\", \"editorMetaFile\": \"1/000/288/5.json\"}', 'image', 308, NULL, NULL, 'custom'),
(28806, 'image/jpeg', 14562432, '1/000/288/06.jpg', '{\"ratio\": \"8:5\", \"width\": 5472, \"height\": 3420, \"originalName\": \"antonio-grosz-OIzy-UubqrE-unsplash.jpg\", \"editorMetaFile\": \"1/000/288/06.json\"}', 'image', 308, NULL, NULL, 'custom'),
(28807, 'image/jpeg', 14562432, '1/000/288/7.jpg', '{\"ratio\": \"8:5\", \"width\": 5472, \"height\": 3420, \"originalName\": \"antonio-grosz-OIzy-UubqrE-unsplash.jpg\", \"editorMetaFile\": \"1/000/288/7.json\"}', 'image', 308, NULL, NULL, 'custom'),
(28808, 'image/jpeg', 2523198, '1/000/288/08.jpg', '{\"ratio\": \"3:2\", \"width\": 5568, \"height\": 3712, \"originalName\": \"chuttersnap-Odc4dcsjUBw-unsplash.jpg\"}', 'image', 308, NULL, NULL, 'custom'),
(28809, 'image/jpeg', 2523198, '1/000/288/9.jpg', '{\"ratio\": \"3:2\", \"width\": 5568, \"height\": 3712, \"originalName\": \"chuttersnap-Odc4dcsjUBw-unsplash.jpg\", \"editorMetaFile\": \"1/000/288/9.json\"}', 'image', 308, NULL, NULL, 'custom'),
(28810, 'image/jpeg', 2523198, '1/000/288/10.jpg', '{\"ratio\": \"3:2\", \"width\": 5568, \"height\": 3712, \"originalName\": \"chuttersnap-Odc4dcsjUBw-unsplash.jpg\", \"editorMetaFile\": \"1/000/288/10.json\"}', 'image', 308, NULL, NULL, 'custom'),
(28811, 'image/jpeg', 2523198, '1/000/288/11.jpg', '{\"ratio\": \"3:2\", \"width\": 5568, \"height\": 3712, \"originalName\": \"chuttersnap-Odc4dcsjUBw-unsplash.jpg\", \"editorMetaFile\": \"1/000/288/11.json\"}', 'image', 308, NULL, 'facebook,linkedIn,twitter', 'custom'),
(28812, 'image/jpeg', 2523198, '1/000/288/12.jpg', '{\"ratio\": \"3:2\", \"width\": 5568, \"height\": 3712, \"originalName\": \"chuttersnap-Odc4dcsjUBw-unsplash.jpg\", \"editorMetaFile\": \"1/000/288/12.json\"}', 'image', 308, NULL, NULL, 'custom'),
(28813, 'image/jpeg', 63387, '1/000/288/13.jpg', '{\"ratio\": \"16:9\", \"width\": 960, \"height\": 540, \"originalName\": \"ThreatWise_TV_RSA_2019.jpg\", \"editorMetaFile\": \"1/000/288/13.json\"}', 'image', 188, NULL, 'facebook', 'custom'),
(28816, 'image/png', 7305, '1/000/288/16.png', NULL, 'image', NULL, NULL, NULL, 'custom'),
(28817, 'image/jpeg', 8709122, '1/000/288/17.jpg', '{\"ratio\": \"3:2\", \"width\": 4800, \"height\": 3200, \"originalName\": \"shutterstock_227365033.jpg\", \"editorMetaFile\": \"1/000/288/17.json\"}', 'image', 188, NULL, 'facebook', 'custom'),
(28818, 'image/jpeg', 8709122, '1/000/288/18.jpg', '{\"ratio\": \"3:2\", \"width\": 4800, \"height\": 3200, \"originalName\": \"shutterstock_227365033.jpg\", \"editorMetaFile\": \"1/000/288/18.json\"}', 'image', 188, NULL, 'facebook', 'custom'),
(28819, 'image/jpeg', 8709122, '1/000/288/19.jpg', '{\"ratio\": \"3:2\", \"width\": 4800, \"height\": 3200, \"originalName\": \"shutterstock_227365033.jpg\", \"editorMetaFile\": \"1/000/288/19.json\"}', 'image', 188, NULL, 'facebook,linkedIn,twitter', 'custom'),
(28820, 'image/jpeg', 8709122, '1/000/288/20.jpg', '{\"ratio\": \"3:2\", \"width\": 4800, \"height\": 3200, \"originalName\": \"shutterstock_227365033.jpg\", \"editorMetaFile\": \"1/000/288/20.json\"}', 'image', 188, NULL, 'facebook,linkedIn,twitter', 'custom'),
(28821, 'image/jpeg', 8709122, '1/000/288/21.jpg', '{\"ratio\": \"3:2\", \"width\": 4800, \"height\": 3200, \"originalName\": \"shutterstock_227365033.jpg\", \"editorMetaFile\": \"1/000/288/21.json\"}', 'image', 188, NULL, 'facebook,linkedIn,twitter', 'custom'),
(28839, 'image/png', 63636, '1/000/288/39.png', '{\"ratio\": \"9:13\", \"width\": 180, \"height\": 260, \"originalName\": \"profil260x180.png\"}', 'image', 308, NULL, 'facebook,linkedIn', 'custom'),
(28844, 'image/jpeg', 510161, '1/000/288/44.jpg', '{\"ratio\": \"16:9\", \"width\": 1920, \"height\": 1080, \"originalName\": \"thumb-1920-984559.jpg\"}', 'image', 308, NULL, 'linkedIn', 'custom'),
(28845, 'image/jpeg', 510161, '1/000/288/45.jpg', '{\"ratio\": \"16:9\", \"width\": 1920, \"height\": 1080, \"originalName\": \"thumb-1920-984559.jpg\", \"editorMetaFile\": \"1/000/288/45.json\"}', 'image', 308, NULL, 'linkedIn', 'custom'),
(28849, 'image/jpeg', 510161, '1/000/288/49.jpg', '{\"ratio\": \"16:9\", \"width\": 1280, \"height\": 720, \"originalName\": \"thumb-1920-984559.jpg\", \"editorMetaFile\": \"1/000/288/49.json\"}', 'image', 308, NULL, 'linkedIn', 'custom'),
(28850, 'image/jpeg', 510161, '1/000/288/50.jpg', '{\"ratio\": \"2:5\", \"width\": 600, \"height\": 1500, \"originalName\": \"thumb-1920-984559.jpg\", \"editorMetaFile\": \"1/000/288/50.json\"}', 'image', 308, NULL, 'linkedIn', 'custom'),
(28851, 'image/png', 63636, '1/000/288/51.png', '{\"ratio\": \"9:13\", \"width\": 270, \"height\": 390, \"originalName\": \"profil260x180.png\", \"editorMetaFile\": \"1/000/288/51.json\"}', 'image', 308, NULL, 'facebook,linkedIn', 'custom'),
(28852, 'image/png', 94445, '1/000/288/52.png', '{\"ratio\": \"300:433\", \"width\": 300, \"height\": 433, \"originalName\": \"profil260x180.png\", \"editorMetaFile\": \"1/000/288/52.json\"}', 'image', 308, NULL, 'facebook,linkedIn', 'custom'),
(28853, 'image/png', 46633, '1/000/288/53.png', '{\"ratio\": \"180:259\", \"width\": 180, \"height\": 259, \"originalName\": \"profil260x180.png\", \"editorMetaFile\": \"1/000/288/53.json\"}', 'image', 308, NULL, 'facebook,linkedIn', 'custom'),
(28856, 'image/png', 49268, '1/000/288/56.png', '{\"ratio\": \"180:259\", \"width\": 180, \"height\": 259, \"originalName\": \"profil260x180.png\", \"editorMetaFile\": \"1/000/288/56.json\"}', 'image', 308, NULL, 'facebook,linkedIn', 'custom'),
(28857, 'image/png', 49268, '1/000/288/57.png', '{\"ratio\": \"180:259\", \"width\": 180, \"height\": 259, \"originalName\": \"profil260x180.png\", \"editorMetaFile\": \"1/000/288/57.json\"}', 'image', 308, NULL, 'facebook,linkedIn', 'custom'),
(28858, 'image/png', 49268, '1/000/288/58.png', '{\"ratio\": \"180:259\", \"width\": 180, \"height\": 259, \"originalName\": \"profil260x180.png\", \"editorMetaFile\": \"1/000/288/58.json\"}', 'image', 308, NULL, 'facebook,linkedIn', 'custom'),
(28880, 'image/png', 49268, '1/000/288/80.png', '{\"ratio\": \"180:259\", \"width\": 180, \"height\": 259, \"originalName\": \"profil260x180.png\", \"editorMetaFile\": \"1/000/288/80.json\"}', 'image', 308, NULL, 'facebook,linkedIn', 'custom'),
(28882, 'image/jpeg', 2030588, '1/000/288/82.jpg', '{\"ratio\": \"1:1\", \"width\": 2047, \"height\": 2047, \"originalName\": \"39685827_2057191077658288_2328164336503095296_o.jpg\", \"editorMetaFile\": \"1/000/288/82.json\"}', 'image', 308, NULL, NULL, 'custom'),
(28883, 'image/jpeg', 510161, '1/000/288/83.jpg', '{\"ratio\": \"16:9\", \"width\": 1920, \"height\": 1080, \"originalName\": \"thumb-1920-984559.jpg\"}', 'image', 188, NULL, 'facebook,linkedIn', 'custom'),
(28884, 'image/jpeg', 1860602, '1/000/288/84.jpg', '{\"ratio\": \"16:9\", \"width\": 1920, \"height\": 1080, \"originalName\": \"thumb-1920-984559.jpg\", \"editorMetaFile\": \"1/000/288/84.json\"}', 'image', 188, NULL, 'facebook,linkedIn', 'custom'),
(28885, 'image/jpeg', 1923187, '1/000/288/85.jpg', '{\"ratio\": \"16:9\", \"width\": 1920, \"height\": 1080, \"originalName\": \"thumb-1920-984559.jpg\", \"editorMetaFile\": \"1/000/288/85.json\"}', 'image', 188, NULL, 'facebook,linkedIn', 'custom'),
(28886, 'image/jpeg', 4443202, '1/000/288/86.jpg', '{\"ratio\": \"8:5\", \"width\": 5472, \"height\": 3420, \"originalName\": \"antonio-grosz-OIzy-UubqrE-unsplash.jpg\"}', 'image', 308, NULL, 'facebook,linkedIn,twitter', 'custom'),
(28887, 'image/jpeg', 991512, '1/000/288/87.jpg', '{\"ratio\": \"8:5\", \"width\": 2880, \"height\": 1800, \"originalName\": \"space-wallpaper-3.jpg\"}', 'image', 308, NULL, 'facebook,linkedIn', 'custom'),
(28894, 'image/jpeg', 115614, '4/000/288/94.jpeg', '{\"ratio\": \"320:213\", \"width\": 640, \"height\": 426, \"originalName\": \"pexels-photo-177598.jpeg\"}', 'image', 308, NULL, NULL, 'custom'),
(28895, 'image/jpeg', 267074, '4/000/288/95.jpg', '{\"ratio\": \"3:2\", \"width\": 1500, \"height\": 1000, \"originalName\": \"black-friday-fashion-friends-1345082.jpg\"}', 'image', 308, NULL, NULL, 'custom'),
(28896, 'image/jpeg', 683982, '4/000/288/96.jpeg', '{\"ratio\": \"2:3\", \"width\": 1500, \"height\": 2250, \"originalName\": \"pexels-photo-1078958.jpeg\"}', 'image', 308, NULL, NULL, 'custom'),
(28897, 'image/jpeg', 549160, '4/000/288/97.jpeg', '{\"ratio\": \"2:3\", \"width\": 1500, \"height\": 2250, \"originalName\": \"pexels-photo-424670.jpeg\"}', 'image', 308, NULL, NULL, 'custom'),
(28898, 'image/jpeg', 228684, '4/000/288/98.jpg', '{\"ratio\": \"3:2\", \"width\": 1500, \"height\": 1000, \"originalName\": \"adult-bag-beautiful-1144834.jpg\"}', 'image', 308, NULL, NULL, 'custom'),
(28899, 'image/jpeg', 113054, '4/000/288/99.jpg', '{\"ratio\": \"3:2\", \"width\": 1500, \"height\": 1000, \"originalName\": \"adult-beautiful-black-friday-291762.jpg\"}', 'image', 308, NULL, NULL, 'custom'),
(28900, 'image/jpeg', 86468, '4/000/289/00.jpg', '{\"ratio\": \"3:2\", \"width\": 1500, \"height\": 1000, \"originalName\": \"adult-advertisement-airport-1114376.jpg\"}', 'image', 308, NULL, NULL, 'custom'),
(28901, 'image/jpeg', 92735, '4/000/289/01.jpg', '{\"ratio\": \"3:2\", \"width\": 1500, \"height\": 1000, \"originalName\": \"footwear-shoes-sneakers-1670766.jpg\"}', 'image', 308, NULL, NULL, 'custom'),
(28902, 'image/jpeg', 273388, '4/000/289/02.jpg', '{\"ratio\": \"384:271\", \"width\": 1920, \"height\": 1355, \"originalName\": \"woman-1169324_1920.jpg\"}', 'image', 308, NULL, NULL, 'custom'),
(28903, 'image/jpeg', 172137, '4/000/289/03.jpg', '{\"ratio\": \"1001:668\", \"width\": 1500, \"height\": 1001, \"originalName\": \"person-sale-sign-1785138.jpg\"}', 'image', 308, NULL, NULL, 'custom'),
(28904, 'image/jpeg', 228514, '4/000/289/04.jpg', '{\"ratio\": \"500:357\", \"width\": 1500, \"height\": 1071, \"originalName\": \"bags-black-and-white-boutique-219023.jpg\"}', 'image', 308, NULL, NULL, 'custom'),
(28905, 'image/jpeg', 705156, '4/000/289/05.jpg', '{\"ratio\": \"440:613\", \"width\": 2200, \"height\": 3065, \"originalName\": \"attractive-beautiful-beauty-912787.jpg\"}', 'image', 308, NULL, NULL, 'custom'),
(28906, 'image/jpeg', 115903, '4/000/289/06.jpg', '{\"ratio\": \"1920:1349\", \"width\": 1920, \"height\": 1349, \"originalName\": \"visa-3082813_1920.jpg\"}', 'image', 308, NULL, NULL, 'custom'),
(28907, 'image/jpeg', 566030, '4/000/289/07.jpg', '{\"ratio\": \"2:3\", \"width\": 1728, \"height\": 2592, \"originalName\": \"adorable-animal-breed-937673.jpg\"}', 'image', 308, NULL, NULL, 'custom'),
(28908, 'image/png', 101456, '4/000/289/08.png', '{\"ratio\": \"841:1280\", \"width\": 841, \"height\": 1280, \"originalName\": \"black-friday-2894131_1280.png\"}', 'image', 308, NULL, NULL, 'custom'),
(28909, 'image/jpeg', 57494, '4/000/289/09.jpeg', '{\"ratio\": \"128:85\", \"width\": 640, \"height\": 425, \"originalName\": \"pexels-photo-226145.jpeg\"}', 'image', 308, NULL, NULL, 'custom'),
(28910, 'image/jpeg', 57494, '4/000/289/10.jpeg', '{\"ratio\": \"128:85\", \"width\": 640, \"height\": 425, \"originalName\": \"pexels-photo-226145.jpeg\"}', 'image', 308, NULL, NULL, 'custom'),
(28911, 'image/jpeg', 60758, '4/000/289/11.jpeg', '{\"ratio\": \"640:427\", \"width\": 640, \"height\": 427, \"originalName\": \"pexels-photo-1785138.jpeg\"}', 'image', 308, NULL, NULL, 'custom'),
(28912, 'image/jpeg', 61838, '4/000/289/12.jpg', '{\"ratio\": \"320:213\", \"width\": 640, \"height\": 426, \"originalName\": \"blur-1850082_640.jpg\"}', 'image', 308, NULL, NULL, 'custom'),
(28913, 'image/jpeg', 83173, '4/000/289/13.jpeg', '{\"ratio\": \"320:213\", \"width\": 640, \"height\": 426, \"originalName\": \"pexels-photo-1345082.jpeg\"}', 'image', 308, NULL, NULL, 'custom'),
(28914, 'image/jpeg', 98043, '4/000/289/14.jpeg', '{\"ratio\": \"320:481\", \"width\": 640, \"height\": 962, \"originalName\": \"pexels-photo-45924.jpeg\"}', 'image', 308, NULL, NULL, 'custom'),
(28915, 'image/jpeg', 124166, '4/000/289/15.jpg', '{\"ratio\": \"640:359\", \"width\": 640, \"height\": 359, \"originalName\": \"flowers-3441662_640.jpg\"}', 'image', 308, NULL, NULL, 'custom'),
(28916, 'image/jpeg', 124166, '4/000/289/16.jpg', '{\"ratio\": \"640:359\", \"width\": 640, \"height\": 359, \"originalName\": \"flowers-3441662_640.jpg\"}', 'image', 308, NULL, NULL, 'custom'),
(28917, 'image/jpeg', 48536, '4/000/289/17.jpg', '{\"ratio\": \"640:341\", \"width\": 640, \"height\": 341, \"originalName\": \"sale-1712540_640.jpg\"}', 'image', 308, NULL, NULL, 'custom'),
(28918, 'image/jpeg', 47280, '4/000/289/18.jpeg', '{\"ratio\": \"20:11\", \"width\": 640, \"height\": 352, \"originalName\": \"pexels-photo-248444.jpeg\"}', 'image', 308, NULL, NULL, 'custom'),
(28919, 'image/jpeg', 89477, '4/000/289/19.jpg', '{\"ratio\": \"320:213\", \"width\": 640, \"height\": 426, \"originalName\": \"baked-goods-1867459_640.jpg\"}', 'image', 308, NULL, NULL, 'custom'),
(28920, 'image/jpeg', 68153, '4/000/289/20.jpg', '{\"ratio\": \"320:213\", \"width\": 640, \"height\": 426, \"originalName\": \"booties-2047596_640.jpg\"}', 'image', 308, NULL, NULL, 'custom'),
(28921, 'image/jpeg', 88488, '4/000/289/21.jpeg', '{\"ratio\": \"320:213\", \"width\": 640, \"height\": 426, \"originalName\": \"pexels-photo-811101.jpeg\"}', 'image', 308, NULL, NULL, 'custom'),
(28922, 'image/jpeg', 103492, '4/000/289/22.jpg', '{\"ratio\": \"320:213\", \"width\": 640, \"height\": 426, \"originalName\": \"mens-shirt-524022_640.jpg\"}', 'image', 308, NULL, NULL, 'custom'),
(28923, 'image/jpeg', 208868, '4/000/289/23.jpg', '{\"ratio\": \"640:427\", \"width\": 640, \"height\": 427, \"originalName\": \"jeans-2919398_640.jpg\"}', 'image', 308, NULL, NULL, 'custom'),
(28924, 'image/jpeg', 58014, '4/000/289/24.jpeg', '{\"ratio\": \"320:213\", \"width\": 640, \"height\": 426, \"originalName\": \"business-cash-coin-concept-41301.jpeg\"}', 'image', 308, NULL, NULL, 'custom'),
(28925, 'image/jpeg', 102777, '4/000/289/25.jpeg', '{\"ratio\": \"2:3\", \"width\": 640, \"height\": 960, \"originalName\": \"pexels-photo-1353029.jpeg\"}', 'image', 308, NULL, NULL, 'custom'),
(28926, 'image/jpeg', 129563, '4/000/289/26.jpg', '{\"ratio\": \"640:353\", \"width\": 640, \"height\": 353, \"originalName\": \"dad-909510_640.jpg\"}', 'image', 308, NULL, NULL, 'custom'),
(28927, 'image/jpeg', 61162, '4/000/289/27.jpeg', '{\"ratio\": \"4:3\", \"width\": 640, \"height\": 480, \"originalName\": \"pexels-photo-792325.jpeg\"}', 'image', 308, NULL, NULL, 'custom'),
(28928, 'image/jpeg', 58429, '4/000/289/28.jpg', '{\"ratio\": \"640:403\", \"width\": 640, \"height\": 403, \"originalName\": \"gift-1196292_640.jpg\"}', 'image', 308, NULL, NULL, 'custom'),
(28929, 'image/jpeg', 80709, '4/000/289/29.jpeg', '{\"ratio\": \"320:213\", \"width\": 640, \"height\": 426, \"originalName\": \"pexels-photo-1051744.jpeg\"}', 'image', 308, NULL, NULL, 'custom'),
(28930, 'image/jpeg', 109652, '4/000/289/30.jpg', '{\"ratio\": \"320:213\", \"width\": 640, \"height\": 426, \"originalName\": \"youth-2012403_640.jpg\"}', 'image', 308, NULL, NULL, 'custom'),
(28931, 'image/jpeg', 69469, '4/000/289/31.jpg', '{\"ratio\": \"213:320\", \"width\": 426, \"height\": 640, \"originalName\": \"one-3075749_640.jpg\"}', 'image', 308, NULL, NULL, 'custom'),
(28932, 'image/jpeg', 111657, '4/000/289/32.jpeg', '{\"ratio\": \"640:853\", \"width\": 640, \"height\": 853, \"originalName\": \"pexels-photo-286283.jpeg\"}', 'image', 308, NULL, NULL, 'custom'),
(28933, 'image/jpeg', 49332, '4/000/289/33.jpeg', '{\"ratio\": \"320:213\", \"width\": 640, \"height\": 426, \"originalName\": \"pexels-photo-920381.jpeg\"}', 'image', 308, NULL, NULL, 'custom'),
(28934, 'image/jpeg', 25143, '4/000/289/34.jpg', '{\"ratio\": \"160:113\", \"width\": 640, \"height\": 452, \"originalName\": \"shirt-2345417_640.jpg\"}', 'image', 308, NULL, NULL, 'custom'),
(28935, 'image/jpeg', 109342, '4/000/289/35.jpg', '{\"ratio\": \"320:213\", \"width\": 640, \"height\": 426, \"originalName\": \"woman-1509956_640.jpg\"}', 'image', 308, NULL, NULL, 'custom'),
(28936, 'image/jpeg', 36925, '4/000/289/36.jpeg', '{\"ratio\": \"2:3\", \"width\": 640, \"height\": 960, \"originalName\": \"pexels-photo-1897886.jpeg\"}', 'image', 308, NULL, NULL, 'custom'),
(28937, 'image/jpeg', 40852, '4/000/289/37.jpeg', '{\"ratio\": \"320:213\", \"width\": 640, \"height\": 426, \"originalName\": \"pexels-photo-1757103.jpeg\"}', 'image', 308, NULL, NULL, 'custom'),
(28938, 'image/jpeg', 40852, '4/000/289/38.jpeg', '{\"ratio\": \"320:213\", \"width\": 640, \"height\": 426, \"originalName\": \"pexels-photo-1757103.jpeg\"}', 'image', 308, NULL, NULL, 'custom'),
(28939, 'image/jpeg', 63807, '4/000/289/39.jpg', '{\"ratio\": \"640:479\", \"width\": 640, \"height\": 479, \"originalName\": \"girl-926084_640.jpg\"}', 'image', 308, NULL, NULL, 'custom'),
(28940, 'image/jpeg', 116294, '4/000/289/40.jpg', '{\"ratio\": \"4:3\", \"width\": 640, \"height\": 480, \"originalName\": \"photography-2036938_640.jpg\"}', 'image', 308, NULL, NULL, 'custom'),
(28941, 'image/jpeg', 156428, '4/000/289/41.jpg', '{\"ratio\": \"320:213\", \"width\": 640, \"height\": 426, \"originalName\": \"rose-374318_640.jpg\"}', 'image', 308, NULL, NULL, 'custom'),
(28942, 'image/jpeg', 50295, '4/000/289/42.jpg', '{\"ratio\": \"640:427\", \"width\": 640, \"height\": 427, \"originalName\": \"joy-2483926_640.jpg\"}', 'image', 308, NULL, NULL, 'custom'),
(28943, 'image/jpeg', 50295, '4/000/289/43.jpg', '{\"ratio\": \"640:427\", \"width\": 640, \"height\": 427, \"originalName\": \"joy-2483926_640.jpg\"}', 'image', 308, NULL, NULL, 'custom'),
(28944, 'image/jpeg', 49484, '4/000/289/44.jpg', '{\"ratio\": \"320:213\", \"width\": 640, \"height\": 426, \"originalName\": \"blue-2564660_640.jpg\"}', 'image', 308, NULL, NULL, 'custom'),
(28945, 'image/jpeg', 83223, '4/000/289/45.jpg', '{\"ratio\": \"320:213\", \"width\": 640, \"height\": 426, \"originalName\": \"food-715542_640.jpg\"}', 'image', 308, NULL, NULL, 'custom'),
(28946, 'image/jpeg', 78985, '4/000/289/46.jpg', '{\"ratio\": \"4:3\", \"width\": 640, \"height\": 480, \"originalName\": \"cake-pops-693645_640.jpg\"}', 'image', 308, NULL, NULL, 'custom'),
(28947, 'image/jpeg', 85326, '4/000/289/47.jpg', '{\"ratio\": \"320:213\", \"width\": 640, \"height\": 426, \"originalName\": \"hands-1031131_640.jpg\"}', 'image', 308, NULL, NULL, 'custom'),
(28948, 'image/jpeg', 150556, '4/000/289/48.jpg', '{\"ratio\": \"640:959\", \"width\": 640, \"height\": 959, \"originalName\": \"hand-bricks-rings-ring.jpg\"}', 'image', 308, NULL, NULL, 'custom'),
(28949, 'image/jpeg', 61225, '4/000/289/49.jpeg', '{\"ratio\": \"320:213\", \"width\": 640, \"height\": 426, \"originalName\": \"pexels-photo-1778412.jpeg\"}', 'image', 308, NULL, NULL, 'custom'),
(28950, 'image/jpeg', 876098, '4/000/289/50.jpeg', '{\"ratio\": \"3:4\", \"width\": 1500, \"height\": 2000, \"originalName\": \"pexels-photo-1005638.jpeg\"}', 'image', 308, NULL, NULL, 'custom'),
(28951, 'image/jpeg', 640456, '4/000/289/51.jpeg', '{\"ratio\": \"2:3\", \"width\": 1500, \"height\": 2250, \"originalName\": \"pexels-photo-1860160.jpeg\"}', 'image', 308, NULL, NULL, 'custom'),
(28952, 'image/jpeg', 280922, '4/000/289/52.jpg', '{\"ratio\": \"3:2\", \"width\": 1500, \"height\": 1000, \"originalName\": \"pexels-photo.jpg\"}', 'image', 308, NULL, NULL, 'custom'),
(28953, 'image/jpeg', 532086, '4/000/289/53.jpeg', '{\"ratio\": \"2:3\", \"width\": 1500, \"height\": 2250, \"originalName\": \"pexels-photo-1381562.jpeg\"}', 'image', 308, NULL, NULL, 'custom'),
(28954, 'image/jpeg', 176467, '4/000/289/54.jpeg', '{\"ratio\": \"3:2\", \"width\": 1500, \"height\": 1000, \"originalName\": \"pexels-photo-811103.jpeg\"}', 'image', 308, NULL, NULL, 'custom'),
(28955, 'image/jpeg', 219936, '4/000/289/55.jpeg', '{\"ratio\": \"3:2\", \"width\": 1500, \"height\": 1000, \"originalName\": \"pexels-photo-1079033.jpeg\"}', 'image', 308, NULL, NULL, 'custom'),
(28956, 'image/jpeg', 266127, '4/000/289/56.jpeg', '{\"ratio\": \"4:3\", \"width\": 1500, \"height\": 1125, \"originalName\": \"pexels-photo-288530.jpeg\"}', 'image', 308, NULL, NULL, 'custom'),
(28957, 'image/jpeg', 71985, '4/000/289/57.jpeg', '{\"ratio\": \"375:211\", \"width\": 1500, \"height\": 844, \"originalName\": \"pexels-photo-953864.jpeg\"}', 'image', 308, NULL, NULL, 'custom'),
(28958, 'image/jpeg', 210496, '4/000/289/58.jpeg', '{\"ratio\": \"1001:668\", \"width\": 1500, \"height\": 1001, \"originalName\": \"pexels-photo-1711498.jpeg\"}', 'image', 308, NULL, NULL, 'custom'),
(28959, 'image/jpeg', 343410, '4/000/289/59.jpeg', '{\"ratio\": \"1031:776\", \"width\": 1500, \"height\": 1129, \"originalName\": \"pexels-photo-264709.jpeg\"}', 'image', 308, NULL, NULL, 'custom'),
(28960, 'image/jpeg', 417664, '4/000/289/60.jpeg', '{\"ratio\": \"2:3\", \"width\": 1500, \"height\": 2250, \"originalName\": \"pexels-photo-380782.jpeg\"}', 'image', 308, NULL, NULL, 'custom'),
(28961, 'image/jpeg', 629145, '4/000/289/61.jpeg', '{\"ratio\": \"125:83\", \"width\": 1500, \"height\": 996, \"originalName\": \"pexels-photo-263532.jpeg\"}', 'image', 308, NULL, NULL, 'custom'),
(28962, 'image/jpeg', 189979, '4/000/289/62.jpeg', '{\"ratio\": \"1500:997\", \"width\": 1500, \"height\": 997, \"originalName\": \"pexels-photo-1591055.jpeg\"}', 'image', 308, NULL, NULL, 'custom'),
(28963, 'image/png', 220388, '4/000/289/63.png', '{\"ratio\": \"401:640\", \"width\": 802, \"height\": 1280, \"originalName\": \"movers-24402_1280.png\"}', 'image', 308, NULL, NULL, 'custom'),
(28964, 'image/jpeg', 278295, '4/000/289/64.jpeg', '{\"ratio\": \"3:2\", \"width\": 1500, \"height\": 1000, \"originalName\": \"pexels-photo-95916.jpeg\"}', 'image', 308, NULL, NULL, 'custom'),
(28965, 'image/jpeg', 240817, '4/000/289/65.jpeg', '{\"ratio\": \"375:263\", \"width\": 1500, \"height\": 1052, \"originalName\": \"pexels-photo-360624.jpeg\"}', 'image', 308, NULL, NULL, 'custom'),
(28966, 'image/jpeg', 488911, '4/000/289/66.jpeg', '{\"ratio\": \"3:4\", \"width\": 1500, \"height\": 2000, \"originalName\": \"pexels-photo-85773.jpeg\"}', 'image', 308, NULL, NULL, 'custom'),
(28967, 'image/jpeg', 214533, '4/000/289/67.jpeg', '{\"ratio\": \"100:59\", \"width\": 1500, \"height\": 885, \"originalName\": \"pexels-photo-634538.jpeg\"}', 'image', 308, NULL, NULL, 'custom'),
(28968, 'image/jpeg', 151691, '4/000/289/68.jpg', '{\"ratio\": \"3:2\", \"width\": 1500, \"height\": 1000, \"originalName\": \"pencil-typography-black-design.jpg\"}', 'image', 308, NULL, NULL, 'custom'),
(28969, 'image/jpeg', 325738, '4/000/289/69.jpeg', '{\"ratio\": \"500:327\", \"width\": 1500, \"height\": 981, \"originalName\": \"pexels-photo-1068523.jpeg\"}', 'image', 308, NULL, NULL, 'custom'),
(28970, 'image/jpeg', 311439, '4/000/289/70.jpeg', '{\"ratio\": \"125:83\", \"width\": 1500, \"height\": 996, \"originalName\": \"ipad-mockup-apple-business-39559.jpeg\"}', 'image', 308, NULL, NULL, 'custom'),
(28971, 'image/jpeg', 177108, '4/000/289/71.jpeg', '{\"ratio\": \"375:211\", \"width\": 1500, \"height\": 844, \"originalName\": \"pexels-photo-204611.jpeg\"}', 'image', 308, NULL, NULL, 'custom'),
(28972, 'image/jpeg', 138544, '4/000/289/72.jpeg', '{\"ratio\": \"1001:668\", \"width\": 1500, \"height\": 1001, \"originalName\": \"pexels-photo-1435192.jpeg\"}', 'image', 308, NULL, NULL, 'custom'),
(28973, 'image/jpeg', 405122, '4/000/289/73.jpeg', '{\"ratio\": \"125:188\", \"width\": 1500, \"height\": 2256, \"originalName\": \"pexels-photo-1111316.jpeg\"}', 'image', 308, NULL, NULL, 'custom'),
(28974, 'image/jpeg', 552442, '4/000/289/74.jpeg', '{\"ratio\": \"3:2\", \"width\": 1500, \"height\": 1000, \"originalName\": \"pexels-photo-373543.jpeg\"}', 'image', 308, NULL, NULL, 'custom'),
(28975, 'image/jpeg', 480511, '4/000/289/75.jpeg', '{\"ratio\": \"2:3\", \"width\": 1500, \"height\": 2250, \"originalName\": \"pexels-photo-339805.jpeg\"}', 'image', 308, NULL, NULL, 'custom'),
(28976, 'image/jpeg', 480511, '4/000/289/76.jpeg', '{\"ratio\": \"2:3\", \"width\": 1500, \"height\": 2250, \"originalName\": \"pexels-photo-339805.jpeg\"}', 'image', 308, NULL, NULL, 'custom'),
(28977, 'image/jpeg', 146744, '4/000/289/77.jpeg', '{\"ratio\": \"3:2\", \"width\": 1500, \"height\": 1000, \"originalName\": \"pexels-photo-301703.jpeg\"}', 'image', 308, NULL, NULL, 'custom'),
(28978, 'image/jpeg', 84806, '4/000/289/78.jpg', '{\"ratio\": \"3:2\", \"width\": 1500, \"height\": 1000, \"originalName\": \"pexels-photo (1).jpg\"}', 'image', 308, NULL, NULL, 'custom'),
(28979, 'image/jpeg', 269029, '4/000/289/79.jpeg', '{\"ratio\": \"750:437\", \"width\": 1500, \"height\": 874, \"originalName\": \"pexels-photo-256219.jpeg\"}', 'image', 308, NULL, NULL, 'custom'),
(28980, 'image/jpeg', 273388, '4/000/289/80.jpg', '{\"ratio\": \"384:271\", \"width\": 1920, \"height\": 1355, \"originalName\": \"woman-1169324_1920.jpg\"}', 'image', 308, NULL, NULL, 'custom'),
(28981, 'image/png', 86520, '4/000/289/81.png', '{\"ratio\": \"2:1\", \"width\": 640, \"height\": 320, \"originalName\": \"special-offer-606691_640.png\"}', 'image', 308, NULL, NULL, 'custom'),
(28982, 'image/jpeg', 301437, '4/000/289/82.jpeg', '{\"ratio\": \"3:2\", \"width\": 1500, \"height\": 1000, \"originalName\": \"pexels-photo-1549702.jpeg\"}', 'image', 308, NULL, NULL, 'custom'),
(28983, 'image/jpeg', 436781, '4/000/289/83.jpg', '{\"ratio\": \"500:333\", \"width\": 1500, \"height\": 999, \"originalName\": \"france-landmark-lights-night.jpg\"}', 'image', 308, NULL, NULL, 'custom'),
(28984, 'image/jpeg', 423714, '4/000/289/84.jpg', '{\"ratio\": \"749:1123\", \"width\": 1500, \"height\": 2249, \"originalName\": \"accessory-analog-watches-close-up-1697218.jpg\"}', 'image', 308, NULL, NULL, 'custom'),
(28985, 'image/jpeg', 225618, '4/000/289/85.jpeg', '{\"ratio\": \"3:2\", \"width\": 1500, \"height\": 1000, \"originalName\": \"pexels-photo-95425.jpeg\"}', 'image', 308, NULL, NULL, 'custom'),
(28986, 'image/jpeg', 162856, '4/000/289/86.jpeg', '{\"ratio\": \"250:179\", \"width\": 1500, \"height\": 1074, \"originalName\": \"pexels-photo-1243362.jpeg\"}', 'image', 308, NULL, NULL, 'custom'),
(28987, 'image/jpeg', 349046, '4/000/289/87.jpeg', '{\"ratio\": \"1500:1397\", \"width\": 1500, \"height\": 1397, \"originalName\": \"pexels-photo-1096849.jpeg\"}', 'image', 308, NULL, NULL, 'custom'),
(28988, 'image/jpeg', 237873, '4/000/289/88.jpeg', '{\"ratio\": \"500:339\", \"width\": 1500, \"height\": 1017, \"originalName\": \"pexels-photo-1050256.jpeg\"}', 'image', 308, NULL, NULL, 'custom'),
(28989, 'image/jpeg', 163460, '4/000/289/89.jpeg', '{\"ratio\": \"375:242\", \"width\": 1500, \"height\": 968, \"originalName\": \"pexels-photo-796606.jpeg\"}', 'image', 308, NULL, NULL, 'custom'),
(28990, 'image/jpeg', 147637, '4/000/289/90.jpeg', '{\"ratio\": \"3:2\", \"width\": 1500, \"height\": 1000, \"originalName\": \"shoes-pregnancy-child-clothing-47220.jpeg\"}', 'image', 308, NULL, NULL, 'custom');
INSERT INTO `cms__file_static` (`fileID`, `mime`, `size`, `realPath`, `data`, `type`, `organizationID`, `previewFileID`, `socialChannel`, `systemType`) VALUES
(28991, 'image/jpeg', 57494, '4/000/289/91.jpeg', '{\"ratio\": \"128:85\", \"width\": 640, \"height\": 425, \"originalName\": \"pexels-photo-226145.jpeg\"}', 'image', 308, NULL, NULL, 'custom'),
(28992, 'image/jpeg', 124166, '4/000/289/92.jpg', '{\"ratio\": \"640:359\", \"width\": 640, \"height\": 359, \"originalName\": \"flowers-3441662_640.jpg\"}', 'image', 308, NULL, NULL, 'custom'),
(28993, 'image/jpeg', 40852, '4/000/289/93.jpeg', '{\"ratio\": \"320:213\", \"width\": 640, \"height\": 426, \"originalName\": \"pexels-photo-1757103.jpeg\"}', 'image', 308, NULL, NULL, 'custom'),
(28994, 'image/jpeg', 50295, '4/000/289/94.jpg', '{\"ratio\": \"640:427\", \"width\": 640, \"height\": 427, \"originalName\": \"joy-2483926_640.jpg\"}', 'image', 308, NULL, NULL, 'custom'),
(28995, 'image/jpeg', 480511, '4/000/289/95.jpeg', '{\"ratio\": \"2:3\", \"width\": 1500, \"height\": 2250, \"originalName\": \"pexels-photo-339805.jpeg\"}', 'image', 308, NULL, NULL, 'custom'),
(28996, 'image/jpeg', 273388, '4/000/289/96.jpg', '{\"ratio\": \"384:271\", \"width\": 1920, \"height\": 1355, \"originalName\": \"woman-1169324_1920.jpg\"}', 'image', 308, NULL, NULL, 'custom'),
(28997, 'image/jpeg', 267074, '4/000/289/97.jpg', '{\"ratio\": \"3:2\", \"width\": 1500, \"height\": 1000, \"originalName\": \"black-friday-fashion-friends-1345082.jpg\"}', 'image', 308, NULL, NULL, 'custom'),
(28998, 'image/jpeg', 683982, '4/000/289/98.jpeg', '{\"ratio\": \"2:3\", \"width\": 1500, \"height\": 2250, \"originalName\": \"pexels-photo-1078958.jpeg\"}', 'image', 308, NULL, NULL, 'custom'),
(28999, 'image/jpeg', 549160, '4/000/289/99.jpeg', '{\"ratio\": \"2:3\", \"width\": 1500, \"height\": 2250, \"originalName\": \"pexels-photo-424670.jpeg\"}', 'image', 308, NULL, NULL, 'custom'),
(29000, 'image/jpeg', 228684, '4/000/290/00.jpg', '{\"ratio\": \"3:2\", \"width\": 1500, \"height\": 1000, \"originalName\": \"adult-bag-beautiful-1144834.jpg\"}', 'image', 308, NULL, NULL, 'custom'),
(29001, 'image/jpeg', 113054, '4/000/290/01.jpg', '{\"ratio\": \"3:2\", \"width\": 1500, \"height\": 1000, \"originalName\": \"adult-beautiful-black-friday-291762.jpg\"}', 'image', 308, NULL, NULL, 'custom'),
(29002, 'image/jpeg', 86468, '4/000/290/02.jpg', '{\"ratio\": \"3:2\", \"width\": 1500, \"height\": 1000, \"originalName\": \"adult-advertisement-airport-1114376.jpg\"}', 'image', 308, NULL, NULL, 'custom'),
(29003, 'image/jpeg', 92735, '4/000/290/03.jpg', '{\"ratio\": \"3:2\", \"width\": 1500, \"height\": 1000, \"originalName\": \"footwear-shoes-sneakers-1670766.jpg\"}', 'image', 308, NULL, NULL, 'custom'),
(29004, 'image/jpeg', 172137, '4/000/290/04.jpg', '{\"ratio\": \"1001:668\", \"width\": 1500, \"height\": 1001, \"originalName\": \"person-sale-sign-1785138.jpg\"}', 'image', 308, NULL, NULL, 'custom'),
(29005, 'image/jpeg', 228514, '4/000/290/05.jpg', '{\"ratio\": \"500:357\", \"width\": 1500, \"height\": 1071, \"originalName\": \"bags-black-and-white-boutique-219023.jpg\"}', 'image', 308, NULL, NULL, 'custom'),
(29006, 'image/jpeg', 705156, '4/000/290/06.jpg', '{\"ratio\": \"440:613\", \"width\": 2200, \"height\": 3065, \"originalName\": \"attractive-beautiful-beauty-912787.jpg\"}', 'image', 308, NULL, NULL, 'custom'),
(29007, 'image/jpeg', 115903, '4/000/290/07.jpg', '{\"ratio\": \"1920:1349\", \"width\": 1920, \"height\": 1349, \"originalName\": \"visa-3082813_1920.jpg\"}', 'image', 308, NULL, NULL, 'custom'),
(29008, 'image/jpeg', 566030, '4/000/290/08.jpg', '{\"ratio\": \"2:3\", \"width\": 1728, \"height\": 2592, \"originalName\": \"adorable-animal-breed-937673.jpg\"}', 'image', 308, NULL, NULL, 'custom'),
(29009, 'image/png', 101456, '4/000/290/09.png', '{\"ratio\": \"841:1280\", \"width\": 841, \"height\": 1280, \"originalName\": \"black-friday-2894131_1280.png\"}', 'image', 308, NULL, NULL, 'custom'),
(29010, 'image/jpeg', 57494, '4/000/290/10.jpeg', '{\"ratio\": \"128:85\", \"width\": 640, \"height\": 425, \"originalName\": \"pexels-photo-226145.jpeg\"}', 'image', 308, NULL, NULL, 'custom'),
(29011, 'image/jpeg', 60758, '4/000/290/11.jpeg', '{\"ratio\": \"640:427\", \"width\": 640, \"height\": 427, \"originalName\": \"pexels-photo-1785138.jpeg\"}', 'image', 308, NULL, NULL, 'custom'),
(29012, 'image/jpeg', 61838, '4/000/290/12.jpg', '{\"ratio\": \"320:213\", \"width\": 640, \"height\": 426, \"originalName\": \"blur-1850082_640.jpg\"}', 'image', 308, NULL, NULL, 'custom'),
(29013, 'image/jpeg', 83173, '4/000/290/13.jpeg', '{\"ratio\": \"320:213\", \"width\": 640, \"height\": 426, \"originalName\": \"pexels-photo-1345082.jpeg\"}', 'image', 308, NULL, NULL, 'custom'),
(29014, 'image/jpeg', 98043, '4/000/290/14.jpeg', '{\"ratio\": \"320:481\", \"width\": 640, \"height\": 962, \"originalName\": \"pexels-photo-45924.jpeg\"}', 'image', 308, NULL, NULL, 'custom'),
(29015, 'image/jpeg', 124166, '4/000/290/15.jpg', '{\"ratio\": \"640:359\", \"width\": 640, \"height\": 359, \"originalName\": \"flowers-3441662_640.jpg\"}', 'image', 308, NULL, NULL, 'custom'),
(29016, 'image/jpeg', 48536, '4/000/290/16.jpg', '{\"ratio\": \"640:341\", \"width\": 640, \"height\": 341, \"originalName\": \"sale-1712540_640.jpg\"}', 'image', 308, NULL, NULL, 'custom'),
(29017, 'image/jpeg', 47280, '4/000/290/17.jpeg', '{\"ratio\": \"20:11\", \"width\": 640, \"height\": 352, \"originalName\": \"pexels-photo-248444.jpeg\"}', 'image', 308, NULL, NULL, 'custom'),
(29018, 'image/jpeg', 89477, '4/000/290/18.jpg', '{\"ratio\": \"320:213\", \"width\": 640, \"height\": 426, \"originalName\": \"baked-goods-1867459_640.jpg\"}', 'image', 308, NULL, NULL, 'custom'),
(29019, 'image/jpeg', 68153, '4/000/290/19.jpg', '{\"ratio\": \"320:213\", \"width\": 640, \"height\": 426, \"originalName\": \"booties-2047596_640.jpg\"}', 'image', 308, NULL, NULL, 'custom'),
(29020, 'image/jpeg', 88488, '4/000/290/20.jpeg', '{\"ratio\": \"320:213\", \"width\": 640, \"height\": 426, \"originalName\": \"pexels-photo-811101.jpeg\"}', 'image', 308, NULL, NULL, 'custom'),
(29021, 'image/jpeg', 103492, '4/000/290/21.jpg', '{\"ratio\": \"320:213\", \"width\": 640, \"height\": 426, \"originalName\": \"mens-shirt-524022_640.jpg\"}', 'image', 308, NULL, NULL, 'custom'),
(29022, 'image/jpeg', 208868, '4/000/290/22.jpg', '{\"ratio\": \"640:427\", \"width\": 640, \"height\": 427, \"originalName\": \"jeans-2919398_640.jpg\"}', 'image', 308, NULL, NULL, 'custom'),
(29023, 'image/jpeg', 58014, '4/000/290/23.jpeg', '{\"ratio\": \"320:213\", \"width\": 640, \"height\": 426, \"originalName\": \"business-cash-coin-concept-41301.jpeg\"}', 'image', 308, NULL, NULL, 'custom'),
(29024, 'image/jpeg', 102777, '4/000/290/24.jpeg', '{\"ratio\": \"2:3\", \"width\": 640, \"height\": 960, \"originalName\": \"pexels-photo-1353029.jpeg\"}', 'image', 308, NULL, NULL, 'custom'),
(29025, 'image/jpeg', 129563, '4/000/290/25.jpg', '{\"ratio\": \"640:353\", \"width\": 640, \"height\": 353, \"originalName\": \"dad-909510_640.jpg\"}', 'image', 308, NULL, NULL, 'custom'),
(29026, 'image/jpeg', 61162, '4/000/290/26.jpeg', '{\"ratio\": \"4:3\", \"width\": 640, \"height\": 480, \"originalName\": \"pexels-photo-792325.jpeg\"}', 'image', 308, NULL, NULL, 'custom'),
(29027, 'image/jpeg', 58429, '4/000/290/27.jpg', '{\"ratio\": \"640:403\", \"width\": 640, \"height\": 403, \"originalName\": \"gift-1196292_640.jpg\"}', 'image', 308, NULL, NULL, 'custom'),
(29028, 'image/jpeg', 80709, '4/000/290/28.jpeg', '{\"ratio\": \"320:213\", \"width\": 640, \"height\": 426, \"originalName\": \"pexels-photo-1051744.jpeg\"}', 'image', 308, NULL, NULL, 'custom'),
(29029, 'image/jpeg', 109652, '4/000/290/29.jpg', '{\"ratio\": \"320:213\", \"width\": 640, \"height\": 426, \"originalName\": \"youth-2012403_640.jpg\"}', 'image', 308, NULL, NULL, 'custom'),
(29030, 'image/jpeg', 69469, '4/000/290/30.jpg', '{\"ratio\": \"213:320\", \"width\": 426, \"height\": 640, \"originalName\": \"one-3075749_640.jpg\"}', 'image', 308, NULL, NULL, 'custom'),
(29031, 'image/jpeg', 111657, '4/000/290/31.jpeg', '{\"ratio\": \"640:853\", \"width\": 640, \"height\": 853, \"originalName\": \"pexels-photo-286283.jpeg\"}', 'image', 308, NULL, NULL, 'custom'),
(29032, 'image/jpeg', 49332, '4/000/290/32.jpeg', '{\"ratio\": \"320:213\", \"width\": 640, \"height\": 426, \"originalName\": \"pexels-photo-920381.jpeg\"}', 'image', 308, NULL, NULL, 'custom'),
(29033, 'image/jpeg', 25143, '4/000/290/33.jpg', '{\"ratio\": \"160:113\", \"width\": 640, \"height\": 452, \"originalName\": \"shirt-2345417_640.jpg\"}', 'image', 308, NULL, NULL, 'custom'),
(29034, 'image/jpeg', 109342, '4/000/290/34.jpg', '{\"ratio\": \"320:213\", \"width\": 640, \"height\": 426, \"originalName\": \"woman-1509956_640.jpg\"}', 'image', 308, NULL, NULL, 'custom'),
(29035, 'image/jpeg', 36925, '4/000/290/35.jpeg', '{\"ratio\": \"2:3\", \"width\": 640, \"height\": 960, \"originalName\": \"pexels-photo-1897886.jpeg\"}', 'image', 308, NULL, NULL, 'custom'),
(29036, 'image/jpeg', 40852, '4/000/290/36.jpeg', '{\"ratio\": \"320:213\", \"width\": 640, \"height\": 426, \"originalName\": \"pexels-photo-1757103.jpeg\"}', 'image', 308, NULL, NULL, 'custom'),
(29037, 'image/jpeg', 63807, '4/000/290/37.jpg', '{\"ratio\": \"640:479\", \"width\": 640, \"height\": 479, \"originalName\": \"girl-926084_640.jpg\"}', 'image', 308, NULL, NULL, 'custom'),
(29038, 'image/jpeg', 116294, '4/000/290/38.jpg', '{\"ratio\": \"4:3\", \"width\": 640, \"height\": 480, \"originalName\": \"photography-2036938_640.jpg\"}', 'image', 308, NULL, NULL, 'custom'),
(29039, 'image/jpeg', 156428, '4/000/290/39.jpg', '{\"ratio\": \"320:213\", \"width\": 640, \"height\": 426, \"originalName\": \"rose-374318_640.jpg\"}', 'image', 308, NULL, NULL, 'custom'),
(29040, 'image/jpeg', 50295, '4/000/290/40.jpg', '{\"ratio\": \"640:427\", \"width\": 640, \"height\": 427, \"originalName\": \"joy-2483926_640.jpg\"}', 'image', 308, NULL, NULL, 'custom'),
(29041, 'image/jpeg', 49484, '4/000/290/41.jpg', '{\"ratio\": \"320:213\", \"width\": 640, \"height\": 426, \"originalName\": \"blue-2564660_640.jpg\"}', 'image', 308, NULL, NULL, 'custom'),
(29042, 'image/jpeg', 83223, '4/000/290/42.jpg', '{\"ratio\": \"320:213\", \"width\": 640, \"height\": 426, \"originalName\": \"food-715542_640.jpg\"}', 'image', 308, NULL, NULL, 'custom'),
(29043, 'image/jpeg', 78985, '4/000/290/43.jpg', '{\"ratio\": \"4:3\", \"width\": 640, \"height\": 480, \"originalName\": \"cake-pops-693645_640.jpg\"}', 'image', 308, NULL, NULL, 'custom'),
(29044, 'image/jpeg', 85326, '4/000/290/44.jpg', '{\"ratio\": \"320:213\", \"width\": 640, \"height\": 426, \"originalName\": \"hands-1031131_640.jpg\"}', 'image', 308, NULL, NULL, 'custom'),
(29045, 'image/jpeg', 150556, '4/000/290/45.jpg', '{\"ratio\": \"640:959\", \"width\": 640, \"height\": 959, \"originalName\": \"hand-bricks-rings-ring.jpg\"}', 'image', 308, NULL, NULL, 'custom'),
(29046, 'image/jpeg', 61225, '4/000/290/46.jpeg', '{\"ratio\": \"320:213\", \"width\": 640, \"height\": 426, \"originalName\": \"pexels-photo-1778412.jpeg\"}', 'image', 308, NULL, NULL, 'custom'),
(29047, 'image/jpeg', 876098, '4/000/290/47.jpeg', '{\"ratio\": \"3:4\", \"width\": 1500, \"height\": 2000, \"originalName\": \"pexels-photo-1005638.jpeg\"}', 'image', 308, NULL, NULL, 'custom'),
(29048, 'image/jpeg', 640456, '4/000/290/48.jpeg', '{\"ratio\": \"2:3\", \"width\": 1500, \"height\": 2250, \"originalName\": \"pexels-photo-1860160.jpeg\"}', 'image', 308, NULL, NULL, 'custom'),
(29049, 'image/jpeg', 280922, '4/000/290/49.jpg', '{\"ratio\": \"3:2\", \"width\": 1500, \"height\": 1000, \"originalName\": \"pexels-photo.jpg\"}', 'image', 308, NULL, NULL, 'custom'),
(29050, 'image/jpeg', 532086, '4/000/290/50.jpeg', '{\"ratio\": \"2:3\", \"width\": 1500, \"height\": 2250, \"originalName\": \"pexels-photo-1381562.jpeg\"}', 'image', 308, NULL, NULL, 'custom'),
(29051, 'image/jpeg', 176467, '4/000/290/51.jpeg', '{\"ratio\": \"3:2\", \"width\": 1500, \"height\": 1000, \"originalName\": \"pexels-photo-811103.jpeg\"}', 'image', 308, NULL, NULL, 'custom'),
(29052, 'image/jpeg', 219936, '4/000/290/52.jpeg', '{\"ratio\": \"3:2\", \"width\": 1500, \"height\": 1000, \"originalName\": \"pexels-photo-1079033.jpeg\"}', 'image', 308, NULL, NULL, 'custom'),
(29053, 'image/jpeg', 266127, '4/000/290/53.jpeg', '{\"ratio\": \"4:3\", \"width\": 1500, \"height\": 1125, \"originalName\": \"pexels-photo-288530.jpeg\"}', 'image', 308, NULL, NULL, 'custom'),
(29054, 'image/jpeg', 71985, '4/000/290/54.jpeg', '{\"ratio\": \"375:211\", \"width\": 1500, \"height\": 844, \"originalName\": \"pexels-photo-953864.jpeg\"}', 'image', 308, NULL, NULL, 'custom'),
(29055, 'image/jpeg', 210496, '4/000/290/55.jpeg', '{\"ratio\": \"1001:668\", \"width\": 1500, \"height\": 1001, \"originalName\": \"pexels-photo-1711498.jpeg\"}', 'image', 308, NULL, NULL, 'custom'),
(29056, 'image/jpeg', 343410, '4/000/290/56.jpeg', '{\"ratio\": \"1031:776\", \"width\": 1500, \"height\": 1129, \"originalName\": \"pexels-photo-264709.jpeg\"}', 'image', 308, NULL, NULL, 'custom'),
(29057, 'image/jpeg', 417664, '4/000/290/57.jpeg', '{\"ratio\": \"2:3\", \"width\": 1500, \"height\": 2250, \"originalName\": \"pexels-photo-380782.jpeg\"}', 'image', 308, NULL, NULL, 'custom'),
(29058, 'image/jpeg', 629145, '4/000/290/58.jpeg', '{\"ratio\": \"125:83\", \"width\": 1500, \"height\": 996, \"originalName\": \"pexels-photo-263532.jpeg\"}', 'image', 308, NULL, NULL, 'custom'),
(29059, 'image/jpeg', 189979, '4/000/290/59.jpeg', '{\"ratio\": \"1500:997\", \"width\": 1500, \"height\": 997, \"originalName\": \"pexels-photo-1591055.jpeg\"}', 'image', 308, NULL, NULL, 'custom'),
(29060, 'image/png', 220388, '4/000/290/60.png', '{\"ratio\": \"401:640\", \"width\": 802, \"height\": 1280, \"originalName\": \"movers-24402_1280.png\"}', 'image', 308, NULL, NULL, 'custom'),
(29061, 'image/jpeg', 278295, '4/000/290/61.jpeg', '{\"ratio\": \"3:2\", \"width\": 1500, \"height\": 1000, \"originalName\": \"pexels-photo-95916.jpeg\"}', 'image', 308, NULL, NULL, 'custom'),
(29062, 'image/jpeg', 240817, '4/000/290/62.jpeg', '{\"ratio\": \"375:263\", \"width\": 1500, \"height\": 1052, \"originalName\": \"pexels-photo-360624.jpeg\"}', 'image', 308, NULL, NULL, 'custom'),
(29063, 'image/jpeg', 488911, '4/000/290/63.jpeg', '{\"ratio\": \"3:4\", \"width\": 1500, \"height\": 2000, \"originalName\": \"pexels-photo-85773.jpeg\"}', 'image', 308, NULL, NULL, 'custom'),
(29064, 'image/jpeg', 214533, '4/000/290/64.jpeg', '{\"ratio\": \"100:59\", \"width\": 1500, \"height\": 885, \"originalName\": \"pexels-photo-634538.jpeg\"}', 'image', 308, NULL, NULL, 'custom'),
(29065, 'image/jpeg', 151691, '4/000/290/65.jpg', '{\"ratio\": \"3:2\", \"width\": 1500, \"height\": 1000, \"originalName\": \"pencil-typography-black-design.jpg\"}', 'image', 308, NULL, NULL, 'custom'),
(29066, 'image/jpeg', 325738, '4/000/290/66.jpeg', '{\"ratio\": \"500:327\", \"width\": 1500, \"height\": 981, \"originalName\": \"pexels-photo-1068523.jpeg\"}', 'image', 308, NULL, NULL, 'custom'),
(29067, 'image/jpeg', 311439, '4/000/290/67.jpeg', '{\"ratio\": \"125:83\", \"width\": 1500, \"height\": 996, \"originalName\": \"ipad-mockup-apple-business-39559.jpeg\"}', 'image', 308, NULL, NULL, 'custom'),
(29068, 'image/jpeg', 177108, '4/000/290/68.jpeg', '{\"ratio\": \"375:211\", \"width\": 1500, \"height\": 844, \"originalName\": \"pexels-photo-204611.jpeg\"}', 'image', 308, NULL, NULL, 'custom'),
(29069, 'image/jpeg', 138544, '4/000/290/69.jpeg', '{\"ratio\": \"1001:668\", \"width\": 1500, \"height\": 1001, \"originalName\": \"pexels-photo-1435192.jpeg\"}', 'image', 308, NULL, NULL, 'custom'),
(29070, 'image/jpeg', 405122, '4/000/290/70.jpeg', '{\"ratio\": \"125:188\", \"width\": 1500, \"height\": 2256, \"originalName\": \"pexels-photo-1111316.jpeg\"}', 'image', 308, NULL, NULL, 'custom'),
(29071, 'image/jpeg', 552442, '4/000/290/71.jpeg', '{\"ratio\": \"3:2\", \"width\": 1500, \"height\": 1000, \"originalName\": \"pexels-photo-373543.jpeg\"}', 'image', 308, NULL, NULL, 'custom'),
(29072, 'image/jpeg', 480511, '4/000/290/72.jpeg', '{\"ratio\": \"2:3\", \"width\": 1500, \"height\": 2250, \"originalName\": \"pexels-photo-339805.jpeg\"}', 'image', 308, NULL, NULL, 'custom'),
(29073, 'image/jpeg', 146744, '4/000/290/73.jpeg', '{\"ratio\": \"3:2\", \"width\": 1500, \"height\": 1000, \"originalName\": \"pexels-photo-301703.jpeg\"}', 'image', 308, NULL, NULL, 'custom'),
(29074, 'image/jpeg', 84806, '4/000/290/74.jpg', '{\"ratio\": \"3:2\", \"width\": 1500, \"height\": 1000, \"originalName\": \"pexels-photo (1).jpg\"}', 'image', 308, NULL, NULL, 'custom'),
(29075, 'image/jpeg', 269029, '4/000/290/75.jpeg', '{\"ratio\": \"750:437\", \"width\": 1500, \"height\": 874, \"originalName\": \"pexels-photo-256219.jpeg\"}', 'image', 308, NULL, NULL, 'custom'),
(29076, 'image/jpeg', 273388, '4/000/290/76.jpg', '{\"ratio\": \"384:271\", \"width\": 1920, \"height\": 1355, \"originalName\": \"woman-1169324_1920.jpg\"}', 'image', 308, NULL, NULL, 'custom'),
(29077, 'image/png', 86520, '4/000/290/77.png', '{\"ratio\": \"2:1\", \"width\": 640, \"height\": 320, \"originalName\": \"special-offer-606691_640.png\"}', 'image', 308, NULL, NULL, 'custom'),
(29078, 'image/jpeg', 301437, '4/000/290/78.jpeg', '{\"ratio\": \"3:2\", \"width\": 1500, \"height\": 1000, \"originalName\": \"pexels-photo-1549702.jpeg\"}', 'image', 308, NULL, NULL, 'custom'),
(29079, 'image/jpeg', 436781, '4/000/290/79.jpg', '{\"ratio\": \"500:333\", \"width\": 1500, \"height\": 999, \"originalName\": \"france-landmark-lights-night.jpg\"}', 'image', 308, NULL, NULL, 'custom'),
(29080, 'image/jpeg', 423714, '4/000/290/80.jpg', '{\"ratio\": \"749:1123\", \"width\": 1500, \"height\": 2249, \"originalName\": \"accessory-analog-watches-close-up-1697218.jpg\"}', 'image', 308, NULL, NULL, 'custom'),
(29081, 'image/jpeg', 225618, '4/000/290/81.jpeg', '{\"ratio\": \"3:2\", \"width\": 1500, \"height\": 1000, \"originalName\": \"pexels-photo-95425.jpeg\"}', 'image', 308, NULL, NULL, 'custom'),
(29082, 'image/jpeg', 162856, '4/000/290/82.jpeg', '{\"ratio\": \"250:179\", \"width\": 1500, \"height\": 1074, \"originalName\": \"pexels-photo-1243362.jpeg\"}', 'image', 308, NULL, NULL, 'custom'),
(29083, 'image/jpeg', 349046, '4/000/290/83.jpeg', '{\"ratio\": \"1500:1397\", \"width\": 1500, \"height\": 1397, \"originalName\": \"pexels-photo-1096849.jpeg\"}', 'image', 308, NULL, NULL, 'custom'),
(29084, 'image/jpeg', 237873, '4/000/290/84.jpeg', '{\"ratio\": \"500:339\", \"width\": 1500, \"height\": 1017, \"originalName\": \"pexels-photo-1050256.jpeg\"}', 'image', 308, NULL, NULL, 'custom'),
(29085, 'image/jpeg', 163460, '4/000/290/85.jpeg', '{\"ratio\": \"375:242\", \"width\": 1500, \"height\": 968, \"originalName\": \"pexels-photo-796606.jpeg\"}', 'image', 308, NULL, NULL, 'custom'),
(29086, 'image/jpeg', 147637, '4/000/290/86.jpeg', '{\"ratio\": \"3:2\", \"width\": 1500, \"height\": 1000, \"originalName\": \"shoes-pregnancy-child-clothing-47220.jpeg\"}', 'image', 308, NULL, NULL, 'custom'),
(29092, 'image/jpeg', 94983, '1/000/290/92.jpg', '{\"ratio\": \"479:320\", \"width\": 958, \"height\": 640, \"originalName\": \"test-image.jpg\"}', 'image', 308, NULL, NULL, 'generic'),
(29099, 'image/jpeg', 94983, '1/000/290/99.jpg', '{\"ratio\": \"479:320\", \"width\": 958, \"height\": 640, \"originalName\": \"test-image.jpg\"}', 'image', 308, NULL, NULL, 'custom'),
(29101, 'image/jpeg', 9815, '4/000/291/01.jpg', '{\"ratio\": \"16:9\", \"width\": 720, \"height\": 405, \"originalName\": \"121677316_804121560384041_8018089604309386436_n.jpg\"}', 'image', 308, NULL, NULL, 'custom'),
(29102, 'image/jpeg', 17012, '4/000/291/02.jpg', '{\"ratio\": \"3:2\", \"width\": 720, \"height\": 480, \"originalName\": \"122282190_685827672064143_7250450016417528266_o.jpg\"}', 'image', 308, NULL, NULL, 'custom'),
(29103, 'image/jpeg', 96002, '4/000/291/03.jpg', '{\"ratio\": \"721:480\", \"width\": 721, \"height\": 480, \"originalName\": \"122171149_685827618730815_6886485751818728420_o.jpg\"}', 'image', 308, NULL, NULL, 'custom'),
(29104, 'image/jpeg', 78029, '4/000/291/04.jpg', '{\"ratio\": \"3:2\", \"width\": 720, \"height\": 480, \"originalName\": \"122226316_685827632064147_3486230853759991154_o.jpg\"}', 'image', 308, NULL, NULL, 'custom'),
(29105, 'image/jpeg', 88655, '4/000/291/05.jpg', '{\"ratio\": \"240:157\", \"width\": 720, \"height\": 471, \"originalName\": \"122175057_685827625397481_1002377973235670116_o.jpg\"}', 'image', 308, NULL, NULL, 'custom'),
(29106, 'image/jpeg', 39574, '4/000/291/06.jpg', '{\"ratio\": \"3:2\", \"width\": 720, \"height\": 480, \"originalName\": \"122174574_685827692064141_2722781855015534480_o.jpg\"}', 'image', 308, NULL, NULL, 'custom'),
(29107, 'image/jpeg', 82948, '4/000/291/07.jpg', '{\"ratio\": \"721:480\", \"width\": 721, \"height\": 480, \"originalName\": \"122214913_685827332064177_3592337868076483835_o.jpg\"}', 'image', 308, NULL, NULL, 'custom'),
(29108, 'image/jpeg', 44380, '4/000/291/08.jpg', '{\"ratio\": \"180:101\", \"width\": 720, \"height\": 404, \"originalName\": \"122181471_685827288730848_4853405120800002716_o.jpg\"}', 'image', 308, NULL, NULL, 'custom'),
(29109, 'image/jpeg', 37459, '4/000/291/09.jpg', '{\"ratio\": \"3:2\", \"width\": 720, \"height\": 480, \"originalName\": \"122088398_685827255397518_6484800405574556909_o.jpg\"}', 'image', 308, NULL, NULL, 'custom'),
(29110, 'image/jpeg', 20297, '4/000/291/10.jpg', '{\"ratio\": \"2:3\", \"width\": 480, \"height\": 720, \"originalName\": \"122220348_685827315397512_6282085543612327815_o.jpg\"}', 'image', 308, NULL, NULL, 'custom'),
(29111, 'image/jpeg', 61158, '4/000/291/11.jpg', '{\"ratio\": \"3:2\", \"width\": 720, \"height\": 480, \"originalName\": \"122137388_685826978730879_7783364890505682535_o.jpg\"}', 'image', 308, NULL, NULL, 'custom'),
(29112, 'image/jpeg', 20260, '4/000/291/12.jpg', '{\"ratio\": \"721:480\", \"width\": 721, \"height\": 480, \"originalName\": \"122156939_685826938730883_5922235279799557672_o.jpg\"}', 'image', 308, NULL, NULL, 'custom'),
(29113, 'image/jpeg', 39319, '4/000/291/13.jpg', '{\"ratio\": \"3:2\", \"width\": 720, \"height\": 480, \"originalName\": \"122110491_685827005397543_4604770710723481505_o.jpg\"}', 'image', 308, NULL, NULL, 'custom'),
(29114, 'image/jpeg', 121711, '4/000/291/14.jpg', '{\"ratio\": \"557:720\", \"width\": 557, \"height\": 720, \"originalName\": \"122219501_685826705397573_2701548536765448065_o.jpg\"}', 'image', 308, NULL, NULL, 'custom'),
(29115, 'image/jpeg', 20260, '4/000/291/15.jpg', '{\"ratio\": \"721:480\", \"width\": 721, \"height\": 480, \"originalName\": \"122086030_685826662064244_6666645352084204983_o.jpg\"}', 'image', 308, NULL, NULL, 'custom'),
(29116, 'image/jpeg', 19034, '4/000/291/16.jpg', '{\"ratio\": \"720:479\", \"width\": 720, \"height\": 479, \"originalName\": \"122167188_685826395397604_3588178026344778889_o.jpg\"}', 'image', 308, NULL, NULL, 'custom'),
(29117, 'image/jpeg', 711707, '1/000/291/17.jpg', '{\"ratio\": \"3:2\", \"width\": 3000, \"height\": 2000, \"originalName\": \"dai-ke-32162-unsplash.jpg\"}', 'image', 308, NULL, NULL, 'custom'),
(29118, 'image/jpeg', 47605, '4/000/291/18.jpg', '{\"ratio\": \"920:613\", \"width\": 920, \"height\": 613, \"originalName\": \"920x920.jpg\"}', 'image', 188, NULL, NULL, 'custom'),
(29143, 'image/jpeg', 271593, '1/000/291/43.jpg', NULL, 'image', NULL, NULL, NULL, 'custom'),
(29144, 'image/jpeg', 1202532, '1/000/291/44.jpg', '{\"ratio\": \"2:3\", \"width\": 2000, \"height\": 3000, \"originalName\": \"huper-by-joshua-earle-VCVSz1DGumU-unsplash.jpg\"}', 'image', 308, NULL, NULL, 'custom'),
(29153, 'image/png', 38656, '1/000/291/53.png', '{\"originalName\": \"preview-Pexels Videos 2015875.png\"}', 'preview', 308, NULL, 'facebook,linkedIn,twitter', 'custom'),
(29154, 'video/mp4', 8859945, '1/000/291/54.mp4', '{\"is360\": false, \"originalName\": \"Pexels Videos 2015875.mp4\"}', 'video', 308, 29153, 'facebook,linkedIn,twitter', 'custom'),
(29156, 'image/png', 70517, '1/000/291/56.png', '{\"ratio\": \"727:936\", \"width\": 727, \"height\": 936, \"originalName\": \"cart_sidebar_addon_bug.png\"}', 'image', 308, NULL, NULL, 'custom'),
(29157, 'image/png', 925537, '1/000/291/57.png', '{\"originalName\": \"preview-Pexels Videos 2015875.png\"}', 'preview', 308, NULL, 'facebook,linkedIn,twitter', 'custom'),
(29158, 'video/mp4', 8859945, '1/000/291/58.mp4', '{\"is360\": false, \"originalName\": \"Pexels Videos 2015875.mp4\"}', 'video', 308, 29157, 'facebook,linkedIn,twitter', 'custom'),
(29159, 'image/png', 1927395, '1/000/291/59.png', '{\"originalName\": \"preview-Pexels Videos 1654216.png\"}', 'preview', 308, NULL, 'facebook,linkedIn,twitter', 'custom'),
(29160, 'video/mp4', 3591394, '1/000/291/60.mp4', '{\"is360\": false, \"originalName\": \"Pexels Videos 1654216.mp4\"}', 'video', 308, 29159, 'facebook,linkedIn,twitter', 'custom'),
(29161, 'image/png', 2159383, '1/000/291/61.png', '{\"originalName\": \"preview-Ayutthaya - needs stabilization and horizon correction _ 360_VR Master Series _ Free Download_v4.png\"}', 'preview', 308, NULL, NULL, 'custom'),
(29162, 'video/mp4', 18176445, '1/000/291/62.mp4', '{\"is360\": false, \"originalName\": \"Ayutthaya - needs stabilization and horizon correction _ 360_VR Master Series _ Free Download_v4.mp4\"}', 'video', 308, 29161, NULL, 'custom'),
(29163, 'image/png', 733678, '1/000/291/63.png', '{\"originalName\": \"preview-Waffle falling over.png\"}', 'preview', 188, NULL, 'facebook,linkedIn,twitter', 'custom'),
(29164, 'video/mp4', 561500, '1/000/291/64.mp4', '{\"is360\": false, \"originalName\": \"Waffle falling over.mp4\"}', 'video', 188, 29163, 'facebook,linkedIn,twitter', 'custom'),
(29165, 'image/png', 753056, '1/000/291/65.png', '{\"originalName\": \"preview-file_example_MOV_1920_2_2MB.png\"}', 'preview', 308, NULL, NULL, 'custom'),
(29166, 'video/quicktime', 2247200, '1/000/291/66.mov', '{\"is360\": false, \"originalName\": \"file_example_MOV_1920_2_2MB.mov\"}', 'video', 308, 29165, NULL, 'custom'),
(29167, 'image/png', 1902517, '1/000/291/67.png', '{\"originalName\": \"preview-Pexels Videos 1654216.png\"}', 'preview', 308, NULL, NULL, 'custom'),
(29168, 'video/mp4', 3591394, '1/000/291/68.mp4', '{\"is360\": false, \"originalName\": \"Pexels Videos 1654216.mp4\"}', 'video', 308, 29167, NULL, 'custom'),
(29169, 'image/png', 1155459, '1/000/291/69.png', '{\"originalName\": \"preview-Pexels Videos 2015875.png\"}', 'preview', 308, NULL, NULL, 'custom'),
(29170, 'video/mp4', 8859945, '1/000/291/70.mp4', '{\"is360\": false, \"originalName\": \"Pexels Videos 2015875.mp4\"}', 'video', 308, 29169, NULL, 'custom'),
(29171, 'image/jpeg', 54792, '4/000/291/71.jpg', '{\"ratio\": \"1200:629\", \"width\": 1200, \"height\": 629, \"originalName\": \"EkI_s48XcAApdzO.jpg\"}', 'image', 308, NULL, NULL, 'custom'),
(29172, 'image/png', 834164, '1/000/291/72.png', '{\"originalName\": \"preview-Pexels Videos 2015875.png\"}', 'preview', 308, NULL, NULL, 'custom'),
(29173, 'video/mp4', 8859945, '1/000/291/73.mp4', '{\"is360\": true, \"originalName\": \"Pexels Videos 2015875.mp4\"}', 'video', 308, 29172, NULL, 'custom'),
(29174, 'image/jpeg', 128425, '4/000/291/74.jpg', '{\"ratio\": \"600:373\", \"width\": 1200, \"height\": 746, \"originalName\": \"EoFWXnmXIAEVzET.jpg\"}', 'image', 308, NULL, NULL, 'custom'),
(29193, 'image/png', 19674917, '1/000/291/93.png', '{\"originalName\": \"preview-sample_3840x2160.png\"}', 'preview', 308, NULL, NULL, 'custom'),
(29194, 'video/mp4', 132619240, '1/000/291/94.mp4', '{\"is360\": false, \"originalName\": \"sample_3840x2160.mp4\"}', 'video', 308, 29193, NULL, 'custom'),
(29200, 'image/png', 251820, '1/000/292/00.png', '{\"ratio\": \"1:1\", \"width\": 526, \"height\": 526, \"originalName\": \"130251910_217905203232042_3572925405965847525_o.png\"}', 'image', 188, NULL, 'facebook,linkedIn,twitter', 'custom'),
(29206, 'image/png', 251819, '4/000/292/06.png', '{\"ratio\": \"1:1\", \"width\": 526, \"height\": 526, \"originalName\": \"130042179_721322625181314_8946385496837555198_n.png\"}', 'image', 308, NULL, NULL, 'custom'),
(29209, 'image/jpeg', 711707, '1/000/292/09.jpg', NULL, 'image', NULL, NULL, NULL, 'custom'),
(29211, 'image/jpeg', 115614, '4/000/292/11.jpeg', '{\"ratio\": \"320:213\", \"width\": 640, \"height\": 426, \"originalName\": \"pexels-photo-177598.jpeg\"}', 'image', 308, NULL, NULL, 'custom'),
(29214, 'image/jpeg', 115614, '4/000/292/14.jpeg', '{\"ratio\": \"320:213\", \"width\": 640, \"height\": 426, \"originalName\": \"pexels-photo-177598.jpeg\"}', 'image', 308, NULL, NULL, 'custom'),
(29217, 'image/jpeg', 115614, '4/000/292/17.jpeg', '{\"ratio\": \"320:213\", \"width\": 640, \"height\": 426, \"originalName\": \"pexels-photo-177598.jpeg\"}', 'image', 308, NULL, NULL, 'custom'),
(29218, 'image/jpeg', 115614, '4/000/292/18.jpeg', '{\"ratio\": \"320:213\", \"width\": 640, \"height\": 426, \"originalName\": \"pexels-photo-177598.jpeg\"}', 'image', 308, NULL, NULL, 'custom'),
(29219, 'image/jpeg', 115614, '4/000/292/19.jpeg', '{\"ratio\": \"320:213\", \"width\": 640, \"height\": 426, \"originalName\": \"pexels-photo-177598.jpeg\"}', 'image', 308, NULL, NULL, 'custom'),
(29220, 'image/jpeg', 115614, '4/000/292/20.jpeg', '{\"ratio\": \"320:213\", \"width\": 640, \"height\": 426, \"originalName\": \"pexels-photo-177598.jpeg\"}', 'image', 308, NULL, NULL, 'custom'),
(29221, 'image/jpeg', 115614, '4/000/292/21.jpeg', '{\"ratio\": \"320:213\", \"width\": 640, \"height\": 426, \"originalName\": \"pexels-photo-177598.jpeg\"}', 'image', 308, NULL, NULL, 'custom'),
(29222, 'image/jpeg', 115614, '4/000/292/22.jpeg', '{\"ratio\": \"320:213\", \"width\": 640, \"height\": 426, \"originalName\": \"pexels-photo-177598.jpeg\"}', 'image', 308, NULL, NULL, 'custom'),
(29223, 'image/jpeg', 115614, '4/000/292/23.jpeg', '{\"ratio\": \"320:213\", \"width\": 640, \"height\": 426, \"originalName\": \"pexels-photo-177598.jpeg\"}', 'image', 308, NULL, NULL, 'custom'),
(29224, 'image/jpeg', 115614, '4/000/292/24.jpeg', '{\"ratio\": \"320:213\", \"width\": 640, \"height\": 426, \"originalName\": \"pexels-photo-177598.jpeg\"}', 'image', 308, NULL, NULL, 'custom'),
(29225, 'image/jpeg', 115614, '4/000/292/25.jpeg', '{\"ratio\": \"320:213\", \"width\": 640, \"height\": 426, \"originalName\": \"pexels-photo-177598.jpeg\"}', 'image', 308, NULL, NULL, 'custom'),
(29226, 'image/jpeg', 115614, '4/000/292/26.jpeg', '{\"ratio\": \"320:213\", \"width\": 640, \"height\": 426, \"originalName\": \"pexels-photo-177598.jpeg\"}', 'image', 308, NULL, NULL, 'custom'),
(29228, 'image/jpeg', 711707, '1/000/292/28.jpg', '{\"ratio\": \"3:2\", \"width\": 3000, \"height\": 2000, \"originalName\": \"dai-ke-32162-unsplash.jpg\"}', 'image', 308, NULL, NULL, 'custom'),
(29229, 'image/jpeg', 2530624, '1/000/292/29.jpg', '{\"ratio\": \"77:51\", \"width\": 4928, \"height\": 3264, \"originalName\": \"adult-agent-approval-684385.jpg\"}', 'image', 308, NULL, NULL, 'custom'),
(29230, 'image/jpeg', 474863, '1/000/292/30.jpg', '{\"ratio\": \"48:31\", \"width\": 1920, \"height\": 1240, \"originalName\": \"girl-1245835_1920.jpg\"}', 'image', 308, NULL, NULL, 'custom'),
(29232, 'image/png', 516652, '1/000/292/32.png', NULL, 'image', NULL, NULL, NULL, 'custom'),
(29235, 'image/jpeg', 115614, '4/000/292/35.jpeg', '{\"ratio\": \"320:213\", \"width\": 640, \"height\": 426, \"originalName\": \"pexels-photo-177598.jpeg\"}', 'image', 278, NULL, NULL, 'custom'),
(29236, 'image/jpeg', 115614, '4/000/292/36.jpeg', '{\"ratio\": \"320:213\", \"width\": 640, \"height\": 426, \"originalName\": \"pexels-photo-177598.jpeg\"}', 'image', 278, NULL, NULL, 'custom'),
(29237, 'image/jpeg', 115614, '4/000/292/37.jpeg', '{\"ratio\": \"320:213\", \"width\": 640, \"height\": 426, \"originalName\": \"pexels-photo-177598.jpeg\"}', 'image', 278, NULL, NULL, 'custom'),
(29239, 'image/jpeg', 115614, '4/000/292/39.jpeg', '{\"ratio\": \"320:213\", \"width\": 640, \"height\": 426, \"originalName\": \"pexels-photo-177598.jpeg\"}', 'image', 278, NULL, NULL, 'custom'),
(29240, 'image/jpeg', 115614, '4/000/292/40.jpeg', '{\"ratio\": \"320:213\", \"width\": 640, \"height\": 426, \"originalName\": \"pexels-photo-177598.jpeg\"}', 'image', 278, NULL, NULL, 'custom'),
(29245, 'image/jpeg', 115614, '4/000/292/45.jpeg', '{\"ratio\": \"320:213\", \"width\": 640, \"height\": 426, \"originalName\": \"pexels-photo-177598.jpeg\"}', 'image', 278, NULL, NULL, 'custom'),
(29246, 'image/jpeg', 115614, '4/000/292/46.jpeg', '{\"ratio\": \"320:213\", \"width\": 640, \"height\": 426, \"originalName\": \"pexels-photo-177598.jpeg\"}', 'image', 278, NULL, NULL, 'custom'),
(29247, 'image/jpeg', 115614, '4/000/292/47.jpeg', '{\"ratio\": \"320:213\", \"width\": 640, \"height\": 426, \"originalName\": \"pexels-photo-177598.jpeg\"}', 'image', 278, NULL, NULL, 'custom'),
(29248, 'image/jpeg', 115614, '4/000/292/48.jpeg', '{\"ratio\": \"320:213\", \"width\": 640, \"height\": 426, \"originalName\": \"pexels-photo-177598.jpeg\"}', 'image', 278, NULL, NULL, 'custom'),
(29249, 'image/jpeg', 115614, '4/000/292/49.jpeg', '{\"ratio\": \"320:213\", \"width\": 640, \"height\": 426, \"originalName\": \"pexels-photo-177598.jpeg\"}', 'image', 278, NULL, NULL, 'custom'),
(29250, 'image/jpeg', 115614, '4/000/292/50.jpeg', '{\"ratio\": \"320:213\", \"width\": 640, \"height\": 426, \"originalName\": \"pexels-photo-177598.jpeg\"}', 'image', 278, NULL, NULL, 'custom'),
(29251, 'image/jpeg', 115614, '4/000/292/51.jpeg', '{\"ratio\": \"320:213\", \"width\": 640, \"height\": 426, \"originalName\": \"pexels-photo-177598.jpeg\"}', 'image', 278, NULL, NULL, 'custom'),
(29252, 'image/jpeg', 115614, '4/000/292/52.jpeg', '{\"ratio\": \"320:213\", \"width\": 640, \"height\": 426, \"originalName\": \"pexels-photo-177598.jpeg\"}', 'image', 278, NULL, NULL, 'custom'),
(29253, 'image/jpeg', 115614, '4/000/292/53.jpeg', '{\"ratio\": \"320:213\", \"width\": 640, \"height\": 426, \"originalName\": \"pexels-photo-177598.jpeg\"}', 'image', 278, NULL, NULL, 'custom'),
(29254, 'image/jpeg', 115614, '4/000/292/54.jpeg', '{\"ratio\": \"320:213\", \"width\": 640, \"height\": 426, \"originalName\": \"pexels-photo-177598.jpeg\"}', 'image', 278, NULL, NULL, 'custom'),
(29255, 'image/jpeg', 115614, '4/000/292/55.jpeg', '{\"ratio\": \"320:213\", \"width\": 640, \"height\": 426, \"originalName\": \"pexels-photo-177598.jpeg\"}', 'image', 278, NULL, NULL, 'custom'),
(29256, 'image/jpeg', 115614, '4/000/292/56.jpeg', '{\"ratio\": \"320:213\", \"width\": 640, \"height\": 426, \"originalName\": \"pexels-photo-177598.jpeg\"}', 'image', 278, NULL, NULL, 'custom'),
(29257, 'image/jpeg', 115614, '4/000/292/57.jpeg', '{\"ratio\": \"320:213\", \"width\": 640, \"height\": 426, \"originalName\": \"pexels-photo-177598.jpeg\"}', 'image', 278, NULL, NULL, 'custom'),
(29258, 'image/jpeg', 115614, '4/000/292/58.jpeg', '{\"ratio\": \"320:213\", \"width\": 640, \"height\": 426, \"originalName\": \"pexels-photo-177598.jpeg\"}', 'image', 278, NULL, NULL, 'custom'),
(29259, 'image/jpeg', 115614, '4/000/292/59.jpeg', '{\"ratio\": \"320:213\", \"width\": 640, \"height\": 426, \"originalName\": \"pexels-photo-177598.jpeg\"}', 'image', 278, NULL, NULL, 'custom'),
(29260, 'image/jpeg', 115614, '4/000/292/60.jpeg', '{\"ratio\": \"320:213\", \"width\": 640, \"height\": 426, \"originalName\": \"pexels-photo-177598.jpeg\"}', 'image', 278, NULL, NULL, 'custom'),
(29261, 'image/jpeg', 115614, '4/000/292/61.jpeg', '{\"ratio\": \"320:213\", \"width\": 640, \"height\": 426, \"originalName\": \"pexels-photo-177598.jpeg\"}', 'image', 278, NULL, NULL, 'custom'),
(29262, 'image/jpeg', 115614, '4/000/292/62.jpeg', '{\"ratio\": \"320:213\", \"width\": 640, \"height\": 426, \"originalName\": \"pexels-photo-177598.jpeg\"}', 'image', 278, NULL, NULL, 'custom'),
(29263, 'image/jpeg', 115614, '4/000/292/63.jpeg', '{\"ratio\": \"320:213\", \"width\": 640, \"height\": 426, \"originalName\": \"pexels-photo-177598.jpeg\"}', 'image', 278, NULL, NULL, 'custom'),
(29264, 'image/jpeg', 115614, '4/000/292/64.jpeg', '{\"ratio\": \"320:213\", \"width\": 640, \"height\": 426, \"originalName\": \"pexels-photo-177598.jpeg\"}', 'image', 278, NULL, NULL, 'custom'),
(29267, 'image/jpeg', 115614, '4/000/292/67.jpeg', '{\"ratio\": \"320:213\", \"width\": 640, \"height\": 426, \"originalName\": \"pexels-photo-177598.jpeg\"}', 'image', 278, NULL, NULL, 'custom'),
(29268, 'image/jpeg', 115614, '4/000/292/68.jpeg', '{\"ratio\": \"320:213\", \"width\": 640, \"height\": 426, \"originalName\": \"pexels-photo-177598.jpeg\"}', 'image', 278, NULL, NULL, 'custom'),
(29269, 'image/jpeg', 115614, '4/000/292/69.jpeg', '{\"ratio\": \"320:213\", \"width\": 640, \"height\": 426, \"originalName\": \"pexels-photo-177598.jpeg\"}', 'image', 278, NULL, NULL, 'custom'),
(29270, 'image/jpeg', 115614, '4/000/292/70.jpeg', '{\"ratio\": \"320:213\", \"width\": 640, \"height\": 426, \"originalName\": \"pexels-photo-177598.jpeg\"}', 'image', 278, NULL, NULL, 'custom'),
(29271, 'image/jpeg', 115614, '4/000/292/71.jpeg', '{\"ratio\": \"320:213\", \"width\": 640, \"height\": 426, \"originalName\": \"pexels-photo-177598.jpeg\"}', 'image', 278, NULL, NULL, 'custom'),
(29272, 'image/jpeg', 115614, '4/000/292/72.jpeg', '{\"ratio\": \"320:213\", \"width\": 640, \"height\": 426, \"originalName\": \"pexels-photo-177598.jpeg\"}', 'image', 278, NULL, NULL, 'custom'),
(29273, 'image/jpeg', 91845, '1/000/292/73.jpg', '{\"ratio\": \"313:440\", \"width\": 313, \"height\": 440, \"originalName\": \"New_Card_View.jpg\"}', 'image', 428, NULL, 'facebook,linkedIn,twitter', 'custom'),
(29274, 'image/jpeg', 47605, '4/000/292/74.jpg', '{\"ratio\": \"920:613\", \"width\": 920, \"height\": 613, \"originalName\": \"920x920.jpg\"}', 'image', 308, NULL, NULL, 'custom'),
(29275, 'image/jpeg', 669126, '1/000/292/75.jpg', '{\"ratio\": \"457:640\", \"width\": 1371, \"height\": 1920, \"originalName\": \"bird-4486154_1920.jpg\"}', 'image', 188, NULL, 'facebook,linkedIn,twitter', 'branded'),
(29276, 'image/jpeg', 131726, '1/000/292/76.jpg', '{\"ratio\": \"1280:853\", \"width\": 1280, \"height\": 853, \"originalName\": \"kingfisher-2046453_1280.jpg\"}', 'image', 428, NULL, 'facebook,linkedIn,twitter', 'custom'),
(29277, 'image/jpeg', 346604, '1/000/292/77.jpg', '{\"ratio\": \"4:3\", \"width\": 1280, \"height\": 960, \"originalName\": \"owl-50267_1280.jpg\"}', 'image', 428, NULL, 'facebook,linkedIn,twitter', 'custom');

-- --------------------------------------------------------

--
-- Table structure for table `cms__folder`
--

CREATE TABLE `cms__folder` (
  `folderID` int(11) UNSIGNED NOT NULL COMMENT 'Mappa azonosító',
  `parentID` int(11) UNSIGNED DEFAULT NULL COMMENT 'Szülő mappa azonosító',
  `name` varchar(64) NOT NULL COMMENT 'Mappa neve',
  `url` varchar(128) NOT NULL COMMENT 'Mappa url-je',
  `alias` varchar(64) DEFAULT NULL COMMENT 'Alias',
  `defaultFileID` int(11) UNSIGNED DEFAULT NULL COMMENT 'Alapértelmezett fájl azonosító',
  `position` int(3) UNSIGNED NOT NULL DEFAULT '0' COMMENT 'Mappán belüli pozíció',
  `createDate` timestamp NOT NULL DEFAULT CURRENT_TIMESTAMP,
  `modifyDate` timestamp NOT NULL DEFAULT CURRENT_TIMESTAMP ON UPDATE CURRENT_TIMESTAMP
) ENGINE=InnoDB DEFAULT CHARSET=utf8;

--
-- Dumping data for table `cms__folder`
--

INSERT INTO `cms__folder` (`folderID`, `parentID`, `name`, `url`, `alias`, `defaultFileID`, `position`, `createDate`, `modifyDate`) VALUES
(1, NULL, 'Admin site', '/admin', NULL, 1, 1, '2018-08-03 10:45:28', '2018-08-03 10:45:28'),
(2, NULL, 'Magyar site', '/', NULL, 12, 2, '2018-08-03 10:45:28', '2018-08-03 12:16:28'),
(3, 1, 'Feltöltések', '/feltoltesek', NULL, NULL, 3, '2018-08-03 10:45:28', '2018-08-03 12:16:15'),
(4, 1, 'Files', '/files', 'files', NULL, 4, '2018-10-18 13:59:15', '2018-11-03 16:11:19');

--
-- Triggers `cms__folder`
--
DELIMITER $$
CREATE TRIGGER `trigger__set_empty_folder_alias_to_null` BEFORE INSERT ON `cms__folder` FOR EACH ROW BEGIN
    IF TRIM(NEW.alias) = '' THEN
      SET NEW.alias = NULL;
    END IF;
  END
$$
DELIMITER ;

-- --------------------------------------------------------

--
-- Table structure for table `cms__group`
--

CREATE TABLE `cms__group` (
  `groupID` int(11) UNSIGNED NOT NULL COMMENT 'Csoport azonosító',
  `name` varchar(32) NOT NULL COMMENT 'Név',
  `description` text COMMENT 'Leírás',
  `status` enum('active','inactive') NOT NULL DEFAULT 'active' COMMENT 'Státusz',
  `guest` enum('true','false') NOT NULL DEFAULT 'false' COMMENT 'Vendég csoport'
) ENGINE=InnoDB DEFAULT CHARSET=utf8;

--
-- Dumping data for table `cms__group`
--

INSERT INTO `cms__group` (`groupID`, `name`, `description`, `status`, `guest`) VALUES
(1, 'Vendég', 'Ez a csoport automatikusan generált a vendég user számára, új felhasználót nem hozunk létre benne.', 'active', 'true'),
(2, 'W5 Adminisztrátor', 'W5 adminisztrátor csoport. Minden jogot megkap.', 'active', 'false'),
(3, 'W5 Fejlesztő', 'W5 fejlesztői csoport. Minden jogot megkap.', 'active', 'false');

-- --------------------------------------------------------

--
-- Table structure for table `cms__group_has_files`
--

CREATE TABLE `cms__group_has_files` (
  `groupID` int(11) UNSIGNED NOT NULL COMMENT 'Csoport azonosító',
  `fileID` int(11) UNSIGNED NOT NULL COMMENT 'Fájl azonosító',
  `permissions` set('dispatch','view','edit','publish','move','remove') NOT NULL DEFAULT 'dispatch,view' COMMENT 'Jogosultságok'
) ENGINE=InnoDB DEFAULT CHARSET=utf8;

--
-- Dumping data for table `cms__group_has_files`
--

INSERT INTO `cms__group_has_files` (`groupID`, `fileID`, `permissions`) VALUES
(1, 2, 'dispatch,view'),
(1, 3, 'dispatch,view'),
(1, 12, 'dispatch,view'),
(1, 13, 'dispatch,view'),
(2, 1, 'dispatch,view,edit,publish'),
(2, 2, 'dispatch,view,edit,publish'),
(2, 3, 'dispatch,view,edit,publish'),
(2, 4, 'dispatch,view,edit,publish'),
(2, 5, 'dispatch,view,edit,publish'),
(2, 6, 'dispatch,view,edit,publish'),
(2, 7, 'dispatch,view,edit,publish'),
(2, 8, 'dispatch,view,edit,publish'),
(2, 9, 'dispatch,view,edit,publish'),
(2, 10, 'dispatch,view,edit,publish'),
(2, 11, 'dispatch,view,edit,publish'),
(2, 12, 'dispatch,view,edit,publish'),
(2, 13, 'dispatch,view,edit,publish'),
(3, 1, 'dispatch,view,edit,publish,move,remove'),
(3, 2, 'dispatch,view,edit,publish,move,remove'),
(3, 3, 'dispatch,view,edit,publish,move,remove'),
(3, 4, 'dispatch,view,edit,publish,move,remove'),
(3, 5, 'dispatch,view,edit,publish,move,remove'),
(3, 6, 'dispatch,view,edit,publish,move,remove'),
(3, 7, 'dispatch,view,edit,publish,move,remove'),
(3, 8, 'dispatch,view,edit,publish,move,remove'),
(3, 9, 'dispatch,view,edit,publish,move,remove'),
(3, 10, 'dispatch,view,edit,publish,move,remove'),
(3, 11, 'dispatch,view,edit,publish,move,remove'),
(3, 12, 'dispatch,view,edit,publish,move,remove'),
(3, 13, 'dispatch,view,edit,publish,move,remove');

-- --------------------------------------------------------

--
-- Table structure for table `cms__group_has_folders`
--

CREATE TABLE `cms__group_has_folders` (
  `groupID` int(11) UNSIGNED NOT NULL COMMENT 'Csoport azonosító',
  `folderID` int(11) UNSIGNED NOT NULL COMMENT 'Mappa azonosító',
  `permissions` set('view','edit','createFile','createFolder','move','remove') NOT NULL DEFAULT 'view' COMMENT 'Jogosultságok'
) ENGINE=InnoDB DEFAULT CHARSET=utf8;

--
-- Dumping data for table `cms__group_has_folders`
--

INSERT INTO `cms__group_has_folders` (`groupID`, `folderID`, `permissions`) VALUES
(1, 3, 'view'),
(2, 1, 'view,edit,createFile,createFolder'),
(2, 2, 'view,edit,createFile,createFolder'),
(2, 3, 'view,edit,createFile,createFolder'),
(2, 4, 'view,edit,createFile,createFolder'),
(3, 1, 'view,edit,createFile,createFolder,move,remove'),
(3, 2, 'view,edit,createFile,createFolder,move,remove'),
(3, 3, 'view,edit,createFile,createFolder,move,remove'),
(3, 4, 'view,edit,createFile,createFolder,move,remove');

-- --------------------------------------------------------

--
-- Table structure for table `cms__group_has_groups`
--

CREATE TABLE `cms__group_has_groups` (
  `groupID` int(11) UNSIGNED NOT NULL COMMENT 'Csoport azonosító (birtokló)',
  `otherGroupID` int(11) UNSIGNED NOT NULL COMMENT 'Birtokolt csoport azonosító'
) ENGINE=InnoDB DEFAULT CHARSET=utf8;

--
-- Dumping data for table `cms__group_has_groups`
--

INSERT INTO `cms__group_has_groups` (`groupID`, `otherGroupID`) VALUES
(1, 1),
(2, 1),
(2, 2),
(3, 1),
(3, 2),
(3, 3);

-- --------------------------------------------------------

--
-- Table structure for table `cms__group_has_roles`
--

CREATE TABLE `cms__group_has_roles` (
  `groupID` int(11) UNSIGNED NOT NULL COMMENT 'Csoport azonosító',
  `roleID` varchar(64) NOT NULL COMMENT 'Szerepkör azonosító'
) ENGINE=InnoDB DEFAULT CHARSET=utf8;

--
-- Dumping data for table `cms__group_has_roles`
--

INSERT INTO `cms__group_has_roles` (`groupID`, `roleID`) VALUES
(1, 'auth.guest'),
(1, 'core.guest'),
(1, 'navigation.guest'),
(1, 'panelBuilder.guest'),
(1, 'text.guest'),
(1, 'vfs.guest'),
(2, 'auth.admin'),
(2, 'core.admin'),
(2, 'navigation.admin'),
(2, 'panelBuilder.admin'),
(2, 'text.admin'),
(2, 'vfs.admin'),
(3, 'auth.admin'),
(3, 'auth.developer'),
(3, 'core.admin'),
(3, 'core.developer'),
(3, 'navigation.admin'),
(3, 'navigation.developer'),
(3, 'panelBuilder.admin'),
(3, 'panelBuilder.developer'),
(3, 'smd.admin'),
(3, 'text.admin'),
(3, 'text.developer'),
(3, 'vfs.admin'),
(3, 'vfs.developer');

-- --------------------------------------------------------

--
-- Table structure for table `cms__language`
--

CREATE TABLE `cms__language` (
  `languageID` int(11) UNSIGNED NOT NULL COMMENT 'Nyelvi azonosító',
  `name` varchar(32) NOT NULL COMMENT 'Név',
  `dir` varchar(16) NOT NULL COMMENT 'Mappa',
  `locale` varchar(255) NOT NULL COMMENT 'Lokációk',
  `status` enum('active','inactive') NOT NULL DEFAULT 'active' COMMENT 'Státusz',
  `type` enum('front','admin','both') NOT NULL DEFAULT 'front' COMMENT 'Típus'
) ENGINE=InnoDB DEFAULT CHARSET=utf8;

--
-- Dumping data for table `cms__language`
--

INSERT INTO `cms__language` (`languageID`, `name`, `dir`, `locale`, `status`, `type`) VALUES
(1, 'Magyar', 'hu', 'hu,hu_HU,hu_HU.UTF8', 'active', 'both'),
(2, 'Angol', 'en', 'en,en_GB,eb_GB.UTF8', 'active', 'both');

-- --------------------------------------------------------

--
-- Table structure for table `cms__layout`
--

CREATE TABLE `cms__layout` (
  `layoutID` int(11) UNSIGNED NOT NULL COMMENT 'Layout azonosító',
  `name` varchar(32) NOT NULL COMMENT 'Név',
  `fileName` varchar(64) NOT NULL COMMENT 'Fájlnév',
  `icon` varchar(32) DEFAULT NULL COMMENT 'Ikon'
) ENGINE=InnoDB DEFAULT CHARSET=utf8;

--
-- Dumping data for table `cms__layout`
--

INSERT INTO `cms__layout` (`layoutID`, `name`, `fileName`, `icon`) VALUES
(1, 'Admin - Main', 'admin', 'admin.png'),
(2, 'Admin - Login', 'adminLogin', 'adminLogin.png'),
(3, 'Admin - Error', 'adminError', 'adminError.png'),
(4, 'Main', 'main', 'main.png'),
(5, 'Error', 'error', 'error.png');

-- --------------------------------------------------------

--
-- Table structure for table `cms__module`
--

CREATE TABLE `cms__module` (
  `moduleID` int(11) UNSIGNED NOT NULL COMMENT 'Modul azonosító',
  `name` varchar(32) NOT NULL COMMENT 'Név'
) ENGINE=InnoDB DEFAULT CHARSET=utf8;

--
-- Dumping data for table `cms__module`
--

INSERT INTO `cms__module` (`moduleID`, `name`) VALUES
(3, 'module.auth'),
(10, 'module.background'),
(1, 'module.core'),
(9, 'module.dashboard'),
(12, 'module.hashtag'),
(13, 'module.linkShorten'),
(15, 'module.messaging'),
(6, 'module.navigation'),
(8, 'module.organization'),
(4, 'module.panelBuilder'),
(7, 'module.post'),
(14, 'module.rss'),
(11, 'module.socialSite'),
(5, 'module.text'),
(16, 'module.thirdPartyMediaSource'),
(2, 'module.vfs');

-- --------------------------------------------------------

--
-- Table structure for table `cms__panel`
--

CREATE TABLE `cms__panel` (
  `panelID` int(11) UNSIGNED NOT NULL COMMENT 'Panel azonosító',
  `moduleID` int(11) UNSIGNED NOT NULL COMMENT 'Modul azonosító',
  `name` varchar(64) NOT NULL COMMENT 'Név',
  `exclusive` enum('true','false') NOT NULL DEFAULT 'false' COMMENT 'Exclusive panel',
  `status` enum('active','inactive') NOT NULL DEFAULT 'active' COMMENT 'Státusz',
  `parameters` json DEFAULT NULL COMMENT 'Paraméterek'
) ENGINE=InnoDB DEFAULT CHARSET=utf8;

--
-- Dumping data for table `cms__panel`
--

INSERT INTO `cms__panel` (`panelID`, `moduleID`, `name`, `exclusive`, `status`, `parameters`) VALUES
(1, 1, 'panel.core.admin.tag', 'true', 'active', NULL),
(2, 2, 'panel.vfs.admin', 'true', 'active', NULL),
(3, 3, 'panel.auth.login', 'false', 'active', '{\"mode\": \"email\", \"redirect\": true, \"redirectUrl\": null}'),
(4, 3, 'panel.auth.register', 'false', 'active', NULL),
(5, 3, 'panel.auth.forgot', 'false', 'active', NULL),
(6, 3, 'panel.auth.admin.user', 'true', 'active', NULL),
(7, 3, 'panel.auth.admin.group', 'true', 'active', NULL),
(8, 4, 'panel.panelBuilder.builder', 'true', 'active', NULL),
(9, 5, 'panel.text.html', 'false', 'active', '{\"content\": \"HTML tartalom\"}'),
(10, 5, 'panel.text.plain', 'false', 'active', '{\"content\": \"Formázatlan szöveg\"}'),
(11, 5, 'panel.text.error', 'false', 'active', '{\"content\": \"Hiba\"}'),
(12, 6, 'panel.navigation.autoMenu', 'false', 'active', NULL),
(13, 6, 'panel.navigation.customMenu', 'false', 'active', NULL),
(14, 6, 'panel.navigation.breadcrumb', 'false', 'active', NULL),
(15, 6, 'panel.navigation.siteSelection', 'false', 'active', NULL);

-- --------------------------------------------------------

--
-- Table structure for table `cms__panel_variant`
--

CREATE TABLE `cms__panel_variant` (
  `panelVariantID` int(11) UNSIGNED NOT NULL COMMENT 'Panel változat azonosító',
  `panelID` int(11) UNSIGNED NOT NULL COMMENT 'Panel azonosító',
  `name` varchar(128) DEFAULT NULL COMMENT 'Név (globális esetén)',
  `parameters` json DEFAULT NULL COMMENT 'Paraméterek',
  `type` enum('local','global') NOT NULL DEFAULT 'local' COMMENT 'Típus',
  `status` enum('active','inactive') NOT NULL DEFAULT 'active' COMMENT 'Státusz'
) ENGINE=InnoDB DEFAULT CHARSET=utf8;

--
-- Dumping data for table `cms__panel_variant`
--

INSERT INTO `cms__panel_variant` (`panelVariantID`, `panelID`, `name`, `parameters`, `type`, `status`) VALUES
(1, 11, 'Admin - Error', '{\"content\": \"Hiba történt\"}', 'global', 'active'),
(2, 3, 'Admin - Login', '{\"mode\": \"email\", \"useView\": \"admin\", \"redirect\": true, \"redirectUrl\": null}', 'global', 'active'),
(3, 9, 'Admin - Footer', '{\"content\": \"W5 CMS &copy;<img class=\\\"bottom-logo\\\" src=\\\"/themes/static/img/w5labs-logo.svg\\\"/>\"}', 'global', 'active'),
(4, 9, NULL, '{\"content\": \"<h1>Adminisztráció</h1>\\n<h3>Leírás</h3>\\n<p>Leírás Leírás Leírás Leírás Leírás Leírás Leírás Leírás Leírás Leírás Leírás Leírás Leírás Leírás Leírás Leírás Leírás Leírás Leírás Leírás Leírás Leírás Leírás Leírás Leírás Leírás Leírás Leírás Leírás Leírás Leírás Leírás Leírás Leírás Leírás Leírás Leírás Leírás Leírás Leírás Leírás Leírás Leírás Leírás Leírás Leírás Leírás Leírás Leírás Leírás Leírás Leírás Leírás Leírás Leírás Leírás Leírás Leírás Leírás Leírás Leírás Leírás Leírás Leírás Leírás Leírás Leírás Leírás Leírás Leírás Leírás Leírás Leírás Leírás Leírás Leírás Leírás Leírás Leírás Leírás Leírás Leírás Leírás Leírás Leírás Leírás Leírás Leírás Leírás Leírás Leírás Leírás Leírás Leírás Leírás Leírás Leírás Leírás Leírás Leírás Leírás Leírás Leírás Leírás Leírás Leírás Leírás Leírás Leírás Leírás Leírás Leírás Leírás Leírás Leírás Leírás Leírás Leírás Leírás Leírás Leírás Leírás Leírás Leírás Leírás Leírás Leírás Leírás Leírás Leírás Leírás Leírás Leírás Leírás Leírás Leírás Leírás Leírás Leírás Leírás Leírás Leírás Leírás Leírás Leírás Leírás Leírás Leírás Leírás Leírás Leírás Leírás Leírás Leírás Leírás Leírás Leírás Leírás Leírás Leírás Leírás Leírás Leírás Leírás Leírás Leírás Leírás Leírás Leírás Leírás Leírás Leírás Leírás Leírás Leírás Leírás Leírás Leírás Leírás Leírás Leírás Leírás Leírás Leírás Leírás Leírás Leírás Leírás Leírás Leírás Leírás Leírás Leírás Leírás Leírás Leírás Leírás Leírás Leírás Leírás Leírás Leírás Leírás Leírás Leírás Leírás Leírás Leírás Leírás Leírás Leírás Leírás Leírás Leírás Leírás Leírás Leírás Leírás Leírás Leírás Leírás Leírás Leírás Leírás Leírás Leírás Leírás Leírás Leírás Leírás Leírás Leírás Leírás Leírás Leírás Leírás Leírás Leírás Leírás Leírás Leírás Leírás Leírás Leírás Leírás Leírás Leírás Leírás Leírás Leírás Leírás Leírás Leírás Leírás Leírás Leírás Leírás Leírás Leírás Leírás Leírás Leírás Leírás Leírás Leírás Leírás Leírás Leírás Leírás Leírás Leírás Leírás Leírás Leírás Leírás Leírás Leírás Leírás Leírás Leírás Leírás Leírás Leírás Leírás Leírás Leírás Leírás Leírás Leírás Leírás Leírás Leírás Leírás Leírás Leírás Leírás Leírás Leírás Leírás Leírás Leírás Leírás Leírás Leírás Leírás Leírás Leírás Leírás Leírás Leírás Leírás Leírás Leírás Leírás Leírás Leírás Leírás Leírás Leírás Leírás Leírás Leírás Leírás Leírás Leírás Leírás Leírás Leírás Leírás Leírás Leírás Leírás Leírás Leírás Leírás Leírás Leírás Leírás</p>\\n<h3>Segítség</h3>\\n<p>Segítség Segítség Segítség Segítség Segítség Segítség Segítség Segítség Segítség Segítség Segítség Segítség Segítség Segítség Segítség Segítség Segítség Segítség Segítség Segítség Segítség Segítség Segítség Segítség Segítség Segítség Segítség Segítség Segítség Segítség Segítség Segítség Segítség Segítség Segítség Segítség Segítség Segítség Segítség Segítség Segítség Segítség Segítség Segítség Segítség Segítség Segítség Segítség Segítség Segítség Segítség Segítség Segítség Segítség Segítség Segítség Segítség Segítség Segítség Segítség Segítség Segítség Segítség Segítség Segítség Segítség Segítség Segítség Segítség Segítség Segítség Segítség Segítség Segítség Segítség Segítség Segítség Segítség Segítség Segítség Segítség Segítség Segítség Segítség Segítség Segítség Segítség Segítség Segítség Segítség Segítség Segítség Segítség Segítség Segítség Segítség Segítség Segítség Segítség Segítség Segítség Segítség Segítség Segítség Segítség Segítség Segítség Segítség Segítség Segítség Segítség Segítség Segítség Segítség Segítség Segítség Segítség Segítség Segítség Segítség Segítség Segítség Segítség Segítség Segítség Segítség Segítség Segítség Segítség Segítség Segítség Segítség Segítség Segítség Segítség Segítség Segítség Segítség Segítség Segítség Segítség Segítség Segítség Segítség Segítség Segítség Segítség Segítség Segítség Segítség Segítség Segítség Segítség Segítség Segítség Segítség Segítség Segítség Segítség Segítség Segítség Segítség Segítség Segítség Segítség Segítség Segítség Segítség Segítség Segítség Segítség Segítség Segítség Segítség Segítség Segítség Segítség Segítség Segítség Segítség Segítség Segítség Segítség Segítség Segítség Segítség Segítség Segítség Segítség Segítség Segítség Segítség Segítség Segítség Segítség Segítség Segítség Segítség Segítség Segítség Segítség Segítség Segítség Segítség Segítség Segítség Segítség Segítség Segítség Segítség Segítség Segítség Segítség Segítség Segítség Segítség Segítség Segítség Segítség Segítség </p>\"}', 'local', 'active'),
(5, 2, NULL, NULL, 'local', 'active'),
(6, 6, NULL, NULL, 'local', 'active'),
(7, 7, NULL, NULL, 'local', 'active'),
(8, 8, NULL, NULL, 'local', 'active'),
(9, 1, NULL, NULL, 'local', 'active'),
(10, 11, NULL, NULL, 'local', 'active');

-- --------------------------------------------------------

--
-- Table structure for table `cms__resource`
--

CREATE TABLE `cms__resource` (
  `resourceID` varchar(100) NOT NULL,
  `moduleID` int(11) UNSIGNED NOT NULL COMMENT 'Modul azonosító',
  `name` varchar(64) DEFAULT NULL COMMENT 'Erőforrás neve',
  `description` varchar(100) DEFAULT NULL COMMENT 'Rövid leírás'
) ENGINE=InnoDB DEFAULT CHARSET=utf8;

--
-- Dumping data for table `cms__resource`
--

INSERT INTO `cms__resource` (`resourceID`, `moduleID`, `name`, `description`) VALUES
('analytics.analytics.activitiesByOrganizations', 9, 'analytics.analytics.activitiesByOrganizations.name', 'analytics.analytics.activitiesByOrganizations.description'),
('analytics.analytics.activitiesByTeamMembers', 9, 'analytics.analytics.activitiesByTeamMembers.name', 'analytics.analytics.activitiesByTeamMembers.description'),
('analytics.analytics.interactions', 9, 'analytics.analytics.interactions.name', 'analytics.analytics.interactions.description'),
('analytics.analytics.mentions', 9, 'analytics.analytics.mentions.name', 'analytics.analytics.mentions.description'),
('analytics.analytics.organizationGraphData', 9, 'analytics.analytics.organizationGraphData.name', 'analytics.analytics.organizationGraphData.description'),
('analytics.analytics.pageClicks', 9, 'analytics.analytics.pageClicks.name', 'analytics.analytics.pageClicks.description'),
('analytics.analytics.pageEngagement', 9, 'analytics.analytics.pageEngagement.name', 'analytics.analytics.pageEngagement.description'),
('analytics.analytics.pageEngagementRate', 9, 'analytics.analytics.pageEngagementRate.name', 'analytics.analytics.pageEngagementRate.description'),
('analytics.analytics.pageImpressions', 9, 'analytics.analytics.pageImpressions.name', 'analytics.analytics.pageImpressions.description'),
('analytics.analytics.pageLikeGrowth', 9, 'analytics.analytics.pageLikeGrowth.name', 'analytics.analytics.pageLikeGrowth.description'),
('analytics.analytics.pageLikeOverview', 9, 'analytics.analytics.pageLikeOverview.name', 'analytics.analytics.pageLikeOverview.description'),
('analytics.analytics.pageOverallLikes', 9, 'analytics.analytics.pageOverallLikes.name', 'analytics.analytics.pageOverallLikes.description'),
('analytics.analytics.pagePostComments', 9, 'analytics.analytics.pagePostComments.name', 'analytics.analytics.pagePostComments.description'),
('analytics.analytics.pagePostEngagement', 9, 'analytics.analytics.pagePostEngagement.name', 'analytics.analytics.pagePostEngagement.description'),
('analytics.analytics.pagePostLikes', 9, 'analytics.analytics.pagePostLikes.name', 'analytics.analytics.pagePostLikes.description'),
('analytics.analytics.pagePostShares', 9, 'analytics.analytics.pagePostShares.name', 'analytics.analytics.pagePostShares.description'),
('analytics.analytics.pageReach', 9, 'analytics.analytics.pageReach.name', 'analytics.analytics.pageReach.description'),
('analytics.analytics.pageVideoViews', 9, 'analytics.analytics.pageVideoViews.name', 'analytics.analytics.pageVideoViews.description'),
('analytics.analytics.pageViews', 9, 'analytics.analytics.pageViews.name', 'analytics.analytics.pageViews,description'),
('analytics.analytics.topPostsByEngagement', 9, 'analytics.analytics.topPostsByEngagement.name', 'analytics.analytics.topPostsByEngagement.description'),
('analytics.analytics.topPostsByImpression', 9, 'analytics.analytics.topPostsByImpression.name', 'analytics.analytics.topPostsByImpression.description'),
('analytics.dashboard.create', 9, 'analytics.dashboard.create.name', 'analytics.dashboard.create.description'),
('analytics.dashboard.dashboards', 9, 'analytics.dashboard.dashboards.name', 'analytics.dashboard.dashboards.description'),
('analytics.dashboard.delete', 9, 'analytics.dashboard.delete.name', 'analytics.dashboard.delete.description'),
('analytics.dashboard.modify', 9, 'analytics.dashboard.modify.name', 'analytics.dashboard.modify.description'),
('analytics.dashboard.share', 9, 'analytics.dashboard.share.name', 'analytics.dashboard.share.description'),
('auth.activity.list', 3, 'auth.activity.list.name', 'auth.activity.list.description'),
('auth.admin.group.activateAction', 3, '', 'auth.admin.group.activateAction.description'),
('auth.admin.group.copyAction', 3, 'auth.admin.group.copyAction.name', 'auth.admin.group.copyAction.description'),
('auth.admin.group.create', 3, 'auth.admin.group.create.name', 'auth.admin.group.create.description'),
('auth.admin.group.createAction', 3, 'auth.admin.group.createAction.name', 'auth.admin.group.createAction.description'),
('auth.admin.group.deactivateAction', 3, 'auth.admin.group.deactivateAction.name', 'auth.admin.group.deactivateAction.description'),
('auth.admin.group.deleteAction', 3, 'auth.admin.group.deleteAction.name', 'auth.admin.group.deleteAction.description'),
('auth.admin.group.edit', 3, 'auth.admin.group.edit.name', 'auth.admin.group.edit.description'),
('auth.admin.group.exportAction', 3, 'auth.admin.group.exportAction.name', 'auth.admin.group.exportAction.description'),
('auth.admin.group.importAction', 3, 'auth.admin.group.importAction.name', 'auth.admin.group.importAction.description'),
('auth.admin.group.indexAction', 3, 'auth.admin.group.indexAction.name', 'auth.admin.group.indexAction.description'),
('auth.admin.group.listAction', 3, 'auth.admin.group.listAction.name', 'auth.admin.group.listAction.description'),
('auth.admin.group.modifyAction', 3, 'auth.admin.group.modifyAction.name', 'auth.admin.group.modifyAction.description'),
('auth.admin.group.move', 3, 'auth.admin.group.move.name', 'auth.admin.group.move.description'),
('auth.admin.group.remove', 3, 'auth.admin.group.remove.name', 'auth.admin.group.remove.description'),
('auth.admin.group.searchAction', 3, 'auth.admin.group.searchAction.name', 'auth.admin.group.searchAction.description'),
('auth.admin.user.activateAction', 3, 'auth.admin.user.activateAction.name', 'auth.admin.user.activateAction.description'),
('auth.admin.user.copyAction', 3, 'auth.admin.user.copyAction.name', 'auth.admin.user.copyAction.description'),
('auth.admin.user.create', 3, 'auth.admin.user.create.name', 'auth.admin.user.create.description'),
('auth.admin.user.createAction', 3, 'auth.admin.user.createAction.name', 'auth.admin.user.createAction.description'),
('auth.admin.user.deactivateAction', 3, 'auth.admin.user.deactivateAction.name', 'auth.admin.user.deactivateAction.description'),
('auth.admin.user.deleteAction', 3, 'auth.admin.user.deleteAction.name', 'auth.admin.user.deleteAction.description'),
('auth.admin.user.edit', 3, 'auth.admin.user.edit.name', 'auth.admin.user.edit.description'),
('auth.admin.user.exportAction', 3, 'auth.admin.user.exportAction.name', 'auth.admin.user.exportAction.description'),
('auth.admin.user.importAction', 3, 'auth.admin.user.importAction.name', 'auth.admin.user.importAction.description'),
('auth.admin.user.indexAction', 3, 'auth.admin.user.indexAction.name', 'auth.admin.user.indexAction.description'),
('auth.admin.user.listAction', 3, 'auth.admin.user.listAction.name', 'auth.admin.user.listAction.description'),
('auth.admin.user.modifyAction', 3, 'auth.admin.user.modifyAction.name', 'auth.admin.user.modifyAction.description'),
('auth.admin.user.move', 3, 'auth.admin.user.move.name', 'auth.admin.user.move.description'),
('auth.admin.user.remove', 3, 'auth.admin.user.remove.name', 'auth.admin.user.remove.description'),
('auth.admin.user.searchAction', 3, 'auth.admin.user.searchAction.name', 'auth.admin.user.searchAction.description'),
('auth.forgot.create', 3, 'auth.forgot.create.name', 'auth.forgot.create.description'),
('auth.forgot.edit', 3, 'auth.forgot.edit.name', 'auth.forgot.edit.description'),
('auth.forgot.forgotAction', 3, 'auth.forgot.forgotAction.name', 'auth.forgot.forgotAction.description'),
('auth.forgot.indexAction', 3, 'auth.forgot.indexAction.name', 'auth.forgot.indexAction.description'),
('auth.forgot.move', 3, 'auth.forgot.move.name', 'auth.forgot.move.description'),
('auth.forgot.remove', 3, 'auth.forgot.remove.name', 'auth.forgot.remove.description'),
('auth.login.create', 3, 'auth.login.create.name', 'auth.login.create.description'),
('auth.login.edit', 3, 'auth.login.edit.name', 'auth.login.edit.description'),
('auth.login.indexAction', 3, 'auth.login.indexAction.name', 'auth.login.indexAction.description'),
('auth.login.loginAction', 3, 'auth.login.loginAction.name', 'auth.login.loginAction.description'),
('auth.login.logoutAction', 3, 'auth.login.logoutAction.name', 'auth.login.logoutAction.description'),
('auth.login.move', 3, 'auth.login.move.name', 'auth.login.move.description'),
('auth.login.remove', 3, 'auth.login.remove.name', 'auth.login.remove.description'),
('auth.media.bulkExtract', 3, 'auth.media.bulkExtract.name', 'auth.media.bulkExtract.description'),
('auth.media.changeVisibility', 3, 'auth.media.changeVisibility.name', 'auth.media.changeVisibility.description'),
('auth.media.status', 3, 'auth.media.status.name', 'auth.media.status.description'),
('auth.partner.addSubscription', 3, 'auth.partner.addSubscription.name', 'auth.partner.addSubscription.description'),
('auth.partner.analytics', 3, 'auth.partner.analytics.name', 'auth.partner.analytics.description'),
('auth.partner.analyticsExport', 3, 'auth.partner.analyticsExport.name', 'auth.partner.analyticsExport.description'),
('auth.partner.create', 3, 'auth.partner.create.name', 'auth.partner.create.description'),
('auth.partner.editSubscription', 3, 'auth.partner.editSubscription.name', 'auth.partner.editSubscription.description'),
('auth.partner.groupDelete', 3, 'auth.partner.groupDelete.name', 'auth.partner.groupDelete.description'),
('auth.partner.list', 3, 'auth.partner.list.name', 'auth.partner.list.name'),
('auth.partner.readInfo', 3, 'auth.partner.readInfo', 'auth.partner.readInfo'),
('auth.partner.remove', 3, 'auth.partner.remove.name', 'auth.partner.remove.description'),
('auth.partner.resendActivationEmail', 3, 'auth.partner.resendActivationEmail.name', 'auth.partner.resendActivationEmail.description'),
('auth.partner.status', 3, 'auth.partner.status.name', 'auth.partner.status.description'),
('auth.partner.update', 3, 'auth.partner.update.name', 'auth.partner.update.description'),
('auth.register.create', 3, 'auth.register.create.name', 'auth.register.create.description'),
('auth.register.edit', 3, 'auth.register.edit.name', 'auth.register.edit.description'),
('auth.register.indexAction', 3, 'auth.register.indexAction.name', 'auth.register.indexAction.description'),
('auth.register.move', 3, 'auth.register.move.name', 'auth.register.move.description'),
('auth.register.registerAction', 3, 'auth.register.registerAction.name', 'auth.register.registerAction.description'),
('auth.register.remove', 3, 'auth.register.remove.name', 'auth.register.remove.description'),
('auth.user.authenticate', 3, 'auth.user.authenticate.name', 'auth.user.authenticate.description'),
('auth.user.changePassword', 3, 'auth.user.changePassword.name', 'auth.user.changePassword.description'),
('auth.user.create', 3, 'auth.user.create.name', 'auth.user.create.description'),
('auth.user.delete', 3, 'auth.user.delete.name', 'auth.user.delete.description'),
('auth.user.me', 3, 'auth.user.me.name', 'auth.user.me.description'),
('auth.user.passwordRecovery', 3, 'auth.user.passwordRecovery.name', 'auth.user.passwordRecovery.description'),
('auth.user.resendActivation', 3, 'auth.user.resendActivation.name', 'auth.user.resendActivation.description'),
('auth.user.twoFactor', 3, 'auth.user.twoFactor.name', 'auth.user.twoFactor.description'),
('auth.user.update', 3, 'auth.user.update.name', 'auth.user.update.description'),
('auth.user.users', 3, 'auth.user.users.name', 'auth.user.users.description'),
('auth.user.verifyTwoFactor', 3, 'auth.user.verifyTwoFactor.name', 'auth.user.verifyTwoFactor.description'),
('background.addon.list', 10, 'background.addon.list.name', 'background.addon.list.description'),
('background.addon.synchronize', 10, 'background.addon.synchronize.name', 'background.addon.synchronize.description'),
('background.addon.update', 10, 'background.addon.update.name', 'background.addon.update.description'),
('background.administration.access', 10, 'background.administration.access.name', 'background.administration.access.description'),
('background.administration.bitlyTokenEdit', 10, 'background.administration.bitlyTokenEdit.name', 'background.administration.bitlyTokenEdit.description'),
('background.administration.partnerDelete', 10, 'background.administration.partnerDelete.name', 'background.administration.partnerDelete.description'),
('background.administration.partnerLogoEdit', 10, 'background.administration.partnerLogoEdit.name', 'background.administration.partnerLogoEdit.description'),
('background.plan.list', 10, 'background.plan.list.name', 'background.plan.list.description'),
('background.plan.synchronize', 10, 'background.plan.synchronize.name', 'background.plan.synchronize.description'),
('background.plan.update', 10, 'background.plan.update.name', 'background.plan.update.description'),
('background.role.create', 10, 'background.role.create.name', 'background.role.create.description'),
('background.role.list', 10, 'background.role.list.name', 'background.role.list.description'),
('background.role.remove', 10, 'background.role.remove.name', 'background.role.remove.description'),
('background.role.update', 10, 'background.role.update.name', 'background.role.update.description'),
('carousel.create', 3, 'carousel.create.name', 'carousel.create.description'),
('carousel.item.list', 3, 'carousel.item.list.name', 'carousel.item.list.description'),
('carousel.remove', 3, 'carousel.remove.name', 'carousel.remove.description'),
('carousel.update', 3, 'carousel.update.name', 'carousel.update.description'),
('core.admin.tag.copyAction', 1, 'core.admin.tag.copyAction.name', 'core.admin.tag.copyAction.description'),
('core.admin.tag.create', 1, 'core.admin.tag.create.name', 'core.admin.tag.create.description'),
('core.admin.tag.createAction', 1, 'core.admin.tag.createAction.name', 'core.admin.tag.createAction.description'),
('core.admin.tag.deleteAction', 1, 'core.admin.tag.deleteAction.name', 'core.admin.tag.deleteAction.description'),
('core.admin.tag.edit', 1, 'core.admin.tag.edit.name', 'core.admin.tag.edit.description'),
('core.admin.tag.exportAction', 1, 'core.admin.tag.exportAction.name', 'core.admin.tag.exportAction.description'),
('core.admin.tag.importAction', 1, 'core.admin.tag.importAction.name', 'core.admin.tag.importAction.description'),
('core.admin.tag.indexAction', 1, 'core.admin.tag.indexAction.name', 'core.admin.tag.indexAction.description'),
('core.admin.tag.listAction', 1, 'core.admin.tag.listAction.name', 'core.admin.tag.listAction.description'),
('core.admin.tag.modifyAction', 1, 'core.admin.tag.modifyAction.name', 'core.admin.tag.modifyAction.description'),
('core.admin.tag.move', 1, 'core.admin.tag.move.name', 'core.admin.tag.move.description'),
('core.admin.tag.remove', 1, 'core.admin.tag.remove.name', 'core.admin.tag.remove.description'),
('core.admin.tag.searchAction', 1, 'core.admin.tag.searchAction.name', 'core.admin.tag.searchAction.description'),
('core.tag.list', 1, 'core.tag.list.name', 'core.tag.list.description'),
('core.tag.remove', 1, 'core.tag.remove.name', 'core.tag.remove.description'),
('hashtag.collection.bulkDelete', 12, 'hashtag.collection.bulkDelete.name', 'hashtag.collection.bulkDelete.description'),
('hashtag.collection.create', 12, 'hashtag.collection.create.name', 'hashtag.collection.create.description'),
('hashtag.collection.list', 12, 'hashtag.collection.list.name', 'hashtag.collection.list.description'),
('hashtag.collection.remove', 12, 'hashtag.collection.remove.name', 'hashtag.collection.remove.description'),
('hashtag.collection.update', 12, 'hashtag.collection.update.name', 'hashtag.collection.update.description'),
('hashtag.tag.bulkCreate', 12, 'hashtag.tag.bulkCreate.name', 'hashtag.tag.bulkCreate.description'),
('hashtag.tag.bulkDelete', 12, 'hashtag.tag.bulkDelete.name', 'hashtag.tag.bulkDelete.description'),
('hashtag.tag.create', 12, 'hashtag.tag.create.name', 'hashtag.tag.create.description'),
('hashtag.tag.list', 12, 'hashtag.tag.list.name', 'hashtag.tag.list.description'),
('hashtag.tag.remove', 12, 'hashtag.tag.remove.name', 'hashtag.tag.remove.description'),
('hashtag.tag.update', 12, 'hashtag.tag.update.name', 'hashtag.tag.update.description'),
('messaging.comment.create', 15, 'messaging.comment.create.name', 'messaging.comment.create.description'),
('messaging.comment.list', 15, 'messaging.comment.list.name', 'messaging.comment.list.description'),
('messaging.comment.remove', 15, 'messaging.comment.remove.name', 'messaging.comment.remove.description'),
('messaging.comment.update', 15, 'messaging.comment.update.name', 'messaging.comment.update.description'),
('messaging.conversation.get', 15, 'messaging.conversation.get.name', 'messaging.conversation.get.description'),
('messaging.conversation.senderAction', 15, 'messaging.conversation.senderAction.name', 'messaging.conversation.senderAction.description'),
('messaging.conversation.sendMessage', 15, 'messaging.conversation.sendMessage.name', 'messaging.conversation.sendMessage.description'),
('messaging.feed.fetchEntity', 15, 'messaging.feed.fetchEntity.name', 'messaging.feed.fetchEntity.description'),
('messaging.feed.get', 15, 'messaging.feed.get.name', 'messaging.feed.get.description'),
('messaging.feed.statusChange', 15, 'messaging.feed.statusChange.name', 'messaging.feed.statusChange.description'),
('messaging.reaction.add', 15, 'messaging.reaction.add.name', 'messaging.reaction.add.description'),
('messaging.reaction.remove', 15, 'messaging.reaction.remove.name', 'messaging.reaction.remove.description'),
('messaging.webhookEvents.subscribe', 15, 'messaging.webhookEvents.subscribe.name', 'messaging.webhookEvents.subscribe.description'),
('navigation.autoMenu.create', 6, 'navigation.autoMenu.create.name', 'navigation.autoMenu.create.description'),
('navigation.autoMenu.edit', 6, 'navigation.autoMenu.edit.name', 'navigation.autoMenu.edit.description'),
('navigation.autoMenu.indexAction', 6, 'navigation.autoMenu.indexAction.name', 'navigation.autoMenu.indexAction.description'),
('navigation.autoMenu.move', 6, 'navigation.autoMenu.move.name', 'navigation.autoMenu.move.description'),
('navigation.autoMenu.remove', 6, 'navigation.autoMenu.remove.name', 'navigation.autoMenu.remove.description'),
('navigation.breadcrumb.create', 6, 'navigation.breadcrumb.create.name', 'navigation.breadcrumb.create.description'),
('navigation.breadcrumb.edit', 6, 'navigation.breadcrumb.edit.name', 'navigation.breadcrumb.edit.description'),
('navigation.breadcrumb.indexAction', 6, 'navigation.breadcrumb.indexAction.name', 'navigation.breadcrumb.indexAction.description'),
('navigation.breadcrumb.move', 6, 'navigation.breadcrumb.move.name', 'navigation.breadcrumb.move.description'),
('navigation.breadcrumb.remove', 6, 'navigation.breadcrumb.remove.name', 'navigation.breadcrumb.remove.description'),
('navigation.customMenu.create', 6, 'navigation.customMenu.create.name', 'navigation.customMenu.create.description'),
('navigation.customMenu.edit', 6, 'navigation.customMenu.edit.name', 'navigation.customMenu.edit.description'),
('navigation.customMenu.indexAction', 6, 'navigation.customMenu.indexAction.name', 'navigation.customMenu.indexAction.description'),
('navigation.customMenu.move', 6, 'navigation.customMenu.move.name', 'navigation.customMenu.move.description'),
('navigation.customMenu.remove', 6, 'navigation.customMenu.remove.name', 'navigation.customMenu.remove.description'),
('navigation.siteSelection.create', 6, 'navigation.siteSelection.create.name', 'navigation.siteSelection.create.description'),
('navigation.siteSelection.edit', 6, 'navigation.siteSelection.edit.name', 'navigation.siteSelection.edit.description'),
('navigation.siteSelection.indexAction', 6, 'navigation.siteSelection.indexAction.name', 'navigation.siteSelection.indexAction.description'),
('navigation.siteSelection.move', 6, 'navigation.siteSelection.move.name', 'navigation.siteSelection.move.description'),
('navigation.siteSelection.remove', 6, 'navigation.siteSelection.remove.name', 'navigation.siteSelection.remove.description'),
('organization.media.editorMeta', 3, 'organization.media.editorMeta.name', 'organization.media.editorMeta.description'),
('organization.media.fileDelete', 3, 'organization.media.fileDelete.name', 'organization.media.fileDelete.description'),
('organization.media.fileEdit', 3, 'organization.media.fileEdit.name', 'organization.media.fileEdit.description'),
('organization.media.fileUpdate', 3, 'organization.media.fileUpdate.name', 'organization.media.fileUpdate.description'),
('organization.media.fileUpload', 3, 'organization.media.fileUpload.name', 'organization.media.fileUpload.description'),
('organization.media.listTags', 3, 'organization.media.listTags.name', 'organization.media.listTags.description'),
('organization.media.mediaList', 3, 'organization.media.mediaList.name', 'organization.media.mediaList.description'),
('organization.organization.create', 8, 'organization.organization.create.name', 'organization.organization.create.description'),
('organization.organization.organizations', 8, 'organization.organization.organizations.name', 'organization.organization.organizations.description'),
('organization.organization.organizationTree', 8, 'organization.organization.organizationTree.name', 'organization.organization.organizationTree.description'),
('organization.organization.remove', 8, 'organization.organization.remove.name', 'organization.organization.remove.description'),
('organization.organization.update', 8, 'organization.organization.update.name', 'organization.organization.update.description'),
('organization.role.create', 8, 'organization.role.create.name', 'organization.role.create.description'),
('organization.role.groupDelete', 8, 'organization.role.groupDelete.name', 'organization.role.groupDelete.description'),
('organization.role.groupModify', 8, 'organization.role.groupModify.name', 'organization.role.groupModify.description'),
('organization.role.list', 8, 'organization.role.list.name', 'organization.role.list.description'),
('organization.role.remove', 8, 'organization.role.remove.name', 'organization.role.remove.description'),
('organization.role.update', 8, 'organization.role.update.name', 'organization.role.update.description'),
('panelBuilder.builder.create', 4, 'panelBuilder.builder.create.name', 'panelBuilder.builder.create.description'),
('panelBuilder.builder.edit', 4, 'panelBuilder.builder.edit.name', 'panelBuilder.builder.edit.description'),
('panelBuilder.builder.indexAction', 4, 'panelBuilder.builder.indexAction.name', 'panelBuilder.builder.indexAction.description'),
('panelBuilder.builder.move', 4, 'panelBuilder.builder.move.name', 'panelBuilder.builder.move.description'),
('panelBuilder.builder.remove', 4, 'panelBuilder.builder.remove.name', 'panelBuilder.builder.remove.description'),
('post.autoFeed.createPostTime', 7, 'post.autoFeed.createPostTime.name', 'post.autoFeed.createPostTime.description'),
('post.autoFeed.order', 7, 'post.autoFeed.order.name', 'post.autoFeed.order.description'),
('post.autoFeed.postTimes', 7, 'post.autoFeed.postTimes.name', 'post.autoFeed.postTimes.description'),
('post.autoFeed.removePostTime', 7, 'post.autoFeed.removePostTime.name', 'post.autoFeed.removePostTime.description'),
('post.autoFeed.settings.list', 7, 'post.autoFeed.settings.list.name', 'post.autoFeed.settings.list.description'),
('post.autoFeed.settings.update', 7, 'post.autoFeed.settings.update.name', 'post.autoFeed.settings.update.description'),
('post.autoFeed.update', 7, 'post.autoFeed.update.name', 'post.autoFeed.update.description'),
('post.autoFeedPreset.bulkDelete', 7, 'post.autoFeedPreset.bulkDelete.name', 'post.autoFeedPreset.bulkDelete.description'),
('post.autoFeedPreset.create', 7, 'post.autoFeedPreset.create.name', 'post.autoFeedPreset.create.description'),
('post.autoFeedPreset.list', 7, 'post.autoFeedPreset.list.name', 'post.autoFeedPreset.list.description'),
('post.autoFeedPreset.remove', 7, 'post.autoFeedPreset.remove.name', 'post.autoFeedPreset.remove.description'),
('post.autoFeedPreset.update', 7, 'post.autoFeedPreset.update.name', 'post.autoFeedPreset.update.description'),
('post.category.categories', 7, 'post.category.categories.name', 'post.category.categories.description'),
('post.category.create', 7, 'post.category.create.name', 'post.category.create.description'),
('post.category.remove', 7, 'post.category.remove.name', 'post.category.remove.description'),
('post.category.update', 7, 'post.category.update.name', 'post.category.update.description'),
('post.comment.comment', 7, 'post.comment.comment.name', 'post.comment.comment.description'),
('post.comment.comments', 7, 'post.comment.comments.name', 'post.comment.comments.description'),
('post.post.approvement', 7, 'post.post.approvement.name', 'post.post.approvement.description'),
('post.post.bulkCreate', 7, 'post.post.bulkCreate.name', 'post.post.bulkCreate.description'),
('post.post.create', 7, 'post.post.create.name', 'post.post.create.description'),
('post.post.draft', 7, 'post.post.draft.name', 'post.post.draft.description'),
('post.post.instantPost', 7, 'post.post.instantPost.name', 'post.post.instantPost.description'),
('post.post.posts', 7, 'post.post.posts.name', 'post.post.posts.description'),
('post.post.remove', 7, 'post.post.remove.name', 'post.post.remove.description'),
('post.post.status', 7, 'post.post.status.name', 'post.post.status.description'),
('post.post.statuses', 7, 'post.post.statuses.name', 'post.post.statuses.description'),
('post.post.targeting', 7, 'post.post.targeting.name', 'post.post.targeting.description'),
('post.post.update', 7, 'post.post.update.name', 'post.post.update.description'),
('post.tag.listTags', 7, 'post.tag.listTags.name', 'post.tag.listTags.description'),
('post.template.bulkCreate', 7, 'post.template.bulkCreate.name', 'post.template.bulkCreate.description'),
('post.template.changeVisibility', 7, 'post.template.changeVisibility.name', 'post.template.changeVisibility.description'),
('post.template.create', 7, 'organization.media.listTags', 'post.template.create.description'),
('post.template.import', 7, 'post.template.import.name', 'post.template.import.description'),
('post.template.remove', 7, 'post.template.remove.name', 'post.template.remove.description'),
('post.template.status', 7, 'post.template.status.name', 'post.template.status.description'),
('post.template.templates', 7, 'post.template.templates.name', 'post.template.templates.description'),
('post.template.update', 7, 'post.template.update.name', 'post.template.update.description'),
('rss.feed.bulkCreate', 14, 'rss.feed.bulkCreate.name', 'rss.feed.bulkCreate.description'),
('rss.feed.bulkDelete', 14, 'rss.feed.bulkDelete.name', 'rss.feed.bulkDelete.description'),
('rss.feed.create', 14, 'rss.feed.create.name', 'rss.feed.create.description'),
('rss.feed.list', 14, 'rss.feed.list.name', 'rss.feed.list.description'),
('rss.feed.load', 14, 'rss.feed.load.name', 'rss.feed.load.description'),
('rss.feed.remove', 14, 'rss.feed.remove.name', 'rss.feed.remove.description'),
('rss.feed.update', 14, 'rss.feed.update.name', 'rss.feed.update.description'),
('rss.group.bulkDelete', 14, 'rss.group.bulkDelete.name', 'rss.group.bulkDelete.description'),
('rss.group.create', 14, 'rss.group.create.name', 'rss.group.create.description'),
('rss.group.feeds', 14, 'rss.group.feeds.name', 'rss.group.feeds.description'),
('rss.group.list', 14, 'rss.group.list.name', 'rss.group.list.description'),
('rss.group.remove', 14, 'rss.group.remove.name', 'rss.group.remove.description'),
('rss.group.update', 14, 'rss.group.update.name', 'rss.group.update.description'),
('rss.savedPost.create', 14, 'rss.savedPost.create.name', 'rss.savedPost.create.description'),
('rss.savedPost.list', 14, 'rss.savedPost.list.name', 'rss.savedPost.list.description'),
('rss.savedPost.remove', 14, 'rss.savedPost.remove.name', 'rss.savedPost.remove.description'),
('social.site.create', 3, 'social.site.create.name', 'social.site.create.description'),
('social.site.list', 3, 'social.site.list.name', 'social.site.list.description'),
('social.site.remove', 3, 'social.site.remove.name', 'social.site.remove.description'),
('social.site.timezones', 3, 'social.site.timezones.name', 'social.site.timezones.description'),
('social.site.update', 3, 'social.site.update.name', 'social.site.update.description'),
('text.error.create', 5, 'text.error.create.name', 'text.error.create.description'),
('text.error.edit', 5, 'text.error.edit.name', 'text.error.edit.description'),
('text.error.indexAction', 5, 'text.error.indexAction.name', 'text.error.indexAction.description'),
('text.error.move', 5, 'text.error.move.name', 'text.error.move.description'),
('text.error.remove', 5, 'text.error.remove.name', 'text.error.remove.description'),
('text.html.create', 5, 'text.html.create.name', 'text.html.create.description'),
('text.html.edit', 5, 'text.html.edit.name', 'text.html.edit.description'),
('text.html.indexAction', 5, 'text.html.indexAction.name', 'text.html.indexAction.description'),
('text.html.move', 5, 'text.html.move.name', 'text.html.move.description'),
('text.html.remove', 5, 'text.html.remove.name', 'text.html.remove.description'),
('text.plain.create', 5, 'text.plain.create.name', 'text.plain.create.description'),
('text.plain.edit', 5, 'text.plain.edit.name', 'text.plain.edit.description'),
('text.plain.indexAction', 5, 'text.plain.indexAction.name', 'text.plain.indexAction.description'),
('text.plain.move', 5, 'text.plain.move.name', 'text.plain.move.description'),
('text.plain.remove', 5, 'text.plain.remove.name', 'text.plain.remove.description'),
('thirdPartyMediaSource.get.concrete', 16, 'thirdPartyMediaSource.get.concrete.name', 'thirdPartyMediaSource.get.concrete.description'),
('thirdPartyMediaSource.get.list', 16, 'thirdPartyMediaSource.get.list.name', 'thirdPartyMediaSource.get.list.description'),
('vfs.admin.create', 2, 'vfs.admin.create.name', 'vfs.admin.create.description'),
('vfs.admin.edit', 2, 'vfs.admin.edit.name', 'vfs.admin.edit.description'),
('vfs.admin.indexAction', 2, 'vfs.admin.indexAction.name', 'vfs.admin.indexAction.description'),
('vfs.admin.move', 2, 'vfs.admin.move.name', 'vfs.admin.move.description'),
('vfs.admin.remove', 2, 'vfs.admin.remove.name', 'vfs.admin.remove.description'),
('vfs.developerTools.view', 2, 'vfs.developerTools.view.name', 'vfs.developerTools.view.description');

-- --------------------------------------------------------

--
